[INFO] fetching crate webylib 0.3.20...
[INFO] testing webylib-0.3.20 against 1.100.0-beta.1+cargoflags=--release for beta-release-1.100-2
[INFO] extracting crate webylib 0.3.20 into /workspace/builds/worker-5-tc2/source
[INFO] started tweaking crates.io crate webylib 0.3.20
[INFO] removed 0 missing tests
[INFO] finished tweaking crates.io crate webylib 0.3.20
[INFO] tweaked toml for crates.io crate webylib 0.3.20 written to /workspace/builds/worker-5-tc2/source/Cargo.toml
[INFO] validating manifest of crates.io crate webylib 0.3.20 on toolchain 1.100.0-beta.1
[INFO] running `Command { std: CARGO_HOME="/workspace/cargo-home" RUSTUP_HOME="/workspace/rustup-home" "/workspace/cargo-home/bin/cargo" "+1.100.0-beta.1" "metadata" "--manifest-path" "Cargo.toml" "--no-deps", kill_on_drop: false }`
[INFO] crate crates.io crate webylib 0.3.20 already has a lockfile, it will not be regenerated
[INFO] running `Command { std: CARGO_HOME="/workspace/cargo-home" RUSTUP_HOME="/workspace/rustup-home" "/workspace/cargo-home/bin/cargo" "+1.100.0-beta.1" "fetch" "--manifest-path" "Cargo.toml", kill_on_drop: false }`
[INFO] running `Command { std: "docker" "create" "-v" "/var/lib/crater-agent-workspace/builds/worker-5-tc2/source:/opt/rustwide/workdir:ro,Z" "-v" "/var/lib/crater-agent-workspace/builds/worker-5-tc2/target:/opt/rustwide/target:rw,Z" "-v" "/var/lib/crater-agent-workspace/cargo-home:/opt/rustwide/cargo-home:ro,Z" "-v" "/var/lib/crater-agent-workspace/rustup-home:/opt/rustwide/rustup-home:ro,Z" "-m" "1610612736" "--network" "none" "ghcr.io/rust-lang/crates-build-env/linux@sha256:77db811e55d90add9212f6832c23229e3de5f1c1f9905e8cb07319ea15df73ac" "sleep" "infinity", kill_on_drop: false }`
[INFO] [stdout] 74398a5aa46266aeccaf675aaab58c37e886a889bf575109e57b13bd03cc5af1
[INFO] running `Command { std: "docker" "start" "74398a5aa46266aeccaf675aaab58c37e886a889bf575109e57b13bd03cc5af1", kill_on_drop: false }`
[INFO] running `Command { std: "docker" "inspect" "74398a5aa46266aeccaf675aaab58c37e886a889bf575109e57b13bd03cc5af1", kill_on_drop: false }`
[INFO] running `Command { std: "docker" "exec" "-e" "SOURCE_DIR=/opt/rustwide/workdir" "-e" "CARGO_HOME=/opt/rustwide/cargo-home" "-e" "RUSTUP_HOME=/opt/rustwide/rustup-home" "-e" "CARGO_TARGET_DIR=/opt/rustwide/target" "-w" "/opt/rustwide/workdir" "--user" "0:0" "74398a5aa46266aeccaf675aaab58c37e886a889bf575109e57b13bd03cc5af1" "/opt/rustwide/cargo-home/bin/cargo" "+1.100.0-beta.1" "metadata" "--no-deps" "--format-version=1", kill_on_drop: false }`
[INFO] running `Command { std: "docker" "inspect" "74398a5aa46266aeccaf675aaab58c37e886a889bf575109e57b13bd03cc5af1", kill_on_drop: false }`
[INFO] running `Command { std: "docker" "exec" "-e" "SOURCE_DIR=/opt/rustwide/workdir" "-e" "CARGO_HOME=/opt/rustwide/cargo-home" "-e" "RUSTUP_HOME=/opt/rustwide/rustup-home" "-e" "CARGO_TARGET_DIR=/opt/rustwide/target" "-e" "CARGO_INCREMENTAL=0" "-e" "RUST_BACKTRACE=full" "-e" "RUSTFLAGS=--cap-lints=warn" "-e" "RUSTDOCFLAGS=--cap-lints=warn" "-w" "/opt/rustwide/workdir" "--user" "0:0" "74398a5aa46266aeccaf675aaab58c37e886a889bf575109e57b13bd03cc5af1" "/opt/rustwide/cargo-home/bin/cargo" "+1.100.0-beta.1" "build" "--frozen" "--message-format=json" "--release", kill_on_drop: false }`
[INFO] [stderr]    Compiling syn v2.0.115
[INFO] [stderr]    Compiling getrandom v0.2.17
[INFO] [stderr]    Compiling subtle v2.6.1
[INFO] [stderr]    Compiling pin-project-lite v0.2.16
[INFO] [stderr]    Compiling futures-core v0.3.31
[INFO] [stderr]    Compiling typenum v1.19.0
[INFO] [stderr]    Compiling socket2 v0.6.2
[INFO] [stderr]    Compiling mio v1.1.1
[INFO] [stderr]    Compiling parking_lot_core v0.9.12
[INFO] [stderr]    Compiling ring v0.17.14
[INFO] [stderr]    Compiling futures-task v0.3.31
[INFO] [stderr]    Compiling rustls v0.23.38
[INFO] [stderr]    Compiling bitflags v2.10.0
[INFO] [stderr]    Compiling zerocopy v0.8.39
[INFO] [stderr]    Compiling getrandom v0.3.4
[INFO] [stderr]    Compiling tracing-core v0.1.36
[INFO] [stderr]    Compiling libsqlite3-sys v0.35.0
[INFO] [stderr]    Compiling futures-util v0.3.31
[INFO] [stderr]    Compiling futures-channel v0.3.31
[INFO] [stderr]    Compiling sync_wrapper v1.0.2
[INFO] [stderr]    Compiling ipnet v2.11.0
[INFO] [stderr]    Compiling rand_core v0.6.4
[INFO] [stderr]    Compiling foldhash v0.1.5
[INFO] [stderr]    Compiling rand_core v0.9.5
[INFO] [stderr]    Compiling password-hash v0.5.0
[INFO] [stderr]    Compiling parking_lot v0.12.5
[INFO] [stderr]    Compiling generic-array v0.14.7
[INFO] [stderr]    Compiling hashbrown v0.15.5
[INFO] [stderr]    Compiling clap_builder v4.5.58
[INFO] [stderr]    Compiling serde_json v1.0.149
[INFO] [stderr]    Compiling linux-keyutils v0.2.5
[INFO] [stderr]    Compiling tracing v0.1.44
[INFO] [stderr]    Compiling http-body-util v0.1.3
[INFO] [stderr]    Compiling dirs-sys-next v0.1.2
[INFO] [stderr]    Compiling crypto-common v0.1.7
[INFO] [stderr]    Compiling block-buffer v0.10.4
[INFO] [stderr]    Compiling inout v0.1.4
[INFO] [stderr]    Compiling universal-hash v0.5.1
[INFO] [stderr]    Compiling digest v0.10.7
[INFO] [stderr]    Compiling aead v0.5.2
[INFO] [stderr]    Compiling rtoolbox v0.0.3
[INFO] [stderr]    Compiling polyval v0.6.2
[INFO] [stderr]    Compiling cipher v0.4.4
[INFO] [stderr]    Compiling fallible-streaming-iterator v0.1.9
[INFO] [stderr]    Compiling fallible-iterator v0.3.0
[INFO] [stderr]    Compiling hashlink v0.10.0
[INFO] [stderr]    Compiling ghash v0.5.1
[INFO] [stderr]    Compiling rpassword v7.4.0
[INFO] [stderr]    Compiling dirs-next v2.0.0
[INFO] [stderr]    Compiling keyring v3.6.3
[INFO] [stderr]    Compiling hmac v0.12.1
[INFO] [stderr]    Compiling blake2 v0.10.6
[INFO] [stderr]    Compiling sha2 v0.10.9
[INFO] [stderr]    Compiling uuid v1.20.0
[INFO] [stderr]    Compiling ctr v0.9.2
[INFO] [stderr]    Compiling aes v0.8.4
[INFO] [stderr]    Compiling hkdf v0.12.4
[INFO] [stderr]    Compiling argon2 v0.5.3
[INFO] [stderr]    Compiling aes-gcm v0.10.3
[INFO] [stderr]    Compiling synstructure v0.13.2
[INFO] [stderr]    Compiling zerovec-derive v0.11.2
[INFO] [stderr]    Compiling displaydoc v0.2.5
[INFO] [stderr]    Compiling tokio-macros v2.6.0
[INFO] [stderr]    Compiling zeroize_derive v1.4.3
[INFO] [stderr]    Compiling serde_derive v1.0.228
[INFO] [stderr]    Compiling clap_derive v4.5.55
[INFO] [stderr]    Compiling thiserror-impl v2.0.18
[INFO] [stderr]    Compiling webylib-macros v0.3.20
[INFO] [stderr]    Compiling zerofrom-derive v0.1.6
[INFO] [stderr]    Compiling yoke-derive v0.8.1
[INFO] [stderr]    Compiling async-trait v0.1.89
[INFO] [stderr]    Compiling tokio v1.49.0
[INFO] [stderr]    Compiling zeroize v1.8.2
[INFO] [stderr]    Compiling rustls-pki-types v1.14.0
[INFO] [stderr]    Compiling ppv-lite86 v0.2.21
[INFO] [stderr]    Compiling rand_chacha v0.9.0
[INFO] [stderr]    Compiling zerofrom v0.1.6
[INFO] [stderr]    Compiling webpki-roots v1.0.7
[INFO] [stderr]    Compiling thiserror v2.0.18
[INFO] [stderr]    Compiling yoke v0.8.1
[INFO] [stderr]    Compiling rand v0.9.2
[INFO] [stderr]    Compiling zerovec v0.11.5
[INFO] [stderr]    Compiling zerotrie v0.2.3
[INFO] [stderr]    Compiling clap v4.5.58
[INFO] [stderr]    Compiling tinystr v0.8.2
[INFO] [stderr]    Compiling potential_utf v0.1.4
[INFO] [stderr]    Compiling icu_collections v2.1.1
[INFO] [stderr]    Compiling icu_locale_core v2.1.1
[INFO] [stderr]    Compiling serde v1.0.228
[INFO] [stderr]    Compiling icu_provider v2.1.1
[INFO] [stderr]    Compiling icu_normalizer v2.1.1
[INFO] [stderr]    Compiling icu_properties v2.1.2
[INFO] [stderr]    Compiling serde_urlencoded v0.7.1
[INFO] [stderr]    Compiling chrono v0.4.43
[INFO] [stderr]    Compiling idna_adapter v1.2.1
[INFO] [stderr]    Compiling idna v1.1.0
[INFO] [stderr]    Compiling url v2.5.8
[INFO] [stderr]    Compiling hyper v1.8.1
[INFO] [stderr]    Compiling tower v0.5.3
[INFO] [stderr]    Compiling tower-http v0.6.8
[INFO] [stderr]    Compiling hyper-util v0.1.20
[INFO] [stderr]    Compiling rustls-webpki v0.103.12
[INFO] [stderr]    Compiling tokio-rustls v0.26.4
[INFO] [stderr]    Compiling hyper-rustls v0.27.9
[INFO] [stderr]    Compiling reqwest v0.12.28
[INFO] [stderr]    Compiling rusqlite v0.37.0
[INFO] [stderr]    Compiling webylib v0.3.20 (/opt/rustwide/workdir)
[INFO] [stderr] warning: unused dependency `anyhow`
[INFO] [stderr]  --> Cargo.toml:9:15
[INFO] [stderr]   |
[INFO] [stderr] 9 | [dependencies.anyhow]
[INFO] [stderr]   |               ^^^^^^^
[INFO] [stderr]   |
[INFO] [stderr]   = note: `cargo::unused_dependencies` is set to `warn` by default
[INFO] [stderr] help: consider removing the dependency on `anyhow`
[INFO] [stderr] warning: unused dependency `rand`
[INFO] [stderr]   --> Cargo.toml:67:15
[INFO] [stderr]    |
[INFO] [stderr] 67 | [dependencies.rand]
[INFO] [stderr]    |               ^^^^^
[INFO] [stderr]    |
[INFO] [stderr] help: consider removing the dependency on `rand`
[INFO] [stderr] warning: unused dependency `uuid`
[INFO] [stderr]    --> Cargo.toml:109:15
[INFO] [stderr]     |
[INFO] [stderr] 109 | [dependencies.uuid]
[INFO] [stderr]     |               ^^^^^
[INFO] [stderr]     |
[INFO] [stderr] help: consider removing the dependency on `uuid`
[INFO] [stderr] warning: unused dependency `webylib-macros`
[INFO] [stderr]    --> Cargo.toml:126:15
[INFO] [stderr]     |
[INFO] [stderr] 126 | [dependencies.webylib-macros]
[INFO] [stderr]     |               ^^^^^^^^^^^^^^^
[INFO] [stderr]     |
[INFO] [stderr] help: consider removing the dependency on `webylib-macros`
[INFO] [stderr] warning: `webylib` (manifest) generated 4 warnings
[INFO] [stderr]     Finished `release` profile [optimized] target(s) in 2m 57s
[INFO] running `Command { std: "docker" "inspect" "74398a5aa46266aeccaf675aaab58c37e886a889bf575109e57b13bd03cc5af1", kill_on_drop: false }`
[INFO] running `Command { std: "docker" "exec" "-e" "SOURCE_DIR=/opt/rustwide/workdir" "-e" "CARGO_HOME=/opt/rustwide/cargo-home" "-e" "RUSTUP_HOME=/opt/rustwide/rustup-home" "-e" "CARGO_TARGET_DIR=/opt/rustwide/target" "-e" "CARGO_INCREMENTAL=0" "-e" "RUST_BACKTRACE=full" "-e" "RUSTFLAGS=--cap-lints=warn" "-e" "RUSTDOCFLAGS=--cap-lints=warn" "-w" "/opt/rustwide/workdir" "--user" "0:0" "74398a5aa46266aeccaf675aaab58c37e886a889bf575109e57b13bd03cc5af1" "/opt/rustwide/cargo-home/bin/cargo" "+1.100.0-beta.1" "test" "--frozen" "--no-run" "--message-format=json" "--release", kill_on_drop: false }`
[INFO] [stderr]    Compiling futures-sink v0.3.31
[INFO] [stderr]    Compiling semver v1.0.27
[INFO] [stderr]    Compiling tokio-util v0.7.18
[INFO] [stderr]    Compiling aho-corasick v1.1.4
[INFO] [stderr]    Compiling rustix v1.1.3
[INFO] [stderr]    Compiling regex-syntax v0.8.9
[INFO] [stderr]    Compiling getrandom v0.4.1
[INFO] [stderr]    Compiling curve25519-dalek-derive v0.1.1
[INFO] [stderr]    Compiling assert-json-diff v2.0.2
[INFO] [stderr]    Compiling fastrand v2.3.0
[INFO] [stderr]    Compiling colored v3.1.1
[INFO] [stderr]    Compiling similar v2.7.0
[INFO] [stderr]    Compiling ed25519 v2.2.3
[INFO] [stderr]    Compiling rustc_version v0.4.1
[INFO] [stderr]    Compiling curve25519-dalek v4.1.3
[INFO] [stderr]    Compiling h2 v0.4.13
[INFO] [stderr]    Compiling regex-automata v0.4.14
[INFO] [stderr]    Compiling ed25519-dalek v2.2.0
[INFO] [stderr]    Compiling tempfile v3.25.0
[INFO] [stderr]    Compiling hyper v1.8.1
[INFO] [stderr]    Compiling regex v1.12.3
[INFO] [stderr]    Compiling hyper-util v0.1.20
[INFO] [stderr]    Compiling hyper-rustls v0.27.9
[INFO] [stderr]    Compiling mockito v1.7.2
[INFO] [stderr]    Compiling reqwest v0.12.28
[INFO] [stderr]    Compiling webylib v0.3.20 (/opt/rustwide/workdir)
[INFO] [stderr] warning: unused dependency `anyhow`
[INFO] [stderr]  --> Cargo.toml:9:15
[INFO] [stderr]   |
[INFO] [stderr] 9 | [dependencies.anyhow]
[INFO] [stderr]   |               ^^^^^^^
[INFO] [stderr]   |
[INFO] [stderr]   = note: `cargo::unused_dependencies` is set to `warn` by default
[INFO] [stderr] help: consider removing the dependency on `anyhow`
[INFO] [stderr] warning: unused dependency `uuid`
[INFO] [stderr]    --> Cargo.toml:109:15
[INFO] [stderr]     |
[INFO] [stderr] 109 | [dependencies.uuid]
[INFO] [stderr]     |               ^^^^^
[INFO] [stderr]     |
[INFO] [stderr] help: consider removing the dependency on `uuid`
[INFO] [stderr] warning: unused dependency `webylib-macros`
[INFO] [stderr]    --> Cargo.toml:126:15
[INFO] [stderr]     |
[INFO] [stderr] 126 | [dependencies.webylib-macros]
[INFO] [stderr]     |               ^^^^^^^^^^^^^^^
[INFO] [stderr]     |
[INFO] [stderr] help: consider removing the dependency on `webylib-macros`
[INFO] [stderr] warning: `webylib` (manifest) generated 3 warnings
[INFO] [stderr]     Finished `release` profile [optimized] target(s) in 1m 26s
[INFO] running `Command { std: "docker" "inspect" "74398a5aa46266aeccaf675aaab58c37e886a889bf575109e57b13bd03cc5af1", kill_on_drop: false }`
[INFO] running `Command { std: "docker" "exec" "-e" "SOURCE_DIR=/opt/rustwide/workdir" "-e" "CARGO_HOME=/opt/rustwide/cargo-home" "-e" "RUSTUP_HOME=/opt/rustwide/rustup-home" "-e" "CARGO_TARGET_DIR=/opt/rustwide/target" "-e" "CARGO_INCREMENTAL=0" "-e" "RUST_BACKTRACE=full" "-e" "RUSTFLAGS=--cap-lints=warn" "-e" "RUSTDOCFLAGS=--cap-lints=warn" "-w" "/opt/rustwide/workdir" "--user" "0:0" "74398a5aa46266aeccaf675aaab58c37e886a889bf575109e57b13bd03cc5af1" "/opt/rustwide/cargo-home/bin/cargo" "+1.100.0-beta.1" "test" "--frozen" "--release", kill_on_drop: false }`
[INFO] [stderr] warning: unused dependency `anyhow`
[INFO] [stderr]  --> Cargo.toml:9:15
[INFO] [stderr]   |
[INFO] [stderr] 9 | [dependencies.anyhow]
[INFO] [stderr]   |               ^^^^^^^
[INFO] [stderr]   |
[INFO] [stderr]   = note: `cargo::unused_dependencies` is set to `warn` by default
[INFO] [stderr] help: consider removing the dependency on `anyhow`
[INFO] [stderr] warning: unused dependency `uuid`
[INFO] [stderr]    --> Cargo.toml:109:15
[INFO] [stderr]     |
[INFO] [stderr] 109 | [dependencies.uuid]
[INFO] [stderr]     |               ^^^^^
[INFO] [stderr]     |
[INFO] [stderr] help: consider removing the dependency on `uuid`
[INFO] [stderr] warning: unused dependency `webylib-macros`
[INFO] [stderr]    --> Cargo.toml:126:15
[INFO] [stderr]     |
[INFO] [stderr] 126 | [dependencies.webylib-macros]
[INFO] [stderr]     |               ^^^^^^^^^^^^^^^
[INFO] [stderr]     |
[INFO] [stderr] help: consider removing the dependency on `webylib-macros`
[INFO] [stderr] warning: `webylib` (manifest) generated 3 warnings
[INFO] [stderr]     Finished `release` profile [optimized] target(s) in 0.42s
[INFO] [stderr]      Running unittests src/lib.rs (/opt/rustwide/target/release/build/webylib/a9608ef528f8603c/out/webylib-a9608ef528f8603c)
[INFO] [stdout] 
[INFO] [stdout] running 50 tests
[INFO] [stdout] test hd::legacy_webcash::tests::derive_secret_matches_pinned_vector ... ok
[INFO] [stdout] test hd::legacy_webcash::tests::from_hex_rejects_bad_input ... ok
[INFO] [stdout] test server_client::tests::endpoint_drops_trailing_slash_from_base ... ok
[INFO] [stdout] test hd::legacy_webcash::tests::cross_check_against_legacy_implementation ... ok
[INFO] [stdout] test storage::json::tests::from_json_string_roundtrip ... ok
[INFO] [stdout] test server_client::tests::replace_fails_with_transport_error_on_unreachable_url ... ok
[INFO] [stdout] test passkey::tests::test_passkey_encryption_config ... ok
[INFO] [stdout] test core::ops::recover::tests::parse_decimal_handles_production_shapes ... ok
[INFO] [stdout] test core::ops::recover::tests::parse_decimal_rejects_garbage ... ok
[INFO] [stdout] test hd::legacy_webcash::tests::chain_code_all_is_complete_and_ordered ... ok
[INFO] [stdout] test passkey::tests::test_crypto_secret_security ... ok
[INFO] [stdout] test core::ops::recover::tests::sha256_matches_server ... ok
[INFO] [stdout] test server_client::tests::endpoint_accepts_https_base ... ok
[INFO] [stdout] test server_client::tests::parse_resp_extracts_status_and_body ... ok
[INFO] [stdout] test server_client::tests::parse_resp_handles_500 ... ok
[INFO] [stdout] test server_client::tests::parse_resp_no_blank_line_returns_empty_body ... ok
[INFO] [stdout] test hd::legacy_webcash::tests::from_hex_roundtrip ... ok
[INFO] [stdout] test storage::mem::tests::atomic_commit_on_ok ... ok
[INFO] [stdout] test storage::mem::tests::atomic_rollback_on_err ... ok
[INFO] [stdout] test storage::mem::tests::meta_roundtrip ... ok
[INFO] [stdout] test server_client::tests::parse_resp_unknown_status_yields_zero ... ok
[INFO] [stdout] test storage::tests::trait_is_object_safe ... ok
[INFO] [stdout] test storage::mem::tests::clear_all_resets ... ok
[INFO] [stdout] test storage::mem::tests::depths ... ok
[INFO] [stdout] test storage::mem::tests::duplicate_secret_hash_rejected ... ok
[INFO] [stdout] test storage::mem::tests::output_lifecycle ... ok
[INFO] [stdout] test storage::mem::tests::spent_hashes_dedupe ... ok
[INFO] [stdout] test wallet_rgb::tests::rgb20_extract_hash_round_trip ... ok
[INFO] [stdout] test wallet_rgb::tests::rgb20_token_format_includes_namespace ... ok
[INFO] [stdout] test wallet_rgb::tests::rgb_fungible_and_collectible_are_distinct_types ... ok
[INFO] [stdout] test wallet_voucher::tests::pay_rejects_empty_outputs ... ok
[INFO] [stdout] test wallet_rgb::tests::rgb21_extract_hash_round_trip ... ok
[INFO] [stdout] test wallet_rgb::tests::transfer_rejects_empty_outputs ... ok
[INFO] [stdout] test wallet_rgb::tests::rgb21_token_format_drops_amount_segment ... ok
[INFO] [stdout] test wallet_webcash::tests::pay_rejects_empty_inputs ... ok
[INFO] [stdout] test wallet_webcash::tests::pay_rejects_empty_outputs ... ok
[INFO] [stdout] test wallet_webcash::tests::wallet_asset_extract_hash_round_trip ... ok
[INFO] [stdout] test wallet_webcash::tests::wallet_asset_token_format_matches_legacy ... ok
[INFO] [stdout] test wallet_rgb::tests::transfer_rejects_empty_inputs ... ok
[INFO] [stdout] test wallet_voucher::tests::voucher_extract_hash_round_trip ... ok
[INFO] [stdout] test wallet_voucher::tests::voucher_token_format_includes_namespace ... ok
[INFO] [stdout] test wallet_voucher::tests::pay_rejects_empty_inputs ... ok
[INFO] [stdout] test storage::sqlite::tests::meta_and_outputs_roundtrip_in_memory ... ok
[INFO] [stdout] test storage::sqlite::tests::atomic_commits_on_ok ... ok
[INFO] [stdout] test storage::sqlite::tests::duplicate_secret_hash_is_constraint ... ok
[INFO] [stdout] test storage::sqlite::tests::schema_sql_idempotent ... ok
[INFO] [stdout] test storage::sqlite::tests::depth_tracking ... ok
[INFO] [stdout] test storage::sqlite::tests::atomic_rolls_back_on_err ... ok
[INFO] [stdout] test storage::json::tests::open_persists_and_rehydrates ... ok
[INFO] [stderr]      Running unittests src/bin/cli.rs (/opt/rustwide/target/release/build/webylib/f0714b6a9ba9f245/out/webyc-f0714b6a9ba9f245)
[INFO] [stdout] test passkey::tests::test_password_encryption_roundtrip ... ok
[INFO] [stdout] 
[INFO] [stdout] test result: ok. 50 passed; 0 failed; 0 ignored; 0 measured; 0 filtered out; finished in 0.17s
[INFO] [stdout] 
[INFO] [stderr]      Running tests/all_flavors_compose.rs (/opt/rustwide/target/release/build/webylib/d15daf91eb72deaf/out/all_flavors_compose-d15daf91eb72deaf)
[INFO] [stdout] 
[INFO] [stdout] running 0 tests
[INFO] [stdout] 
[INFO] [stdout] test result: ok. 0 passed; 0 failed; 0 ignored; 0 measured; 0 filtered out; finished in 0.00s
[INFO] [stdout] 
[INFO] [stdout] 
[INFO] [stdout] running 1 test
[INFO] [stdout] test all_four_flavors_full_lifecycle_via_compose ... ok
[INFO] [stdout] 
[INFO] [stdout] test result: ok. 1 passed; 0 failed; 0 ignored; 0 measured; 0 filtered out; finished in 2.50s
[INFO] [stdout] 
[INFO] [stderr]      Running tests/cli_compose.rs (/opt/rustwide/target/release/build/webylib/26946372af7cd89e/out/cli_compose-26946372af7cd89e)
[INFO] [stdout] 
[INFO] [stdout] running 8 tests
[INFO] [stdout] test webyc_target_against_every_flavor ... ok
[INFO] [stdout] test webyc_mining_report_via_cli ... ok
[INFO] [stdout] test webyc_rgb_transfer_then_insert ... ok
[INFO] [stdout] test webyc_voucher_pay_then_insert ... ok
[INFO] [stdout] test webyc_stats_against_every_flavor ... ok
[INFO] [stdout] test webyc_webcash_pay_then_insert ... ok
[INFO] [stdout] test webyc_burn_consumes_a_mined_secret ... ok
[INFO] [stderr]      Running tests/full_e2e.rs (/opt/rustwide/target/release/build/webylib/274d1955c64c38ff/out/full_e2e-274d1955c64c38ff)
[INFO] [stdout] test webyc_check_against_webcash_unknown_token ... ok
[INFO] [stdout] 
[INFO] [stdout] test result: ok. 8 passed; 0 failed; 0 ignored; 0 measured; 0 filtered out; finished in 0.05s
[INFO] [stdout] 
[INFO] [stdout] 
[INFO] [stdout] running 6 tests
[INFO] [stdout] test rgb_collectible_read_only_via_webyca ... ok
[INFO] [stdout] test rgb20_burn_via_webyca ... ok
[INFO] [stdout] test derive_public_and_verify_match_real_server_state ... ok
[INFO] [stdout] test stats_total_circulation_grows_after_mining ... ok
[INFO] [stdout] test rgb_cross_namespace_replace_rejected_via_webyca ... ok
[INFO] [stderr]      Running tests/htlc_rgb21_e2e.rs (/opt/rustwide/target/release/build/webylib/6f3f9396d25dc1ce/out/htlc_rgb21_e2e-6f3f9396d25dc1ce)
[INFO] [stdout] test voucher_burn_via_webyca ... ok
[INFO] [stdout] 
[INFO] [stdout] test result: ok. 6 passed; 0 failed; 0 ignored; 0 measured; 0 filtered out; finished in 0.06s
[INFO] [stdout] 
[INFO] [stdout] 
[INFO] [stdout] running 3 tests
[INFO] [stdout] test rgb21_lock_and_claim_via_typed_client ... ok
[INFO] [stdout] test rgb21_refund_after_timeout_via_typed_client ... ok
[INFO] [stdout] test rgb21_claim_with_wrong_preimage_surfaces_error ... ok
[INFO] [stdout] 
[INFO] [stdout] test result: ok. 3 passed; 0 failed; 0 ignored; 0 measured; 0 filtered out; finished in 0.03s
[INFO] [stdout] 
[INFO] [stderr]      Running tests/htlc_swap_e2e.rs (/opt/rustwide/target/release/build/webylib/4cf42037c611583c/out/htlc_swap_e2e-4cf42037c611583c)
[INFO] [stdout] 
[INFO] [stdout] running 3 tests
[INFO] [stdout] test wallet_claim_with_wrong_preimage_surfaces_error ... ok
[INFO] [stdout] test wallet_refund_after_timeout ... ok
[INFO] [stdout] test wallet_drives_full_lock_claim_via_client ... ok
[INFO] [stdout] 
[INFO] [stderr]      Running tests/integration_tests.rs (/opt/rustwide/target/release/build/webylib/bb17fb15249fdb93/out/integration_tests-bb17fb15249fdb93)
[INFO] [stdout] test result: ok. 3 passed; 0 failed; 0 ignored; 0 measured; 0 filtered out; finished in 0.03s
[INFO] [stdout] 
[INFO] [stdout] 
[INFO] [stdout] running 22 tests
[INFO] [stdout] test test_cli_manual_workflow ... ok
[INFO] [stdout] test test_complete_money_preservation ... ok
[INFO] [stdout] test test_full_wallet_integration ... ok
[INFO] [stdout] test test_cross_wallet_hd_recovery_integration ... ok
[INFO] [stdout] test test_phase2_all_operations ... ok
[INFO] [stdout] test test_server_api_endpoints ... ok
[INFO] [stdout] test test_online_amount_preservation ... ok
[INFO] [stdout] test test_wallet_operations_offline ... FAILED
[INFO] [stdout] test test_corrupted_encrypted_database_handling ... FAILED
[INFO] [stdout] test test_encrypted_wallet_requires_passkey_flag ... FAILED
[INFO] [stdout] test test_passkey_wallet_encryption ... FAILED
[INFO] [stdout] test test_runtime_database_encryption_workflow ... FAILED
[INFO] [stdout] test test_regular_wallet_unaffected ... ok
[INFO] [stdout] test test_multiple_encryption_cycles ... FAILED
[INFO] [stdout] test test_passkey_wallet_creation ... ok
[INFO] [stdout] test test_cross_wallet_migration ... ok
[INFO] [stdout] test test_wallet_encryption_basic_workflow ... ok
[INFO] [stdout] test test_wallet_stats_preservation ... ok
[INFO] [stdout] test test_encryption_performance ... ok
[INFO] [stdout] test test_wallet_encryption_large_dataset ... ok
[INFO] [stdout] test test_encryption_error_handling ... ok
[INFO] [stdout] test test_concurrent_wallet_operations ... ok
[INFO] [stdout] 
[INFO] [stdout] failures:
[INFO] [stdout] 
[INFO] [stdout] ---- test_wallet_operations_offline stdout ----
[INFO] [stdout] 
[INFO] [stdout] thread 'test_wallet_operations_offline' (3519) panicked at tests/integration_tests.rs:109:10:
[INFO] [stdout] Failed to create offline test wallet: Database(SqliteFailure(Error { code: CannotOpen, extended_code: 14 }, Some("unable to open database file: offline_test_wallet.db")))
[INFO] [stdout] stack backtrace:
[INFO] [stdout]    0:     0x5aec2c0173c1 - <<std[617be2ca0a6fd877]::sys::backtrace::BacktraceLock>::print::DisplayBacktrace as core[a373ad73a504971]::fmt::Display>::fmt
[INFO] [stdout]    1:     0x5aec2c02e72a - core[a373ad73a504971]::fmt::write
[INFO] [stdout]    2:     0x5aec2c01c34c - <alloc[2e1b2a31b91974c5]::vec::Vec<u8> as core[a373ad73a504971]::io::write::Write>::write_fmt
[INFO] [stdout]    3:     0x5aec2bff0596 - std[617be2ca0a6fd877]::panicking::default_hook::{closure#0}
[INFO] [stdout]    4:     0x5aec2c00e459 - std[617be2ca0a6fd877]::panicking::default_hook
[INFO] [stdout]    5:     0x5aec2bb77990 - test[aada8e7e76ba119b]::test_main_inner::{closure#0}
[INFO] [stdout]    6:     0x5aec2c00e782 - std[617be2ca0a6fd877]::panicking::panic_with_hook
[INFO] [stdout]    7:     0x5aec2bff0642 - std[617be2ca0a6fd877]::panicking::panic_handler::{closure#0}
[INFO] [stdout]    8:     0x5aec2bfe8fc9 - std[617be2ca0a6fd877]::sys::backtrace::__rust_end_short_backtrace::<std[617be2ca0a6fd877]::panicking::panic_handler::{closure#0}, !>
[INFO] [stdout]    9:     0x5aec2bff143d - __rustc[ea4f61d10b84890b]::rust_begin_unwind
[INFO] [stdout]   10:     0x5aec2c02ee8c - core[a373ad73a504971]::panicking::panic_fmt
[INFO] [stdout]   11:     0x5aec2c02ec62 - core[a373ad73a504971]::result::unwrap_failed
[INFO] [stdout]   12:     0x5aec2bb19153 - integration_tests[30f96aa91d431c16]::test_wallet_operations_offline::{closure#0}
[INFO] [stdout]   13:     0x5aec2bb5010b - <tokio[77ea9083bd6d8f8a]::runtime::scheduler::current_thread::CurrentThread>::block_on::<core[a373ad73a504971]::pin::Pin<&mut dyn core[a373ad73a504971]::future::future::Future<Output = ()>>>
[INFO] [stdout]   14:     0x5aec2bb51b02 - <tokio[77ea9083bd6d8f8a]::runtime::runtime::Runtime>::block_on::<core[a373ad73a504971]::pin::Pin<&mut dyn core[a373ad73a504971]::future::future::Future<Output = ()>>>
[INFO] [stdout]   15:     0x5aec2bb32cde - <integration_tests[30f96aa91d431c16]::test_wallet_operations_offline::{closure#0} as core[a373ad73a504971]::ops::function::FnOnce<()>>::call_once
[INFO] [stdout]   16:     0x5aec2bb6addb - test[aada8e7e76ba119b]::__rust_begin_short_backtrace::<core[a373ad73a504971]::result::Result<(), alloc[2e1b2a31b91974c5]::string::String>, fn() -> core[a373ad73a504971]::result::Result<(), alloc[2e1b2a31b91974c5]::string::String>>
[INFO] [stdout]   17:     0x5aec2bb77fb5 - test[aada8e7e76ba119b]::run_test::{closure#0}
[INFO] [stdout]   18:     0x5aec2bb718a4 - std[617be2ca0a6fd877]::sys::backtrace::__rust_begin_short_backtrace::<test[aada8e7e76ba119b]::run_test::{closure#1}, ()>
[INFO] [stdout]   19:     0x5aec2bb7b042 - <std[617be2ca0a6fd877]::thread::lifecycle::spawn_unchecked<test[aada8e7e76ba119b]::run_test::{closure#1}, ()>::{closure#1} as core[a373ad73a504971]::ops::function::FnOnce<()>>::call_once::{shim:vtable#0}
[INFO] [stdout]   20:     0x5aec2c0161cf - <std[617be2ca0a6fd877]::sys::thread::unix::Thread>::new::thread_start
[INFO] [stdout]   21:     0x71d50a335dfa - <unknown>
[INFO] [stdout]   22:     0x71d50a3c93d4 - clone
[INFO] [stdout]   23:                0x0 - <unknown>
[INFO] [stdout] 
[INFO] [stdout] ---- test_corrupted_encrypted_database_handling stdout ----
[INFO] [stdout] 
[INFO] [stdout] thread 'test_corrupted_encrypted_database_handling' (3502) panicked at tests/integration_tests.rs:1438:30:
[INFO] [stdout] Failed to close wallet: Crypto { message: "Passkey keyring init failed: Platform secure storage failure: PermissionDenied" }
[INFO] [stdout] stack backtrace:
[INFO] [stdout]    0:     0x5aec2c0173c1 - <<std[617be2ca0a6fd877]::sys::backtrace::BacktraceLock>::print::DisplayBacktrace as core[a373ad73a504971]::fmt::Display>::fmt
[INFO] [stdout]    1:     0x5aec2c02e72a - core[a373ad73a504971]::fmt::write
[INFO] [stdout]    2:     0x5aec2c01c34c - <alloc[2e1b2a31b91974c5]::vec::Vec<u8> as core[a373ad73a504971]::io::write::Write>::write_fmt
[INFO] [stdout]    3:     0x5aec2bff0596 - std[617be2ca0a6fd877]::panicking::default_hook::{closure#0}
[INFO] [stdout]    4:     0x5aec2c00e459 - std[617be2ca0a6fd877]::panicking::default_hook
[INFO] [stdout]    5:     0x5aec2bb77990 - test[aada8e7e76ba119b]::test_main_inner::{closure#0}
[INFO] [stdout]    6:     0x5aec2c00e782 - std[617be2ca0a6fd877]::panicking::panic_with_hook
[INFO] [stdout]    7:     0x5aec2bff0642 - std[617be2ca0a6fd877]::panicking::panic_handler::{closure#0}
[INFO] [stdout]    8:     0x5aec2bfe8fc9 - std[617be2ca0a6fd877]::sys::backtrace::__rust_end_short_backtrace::<std[617be2ca0a6fd877]::panicking::panic_handler::{closure#0}, !>
[INFO] [stdout]    9:     0x5aec2bff143d - __rustc[ea4f61d10b84890b]::rust_begin_unwind
[INFO] [stdout]   10:     0x5aec2c02ee8c - core[a373ad73a504971]::panicking::panic_fmt
[INFO] [stdout]   11:     0x5aec2c02ec62 - core[a373ad73a504971]::result::unwrap_failed
[INFO] [stdout]   12:     0x5aec2bb23f65 - integration_tests[30f96aa91d431c16]::test_corrupted_encrypted_database_handling::{closure#0}
[INFO] [stdout]   13:     0x5aec2bb5010b - <tokio[77ea9083bd6d8f8a]::runtime::scheduler::current_thread::CurrentThread>::block_on::<core[a373ad73a504971]::pin::Pin<&mut dyn core[a373ad73a504971]::future::future::Future<Output = ()>>>
[INFO] [stdout]   14:     0x5aec2bb51b02 - <tokio[77ea9083bd6d8f8a]::runtime::runtime::Runtime>::block_on::<core[a373ad73a504971]::pin::Pin<&mut dyn core[a373ad73a504971]::future::future::Future<Output = ()>>>
[INFO] [stdout]   15:     0x5aec2bb33a9e - <integration_tests[30f96aa91d431c16]::test_corrupted_encrypted_database_handling::{closure#0} as core[a373ad73a504971]::ops::function::FnOnce<()>>::call_once
[INFO] [stdout]   16:     0x5aec2bb6addb - test[aada8e7e76ba119b]::__rust_begin_short_backtrace::<core[a373ad73a504971]::result::Result<(), alloc[2e1b2a31b91974c5]::string::String>, fn() -> core[a373ad73a504971]::result::Result<(), alloc[2e1b2a31b91974c5]::string::String>>
[INFO] [stdout]   17:     0x5aec2bb77fb5 - test[aada8e7e76ba119b]::run_test::{closure#0}
[INFO] [stdout]   18:     0x5aec2bb718a4 - std[617be2ca0a6fd877]::sys::backtrace::__rust_begin_short_backtrace::<test[aada8e7e76ba119b]::run_test::{closure#1}, ()>
[INFO] [stdout]   19:     0x5aec2bb7b042 - <std[617be2ca0a6fd877]::thread::lifecycle::spawn_unchecked<test[aada8e7e76ba119b]::run_test::{closure#1}, ()>::{closure#1} as core[a373ad73a504971]::ops::function::FnOnce<()>>::call_once::{shim:vtable#0}
[INFO] [stdout]   20:     0x5aec2c0161cf - <std[617be2ca0a6fd877]::sys::thread::unix::Thread>::new::thread_start
[INFO] [stdout]   21:     0x71d50a335dfa - <unknown>
[INFO] [stdout]   22:     0x71d50a3c93d4 - clone
[INFO] [stdout]   23:                0x0 - <unknown>
[INFO] [stdout] 
[INFO] [stdout] ---- test_encrypted_wallet_requires_passkey_flag stdout ----
[INFO] [stdout] 
[INFO] [stdout] thread 'test_encrypted_wallet_requires_passkey_flag' (3505) panicked at tests/integration_tests.rs:1409:14:
[INFO] [stdout] Failed to close and encrypt wallet: Crypto { message: "Passkey keyring init failed: Platform secure storage failure: PermissionDenied" }
[INFO] [stdout] stack backtrace:
[INFO] [stdout]    0:     0x5aec2c0173c1 - <<std[617be2ca0a6fd877]::sys::backtrace::BacktraceLock>::print::DisplayBacktrace as core[a373ad73a504971]::fmt::Display>::fmt
[INFO] [stdout]    1:     0x5aec2c02e72a - core[a373ad73a504971]::fmt::write
[INFO] [stdout]    2:     0x5aec2c01c34c - <alloc[2e1b2a31b91974c5]::vec::Vec<u8> as core[a373ad73a504971]::io::write::Write>::write_fmt
[INFO] [stdout]    3:     0x5aec2bff0596 - std[617be2ca0a6fd877]::panicking::default_hook::{closure#0}
[INFO] [stdout]    4:     0x5aec2c00e459 - std[617be2ca0a6fd877]::panicking::default_hook
[INFO] [stdout]    5:     0x5aec2bb77990 - test[aada8e7e76ba119b]::test_main_inner::{closure#0}
[INFO] [stdout]    6:     0x5aec2c00e782 - std[617be2ca0a6fd877]::panicking::panic_with_hook
[INFO] [stdout]    7:     0x5aec2bff0642 - std[617be2ca0a6fd877]::panicking::panic_handler::{closure#0}
[INFO] [stdout]    8:     0x5aec2bfe8fc9 - std[617be2ca0a6fd877]::sys::backtrace::__rust_end_short_backtrace::<std[617be2ca0a6fd877]::panicking::panic_handler::{closure#0}, !>
[INFO] [stdout]    9:     0x5aec2bff143d - __rustc[ea4f61d10b84890b]::rust_begin_unwind
[INFO] [stdout]   10:     0x5aec2c02ee8c - core[a373ad73a504971]::panicking::panic_fmt
[INFO] [stdout]   11:     0x5aec2c02ec62 - core[a373ad73a504971]::result::unwrap_failed
[INFO] [stdout]   12:     0x5aec2bb24b29 - integration_tests[30f96aa91d431c16]::test_encrypted_wallet_requires_passkey_flag::{closure#0}
[INFO] [stdout]   13:     0x5aec2bb5010b - <tokio[77ea9083bd6d8f8a]::runtime::scheduler::current_thread::CurrentThread>::block_on::<core[a373ad73a504971]::pin::Pin<&mut dyn core[a373ad73a504971]::future::future::Future<Output = ()>>>
[INFO] [stdout]   14:     0x5aec2bb51b02 - <tokio[77ea9083bd6d8f8a]::runtime::runtime::Runtime>::block_on::<core[a373ad73a504971]::pin::Pin<&mut dyn core[a373ad73a504971]::future::future::Future<Output = ()>>>
[INFO] [stdout]   15:     0x5aec2bb33bfe - <integration_tests[30f96aa91d431c16]::test_encrypted_wallet_requires_passkey_flag::{closure#0} as core[a373ad73a504971]::ops::function::FnOnce<()>>::call_once
[INFO] [stdout]   16:     0x5aec2bb6addb - test[aada8e7e76ba119b]::__rust_begin_short_backtrace::<core[a373ad73a504971]::result::Result<(), alloc[2e1b2a31b91974c5]::string::String>, fn() -> core[a373ad73a504971]::result::Result<(), alloc[2e1b2a31b91974c5]::string::String>>
[INFO] [stdout]   17:     0x5aec2bb77fb5 - test[aada8e7e76ba119b]::run_test::{closure#0}
[INFO] [stdout]   18:     0x5aec2bb718a4 - std[617be2ca0a6fd877]::sys::backtrace::__rust_begin_short_backtrace::<test[aada8e7e76ba119b]::run_test::{closure#1}, ()>
[INFO] [stdout]   19:     0x5aec2bb7b042 - <std[617be2ca0a6fd877]::thread::lifecycle::spawn_unchecked<test[aada8e7e76ba119b]::run_test::{closure#1}, ()>::{closure#1} as core[a373ad73a504971]::ops::function::FnOnce<()>>::call_once::{shim:vtable#0}
[INFO] [stdout]   20:     0x5aec2c0161cf - <std[617be2ca0a6fd877]::sys::thread::unix::Thread>::new::thread_start
[INFO] [stdout]   21:     0x71d50a335dfa - <unknown>
[INFO] [stdout]   22:     0x71d50a3c93d4 - clone
[INFO] [stdout]   23:                0x0 - <unknown>
[INFO] [stdout] 
[INFO] [stdout] ---- test_passkey_wallet_encryption stdout ----
[INFO] [stdout] 
[INFO] [stdout] thread 'test_passkey_wallet_encryption' (3512) panicked at tests/integration_tests.rs:972:10:
[INFO] [stdout] Should encrypt with passkey: Wallet { message: "Passkey encryption failed: Crypto error: Passkey keyring init failed: Platform secure storage failure: PermissionDenied" }
[INFO] [stdout] stack backtrace:
[INFO] [stdout]    0:     0x5aec2c0173c1 - <<std[617be2ca0a6fd877]::sys::backtrace::BacktraceLock>::print::DisplayBacktrace as core[a373ad73a504971]::fmt::Display>::fmt
[INFO] [stdout]    1:     0x5aec2c02e72a - core[a373ad73a504971]::fmt::write
[INFO] [stdout]    2:     0x5aec2c01c34c - <alloc[2e1b2a31b91974c5]::vec::Vec<u8> as core[a373ad73a504971]::io::write::Write>::write_fmt
[INFO] [stdout]    3:     0x5aec2bff0596 - std[617be2ca0a6fd877]::panicking::default_hook::{closure#0}
[INFO] [stdout]    4:     0x5aec2c00e459 - std[617be2ca0a6fd877]::panicking::default_hook
[INFO] [stdout]    5:     0x5aec2bb77990 - test[aada8e7e76ba119b]::test_main_inner::{closure#0}
[INFO] [stdout]    6:     0x5aec2c00e782 - std[617be2ca0a6fd877]::panicking::panic_with_hook
[INFO] [stdout]    7:     0x5aec2bff0642 - std[617be2ca0a6fd877]::panicking::panic_handler::{closure#0}
[INFO] [stdout]    8:     0x5aec2bfe8fc9 - std[617be2ca0a6fd877]::sys::backtrace::__rust_end_short_backtrace::<std[617be2ca0a6fd877]::panicking::panic_handler::{closure#0}, !>
[INFO] [stdout]    9:     0x5aec2bff143d - __rustc[ea4f61d10b84890b]::rust_begin_unwind
[INFO] [stdout]   10:     0x5aec2c02ee8c - core[a373ad73a504971]::panicking::panic_fmt
[INFO] [stdout]   11:     0x5aec2c02ec62 - core[a373ad73a504971]::result::unwrap_failed
[INFO] [stdout]   12:     0x5aec2bb16a4a - integration_tests[30f96aa91d431c16]::test_passkey_wallet_encryption::{closure#0}
[INFO] [stdout]   13:     0x5aec2bb5010b - <tokio[77ea9083bd6d8f8a]::runtime::scheduler::current_thread::CurrentThread>::block_on::<core[a373ad73a504971]::pin::Pin<&mut dyn core[a373ad73a504971]::future::future::Future<Output = ()>>>
[INFO] [stdout]   14:     0x5aec2bb51b02 - <tokio[77ea9083bd6d8f8a]::runtime::runtime::Runtime>::block_on::<core[a373ad73a504971]::pin::Pin<&mut dyn core[a373ad73a504971]::future::future::Future<Output = ()>>>
[INFO] [stdout]   15:     0x5aec2bb32a1e - <integration_tests[30f96aa91d431c16]::test_passkey_wallet_encryption::{closure#0} as core[a373ad73a504971]::ops::function::FnOnce<()>>::call_once
[INFO] [stdout]   16:     0x5aec2bb6addb - test[aada8e7e76ba119b]::__rust_begin_short_backtrace::<core[a373ad73a504971]::result::Result<(), alloc[2e1b2a31b91974c5]::string::String>, fn() -> core[a373ad73a504971]::result::Result<(), alloc[2e1b2a31b91974c5]::string::String>>
[INFO] [stdout]   17:     0x5aec2bb77fb5 - test[aada8e7e76ba119b]::run_test::{closure#0}
[INFO] [stdout]   18:     0x5aec2bb718a4 - std[617be2ca0a6fd877]::sys::backtrace::__rust_begin_short_backtrace::<test[aada8e7e76ba119b]::run_test::{closure#1}, ()>
[INFO] [stdout]   19:     0x5aec2bb7b042 - <std[617be2ca0a6fd877]::thread::lifecycle::spawn_unchecked<test[aada8e7e76ba119b]::run_test::{closure#1}, ()>::{closure#1} as core[a373ad73a504971]::ops::function::FnOnce<()>>::call_once::{shim:vtable#0}
[INFO] [stdout]   20:     0x5aec2c0161cf - <std[617be2ca0a6fd877]::sys::thread::unix::Thread>::new::thread_start
[INFO] [stdout]   21:     0x71d50a335dfa - <unknown>
[INFO] [stdout]   22:     0x71d50a3c93d4 - clone
[INFO] [stdout]   23:                0x0 - <unknown>
[INFO] [stdout] 
[INFO] [stdout] ---- test_runtime_database_encryption_workflow stdout ----
[INFO] [stdout] 
[INFO] [stdout] thread 'test_runtime_database_encryption_workflow' (3515) panicked at tests/integration_tests.rs:1303:10:
[INFO] [stdout] Failed to close and encrypt wallet: Crypto { message: "Passkey keyring init failed: Platform secure storage failure: PermissionDenied" }
[INFO] [stdout] stack backtrace:
[INFO] [stdout]    0:     0x5aec2c0173c1 - <<std[617be2ca0a6fd877]::sys::backtrace::BacktraceLock>::print::DisplayBacktrace as core[a373ad73a504971]::fmt::Display>::fmt
[INFO] [stdout]    1:     0x5aec2c02e72a - core[a373ad73a504971]::fmt::write
[INFO] [stdout]    2:     0x5aec2c01c34c - <alloc[2e1b2a31b91974c5]::vec::Vec<u8> as core[a373ad73a504971]::io::write::Write>::write_fmt
[INFO] [stdout]    3:     0x5aec2bff0596 - std[617be2ca0a6fd877]::panicking::default_hook::{closure#0}
[INFO] [stdout]    4:     0x5aec2c00e459 - std[617be2ca0a6fd877]::panicking::default_hook
[INFO] [stdout]    5:     0x5aec2bb77990 - test[aada8e7e76ba119b]::test_main_inner::{closure#0}
[INFO] [stdout]    6:     0x5aec2c00e782 - std[617be2ca0a6fd877]::panicking::panic_with_hook
[INFO] [stdout]    7:     0x5aec2bff0642 - std[617be2ca0a6fd877]::panicking::panic_handler::{closure#0}
[INFO] [stdout]    8:     0x5aec2bfe8fc9 - std[617be2ca0a6fd877]::sys::backtrace::__rust_end_short_backtrace::<std[617be2ca0a6fd877]::panicking::panic_handler::{closure#0}, !>
[INFO] [stdout]    9:     0x5aec2bff143d - __rustc[ea4f61d10b84890b]::rust_begin_unwind
[INFO] [stdout]   10:     0x5aec2c02ee8c - core[a373ad73a504971]::panicking::panic_fmt
[INFO] [stdout]   11:     0x5aec2c02ec62 - core[a373ad73a504971]::result::unwrap_failed
[INFO] [stdout]   12:     0x5aec2bb2315b - integration_tests[30f96aa91d431c16]::test_runtime_database_encryption_workflow::{closure#0}
[INFO] [stdout]   13:     0x5aec2bb5010b - <tokio[77ea9083bd6d8f8a]::runtime::scheduler::current_thread::CurrentThread>::block_on::<core[a373ad73a504971]::pin::Pin<&mut dyn core[a373ad73a504971]::future::future::Future<Output = ()>>>
[INFO] [stdout]   14:     0x5aec2bb51b02 - <tokio[77ea9083bd6d8f8a]::runtime::runtime::Runtime>::block_on::<core[a373ad73a504971]::pin::Pin<&mut dyn core[a373ad73a504971]::future::future::Future<Output = ()>>>
[INFO] [stdout]   15:     0x5aec2bb3393e - <integration_tests[30f96aa91d431c16]::test_runtime_database_encryption_workflow::{closure#0} as core[a373ad73a504971]::ops::function::FnOnce<()>>::call_once
[INFO] [stdout]   16:     0x5aec2bb6addb - test[aada8e7e76ba119b]::__rust_begin_short_backtrace::<core[a373ad73a504971]::result::Result<(), alloc[2e1b2a31b91974c5]::string::String>, fn() -> core[a373ad73a504971]::result::Result<(), alloc[2e1b2a31b91974c5]::string::String>>
[INFO] [stdout]   17:     0x5aec2bb77fb5 - test[aada8e7e76ba119b]::run_test::{closure#0}
[INFO] [stdout]   18:     0x5aec2bb718a4 - std[617be2ca0a6fd877]::sys::backtrace::__rust_begin_short_backtrace::<test[aada8e7e76ba119b]::run_test::{closure#1}, ()>
[INFO] [stdout]   19:     0x5aec2bb7b042 - <std[617be2ca0a6fd877]::thread::lifecycle::spawn_unchecked<test[aada8e7e76ba119b]::run_test::{closure#1}, ()>::{closure#1} as core[a373ad73a504971]::ops::function::FnOnce<()>>::call_once::{shim:vtable#0}
[INFO] [stdout]   20:     0x5aec2c0161cf - <std[617be2ca0a6fd877]::sys::thread::unix::Thread>::new::thread_start
[INFO] [stdout]   21:     0x71d50a335dfa - <unknown>
[INFO] [stdout]   22:     0x71d50a3c93d4 - clone
[INFO] [stdout]   23:                0x0 - <unknown>
[INFO] [stdout] 
[INFO] [stdout] ---- test_multiple_encryption_cycles stdout ----
[INFO] [stdout] 
[INFO] [stdout] thread 'test_multiple_encryption_cycles' (3509) panicked at tests/integration_tests.rs:1494:33:
[INFO] [stdout] Failed to close wallet in cycle 1
[INFO] [stdout] stack backtrace:
[INFO] [stdout]    0:     0x5aec2c0173c1 - <<std[617be2ca0a6fd877]::sys::backtrace::BacktraceLock>::print::DisplayBacktrace as core[a373ad73a504971]::fmt::Display>::fmt
[INFO] [stdout]    1:     0x5aec2c02e72a - core[a373ad73a504971]::fmt::write
[INFO] [stdout]    2:     0x5aec2c01c34c - <alloc[2e1b2a31b91974c5]::vec::Vec<u8> as core[a373ad73a504971]::io::write::Write>::write_fmt
[INFO] [stdout]    3:     0x5aec2bff0596 - std[617be2ca0a6fd877]::panicking::default_hook::{closure#0}
[INFO] [stdout]    4:     0x5aec2c00e459 - std[617be2ca0a6fd877]::panicking::default_hook
[INFO] [stdout]    5:     0x5aec2bb77990 - test[aada8e7e76ba119b]::test_main_inner::{closure#0}
[INFO] [stdout]    6:     0x5aec2c00e782 - std[617be2ca0a6fd877]::panicking::panic_with_hook
[INFO] [stdout]    7:     0x5aec2bff0642 - std[617be2ca0a6fd877]::panicking::panic_handler::{closure#0}
[INFO] [stdout]    8:     0x5aec2bfe8fc9 - std[617be2ca0a6fd877]::sys::backtrace::__rust_end_short_backtrace::<std[617be2ca0a6fd877]::panicking::panic_handler::{closure#0}, !>
[INFO] [stdout]    9:     0x5aec2bff143d - __rustc[ea4f61d10b84890b]::rust_begin_unwind
[INFO] [stdout]   10:     0x5aec2c02ee8c - core[a373ad73a504971]::panicking::panic_fmt
[INFO] [stdout]   11:     0x5aec2bb0aef4 - integration_tests[30f96aa91d431c16]::test_multiple_encryption_cycles::{closure#0}::{closure#2}
[INFO] [stdout]   12:     0x5aec2bb1affe - integration_tests[30f96aa91d431c16]::test_multiple_encryption_cycles::{closure#0}
[INFO] [stdout]   13:     0x5aec2bb5010b - <tokio[77ea9083bd6d8f8a]::runtime::scheduler::current_thread::CurrentThread>::block_on::<core[a373ad73a504971]::pin::Pin<&mut dyn core[a373ad73a504971]::future::future::Future<Output = ()>>>
[INFO] [stdout]   14:     0x5aec2bb51b02 - <tokio[77ea9083bd6d8f8a]::runtime::runtime::Runtime>::block_on::<core[a373ad73a504971]::pin::Pin<&mut dyn core[a373ad73a504971]::future::future::Future<Output = ()>>>
[INFO] [stdout]   15:     0x5aec2bb32f9e - <integration_tests[30f96aa91d431c16]::test_multiple_encryption_cycles::{closure#0} as core[a373ad73a504971]::ops::function::FnOnce<()>>::call_once
[INFO] [stdout]   16:     0x5aec2bb6addb - test[aada8e7e76ba119b]::__rust_begin_short_backtrace::<core[a373ad73a504971]::result::Result<(), alloc[2e1b2a31b91974c5]::string::String>, fn() -> core[a373ad73a504971]::result::Result<(), alloc[2e1b2a31b91974c5]::string::String>>
[INFO] [stdout]   17:     0x5aec2bb77fb5 - test[aada8e7e76ba119b]::run_test::{closure#0}
[INFO] [stdout]   18:     0x5aec2bb718a4 - std[617be2ca0a6fd877]::sys::backtrace::__rust_begin_short_backtrace::<test[aada8e7e76ba119b]::run_test::{closure#1}, ()>
[INFO] [stdout]   19:     0x5aec2bb7b042 - <std[617be2ca0a6fd877]::thread::lifecycle::spawn_unchecked<test[aada8e7e76ba119b]::run_test::{closure#1}, ()>::{closure#1} as core[a373ad73a504971]::ops::function::FnOnce<()>>::call_once::{shim:vtable#0}
[INFO] [stdout]   20:     0x5aec2c0161cf - <std[617be2ca0a6fd877]::sys::thread::unix::Thread>::new::thread_start
[INFO] [stdout]   21:     0x71d50a335dfa - <unknown>
[INFO] [stdout]   22:     0x71d50a3c93d4 - clone
[INFO] [stdout]   23:                0x0 - <unknown>
[INFO] [stdout] 
[INFO] [stdout] 
[INFO] [stdout] failures:
[INFO] [stdout]     test_corrupted_encrypted_database_handling
[INFO] [stdout]     test_encrypted_wallet_requires_passkey_flag
[INFO] [stdout]     test_multiple_encryption_cycles
[INFO] [stdout]     test_passkey_wallet_encryption
[INFO] [stdout]     test_runtime_database_encryption_workflow
[INFO] [stdout]     test_wallet_operations_offline
[INFO] [stdout] 
[INFO] [stdout] test result: FAILED. 16 passed; 6 failed; 0 ignored; 0 measured; 0 filtered out; finished in 5.29s
[INFO] [stdout] 
[INFO] [stderr] error: test failed, to rerun pass `--test integration_tests`
[INFO] running `Command { std: "docker" "inspect" "74398a5aa46266aeccaf675aaab58c37e886a889bf575109e57b13bd03cc5af1", kill_on_drop: false }`
[INFO] running `Command { std: "docker" "rm" "-f" "74398a5aa46266aeccaf675aaab58c37e886a889bf575109e57b13bd03cc5af1", kill_on_drop: false }`
[INFO] [stdout] 74398a5aa46266aeccaf675aaab58c37e886a889bf575109e57b13bd03cc5af1
