[INFO] fetching crate webull_unofficial 1.1.1...
[INFO] testing webull_unofficial-1.1.1 against 1.99.0-beta.8+cargoflags=--release for beta-release-1.100-2
[INFO] extracting crate webull_unofficial 1.1.1 into /workspace/builds/worker-4-tc1/source
[INFO] started tweaking crates.io crate webull_unofficial 1.1.1
[INFO] removed 0 missing examples
[INFO] finished tweaking crates.io crate webull_unofficial 1.1.1
[INFO] tweaked toml for crates.io crate webull_unofficial 1.1.1 written to /workspace/builds/worker-4-tc1/source/Cargo.toml
[INFO] validating manifest of crates.io crate webull_unofficial 1.1.1 on toolchain 1.99.0-beta.8
[INFO] running `Command { std: CARGO_HOME="/workspace/cargo-home" RUSTUP_HOME="/workspace/rustup-home" "/workspace/cargo-home/bin/cargo" "+1.99.0-beta.8" "metadata" "--manifest-path" "Cargo.toml" "--no-deps", kill_on_drop: false }`
[INFO] crate crates.io crate webull_unofficial 1.1.1 already has a lockfile, it will not be regenerated
[INFO] running `Command { std: CARGO_HOME="/workspace/cargo-home" RUSTUP_HOME="/workspace/rustup-home" "/workspace/cargo-home/bin/cargo" "+1.99.0-beta.8" "fetch" "--manifest-path" "Cargo.toml", kill_on_drop: false }`
[INFO] [stderr]  Downloading crates ...
[INFO] [stderr]   Downloaded url v2.5.6
[INFO] [stderr]   Downloaded async-tungstenite v0.25.1
[INFO] [stderr]   Downloaded cookie_store v0.20.0
[INFO] [stderr]   Downloaded cookie v0.17.0
[INFO] [stderr]   Downloaded async-compression v0.4.27
[INFO] running `Command { std: "docker" "create" "-v" "/var/lib/crater-agent-workspace/builds/worker-4-tc1/source:/opt/rustwide/workdir:ro,Z" "-v" "/var/lib/crater-agent-workspace/builds/worker-4-tc1/target:/opt/rustwide/target:rw,Z" "-v" "/var/lib/crater-agent-workspace/cargo-home:/opt/rustwide/cargo-home:ro,Z" "-v" "/var/lib/crater-agent-workspace/rustup-home:/opt/rustwide/rustup-home:ro,Z" "-m" "1610612736" "--network" "none" "ghcr.io/rust-lang/crates-build-env/linux@sha256:77db811e55d90add9212f6832c23229e3de5f1c1f9905e8cb07319ea15df73ac" "sleep" "infinity", kill_on_drop: false }`
[INFO] [stdout] 61a00daf2c35c05bb5b30f9c2d663db6304bf56ca3697ad6d1d444a022894d88
[INFO] running `Command { std: "docker" "start" "61a00daf2c35c05bb5b30f9c2d663db6304bf56ca3697ad6d1d444a022894d88", kill_on_drop: false }`
[INFO] running `Command { std: "docker" "inspect" "61a00daf2c35c05bb5b30f9c2d663db6304bf56ca3697ad6d1d444a022894d88", kill_on_drop: false }`
[INFO] running `Command { std: "docker" "exec" "-e" "SOURCE_DIR=/opt/rustwide/workdir" "-e" "CARGO_HOME=/opt/rustwide/cargo-home" "-e" "RUSTUP_HOME=/opt/rustwide/rustup-home" "-e" "CARGO_TARGET_DIR=/opt/rustwide/target" "-w" "/opt/rustwide/workdir" "--user" "0:0" "61a00daf2c35c05bb5b30f9c2d663db6304bf56ca3697ad6d1d444a022894d88" "/opt/rustwide/cargo-home/bin/cargo" "+1.99.0-beta.8" "metadata" "--no-deps" "--format-version=1", kill_on_drop: false }`
[INFO] running `Command { std: "docker" "inspect" "61a00daf2c35c05bb5b30f9c2d663db6304bf56ca3697ad6d1d444a022894d88", kill_on_drop: false }`
[INFO] running `Command { std: "docker" "exec" "-e" "SOURCE_DIR=/opt/rustwide/workdir" "-e" "CARGO_HOME=/opt/rustwide/cargo-home" "-e" "RUSTUP_HOME=/opt/rustwide/rustup-home" "-e" "CARGO_TARGET_DIR=/opt/rustwide/target" "-e" "CARGO_INCREMENTAL=0" "-e" "RUST_BACKTRACE=full" "-e" "RUSTFLAGS=--cap-lints=warn" "-e" "RUSTDOCFLAGS=--cap-lints=warn" "-w" "/opt/rustwide/workdir" "--user" "0:0" "61a00daf2c35c05bb5b30f9c2d663db6304bf56ca3697ad6d1d444a022894d88" "/opt/rustwide/cargo-home/bin/cargo" "+1.99.0-beta.8" "build" "--frozen" "--message-format=json" "--release", kill_on_drop: false }`
[INFO] [stderr]    Compiling libc v0.2.175
[INFO] [stderr]    Compiling cc v1.2.34
[INFO] [stderr]    Compiling lock_api v0.4.13
[INFO] [stderr]    Compiling futures-macro v0.3.31
[INFO] [stderr]    Compiling zeroize v1.8.1
[INFO] [stderr]    Compiling zerocopy v0.8.26
[INFO] [stderr]    Compiling tracing-attributes v0.1.30
[INFO] [stderr]    Compiling rustls v0.22.4
[INFO] [stderr]    Compiling bitflags v2.9.3
[INFO] [stderr]    Compiling openssl v0.10.73
[INFO] [stderr]    Compiling potential_utf v0.1.2
[INFO] [stderr]    Compiling pharos v0.5.3
[INFO] [stderr]    Compiling thiserror-impl v1.0.69
[INFO] [stderr]    Compiling openssl-macros v0.1.1
[INFO] [stderr]    Compiling sha1 v0.10.6
[INFO] [stderr]    Compiling async_io_stream v0.3.3
[INFO] [stderr]    Compiling rustls-pki-types v1.12.0
[INFO] [stderr]    Compiling cookie v0.17.0
[INFO] [stderr]    Compiling icu_collections v2.0.0
[INFO] [stderr]    Compiling time v0.3.41
[INFO] [stderr]    Compiling unicode-normalization v0.1.24
[INFO] [stderr]    Compiling ws_stream_tungstenite v0.13.0
[INFO] [stderr]    Compiling psl-types v2.0.11
[INFO] [stderr]    Compiling flate2 v1.1.2
[INFO] [stderr]    Compiling regex-automata v0.4.9
[INFO] [stderr]    Compiling encoding_rs v0.8.35
[INFO] [stderr]    Compiling iana-time-zone v0.1.63
[INFO] [stderr]    Compiling bincode v1.3.3
[INFO] [stderr]    Compiling spin v0.9.8
[INFO] [stderr]    Compiling futures-util v0.3.31
[INFO] [stderr]    Compiling flume v0.11.1
[INFO] [stderr]    Compiling icu_properties v2.0.1
[INFO] [stderr]    Compiling icu_normalizer v2.0.0
[INFO] [stderr]    Compiling rustls-pemfile v2.2.0
[INFO] [stderr]    Compiling idna v0.3.0
[INFO] [stderr]    Compiling rustls-native-certs v0.7.3
[INFO] [stderr]    Compiling chrono v0.4.41
[INFO] [stderr]    Compiling async-trait v0.1.89
[INFO] [stderr]    Compiling parking_lot_core v0.9.11
[INFO] [stderr]    Compiling signal-hook-registry v1.4.6
[INFO] [stderr]    Compiling mio v1.0.4
[INFO] [stderr]    Compiling socket2 v0.6.0
[INFO] [stderr]    Compiling parking_lot v0.12.4
[INFO] [stderr]    Compiling getrandom v0.2.16
[INFO] [stderr]    Compiling tokio v1.47.1
[INFO] [stderr]    Compiling ring v0.17.14
[INFO] [stderr]    Compiling openssl-sys v0.9.109
[INFO] [stderr]    Compiling rand_core v0.6.4
[INFO] [stderr]    Compiling idna_adapter v1.2.1
[INFO] [stderr]    Compiling idna v1.1.0
[INFO] [stderr]    Compiling tracing v0.1.41
[INFO] [stderr]    Compiling thiserror v1.0.69
[INFO] [stderr]    Compiling native-tls v0.2.14
[INFO] [stderr]    Compiling url v2.5.6
[INFO] [stderr]    Compiling socket2 v0.5.10
[INFO] [stderr]    Compiling publicsuffix v2.3.0
[INFO] [stderr]    Compiling ppv-lite86 v0.2.21
[INFO] [stderr]    Compiling getrandom v0.3.3
[INFO] [stderr]    Compiling md5 v0.7.0
[INFO] [stderr]    Compiling uuid v1.18.0
[INFO] [stderr]    Compiling rand_chacha v0.3.1
[INFO] [stderr]    Compiling cookie_store v0.20.0
[INFO] [stderr]    Compiling rand v0.8.5
[INFO] [stderr]    Compiling regex v1.11.1
[INFO] [stderr]    Compiling futures-executor v0.3.31
[INFO] [stderr]    Compiling futures v0.3.31
[INFO] [stderr]    Compiling tokio-util v0.7.16
[INFO] [stderr]    Compiling tokio-native-tls v0.3.1
[INFO] [stderr]    Compiling async-compression v0.4.27
[INFO] [stderr]    Compiling h2 v0.3.27
[INFO] [stderr]    Compiling hyper v0.14.32
[INFO] [stderr]    Compiling rustls-webpki v0.102.8
[INFO] [stderr]    Compiling hyper-tls v0.5.0
[INFO] [stderr]    Compiling reqwest v0.11.27
[INFO] [stderr]    Compiling tungstenite v0.21.0
[INFO] [stderr]    Compiling tokio-rustls v0.25.0
[INFO] [stderr]    Compiling async-tungstenite v0.25.1
[INFO] [stderr]    Compiling rumqttc v0.24.0
[INFO] [stderr]    Compiling webull_unofficial v1.1.1 (/opt/rustwide/workdir)
[INFO] [stderr]     Finished `release` profile [optimized] target(s) in 1m 33s
[INFO] running `Command { std: "docker" "inspect" "61a00daf2c35c05bb5b30f9c2d663db6304bf56ca3697ad6d1d444a022894d88", kill_on_drop: false }`
[INFO] running `Command { std: "docker" "exec" "-e" "SOURCE_DIR=/opt/rustwide/workdir" "-e" "CARGO_HOME=/opt/rustwide/cargo-home" "-e" "RUSTUP_HOME=/opt/rustwide/rustup-home" "-e" "CARGO_TARGET_DIR=/opt/rustwide/target" "-e" "CARGO_INCREMENTAL=0" "-e" "RUST_BACKTRACE=full" "-e" "RUSTFLAGS=--cap-lints=warn" "-e" "RUSTDOCFLAGS=--cap-lints=warn" "-w" "/opt/rustwide/workdir" "--user" "0:0" "61a00daf2c35c05bb5b30f9c2d663db6304bf56ca3697ad6d1d444a022894d88" "/opt/rustwide/cargo-home/bin/cargo" "+1.99.0-beta.8" "test" "--frozen" "--no-run" "--message-format=json" "--release", kill_on_drop: false }`
[INFO] [stderr]    Compiling parking_lot_core v0.9.11
[INFO] [stderr]    Compiling icu_normalizer v2.0.0
[INFO] [stderr]    Compiling getrandom v0.3.3
[INFO] [stderr]    Compiling rustls v0.22.4
[INFO] [stderr]    Compiling native-tls v0.2.14
[INFO] [stderr]    Compiling dirs-sys v0.4.1
[INFO] [stderr]    Compiling rtoolbox v0.0.3
[INFO] [stderr]    Compiling is-terminal v0.4.16
[INFO] [stderr]    Compiling colored v3.0.0
[INFO] [stderr]    Compiling env_logger v0.10.2
[INFO] [stderr]    Compiling rpassword v7.4.0
[INFO] [stderr]    Compiling dirs v5.0.1
[INFO] [stderr]    Compiling parking_lot v0.12.4
[INFO] [stderr]    Compiling idna_adapter v1.2.1
[INFO] [stderr]    Compiling idna v1.1.0
[INFO] [stderr]    Compiling rand_core v0.9.3
[INFO] [stderr]    Compiling uuid v1.18.0
[INFO] [stderr]    Compiling tokio v1.47.1
[INFO] [stderr]    Compiling url v2.5.6
[INFO] [stderr]    Compiling publicsuffix v2.3.0
[INFO] [stderr]    Compiling rand_chacha v0.9.0
[INFO] [stderr]    Compiling rand v0.9.2
[INFO] [stderr]    Compiling cookie_store v0.20.0
[INFO] [stderr]    Compiling tungstenite v0.21.0
[INFO] [stderr]    Compiling tokio-util v0.7.16
[INFO] [stderr]    Compiling tokio-rustls v0.25.0
[INFO] [stderr]    Compiling tokio-native-tls v0.3.1
[INFO] [stderr]    Compiling async_io_stream v0.3.3
[INFO] [stderr]    Compiling async-compression v0.4.27
[INFO] [stderr]    Compiling async-tungstenite v0.25.1
[INFO] [stderr]    Compiling h2 v0.3.27
[INFO] [stderr]    Compiling h2 v0.4.12
[INFO] [stderr]    Compiling ws_stream_tungstenite v0.13.0
[INFO] [stderr]    Compiling rumqttc v0.24.0
[INFO] [stderr]    Compiling hyper v0.14.32
[INFO] [stderr]    Compiling hyper v1.7.0
[INFO] [stderr]    Compiling hyper-util v0.1.16
[INFO] [stderr]    Compiling mockito v1.7.0
[INFO] [stderr]    Compiling hyper-tls v0.5.0
[INFO] [stderr]    Compiling reqwest v0.11.27
[INFO] [stderr]    Compiling webull_unofficial v1.1.1 (/opt/rustwide/workdir)
[INFO] [stderr]     Finished `release` profile [optimized] target(s) in 1m 33s
[INFO] running `Command { std: "docker" "inspect" "61a00daf2c35c05bb5b30f9c2d663db6304bf56ca3697ad6d1d444a022894d88", kill_on_drop: false }`
[INFO] running `Command { std: "docker" "exec" "-e" "SOURCE_DIR=/opt/rustwide/workdir" "-e" "CARGO_HOME=/opt/rustwide/cargo-home" "-e" "RUSTUP_HOME=/opt/rustwide/rustup-home" "-e" "CARGO_TARGET_DIR=/opt/rustwide/target" "-e" "CARGO_INCREMENTAL=0" "-e" "RUST_BACKTRACE=full" "-e" "RUSTFLAGS=--cap-lints=warn" "-e" "RUSTDOCFLAGS=--cap-lints=warn" "-w" "/opt/rustwide/workdir" "--user" "0:0" "61a00daf2c35c05bb5b30f9c2d663db6304bf56ca3697ad6d1d444a022894d88" "/opt/rustwide/cargo-home/bin/cargo" "+1.99.0-beta.8" "test" "--frozen" "--release", kill_on_drop: false }`
[INFO] [stderr]     Finished `release` profile [optimized] target(s) in 0.30s
[INFO] [stderr]      Running unittests src/lib.rs (/opt/rustwide/target/release/deps/webull_unofficial-e2e16b60cb2dfd36)
[INFO] [stdout] 
[INFO] [stdout] running 39 tests
[INFO] [stdout] test stream::tests::test_stream_config_default ... ok
[INFO] [stdout] test builders::tests::test_order_type_detection_logic ... ok
[INFO] [stdout] test stream::tests::test_topic_types ... ok
[INFO] [stdout] test tests::tests::test_email_validation ... ok
[INFO] [stdout] test tests::tests::test_base64_encoding_decoding ... ok
[INFO] [stdout] test tests::tests::test_error_types ... ok
[INFO] [stdout] test tests::tests::test_endpoints_generation ... ok
[INFO] [stdout] test tests::tests::test_interval_parsing ... ok
[INFO] [stdout] test tests::tests::test_order_action_serialization ... ok
[INFO] [stdout] test tests::tests::test_order_type_serialization ... ok
[INFO] [stdout] test tests::tests::test_account_type_detection ... ok
[INFO] [stdout] test builders::tests::test_bars_request_builder ... FAILED
[INFO] [stdout] test tests::tests::test_password_hashing ... ok
[INFO] [stdout] test builders::tests::test_news_request_builder ... FAILED
[INFO] [stdout] test builders::tests::test_place_order_builder_aliases ... FAILED
[INFO] [stdout] test builders::tests::test_place_order_builder_actions ... FAILED
[INFO] [stdout] test builders::tests::test_news_builder_convenience_methods ... FAILED
[INFO] [stdout] test builders::tests::test_place_order_builder_options ... FAILED
[INFO] [stdout] test builders::tests::test_place_order_builder_explicit_types ... FAILED
[INFO] [stdout] test builders::tests::test_order_type_auto_detection_in_builder ... FAILED
[INFO] [stdout] test builders::tests::test_options_builder_filters ... FAILED
[INFO] [stdout] test builders::tests::test_bars_builder_from_date ... FAILED
[INFO] [stdout] test builders::tests::test_place_order_builder_auto_detect ... FAILED
[INFO] [stdout] test tests::tests::test_live_client_creation ... FAILED
[INFO] [stdout] test builders::tests::test_options_request_builder ... FAILED
[INFO] [stdout] test builders::tests::test_login_builder_with_client ... FAILED
[INFO] [stdout] test tests::tests::test_paper_client_creation ... FAILED
[INFO] [stdout] test tests::tests::test_price_formatting ... ok
[INFO] [stdout] test tests::tests::test_region_code_mapping ... ok
[INFO] [stdout] test tests::tests::test_request_id_generation ... ok
[INFO] [stdout] test tests::tests::test_place_order_request_serialization ... ok
[INFO] [stdout] test tests::tests::test_screener_request ... ok
[INFO] [stdout] test tests::tests::test_timestamp_conversion ... ok
[INFO] [stdout] test utils::tests::test_format_price ... ok
[INFO] [stdout] test tests::tests::test_time_in_force_serialization ... ok
[INFO] [stdout] test utils::tests::test_get_account_type ... ok
[INFO] [stdout] test utils::tests::test_hash_password ... ok
[INFO] [stdout] test utils::tests::test_parse_interval ... ok
[INFO] [stdout] test utils::tests::test_validate_email ... ok
[INFO] [stdout] 
[INFO] [stdout] failures:
[INFO] [stdout] 
[INFO] [stdout] ---- builders::tests::test_bars_request_builder stdout ----
[INFO] [stdout] 
[INFO] [stdout] thread 'builders::tests::test_bars_request_builder' (3678) panicked at src/builders.rs:543:55:
[INFO] [stdout] called `Result::unwrap()` on an `Err` value: IoError(Os { code: 30, kind: ReadOnlyFilesystem, message: "Read-only file system" })
[INFO] [stdout] stack backtrace:
[INFO] [stdout]    0:     0x6342e4638001 - <<std[70759c8f55707aa4]::sys::backtrace::BacktraceLock>::print::DisplayBacktrace as core[df12db4294e9bfd3]::fmt::Display>::fmt
[INFO] [stdout]    1:     0x6342e464daca - core[df12db4294e9bfd3]::fmt::write
[INFO] [stdout]    2:     0x6342e463c98c - <alloc[2182bb758b4b3781]::vec::Vec<u8> as core[df12db4294e9bfd3]::io::write::Write>::write_fmt
[INFO] [stdout]    3:     0x6342e4613046 - std[70759c8f55707aa4]::panicking::default_hook::{closure#0}
[INFO] [stdout]    4:     0x6342e46301a9 - std[70759c8f55707aa4]::panicking::default_hook
[INFO] [stdout]    5:     0x6342e455f240 - test[9d35eded1c95d3be]::test_main_inner::<test[9d35eded1c95d3be]::test_main_static::{closure#0}>::{closure#0}
[INFO] [stdout]    6:     0x6342e4630362 - std[70759c8f55707aa4]::panicking::panic_with_hook
[INFO] [stdout]    7:     0x6342e46130f2 - std[70759c8f55707aa4]::panicking::panic_handler::{closure#0}
[INFO] [stdout]    8:     0x6342e460bc79 - std[70759c8f55707aa4]::sys::backtrace::__rust_end_short_backtrace::<std[70759c8f55707aa4]::panicking::panic_handler::{closure#0}, !>
[INFO] [stdout]    9:     0x6342e4613edd - __rustc[8fa7c3cbc660c2b3]::rust_begin_unwind
[INFO] [stdout]   10:     0x6342e464e22c - core[df12db4294e9bfd3]::panicking::panic_fmt
[INFO] [stdout]   11:     0x6342e464e002 - core[df12db4294e9bfd3]::result::unwrap_failed
[INFO] [stdout]   12:     0x6342e454ebf9 - webull_unofficial[d72ef6cc6f4af9a4]::builders::tests::test_bars_request_builder
[INFO] [stdout]   13:     0x6342e45434d9 - <webull_unofficial[d72ef6cc6f4af9a4]::builders::tests::test_bars_request_builder::{closure#0} as core[df12db4294e9bfd3]::ops::function::FnOnce<()>>::call_once
[INFO] [stdout]   14:     0x6342e455252b - test[9d35eded1c95d3be]::__rust_begin_short_backtrace::<core[df12db4294e9bfd3]::result::Result<(), alloc[2182bb758b4b3781]::string::String>, fn() -> core[df12db4294e9bfd3]::result::Result<(), alloc[2182bb758b4b3781]::string::String>>
[INFO] [stdout]   15:     0x6342e455fb95 - test[9d35eded1c95d3be]::run_test::{closure#0}
[INFO] [stdout]   16:     0x6342e4559454 - std[70759c8f55707aa4]::sys::backtrace::__rust_begin_short_backtrace::<test[9d35eded1c95d3be]::run_test::{closure#1}, ()>
[INFO] [stdout]   17:     0x6342e4562cf2 - <std[70759c8f55707aa4]::thread::lifecycle::spawn_unchecked<test[9d35eded1c95d3be]::run_test::{closure#1}, ()>::{closure#1} as core[df12db4294e9bfd3]::ops::function::FnOnce<()>>::call_once::{shim:vtable#0}
[INFO] [stdout]   18:     0x6342e4637539 - <std[70759c8f55707aa4]::sys::thread::unix::Thread>::new::thread_start
[INFO] [stdout]   19:     0x70e77bee5dfa - <unknown>
[INFO] [stdout]   20:     0x70e77bf793d4 - clone
[INFO] [stdout]   21:                0x0 - <unknown>
[INFO] [stdout] 
[INFO] [stdout] ---- builders::tests::test_news_request_builder stdout ----
[INFO] [stdout] 
[INFO] [stdout] thread 'builders::tests::test_news_request_builder' (3681) panicked at src/builders.rs:576:55:
[INFO] [stdout] called `Result::unwrap()` on an `Err` value: IoError(Os { code: 30, kind: ReadOnlyFilesystem, message: "Read-only file system" })
[INFO] [stdout] stack backtrace:
[INFO] [stdout]    0:     0x6342e4638001 - <<std[70759c8f55707aa4]::sys::backtrace::BacktraceLock>::print::DisplayBacktrace as core[df12db4294e9bfd3]::fmt::Display>::fmt
[INFO] [stdout]    1:     0x6342e464daca - core[df12db4294e9bfd3]::fmt::write
[INFO] [stdout]    2:     0x6342e463c98c - <alloc[2182bb758b4b3781]::vec::Vec<u8> as core[df12db4294e9bfd3]::io::write::Write>::write_fmt
[INFO] [stdout]    3:     0x6342e4613046 - std[70759c8f55707aa4]::panicking::default_hook::{closure#0}
[INFO] [stdout]    4:     0x6342e46301a9 - std[70759c8f55707aa4]::panicking::default_hook
[INFO] [stdout]    5:     0x6342e455f240 - test[9d35eded1c95d3be]::test_main_inner::<test[9d35eded1c95d3be]::test_main_static::{closure#0}>::{closure#0}
[INFO] [stdout]    6:     0x6342e4630362 - std[70759c8f55707aa4]::panicking::panic_with_hook
[INFO] [stdout]    7:     0x6342e46130f2 - std[70759c8f55707aa4]::panicking::panic_handler::{closure#0}
[INFO] [stdout]    8:     0x6342e460bc79 - std[70759c8f55707aa4]::sys::backtrace::__rust_end_short_backtrace::<std[70759c8f55707aa4]::panicking::panic_handler::{closure#0}, !>
[INFO] [stdout]    9:     0x6342e4613edd - __rustc[8fa7c3cbc660c2b3]::rust_begin_unwind
[INFO] [stdout]   10:     0x6342e464e22c - core[df12db4294e9bfd3]::panicking::panic_fmt
[INFO] [stdout]   11:     0x6342e464e002 - core[df12db4294e9bfd3]::result::unwrap_failed
[INFO] [stdout]   12:     0x6342e454ee9b - webull_unofficial[d72ef6cc6f4af9a4]::builders::tests::test_news_request_builder
[INFO] [stdout]   13:     0x6342e45434f9 - <webull_unofficial[d72ef6cc6f4af9a4]::builders::tests::test_news_request_builder::{closure#0} as core[df12db4294e9bfd3]::ops::function::FnOnce<()>>::call_once
[INFO] [stdout]   14:     0x6342e455252b - test[9d35eded1c95d3be]::__rust_begin_short_backtrace::<core[df12db4294e9bfd3]::result::Result<(), alloc[2182bb758b4b3781]::string::String>, fn() -> core[df12db4294e9bfd3]::result::Result<(), alloc[2182bb758b4b3781]::string::String>>
[INFO] [stdout]   15:     0x6342e455fb95 - test[9d35eded1c95d3be]::run_test::{closure#0}
[INFO] [stdout]   16:     0x6342e4559454 - std[70759c8f55707aa4]::sys::backtrace::__rust_begin_short_backtrace::<test[9d35eded1c95d3be]::run_test::{closure#1}, ()>
[INFO] [stdout]   17:     0x6342e4562cf2 - <std[70759c8f55707aa4]::thread::lifecycle::spawn_unchecked<test[9d35eded1c95d3be]::run_test::{closure#1}, ()>::{closure#1} as core[df12db4294e9bfd3]::ops::function::FnOnce<()>>::call_once::{shim:vtable#0}
[INFO] [stdout]   18:     0x6342e4637539 - <std[70759c8f55707aa4]::sys::thread::unix::Thread>::new::thread_start
[INFO] [stdout]   19:     0x70e77bee5dfa - <unknown>
[INFO] [stdout]   20:     0x70e77bf793d4 - clone
[INFO] [stdout]   21:                0x0 - <unknown>
[INFO] [stdout] 
[INFO] [stdout] ---- builders::tests::test_place_order_builder_aliases stdout ----
[INFO] [stdout] 
[INFO] [stdout] thread 'builders::tests::test_place_order_builder_aliases' (3687) panicked at src/builders.rs:828:55:
[INFO] [stdout] called `Result::unwrap()` on an `Err` value: IoError(Os { code: 30, kind: ReadOnlyFilesystem, message: "Read-only file system" })
[INFO] [stdout] stack backtrace:
[INFO] [stdout]    0:     0x6342e4638001 - <<std[70759c8f55707aa4]::sys::backtrace::BacktraceLock>::print::DisplayBacktrace as core[df12db4294e9bfd3]::fmt::Display>::fmt
[INFO] [stdout]    1:     0x6342e464daca - core[df12db4294e9bfd3]::fmt::write
[INFO] [stdout]    2:     0x6342e463c98c - <alloc[2182bb758b4b3781]::vec::Vec<u8> as core[df12db4294e9bfd3]::io::write::Write>::write_fmt
[INFO] [stdout]    3:     0x6342e4613046 - std[70759c8f55707aa4]::panicking::default_hook::{closure#0}
[INFO] [stdout]    4:     0x6342e46301a9 - std[70759c8f55707aa4]::panicking::default_hook
[INFO] [stdout]    5:     0x6342e455f240 - test[9d35eded1c95d3be]::test_main_inner::<test[9d35eded1c95d3be]::test_main_static::{closure#0}>::{closure#0}
[INFO] [stdout]    6:     0x6342e4630362 - std[70759c8f55707aa4]::panicking::panic_with_hook
[INFO] [stdout]    7:     0x6342e46130f2 - std[70759c8f55707aa4]::panicking::panic_handler::{closure#0}
[INFO] [stdout]    8:     0x6342e460bc79 - std[70759c8f55707aa4]::sys::backtrace::__rust_end_short_backtrace::<std[70759c8f55707aa4]::panicking::panic_handler::{closure#0}, !>
[INFO] [stdout]    9:     0x6342e4613edd - __rustc[8fa7c3cbc660c2b3]::rust_begin_unwind
[INFO] [stdout]   10:     0x6342e464e22c - core[df12db4294e9bfd3]::panicking::panic_fmt
[INFO] [stdout]   11:     0x6342e464e002 - core[df12db4294e9bfd3]::result::unwrap_failed
[INFO] [stdout]   12:     0x6342e45505eb - webull_unofficial[d72ef6cc6f4af9a4]::builders::tests::test_place_order_builder_aliases
[INFO] [stdout]   13:     0x6342e45435c9 - <webull_unofficial[d72ef6cc6f4af9a4]::builders::tests::test_place_order_builder_aliases::{closure#0} as core[df12db4294e9bfd3]::ops::function::FnOnce<()>>::call_once
[INFO] [stdout]   14:     0x6342e455252b - test[9d35eded1c95d3be]::__rust_begin_short_backtrace::<core[df12db4294e9bfd3]::result::Result<(), alloc[2182bb758b4b3781]::string::String>, fn() -> core[df12db4294e9bfd3]::result::Result<(), alloc[2182bb758b4b3781]::string::String>>
[INFO] [stdout]   15:     0x6342e455fb95 - test[9d35eded1c95d3be]::run_test::{closure#0}
[INFO] [stdout]   16:     0x6342e4559454 - std[70759c8f55707aa4]::sys::backtrace::__rust_begin_short_backtrace::<test[9d35eded1c95d3be]::run_test::{closure#1}, ()>
[INFO] [stdout]   17:     0x6342e4562cf2 - <std[70759c8f55707aa4]::thread::lifecycle::spawn_unchecked<test[9d35eded1c95d3be]::run_test::{closure#1}, ()>::{closure#1} as core[df12db4294e9bfd3]::ops::function::FnOnce<()>>::call_once::{shim:vtable#0}
[INFO] [stdout]   18:     0x6342e4637539 - <std[70759c8f55707aa4]::sys::thread::unix::Thread>::new::thread_start
[INFO] [stdout]   19:     0x70e77bee5dfa - <unknown>
[INFO] [stdout]   20:     0x70e77bf793d4 - clone
[INFO] [stdout]   21:                0x0 - <unknown>
[INFO] [stdout] 
[INFO] [stdout] ---- builders::tests::test_place_order_builder_actions stdout ----
[INFO] [stdout] 
[INFO] [stdout] thread 'builders::tests::test_place_order_builder_actions' (3686) panicked at src/builders.rs:791:55:
[INFO] [stdout] called `Result::unwrap()` on an `Err` value: IoError(Os { code: 30, kind: ReadOnlyFilesystem, message: "Read-only file system" })
[INFO] [stdout] stack backtrace:
[INFO] [stdout]    0:     0x6342e4638001 - <<std[70759c8f55707aa4]::sys::backtrace::BacktraceLock>::print::DisplayBacktrace as core[df12db4294e9bfd3]::fmt::Display>::fmt
[INFO] [stdout]    1:     0x6342e464daca - core[df12db4294e9bfd3]::fmt::write
[INFO] [stdout]    2:     0x6342e463c98c - <alloc[2182bb758b4b3781]::vec::Vec<u8> as core[df12db4294e9bfd3]::io::write::Write>::write_fmt
[INFO] [stdout]    3:     0x6342e4613046 - std[70759c8f55707aa4]::panicking::default_hook::{closure#0}
[INFO] [stdout]    4:     0x6342e46301a9 - std[70759c8f55707aa4]::panicking::default_hook
[INFO] [stdout]    5:     0x6342e455f240 - test[9d35eded1c95d3be]::test_main_inner::<test[9d35eded1c95d3be]::test_main_static::{closure#0}>::{closure#0}
[INFO] [stdout]    6:     0x6342e4630362 - std[70759c8f55707aa4]::panicking::panic_with_hook
[INFO] [stdout]    7:     0x6342e46130f2 - std[70759c8f55707aa4]::panicking::panic_handler::{closure#0}
[INFO] [stdout]    8:     0x6342e460bc79 - std[70759c8f55707aa4]::sys::backtrace::__rust_end_short_backtrace::<std[70759c8f55707aa4]::panicking::panic_handler::{closure#0}, !>
[INFO] [stdout]    9:     0x6342e4613edd - __rustc[8fa7c3cbc660c2b3]::rust_begin_unwind
[INFO] [stdout]   10:     0x6342e464e22c - core[df12db4294e9bfd3]::panicking::panic_fmt
[INFO] [stdout]   11:     0x6342e464e002 - core[df12db4294e9bfd3]::result::unwrap_failed
[INFO] [stdout]   12:     0x6342e45504ab - webull_unofficial[d72ef6cc6f4af9a4]::builders::tests::test_place_order_builder_actions
[INFO] [stdout]   13:     0x6342e45435a9 - <webull_unofficial[d72ef6cc6f4af9a4]::builders::tests::test_place_order_builder_actions::{closure#0} as core[df12db4294e9bfd3]::ops::function::FnOnce<()>>::call_once
[INFO] [stdout]   14:     0x6342e455252b - test[9d35eded1c95d3be]::__rust_begin_short_backtrace::<core[df12db4294e9bfd3]::result::Result<(), alloc[2182bb758b4b3781]::string::String>, fn() -> core[df12db4294e9bfd3]::result::Result<(), alloc[2182bb758b4b3781]::string::String>>
[INFO] [stdout]   15:     0x6342e455fb95 - test[9d35eded1c95d3be]::run_test::{closure#0}
[INFO] [stdout]   16:     0x6342e4559454 - std[70759c8f55707aa4]::sys::backtrace::__rust_begin_short_backtrace::<test[9d35eded1c95d3be]::run_test::{closure#1}, ()>
[INFO] [stdout]   17:     0x6342e4562cf2 - <std[70759c8f55707aa4]::thread::lifecycle::spawn_unchecked<test[9d35eded1c95d3be]::run_test::{closure#1}, ()>::{closure#1} as core[df12db4294e9bfd3]::ops::function::FnOnce<()>>::call_once::{shim:vtable#0}
[INFO] [stdout]   18:     0x6342e4637539 - <std[70759c8f55707aa4]::sys::thread::unix::Thread>::new::thread_start
[INFO] [stdout]   19:     0x70e77bee5dfa - <unknown>
[INFO] [stdout]   20:     0x70e77bf793d4 - clone
[INFO] [stdout]   21:                0x0 - <unknown>
[INFO] [stdout] 
[INFO] [stdout] ---- builders::tests::test_news_builder_convenience_methods stdout ----
[INFO] [stdout] 
[INFO] [stdout] thread 'builders::tests::test_news_builder_convenience_methods' (3680) panicked at src/builders.rs:590:55:
[INFO] [stdout] called `Result::unwrap()` on an `Err` value: IoError(Os { code: 30, kind: ReadOnlyFilesystem, message: "Read-only file system" })
[INFO] [stdout] stack backtrace:
[INFO] [stdout]    0:     0x6342e4638001 - <<std[70759c8f55707aa4]::sys::backtrace::BacktraceLock>::print::DisplayBacktrace as core[df12db4294e9bfd3]::fmt::Display>::fmt
[INFO] [stdout]    1:     0x6342e464daca - core[df12db4294e9bfd3]::fmt::write
[INFO] [stdout]    2:     0x6342e463c98c - <alloc[2182bb758b4b3781]::vec::Vec<u8> as core[df12db4294e9bfd3]::io::write::Write>::write_fmt
[INFO] [stdout]    3:     0x6342e4613046 - std[70759c8f55707aa4]::panicking::default_hook::{closure#0}
[INFO] [stdout]    4:     0x6342e46301a9 - std[70759c8f55707aa4]::panicking::default_hook
[INFO] [stdout]    5:     0x6342e455f240 - test[9d35eded1c95d3be]::test_main_inner::<test[9d35eded1c95d3be]::test_main_static::{closure#0}>::{closure#0}
[INFO] [stdout]    6:     0x6342e4630362 - std[70759c8f55707aa4]::panicking::panic_with_hook
[INFO] [stdout]    7:     0x6342e46130f2 - std[70759c8f55707aa4]::panicking::panic_handler::{closure#0}
[INFO] [stdout]    8:     0x6342e460bc79 - std[70759c8f55707aa4]::sys::backtrace::__rust_end_short_backtrace::<std[70759c8f55707aa4]::panicking::panic_handler::{closure#0}, !>
[INFO] [stdout]    9:     0x6342e4613edd - __rustc[8fa7c3cbc660c2b3]::rust_begin_unwind
[INFO] [stdout]   10:     0x6342e464e22c - core[df12db4294e9bfd3]::panicking::panic_fmt
[INFO] [stdout]   11:     0x6342e464e002 - core[df12db4294e9bfd3]::result::unwrap_failed
[INFO] [stdout]   12:     0x6342e4550f9b - webull_unofficial[d72ef6cc6f4af9a4]::builders::tests::test_news_builder_convenience_methods
[INFO] [stdout]   13:     0x6342e4543629 - <webull_unofficial[d72ef6cc6f4af9a4]::builders::tests::test_news_builder_convenience_methods::{closure#0} as core[df12db4294e9bfd3]::ops::function::FnOnce<()>>::call_once
[INFO] [stdout]   14:     0x6342e455252b - test[9d35eded1c95d3be]::__rust_begin_short_backtrace::<core[df12db4294e9bfd3]::result::Result<(), alloc[2182bb758b4b3781]::string::String>, fn() -> core[df12db4294e9bfd3]::result::Result<(), alloc[2182bb758b4b3781]::string::String>>
[INFO] [stdout]   15:     0x6342e455fb95 - test[9d35eded1c95d3be]::run_test::{closure#0}
[INFO] [stdout]   16:     0x6342e4559454 - std[70759c8f55707aa4]::sys::backtrace::__rust_begin_short_backtrace::<test[9d35eded1c95d3be]::run_test::{closure#1}, ()>
[INFO] [stdout]   17:     0x6342e4562cf2 - <std[70759c8f55707aa4]::thread::lifecycle::spawn_unchecked<test[9d35eded1c95d3be]::run_test::{closure#1}, ()>::{closure#1} as core[df12db4294e9bfd3]::ops::function::FnOnce<()>>::call_once::{shim:vtable#0}
[INFO] [stdout]   18:     0x6342e4637539 - <std[70759c8f55707aa4]::sys::thread::unix::Thread>::new::thread_start
[INFO] [stdout]   19:     0x70e77bee5dfa - <unknown>
[INFO] [stdout]   20:     0x70e77bf793d4 - clone
[INFO] [stdout]   21:                0x0 - <unknown>
[INFO] [stdout] 
[INFO] [stdout] ---- builders::tests::test_place_order_builder_options stdout ----
[INFO] [stdout] 
[INFO] [stdout] thread 'builders::tests::test_place_order_builder_options' (3690) panicked at src/builders.rs:808:55:
[INFO] [stdout] called `Result::unwrap()` on an `Err` value: IoError(Os { code: 30, kind: ReadOnlyFilesystem, message: "Read-only file system" })
[INFO] [stdout] stack backtrace:
[INFO] [stdout]    0:     0x6342e4638001 - <<std[70759c8f55707aa4]::sys::backtrace::BacktraceLock>::print::DisplayBacktrace as core[df12db4294e9bfd3]::fmt::Display>::fmt
[INFO] [stdout]    1:     0x6342e464daca - core[df12db4294e9bfd3]::fmt::write
[INFO] [stdout]    2:     0x6342e463c98c - <alloc[2182bb758b4b3781]::vec::Vec<u8> as core[df12db4294e9bfd3]::io::write::Write>::write_fmt
[INFO] [stdout]    3:     0x6342e4613046 - std[70759c8f55707aa4]::panicking::default_hook::{closure#0}
[INFO] [stdout]    4:     0x6342e46301a9 - std[70759c8f55707aa4]::panicking::default_hook
[INFO] [stdout]    5:     0x6342e455f240 - test[9d35eded1c95d3be]::test_main_inner::<test[9d35eded1c95d3be]::test_main_static::{closure#0}>::{closure#0}
[INFO] [stdout]    6:     0x6342e4630362 - std[70759c8f55707aa4]::panicking::panic_with_hook
[INFO] [stdout]    7:     0x6342e46130f2 - std[70759c8f55707aa4]::panicking::panic_handler::{closure#0}
[INFO] [stdout]    8:     0x6342e460bc79 - std[70759c8f55707aa4]::sys::backtrace::__rust_end_short_backtrace::<std[70759c8f55707aa4]::panicking::panic_handler::{closure#0}, !>
[INFO] [stdout]    9:     0x6342e4613edd - __rustc[8fa7c3cbc660c2b3]::rust_begin_unwind
[INFO] [stdout]   10:     0x6342e464e22c - core[df12db4294e9bfd3]::panicking::panic_fmt
[INFO] [stdout]   11:     0x6342e464e002 - core[df12db4294e9bfd3]::result::unwrap_failed
[INFO] [stdout]   12:     0x6342e4550cae - webull_unofficial[d72ef6cc6f4af9a4]::builders::tests::test_place_order_builder_options
[INFO] [stdout]   13:     0x6342e45435e9 - <webull_unofficial[d72ef6cc6f4af9a4]::builders::tests::test_place_order_builder_options::{closure#0} as core[df12db4294e9bfd3]::ops::function::FnOnce<()>>::call_once
[INFO] [stdout]   14:     0x6342e455252b - test[9d35eded1c95d3be]::__rust_begin_short_backtrace::<core[df12db4294e9bfd3]::result::Result<(), alloc[2182bb758b4b3781]::string::String>, fn() -> core[df12db4294e9bfd3]::result::Result<(), alloc[2182bb758b4b3781]::string::String>>
[INFO] [stdout]   15:     0x6342e455fb95 - test[9d35eded1c95d3be]::run_test::{closure#0}
[INFO] [stdout]   16:     0x6342e4559454 - std[70759c8f55707aa4]::sys::backtrace::__rust_begin_short_backtrace::<test[9d35eded1c95d3be]::run_test::{closure#1}, ()>
[INFO] [stdout]   17:     0x6342e4562cf2 - <std[70759c8f55707aa4]::thread::lifecycle::spawn_unchecked<test[9d35eded1c95d3be]::run_test::{closure#1}, ()>::{closure#1} as core[df12db4294e9bfd3]::ops::function::FnOnce<()>>::call_once::{shim:vtable#0}
[INFO] [stdout]   18:     0x6342e4637539 - <std[70759c8f55707aa4]::sys::thread::unix::Thread>::new::thread_start
[INFO] [stdout]   19:     0x70e77bee5dfa - <unknown>
[INFO] [stdout]   20:     0x70e77bf793d4 - clone
[INFO] [stdout]   21:                0x0 - <unknown>
[INFO] [stdout] 
[INFO] [stdout] ---- builders::tests::test_place_order_builder_explicit_types stdout ----
[INFO] [stdout] 
[INFO] [stdout] thread 'builders::tests::test_place_order_builder_explicit_types' (3689) panicked at src/builders.rs:766:55:
[INFO] [stdout] called `Result::unwrap()` on an `Err` value: IoError(Os { code: 30, kind: ReadOnlyFilesystem, message: "Read-only file system" })
[INFO] [stdout] stack backtrace:
[INFO] [stdout]    0:     0x6342e4638001 - <<std[70759c8f55707aa4]::sys::backtrace::BacktraceLock>::print::DisplayBacktrace as core[df12db4294e9bfd3]::fmt::Display>::fmt
[INFO] [stdout]    1:     0x6342e464daca - core[df12db4294e9bfd3]::fmt::write
[INFO] [stdout]    2:     0x6342e463c98c - <alloc[2182bb758b4b3781]::vec::Vec<u8> as core[df12db4294e9bfd3]::io::write::Write>::write_fmt
[INFO] [stdout]    3:     0x6342e4613046 - std[70759c8f55707aa4]::panicking::default_hook::{closure#0}
[INFO] [stdout]    4:     0x6342e46301a9 - std[70759c8f55707aa4]::panicking::default_hook
[INFO] [stdout]    5:     0x6342e455f240 - test[9d35eded1c95d3be]::test_main_inner::<test[9d35eded1c95d3be]::test_main_static::{closure#0}>::{closure#0}
[INFO] [stdout]    6:     0x6342e4630362 - std[70759c8f55707aa4]::panicking::panic_with_hook
[INFO] [stdout]    7:     0x6342e46130f2 - std[70759c8f55707aa4]::panicking::panic_handler::{closure#0}
[INFO] [stdout]    8:     0x6342e460bc79 - std[70759c8f55707aa4]::sys::backtrace::__rust_end_short_backtrace::<std[70759c8f55707aa4]::panicking::panic_handler::{closure#0}, !>
[INFO] [stdout]    9:     0x6342e4613edd - __rustc[8fa7c3cbc660c2b3]::rust_begin_unwind
[INFO] [stdout]   10:     0x6342e464e22c - core[df12db4294e9bfd3]::panicking::panic_fmt
[INFO] [stdout]   11:     0x6342e464e002 - core[df12db4294e9bfd3]::result::unwrap_failed
[INFO] [stdout]   12:     0x6342e45510db - webull_unofficial[d72ef6cc6f4af9a4]::builders::tests::test_place_order_builder_explicit_types
[INFO] [stdout]   13:     0x6342e4543649 - <webull_unofficial[d72ef6cc6f4af9a4]::builders::tests::test_place_order_builder_explicit_types::{closure#0} as core[df12db4294e9bfd3]::ops::function::FnOnce<()>>::call_once
[INFO] [stdout]   14:     0x6342e455252b - test[9d35eded1c95d3be]::__rust_begin_short_backtrace::<core[df12db4294e9bfd3]::result::Result<(), alloc[2182bb758b4b3781]::string::String>, fn() -> core[df12db4294e9bfd3]::result::Result<(), alloc[2182bb758b4b3781]::string::String>>
[INFO] [stdout]   15:     0x6342e455fb95 - test[9d35eded1c95d3be]::run_test::{closure#0}
[INFO] [stdout]   16:     0x6342e4559454 - std[70759c8f55707aa4]::sys::backtrace::__rust_begin_short_backtrace::<test[9d35eded1c95d3be]::run_test::{closure#1}, ()>
[INFO] [stdout]   17:     0x6342e4562cf2 - <std[70759c8f55707aa4]::thread::lifecycle::spawn_unchecked<test[9d35eded1c95d3be]::run_test::{closure#1}, ()>::{closure#1} as core[df12db4294e9bfd3]::ops::function::FnOnce<()>>::call_once::{shim:vtable#0}
[INFO] [stdout]   18:     0x6342e4637539 - <std[70759c8f55707aa4]::sys::thread::unix::Thread>::new::thread_start
[INFO] [stdout]   19:     0x70e77bee5dfa - <unknown>
[INFO] [stdout]   20:     0x70e77bf793d4 - clone
[INFO] [stdout]   21:                0x0 - <unknown>
[INFO] [stdout] 
[INFO] [stdout] ---- builders::tests::test_order_type_auto_detection_in_builder stdout ----
[INFO] [stdout] 
[INFO] [stdout] thread 'builders::tests::test_order_type_auto_detection_in_builder' (3684) panicked at src/builders.rs:689:55:
[INFO] [stdout] called `Result::unwrap()` on an `Err` value: IoError(Os { code: 30, kind: ReadOnlyFilesystem, message: "Read-only file system" })
[INFO] [stdout] stack backtrace:
[INFO] [stdout]    0:     0x6342e4638001 - <<std[70759c8f55707aa4]::sys::backtrace::BacktraceLock>::print::DisplayBacktrace as core[df12db4294e9bfd3]::fmt::Display>::fmt
[INFO] [stdout]    1:     0x6342e464daca - core[df12db4294e9bfd3]::fmt::write
[INFO] [stdout]    2:     0x6342e463c98c - <alloc[2182bb758b4b3781]::vec::Vec<u8> as core[df12db4294e9bfd3]::io::write::Write>::write_fmt
[INFO] [stdout]    3:     0x6342e4613046 - std[70759c8f55707aa4]::panicking::default_hook::{closure#0}
[INFO] [stdout]    4:     0x6342e46301a9 - std[70759c8f55707aa4]::panicking::default_hook
[INFO] [stdout]    5:     0x6342e455f240 - test[9d35eded1c95d3be]::test_main_inner::<test[9d35eded1c95d3be]::test_main_static::{closure#0}>::{closure#0}
[INFO] [stdout]    6:     0x6342e4630362 - std[70759c8f55707aa4]::panicking::panic_with_hook
[INFO] [stdout]    7:     0x6342e46130f2 - std[70759c8f55707aa4]::panicking::panic_handler::{closure#0}
[INFO] [stdout]    8:     0x6342e460bc79 - std[70759c8f55707aa4]::sys::backtrace::__rust_end_short_backtrace::<std[70759c8f55707aa4]::panicking::panic_handler::{closure#0}, !>
[INFO] [stdout]    9:     0x6342e4613edd - __rustc[8fa7c3cbc660c2b3]::rust_begin_unwind
[INFO] [stdout]   10:     0x6342e464e22c - core[df12db4294e9bfd3]::panicking::panic_fmt
[INFO] [stdout]   11:     0x6342e464e002 - core[df12db4294e9bfd3]::result::unwrap_failed
[INFO] [stdout]   12:     0x6342e455121b - webull_unofficial[d72ef6cc6f4af9a4]::builders::tests::test_order_type_auto_detection_in_builder
[INFO] [stdout]   13:     0x6342e4543669 - <webull_unofficial[d72ef6cc6f4af9a4]::builders::tests::test_order_type_auto_detection_in_builder::{closure#0} as core[df12db4294e9bfd3]::ops::function::FnOnce<()>>::call_once
[INFO] [stdout]   14:     0x6342e455252b - test[9d35eded1c95d3be]::__rust_begin_short_backtrace::<core[df12db4294e9bfd3]::result::Result<(), alloc[2182bb758b4b3781]::string::String>, fn() -> core[df12db4294e9bfd3]::result::Result<(), alloc[2182bb758b4b3781]::string::String>>
[INFO] [stdout]   15:     0x6342e455fb95 - test[9d35eded1c95d3be]::run_test::{closure#0}
[INFO] [stdout]   16:     0x6342e4559454 - std[70759c8f55707aa4]::sys::backtrace::__rust_begin_short_backtrace::<test[9d35eded1c95d3be]::run_test::{closure#1}, ()>
[INFO] [stdout]   17:     0x6342e4562cf2 - <std[70759c8f55707aa4]::thread::lifecycle::spawn_unchecked<test[9d35eded1c95d3be]::run_test::{closure#1}, ()>::{closure#1} as core[df12db4294e9bfd3]::ops::function::FnOnce<()>>::call_once::{shim:vtable#0}
[INFO] [stdout]   18:     0x6342e4637539 - <std[70759c8f55707aa4]::sys::thread::unix::Thread>::new::thread_start
[INFO] [stdout]   19:     0x70e77bee5dfa - <unknown>
[INFO] [stdout]   20:     0x70e77bf793d4 - clone
[INFO] [stdout]   21:                0x0 - <unknown>
[INFO] [stdout] 
[INFO] [stdout] ---- builders::tests::test_options_builder_filters stdout ----
[INFO] [stdout] 
[INFO] [stdout] thread 'builders::tests::test_options_builder_filters' (3682) panicked at src/builders.rs:623:55:
[INFO] [stdout] called `Result::unwrap()` on an `Err` value: IoError(Os { code: 30, kind: ReadOnlyFilesystem, message: "Read-only file system" })
[INFO] [stdout] stack backtrace:
[INFO] [stdout]    0:     0x6342e4638001 - <<std[70759c8f55707aa4]::sys::backtrace::BacktraceLock>::print::DisplayBacktrace as core[df12db4294e9bfd3]::fmt::Display>::fmt
[INFO] [stdout]    1:     0x6342e464daca - core[df12db4294e9bfd3]::fmt::write
[INFO] [stdout]    2:     0x6342e463c98c - <alloc[2182bb758b4b3781]::vec::Vec<u8> as core[df12db4294e9bfd3]::io::write::Write>::write_fmt
[INFO] [stdout]    3:     0x6342e4613046 - std[70759c8f55707aa4]::panicking::default_hook::{closure#0}
[INFO] [stdout]    4:     0x6342e46301a9 - std[70759c8f55707aa4]::panicking::default_hook
[INFO] [stdout]    5:     0x6342e455f240 - test[9d35eded1c95d3be]::test_main_inner::<test[9d35eded1c95d3be]::test_main_static::{closure#0}>::{closure#0}
[INFO] [stdout]    6:     0x6342e4630362 - std[70759c8f55707aa4]::panicking::panic_with_hook
[INFO] [stdout]    7:     0x6342e46130f2 - std[70759c8f55707aa4]::panicking::panic_handler::{closure#0}
[INFO] [stdout]    8:     0x6342e460bc79 - std[70759c8f55707aa4]::sys::backtrace::__rust_end_short_backtrace::<std[70759c8f55707aa4]::panicking::panic_handler::{closure#0}, !>
[INFO] [stdout]    9:     0x6342e4613edd - __rustc[8fa7c3cbc660c2b3]::rust_begin_unwind
[INFO] [stdout]   10:     0x6342e464e22c - core[df12db4294e9bfd3]::panicking::panic_fmt
[INFO] [stdout]   11:     0x6342e464e002 - core[df12db4294e9bfd3]::result::unwrap_failed
[INFO] [stdout]   12:     0x6342e454f746 - webull_unofficial[d72ef6cc6f4af9a4]::builders::tests::test_options_builder_filters
[INFO] [stdout]   13:     0x6342e4543539 - <webull_unofficial[d72ef6cc6f4af9a4]::builders::tests::test_options_builder_filters::{closure#0} as core[df12db4294e9bfd3]::ops::function::FnOnce<()>>::call_once
[INFO] [stdout]   14:     0x6342e455252b - test[9d35eded1c95d3be]::__rust_begin_short_backtrace::<core[df12db4294e9bfd3]::result::Result<(), alloc[2182bb758b4b3781]::string::String>, fn() -> core[df12db4294e9bfd3]::result::Result<(), alloc[2182bb758b4b3781]::string::String>>
[INFO] [stdout]   15:     0x6342e455fb95 - test[9d35eded1c95d3be]::run_test::{closure#0}
[INFO] [stdout]   16:     0x6342e4559454 - std[70759c8f55707aa4]::sys::backtrace::__rust_begin_short_backtrace::<test[9d35eded1c95d3be]::run_test::{closure#1}, ()>
[INFO] [stdout]   17:     0x6342e4562cf2 - <std[70759c8f55707aa4]::thread::lifecycle::spawn_unchecked<test[9d35eded1c95d3be]::run_test::{closure#1}, ()>::{closure#1} as core[df12db4294e9bfd3]::ops::function::FnOnce<()>>::call_once::{shim:vtable#0}
[INFO] [stdout]   18:     0x6342e4637539 - <std[70759c8f55707aa4]::sys::thread::unix::Thread>::new::thread_start
[INFO] [stdout]   19:     0x70e77bee5dfa - <unknown>
[INFO] [stdout]   20:     0x70e77bf793d4 - clone
[INFO] [stdout]   21:                0x0 - <unknown>
[INFO] [stdout] 
[INFO] [stdout] ---- builders::tests::test_bars_builder_from_date stdout ----
[INFO] [stdout] 
[INFO] [stdout] thread 'builders::tests::test_bars_builder_from_date' (3677) panicked at src/builders.rs:562:55:
[INFO] [stdout] called `Result::unwrap()` on an `Err` value: IoError(Os { code: 30, kind: ReadOnlyFilesystem, message: "Read-only file system" })
[INFO] [stdout] stack backtrace:
[INFO] [stdout]    0:     0x6342e4638001 - <<std[70759c8f55707aa4]::sys::backtrace::BacktraceLock>::print::DisplayBacktrace as core[df12db4294e9bfd3]::fmt::Display>::fmt
[INFO] [stdout]    1:     0x6342e464daca - core[df12db4294e9bfd3]::fmt::write
[INFO] [stdout]    2:     0x6342e463c98c - <alloc[2182bb758b4b3781]::vec::Vec<u8> as core[df12db4294e9bfd3]::io::write::Write>::write_fmt
[INFO] [stdout]    3:     0x6342e4613046 - std[70759c8f55707aa4]::panicking::default_hook::{closure#0}
[INFO] [stdout]    4:     0x6342e46301a9 - std[70759c8f55707aa4]::panicking::default_hook
[INFO] [stdout]    5:     0x6342e455f240 - test[9d35eded1c95d3be]::test_main_inner::<test[9d35eded1c95d3be]::test_main_static::{closure#0}>::{closure#0}
[INFO] [stdout]    6:     0x6342e4630362 - std[70759c8f55707aa4]::panicking::panic_with_hook
[INFO] [stdout]    7:     0x6342e46130f2 - std[70759c8f55707aa4]::panicking::panic_handler::{closure#0}
[INFO] [stdout]    8:     0x6342e460bc79 - std[70759c8f55707aa4]::sys::backtrace::__rust_end_short_backtrace::<std[70759c8f55707aa4]::panicking::panic_handler::{closure#0}, !>
[INFO] [stdout]    9:     0x6342e4613edd - __rustc[8fa7c3cbc660c2b3]::rust_begin_unwind
[INFO] [stdout]   10:     0x6342e464e22c - core[df12db4294e9bfd3]::panicking::panic_fmt
[INFO] [stdout]   11:     0x6342e464e002 - core[df12db4294e9bfd3]::result::unwrap_failed
[INFO] [stdout]   12:     0x6342e454f2a4 - webull_unofficial[d72ef6cc6f4af9a4]::builders::tests::test_bars_builder_from_date
[INFO] [stdout]   13:     0x6342e4543519 - <webull_unofficial[d72ef6cc6f4af9a4]::builders::tests::test_bars_builder_from_date::{closure#0} as core[df12db4294e9bfd3]::ops::function::FnOnce<()>>::call_once
[INFO] [stdout]   14:     0x6342e455252b - test[9d35eded1c95d3be]::__rust_begin_short_backtrace::<core[df12db4294e9bfd3]::result::Result<(), alloc[2182bb758b4b3781]::string::String>, fn() -> core[df12db4294e9bfd3]::result::Result<(), alloc[2182bb758b4b3781]::string::String>>
[INFO] [stdout]   15:     0x6342e455fb95 - test[9d35eded1c95d3be]::run_test::{closure#0}
[INFO] [stdout]   16:     0x6342e4559454 - std[70759c8f55707aa4]::sys::backtrace::__rust_begin_short_backtrace::<test[9d35eded1c95d3be]::run_test::{closure#1}, ()>
[INFO] [stdout]   17:     0x6342e4562cf2 - <std[70759c8f55707aa4]::thread::lifecycle::spawn_unchecked<test[9d35eded1c95d3be]::run_test::{closure#1}, ()>::{closure#1} as core[df12db4294e9bfd3]::ops::function::FnOnce<()>>::call_once::{shim:vtable#0}
[INFO] [stdout]   18:     0x6342e4637539 - <std[70759c8f55707aa4]::sys::thread::unix::Thread>::new::thread_start
[INFO] [stdout]   19:     0x70e77bee5dfa - <unknown>
[INFO] [stdout]   20:     0x70e77bf793d4 - clone
[INFO] [stdout]   21:                0x0 - <unknown>
[INFO] [stdout] 
[INFO] [stdout] ---- builders::tests::test_place_order_builder_auto_detect stdout ----
[INFO] [stdout] 
[INFO] [stdout] thread 'builders::tests::test_place_order_builder_auto_detect' (3688) panicked at src/builders.rs:641:55:
[INFO] [stdout] called `Result::unwrap()` on an `Err` value: IoError(Os { code: 30, kind: ReadOnlyFilesystem, message: "Read-only file system" })
[INFO] [stdout] stack backtrace:
[INFO] [stdout]    0:     0x6342e4638001 - <<std[70759c8f55707aa4]::sys::backtrace::BacktraceLock>::print::DisplayBacktrace as core[df12db4294e9bfd3]::fmt::Display>::fmt
[INFO] [stdout]    1:     0x6342e464daca - core[df12db4294e9bfd3]::fmt::write
[INFO] [stdout]    2:     0x6342e463c98c - <alloc[2182bb758b4b3781]::vec::Vec<u8> as core[df12db4294e9bfd3]::io::write::Write>::write_fmt
[INFO] [stdout]    3:     0x6342e4613046 - std[70759c8f55707aa4]::panicking::default_hook::{closure#0}
[INFO] [stdout]    4:     0x6342e46301a9 - std[70759c8f55707aa4]::panicking::default_hook
[INFO] [stdout]    5:     0x6342e455f240 - test[9d35eded1c95d3be]::test_main_inner::<test[9d35eded1c95d3be]::test_main_static::{closure#0}>::{closure#0}
[INFO] [stdout]    6:     0x6342e4630362 - std[70759c8f55707aa4]::panicking::panic_with_hook
[INFO] [stdout]    7:     0x6342e46130f2 - std[70759c8f55707aa4]::panicking::panic_handler::{closure#0}
[INFO] [stdout]    8:     0x6342e460bc79 - std[70759c8f55707aa4]::sys::backtrace::__rust_end_short_backtrace::<std[70759c8f55707aa4]::panicking::panic_handler::{closure#0}, !>
[INFO] [stdout]    9:     0x6342e4613edd - __rustc[8fa7c3cbc660c2b3]::rust_begin_unwind
[INFO] [stdout]   10:     0x6342e464e22c - core[df12db4294e9bfd3]::panicking::panic_fmt
[INFO] [stdout]   11:     0x6342e464e002 - core[df12db4294e9bfd3]::result::unwrap_failed
[INFO] [stdout]   12:     0x6342e4550e5b - webull_unofficial[d72ef6cc6f4af9a4]::builders::tests::test_place_order_builder_auto_detect
[INFO] [stdout]   13:     0x6342e4543609 - <webull_unofficial[d72ef6cc6f4af9a4]::builders::tests::test_place_order_builder_auto_detect::{closure#0} as core[df12db4294e9bfd3]::ops::function::FnOnce<()>>::call_once
[INFO] [stdout]   14:     0x6342e455252b - test[9d35eded1c95d3be]::__rust_begin_short_backtrace::<core[df12db4294e9bfd3]::result::Result<(), alloc[2182bb758b4b3781]::string::String>, fn() -> core[df12db4294e9bfd3]::result::Result<(), alloc[2182bb758b4b3781]::string::String>>
[INFO] [stdout]   15:     0x6342e455fb95 - test[9d35eded1c95d3be]::run_test::{closure#0}
[INFO] [stdout]   16:     0x6342e4559454 - std[70759c8f55707aa4]::sys::backtrace::__rust_begin_short_backtrace::<test[9d35eded1c95d3be]::run_test::{closure#1}, ()>
[INFO] [stdout]   17:     0x6342e4562cf2 - <std[70759c8f55707aa4]::thread::lifecycle::spawn_unchecked<test[9d35eded1c95d3be]::run_test::{closure#1}, ()>::{closure#1} as core[df12db4294e9bfd3]::ops::function::FnOnce<()>>::call_once::{shim:vtable#0}
[INFO] [stdout]   18:     0x6342e4637539 - <std[70759c8f55707aa4]::sys::thread::unix::Thread>::new::thread_start
[INFO] [stdout]   19:     0x70e77bee5dfa - <unknown>
[INFO] [stdout]   20:     0x70e77bf793d4 - clone
[INFO] [stdout]   21:                0x0 - <unknown>
[INFO] [stdout] 
[INFO] [stdout] ---- tests::tests::test_live_client_creation stdout ----
[INFO] [stdout] 
[INFO] [stdout] thread 'tests::tests::test_live_client_creation' (3699) panicked at src/tests.rs:115:9:
[INFO] [stdout] assertion failed: client.is_ok()
[INFO] [stdout] stack backtrace:
[INFO] [stdout]    0:     0x6342e4638001 - <<std[70759c8f55707aa4]::sys::backtrace::BacktraceLock>::print::DisplayBacktrace as core[df12db4294e9bfd3]::fmt::Display>::fmt
[INFO] [stdout]    1:     0x6342e464daca - core[df12db4294e9bfd3]::fmt::write
[INFO] [stdout]    2:     0x6342e463c98c - <alloc[2182bb758b4b3781]::vec::Vec<u8> as core[df12db4294e9bfd3]::io::write::Write>::write_fmt
[INFO] [stdout]    3:     0x6342e4613046 - std[70759c8f55707aa4]::panicking::default_hook::{closure#0}
[INFO] [stdout]    4:     0x6342e46301a9 - std[70759c8f55707aa4]::panicking::default_hook
[INFO] [stdout]    5:     0x6342e455f240 - test[9d35eded1c95d3be]::test_main_inner::<test[9d35eded1c95d3be]::test_main_static::{closure#0}>::{closure#0}
[INFO] [stdout]    6:     0x6342e4630362 - std[70759c8f55707aa4]::panicking::panic_with_hook
[INFO] [stdout]    7:     0x6342e4613124 - std[70759c8f55707aa4]::panicking::panic_handler::{closure#0}
[INFO] [stdout]    8:     0x6342e460bc79 - std[70759c8f55707aa4]::sys::backtrace::__rust_end_short_backtrace::<std[70759c8f55707aa4]::panicking::panic_handler::{closure#0}, !>
[INFO] [stdout]    9:     0x6342e4613edd - __rustc[8fa7c3cbc660c2b3]::rust_begin_unwind
[INFO] [stdout]   10:     0x6342e464e22c - core[df12db4294e9bfd3]::panicking::panic_fmt
[INFO] [stdout]   11:     0x6342e464e1f2 - core[df12db4294e9bfd3]::panicking::panic
[INFO] [stdout]   12:     0x6342e4536d46 - webull_unofficial[d72ef6cc6f4af9a4]::tests::tests::test_live_client_creation::{closure#0}
[INFO] [stdout]   13:     0x6342e4548da3 - <tokio[187db11c7b4dd592]::runtime::scheduler::current_thread::Context>::enter::<core[df12db4294e9bfd3]::task::poll::Poll<()>, <tokio[187db11c7b4dd592]::runtime::scheduler::current_thread::CoreGuard>::block_on<core[df12db4294e9bfd3]::pin::Pin<&mut core[df12db4294e9bfd3]::pin::Pin<&mut dyn core[df12db4294e9bfd3]::future::future::Future<Output = ()>>>>::{closure#0}::{closure#0}>
[INFO] [stdout]   14:     0x6342e4541aa9 - <std[70759c8f55707aa4]::thread::local::LocalKey<tokio[187db11c7b4dd592]::runtime::context::Context>>::with::<tokio[187db11c7b4dd592]::runtime::context::set_scheduler<(alloc[2182bb758b4b3781]::boxed::Box<tokio[187db11c7b4dd592]::runtime::scheduler::current_thread::Core>, core[df12db4294e9bfd3]::option::Option<()>), <tokio[187db11c7b4dd592]::runtime::scheduler::current_thread::CoreGuard>::enter<<tokio[187db11c7b4dd592]::runtime::scheduler::current_thread::CoreGuard>::block_on<core[df12db4294e9bfd3]::pin::Pin<&mut core[df12db4294e9bfd3]::pin::Pin<&mut dyn core[df12db4294e9bfd3]::future::future::Future<Output = ()>>>>::{closure#0}, core[df12db4294e9bfd3]::option::Option<()>>::{closure#0}>::{closure#0}, (alloc[2182bb758b4b3781]::boxed::Box<tokio[187db11c7b4dd592]::runtime::scheduler::current_thread::Core>, core[df12db4294e9bfd3]::option::Option<()>)>
[INFO] [stdout]   15:     0x6342e45490d7 - <tokio[187db11c7b4dd592]::runtime::scheduler::current_thread::CoreGuard>::block_on::<core[df12db4294e9bfd3]::pin::Pin<&mut core[df12db4294e9bfd3]::pin::Pin<&mut dyn core[df12db4294e9bfd3]::future::future::Future<Output = ()>>>>
[INFO] [stdout]   16:     0x6342e453fd9d - tokio[187db11c7b4dd592]::runtime::context::runtime::enter_runtime::<<tokio[187db11c7b4dd592]::runtime::scheduler::current_thread::CurrentThread>::block_on<core[df12db4294e9bfd3]::pin::Pin<&mut dyn core[df12db4294e9bfd3]::future::future::Future<Output = ()>>>::{closure#0}, ()>
[INFO] [stdout]   17:     0x6342e4548c85 - <tokio[187db11c7b4dd592]::runtime::runtime::Runtime>::block_on::<core[df12db4294e9bfd3]::pin::Pin<&mut dyn core[df12db4294e9bfd3]::future::future::Future<Output = ()>>>
[INFO] [stdout]   18:     0x6342e4538445 - webull_unofficial[d72ef6cc6f4af9a4]::tests::tests::test_live_client_creation
[INFO] [stdout]   19:     0x6342e4542df9 - <webull_unofficial[d72ef6cc6f4af9a4]::tests::tests::test_live_client_creation::{closure#0} as core[df12db4294e9bfd3]::ops::function::FnOnce<()>>::call_once
[INFO] [stdout]   20:     0x6342e455252b - test[9d35eded1c95d3be]::__rust_begin_short_backtrace::<core[df12db4294e9bfd3]::result::Result<(), alloc[2182bb758b4b3781]::string::String>, fn() -> core[df12db4294e9bfd3]::result::Result<(), alloc[2182bb758b4b3781]::string::String>>
[INFO] [stdout]   21:     0x6342e455fb95 - test[9d35eded1c95d3be]::run_test::{closure#0}
[INFO] [stdout]   22:     0x6342e4559454 - std[70759c8f55707aa4]::sys::backtrace::__rust_begin_short_backtrace::<test[9d35eded1c95d3be]::run_test::{closure#1}, ()>
[INFO] [stdout]   23:     0x6342e4562cf2 - <std[70759c8f55707aa4]::thread::lifecycle::spawn_unchecked<test[9d35eded1c95d3be]::run_test::{closure#1}, ()>::{closure#1} as core[df12db4294e9bfd3]::ops::function::FnOnce<()>>::call_once::{shim:vtable#0}
[INFO] [stdout]   24:     0x6342e4637539 - <std[70759c8f55707aa4]::sys::thread::unix::Thread>::new::thread_start
[INFO] [stdout]   25:     0x70e77bee5dfa - <unknown>
[INFO] [stdout]   26:     0x70e77bf793d4 - clone
[INFO] [stdout]   27:                0x0 - <unknown>
[INFO] [stdout] 
[INFO] [stdout] ---- builders::tests::test_options_request_builder stdout ----
[INFO] [stdout] 
[INFO] [stdout] thread 'builders::tests::test_options_request_builder' (3683) panicked at src/builders.rs:604:55:
[INFO] [stdout] called `Result::unwrap()` on an `Err` value: IoError(Os { code: 30, kind: ReadOnlyFilesystem, message: "Read-only file system" })
[INFO] [stdout] stack backtrace:
[INFO] [stdout]    0:     0x6342e4638001 - <<std[70759c8f55707aa4]::sys::backtrace::BacktraceLock>::print::DisplayBacktrace as core[df12db4294e9bfd3]::fmt::Display>::fmt
[INFO] [stdout]    1:     0x6342e464daca - core[df12db4294e9bfd3]::fmt::write
[INFO] [stdout]    2:     0x6342e463c98c - <alloc[2182bb758b4b3781]::vec::Vec<u8> as core[df12db4294e9bfd3]::io::write::Write>::write_fmt
[INFO] [stdout]    3:     0x6342e4613046 - std[70759c8f55707aa4]::panicking::default_hook::{closure#0}
[INFO] [stdout]    4:     0x6342e46301a9 - std[70759c8f55707aa4]::panicking::default_hook
[INFO] [stdout]    5:     0x6342e455f240 - test[9d35eded1c95d3be]::test_main_inner::<test[9d35eded1c95d3be]::test_main_static::{closure#0}>::{closure#0}
[INFO] [stdout]    6:     0x6342e4630362 - std[70759c8f55707aa4]::panicking::panic_with_hook
[INFO] [stdout]    7:     0x6342e46130f2 - std[70759c8f55707aa4]::panicking::panic_handler::{closure#0}
[INFO] [stdout]    8:     0x6342e460bc79 - std[70759c8f55707aa4]::sys::backtrace::__rust_end_short_backtrace::<std[70759c8f55707aa4]::panicking::panic_handler::{closure#0}, !>
[INFO] [stdout]    9:     0x6342e4613edd - __rustc[8fa7c3cbc660c2b3]::rust_begin_unwind
[INFO] [stdout]   10:     0x6342e464e22c - core[df12db4294e9bfd3]::panicking::panic_fmt
[INFO] [stdout]   11:     0x6342e464e002 - core[df12db4294e9bfd3]::result::unwrap_failed
[INFO] [stdout]   12:     0x6342e454fd23 - webull_unofficial[d72ef6cc6f4af9a4]::builders::tests::test_options_request_builder
[INFO] [stdout]   13:     0x6342e4543559 - <webull_unofficial[d72ef6cc6f4af9a4]::builders::tests::test_options_request_builder::{closure#0} as core[df12db4294e9bfd3]::ops::function::FnOnce<()>>::call_once
[INFO] [stdout]   14:     0x6342e455252b - test[9d35eded1c95d3be]::__rust_begin_short_backtrace::<core[df12db4294e9bfd3]::result::Result<(), alloc[2182bb758b4b3781]::string::String>, fn() -> core[df12db4294e9bfd3]::result::Result<(), alloc[2182bb758b4b3781]::string::String>>
[INFO] [stdout]   15:     0x6342e455fb95 - test[9d35eded1c95d3be]::run_test::{closure#0}
[INFO] [stdout]   16:     0x6342e4559454 - std[70759c8f55707aa4]::sys::backtrace::__rust_begin_short_backtrace::<test[9d35eded1c95d3be]::run_test::{closure#1}, ()>
[INFO] [stdout]   17:     0x6342e4562cf2 - <std[70759c8f55707aa4]::thread::lifecycle::spawn_unchecked<test[9d35eded1c95d3be]::run_test::{closure#1}, ()>::{closure#1} as core[df12db4294e9bfd3]::ops::function::FnOnce<()>>::call_once::{shim:vtable#0}
[INFO] [stdout]   18:     0x6342e4637539 - <std[70759c8f55707aa4]::sys::thread::unix::Thread>::new::thread_start
[INFO] [stdout]   19:     0x70e77bee5dfa - <unknown>
[INFO] [stdout]   20:     0x70e77bf793d4 - clone
[INFO] [stdout]   21:                0x0 - <unknown>
[INFO] [stdout] 
[INFO] [stdout] ---- builders::tests::test_login_builder_with_client stdout ----
[INFO] [stdout] 
[INFO] [stdout] thread 'builders::tests::test_login_builder_with_client' (3679) panicked at src/builders.rs:524:59:
[INFO] [stdout] called `Result::unwrap()` on an `Err` value: IoError(Os { code: 30, kind: ReadOnlyFilesystem, message: "Read-only file system" })
[INFO] [stdout] stack backtrace:
[INFO] [stdout]    0:     0x6342e4638001 - <<std[70759c8f55707aa4]::sys::backtrace::BacktraceLock>::print::DisplayBacktrace as core[df12db4294e9bfd3]::fmt::Display>::fmt
[INFO] [stdout]    1:     0x6342e464daca - core[df12db4294e9bfd3]::fmt::write
[INFO] [stdout]    2:     0x6342e463c98c - <alloc[2182bb758b4b3781]::vec::Vec<u8> as core[df12db4294e9bfd3]::io::write::Write>::write_fmt
[INFO] [stdout]    3:     0x6342e4613046 - std[70759c8f55707aa4]::panicking::default_hook::{closure#0}
[INFO] [stdout]    4:     0x6342e46301a9 - std[70759c8f55707aa4]::panicking::default_hook
[INFO] [stdout]    5:     0x6342e455f240 - test[9d35eded1c95d3be]::test_main_inner::<test[9d35eded1c95d3be]::test_main_static::{closure#0}>::{closure#0}
[INFO] [stdout]    6:     0x6342e4630362 - std[70759c8f55707aa4]::panicking::panic_with_hook
[INFO] [stdout]    7:     0x6342e46130f2 - std[70759c8f55707aa4]::panicking::panic_handler::{closure#0}
[INFO] [stdout]    8:     0x6342e460bc79 - std[70759c8f55707aa4]::sys::backtrace::__rust_end_short_backtrace::<std[70759c8f55707aa4]::panicking::panic_handler::{closure#0}, !>
[INFO] [stdout]    9:     0x6342e4613edd - __rustc[8fa7c3cbc660c2b3]::rust_begin_unwind
[INFO] [stdout]   10:     0x6342e464e22c - core[df12db4294e9bfd3]::panicking::panic_fmt
[INFO] [stdout]   11:     0x6342e464e002 - core[df12db4294e9bfd3]::result::unwrap_failed
[INFO] [stdout]   12:     0x6342e4550304 - webull_unofficial[d72ef6cc6f4af9a4]::builders::tests::test_login_builder_with_client
[INFO] [stdout]   13:     0x6342e4543579 - <webull_unofficial[d72ef6cc6f4af9a4]::builders::tests::test_login_builder_with_client::{closure#0} as core[df12db4294e9bfd3]::ops::function::FnOnce<()>>::call_once
[INFO] [stdout]   14:     0x6342e455252b - test[9d35eded1c95d3be]::__rust_begin_short_backtrace::<core[df12db4294e9bfd3]::result::Result<(), alloc[2182bb758b4b3781]::string::String>, fn() -> core[df12db4294e9bfd3]::result::Result<(), alloc[2182bb758b4b3781]::string::String>>
[INFO] [stdout]   15:     0x6342e455fb95 - test[9d35eded1c95d3be]::run_test::{closure#0}
[INFO] [stdout]   16:     0x6342e4559454 - std[70759c8f55707aa4]::sys::backtrace::__rust_begin_short_backtrace::<test[9d35eded1c95d3be]::run_test::{closure#1}, ()>
[INFO] [stdout]   17:     0x6342e4562cf2 - <std[70759c8f55707aa4]::thread::lifecycle::spawn_unchecked<test[9d35eded1c95d3be]::run_test::{closure#1}, ()>::{closure#1} as core[df12db4294e9bfd3]::ops::function::FnOnce<()>>::call_once::{shim:vtable#0}
[INFO] [stdout]   18:     0x6342e4637539 - <std[70759c8f55707aa4]::sys::thread::unix::Thread>::new::thread_start
[INFO] [stdout]   19:     0x70e77bee5dfa - <unknown>
[INFO] [stdout]   20:     0x70e77bf793d4 - clone
[INFO] [stdout]   21:                0x0 - <unknown>
[INFO] [stdout] 
[INFO] [stdout] ---- tests::tests::test_paper_client_creation stdout ----
[INFO] [stdout] 
[INFO] [stdout] thread 'tests::tests::test_paper_client_creation' (3702) panicked at src/tests.rs:122:9:
[INFO] [stdout] assertion failed: client.is_ok()
[INFO] [stdout] stack backtrace:
[INFO] [stdout]    0:     0x6342e4638001 - <<std[70759c8f55707aa4]::sys::backtrace::BacktraceLock>::print::DisplayBacktrace as core[df12db4294e9bfd3]::fmt::Display>::fmt
[INFO] [stdout]    1:     0x6342e464daca - core[df12db4294e9bfd3]::fmt::write
[INFO] [stdout]    2:     0x6342e463c98c - <alloc[2182bb758b4b3781]::vec::Vec<u8> as core[df12db4294e9bfd3]::io::write::Write>::write_fmt
[INFO] [stdout]    3:     0x6342e4613046 - std[70759c8f55707aa4]::panicking::default_hook::{closure#0}
[INFO] [stdout]    4:     0x6342e46301a9 - std[70759c8f55707aa4]::panicking::default_hook
[INFO] [stdout]    5:     0x6342e455f240 - test[9d35eded1c95d3be]::test_main_inner::<test[9d35eded1c95d3be]::test_main_static::{closure#0}>::{closure#0}
[INFO] [stdout]    6:     0x6342e4630362 - std[70759c8f55707aa4]::panicking::panic_with_hook
[INFO] [stdout]    7:     0x6342e4613124 - std[70759c8f55707aa4]::panicking::panic_handler::{closure#0}
[INFO] [stdout]    8:     0x6342e460bc79 - std[70759c8f55707aa4]::sys::backtrace::__rust_end_short_backtrace::<std[70759c8f55707aa4]::panicking::panic_handler::{closure#0}, !>
[INFO] [stdout]    9:     0x6342e4613edd - __rustc[8fa7c3cbc660c2b3]::rust_begin_unwind
[INFO] [stdout]   10:     0x6342e464e22c - core[df12db4294e9bfd3]::panicking::panic_fmt
[INFO] [stdout]   11:     0x6342e464e1f2 - core[df12db4294e9bfd3]::panicking::panic
[INFO] [stdout]   12:     0x6342e4536e5c - webull_unofficial[d72ef6cc6f4af9a4]::tests::tests::test_paper_client_creation::{closure#0}
[INFO] [stdout]   13:     0x6342e4548da3 - <tokio[187db11c7b4dd592]::runtime::scheduler::current_thread::Context>::enter::<core[df12db4294e9bfd3]::task::poll::Poll<()>, <tokio[187db11c7b4dd592]::runtime::scheduler::current_thread::CoreGuard>::block_on<core[df12db4294e9bfd3]::pin::Pin<&mut core[df12db4294e9bfd3]::pin::Pin<&mut dyn core[df12db4294e9bfd3]::future::future::Future<Output = ()>>>>::{closure#0}::{closure#0}>
[INFO] [stdout]   14:     0x6342e4541aa9 - <std[70759c8f55707aa4]::thread::local::LocalKey<tokio[187db11c7b4dd592]::runtime::context::Context>>::with::<tokio[187db11c7b4dd592]::runtime::context::set_scheduler<(alloc[2182bb758b4b3781]::boxed::Box<tokio[187db11c7b4dd592]::runtime::scheduler::current_thread::Core>, core[df12db4294e9bfd3]::option::Option<()>), <tokio[187db11c7b4dd592]::runtime::scheduler::current_thread::CoreGuard>::enter<<tokio[187db11c7b4dd592]::runtime::scheduler::current_thread::CoreGuard>::block_on<core[df12db4294e9bfd3]::pin::Pin<&mut core[df12db4294e9bfd3]::pin::Pin<&mut dyn core[df12db4294e9bfd3]::future::future::Future<Output = ()>>>>::{closure#0}, core[df12db4294e9bfd3]::option::Option<()>>::{closure#0}>::{closure#0}, (alloc[2182bb758b4b3781]::boxed::Box<tokio[187db11c7b4dd592]::runtime::scheduler::current_thread::Core>, core[df12db4294e9bfd3]::option::Option<()>)>
[INFO] [stdout]   15:     0x6342e45490d7 - <tokio[187db11c7b4dd592]::runtime::scheduler::current_thread::CoreGuard>::block_on::<core[df12db4294e9bfd3]::pin::Pin<&mut core[df12db4294e9bfd3]::pin::Pin<&mut dyn core[df12db4294e9bfd3]::future::future::Future<Output = ()>>>>
[INFO] [stdout]   16:     0x6342e453fd9d - tokio[187db11c7b4dd592]::runtime::context::runtime::enter_runtime::<<tokio[187db11c7b4dd592]::runtime::scheduler::current_thread::CurrentThread>::block_on<core[df12db4294e9bfd3]::pin::Pin<&mut dyn core[df12db4294e9bfd3]::future::future::Future<Output = ()>>>::{closure#0}, ()>
[INFO] [stdout]   17:     0x6342e4548c85 - <tokio[187db11c7b4dd592]::runtime::runtime::Runtime>::block_on::<core[df12db4294e9bfd3]::pin::Pin<&mut dyn core[df12db4294e9bfd3]::future::future::Future<Output = ()>>>
[INFO] [stdout]   18:     0x6342e4538645 - webull_unofficial[d72ef6cc6f4af9a4]::tests::tests::test_paper_client_creation
[INFO] [stdout]   19:     0x6342e4542e39 - <webull_unofficial[d72ef6cc6f4af9a4]::tests::tests::test_paper_client_creation::{closure#0} as core[df12db4294e9bfd3]::ops::function::FnOnce<()>>::call_once
[INFO] [stdout]   20:     0x6342e455252b - test[9d35eded1c95d3be]::__rust_begin_short_backtrace::<core[df12db4294e9bfd3]::result::Result<(), alloc[2182bb758b4b3781]::string::String>, fn() -> core[df12db4294e9bfd3]::result::Result<(), alloc[2182bb758b4b3781]::string::String>>
[INFO] [stdout]   21:     0x6342e455fb95 - test[9d35eded1c95d3be]::run_test::{closure#0}
[INFO] [stdout]   22:     0x6342e4559454 - std[70759c8f55707aa4]::sys::backtrace::__rust_begin_short_backtrace::<test[9d35eded1c95d3be]::run_test::{closure#1}, ()>
[INFO] [stdout]   23:     0x6342e4562cf2 - <std[70759c8f55707aa4]::thread::lifecycle::spawn_unchecked<test[9d35eded1c95d3be]::run_test::{closure#1}, ()>::{closure#1} as core[df12db4294e9bfd3]::ops::function::FnOnce<()>>::call_once::{shim:vtable#0}
[INFO] [stdout]   24:     0x6342e4637539 - <std[70759c8f55707aa4]::sys::thread::unix::Thread>::new::thread_start
[INFO] [stdout]   25:     0x70e77bee5dfa - <unknown>
[INFO] [stdout]   26:     0x70e77bf793d4 - clone
[INFO] [stdout]   27:                0x0 - <unknown>
[INFO] [stdout] 
[INFO] [stdout] 
[INFO] [stdout] failures:
[INFO] [stdout]     builders::tests::test_bars_builder_from_date
[INFO] [stdout]     builders::tests::test_bars_request_builder
[INFO] [stdout]     builders::tests::test_login_builder_with_client
[INFO] [stdout]     builders::tests::test_news_builder_convenience_methods
[INFO] [stdout]     builders::tests::test_news_request_builder
[INFO] [stdout]     builders::tests::test_options_builder_filters
[INFO] [stdout]     builders::tests::test_options_request_builder
[INFO] [stdout]     builders::tests::test_order_type_auto_detection_in_builder
[INFO] [stdout]     builders::tests::test_place_order_builder_actions
[INFO] [stdout]     builders::tests::test_place_order_builder_aliases
[INFO] [stdout]     builders::tests::test_place_order_builder_auto_detect
[INFO] [stdout]     builders::tests::test_place_order_builder_explicit_types
[INFO] [stdout]     builders::tests::test_place_order_builder_options
[INFO] [stdout]     tests::tests::test_live_client_creation
[INFO] [stdout]     tests::tests::test_paper_client_creation
[INFO] [stdout] 
[INFO] [stdout] test result: FAILED. 24 passed; 15 failed; 0 ignored; 0 measured; 0 filtered out; finished in 0.02s
[INFO] [stdout] 
[INFO] [stderr] error: test failed, to rerun pass `--lib`
[INFO] running `Command { std: "docker" "inspect" "61a00daf2c35c05bb5b30f9c2d663db6304bf56ca3697ad6d1d444a022894d88", kill_on_drop: false }`
[INFO] running `Command { std: "docker" "rm" "-f" "61a00daf2c35c05bb5b30f9c2d663db6304bf56ca3697ad6d1d444a022894d88", kill_on_drop: false }`
[INFO] [stdout] 61a00daf2c35c05bb5b30f9c2d663db6304bf56ca3697ad6d1d444a022894d88
