[INFO] fetching crate websocket_toolkit 0.2.0...
[INFO] testing websocket_toolkit-0.2.0 against 1.99.0-beta.8+cargoflags=--release for beta-release-1.100-2
[INFO] extracting crate websocket_toolkit 0.2.0 into /workspace/builds/worker-7-tc1/source
[INFO] started tweaking crates.io crate websocket_toolkit 0.2.0
[INFO] removed 0 missing examples
[INFO] removed 0 missing tests
[INFO] finished tweaking crates.io crate websocket_toolkit 0.2.0
[INFO] tweaked toml for crates.io crate websocket_toolkit 0.2.0 written to /workspace/builds/worker-7-tc1/source/Cargo.toml
[INFO] validating manifest of crates.io crate websocket_toolkit 0.2.0 on toolchain 1.99.0-beta.8
[INFO] running `Command { std: CARGO_HOME="/workspace/cargo-home" RUSTUP_HOME="/workspace/rustup-home" "/workspace/cargo-home/bin/cargo" "+1.99.0-beta.8" "metadata" "--manifest-path" "Cargo.toml" "--no-deps", kill_on_drop: false }`
[INFO] crate crates.io crate websocket_toolkit 0.2.0 already has a lockfile, it will not be regenerated
[INFO] running `Command { std: CARGO_HOME="/workspace/cargo-home" RUSTUP_HOME="/workspace/rustup-home" "/workspace/cargo-home/bin/cargo" "+1.99.0-beta.8" "fetch" "--manifest-path" "Cargo.toml", kill_on_drop: false }`
[INFO] [stderr]  Downloading crates ...
[INFO] [stderr]   Downloaded addr2line v0.24.1
[INFO] [stderr]   Downloaded tokio-tungstenite v0.15.0
[INFO] [stderr]   Downloaded tungstenite v0.15.0
[INFO] [stderr]   Downloaded tungstenite v0.14.0
[INFO] [stderr]   Downloaded futures-executor v0.3.30
[INFO] [stderr]   Downloaded cc v1.1.37
[INFO] [stderr]   Downloaded libfuzzer-sys v0.4.8
[INFO] [stderr]   Downloaded gimli v0.31.0
[INFO] [stderr]   Downloaded object v0.36.4
[INFO] [stderr]   Downloaded futures v0.3.30
[INFO] running `Command { std: "docker" "create" "-v" "/var/lib/crater-agent-workspace/builds/worker-7-tc1/source:/opt/rustwide/workdir:ro,Z" "-v" "/var/lib/crater-agent-workspace/builds/worker-7-tc1/target:/opt/rustwide/target:rw,Z" "-v" "/var/lib/crater-agent-workspace/cargo-home:/opt/rustwide/cargo-home:ro,Z" "-v" "/var/lib/crater-agent-workspace/rustup-home:/opt/rustwide/rustup-home:ro,Z" "-m" "1610612736" "--network" "none" "ghcr.io/rust-lang/crates-build-env/linux@sha256:77db811e55d90add9212f6832c23229e3de5f1c1f9905e8cb07319ea15df73ac" "sleep" "infinity", kill_on_drop: false }`
[INFO] [stdout] fbffe387f5ec33e24663b1aa6115070351b5a32c569002d8eb207ebcb76d1c7d
[INFO] running `Command { std: "docker" "start" "fbffe387f5ec33e24663b1aa6115070351b5a32c569002d8eb207ebcb76d1c7d", kill_on_drop: false }`
[INFO] running `Command { std: "docker" "inspect" "fbffe387f5ec33e24663b1aa6115070351b5a32c569002d8eb207ebcb76d1c7d", kill_on_drop: false }`
[INFO] running `Command { std: "docker" "exec" "-e" "SOURCE_DIR=/opt/rustwide/workdir" "-e" "CARGO_HOME=/opt/rustwide/cargo-home" "-e" "RUSTUP_HOME=/opt/rustwide/rustup-home" "-e" "CARGO_TARGET_DIR=/opt/rustwide/target" "-w" "/opt/rustwide/workdir" "--user" "0:0" "fbffe387f5ec33e24663b1aa6115070351b5a32c569002d8eb207ebcb76d1c7d" "/opt/rustwide/cargo-home/bin/cargo" "+1.99.0-beta.8" "metadata" "--no-deps" "--format-version=1", kill_on_drop: false }`
[INFO] running `Command { std: "docker" "inspect" "fbffe387f5ec33e24663b1aa6115070351b5a32c569002d8eb207ebcb76d1c7d", kill_on_drop: false }`
[INFO] running `Command { std: "docker" "exec" "-e" "SOURCE_DIR=/opt/rustwide/workdir" "-e" "CARGO_HOME=/opt/rustwide/cargo-home" "-e" "RUSTUP_HOME=/opt/rustwide/rustup-home" "-e" "CARGO_TARGET_DIR=/opt/rustwide/target" "-e" "CARGO_INCREMENTAL=0" "-e" "RUST_BACKTRACE=full" "-e" "RUSTFLAGS=--cap-lints=warn" "-e" "RUSTDOCFLAGS=--cap-lints=warn" "-w" "/opt/rustwide/workdir" "--user" "0:0" "fbffe387f5ec33e24663b1aa6115070351b5a32c569002d8eb207ebcb76d1c7d" "/opt/rustwide/cargo-home/bin/cargo" "+1.99.0-beta.8" "build" "--frozen" "--message-format=json" "--release", kill_on_drop: false }`
[INFO] [stderr]    Compiling proc-macro2 v1.0.86
[INFO] [stderr]    Compiling libc v0.2.158
[INFO] [stderr]    Compiling futures-core v0.3.30
[INFO] [stderr]    Compiling bytes v1.7.2
[INFO] [stderr]    Compiling thiserror v1.0.63
[INFO] [stderr]    Compiling unicode-bidi v0.3.15
[INFO] [stderr]    Compiling futures-sink v0.3.30
[INFO] [stderr]    Compiling httparse v1.9.4
[INFO] [stderr]    Compiling generic-array v0.14.7
[INFO] [stderr]    Compiling tinyvec v1.8.0
[INFO] [stderr]    Compiling slab v0.4.9
[INFO] [stderr]    Compiling lock_api v0.4.12
[INFO] [stderr]    Compiling pin-project-lite v0.2.14
[INFO] [stderr]    Compiling futures-task v0.3.30
[INFO] [stderr]    Compiling smallvec v1.13.2
[INFO] [stderr]    Compiling cpufeatures v0.2.14
[INFO] [stderr]    Compiling regex-automata v0.4.9
[INFO] [stderr]    Compiling serde_json v1.0.128
[INFO] [stderr]    Compiling arbitrary v1.4.1
[INFO] [stderr]    Compiling futures-channel v0.3.30
[INFO] [stderr]    Compiling quote v1.0.37
[INFO] [stderr]    Compiling http v0.2.12
[INFO] [stderr]    Compiling syn v2.0.77
[INFO] [stderr]    Compiling digest v0.9.0
[INFO] [stderr]    Compiling block-buffer v0.9.0
[INFO] [stderr]    Compiling sha-1 v0.9.8
[INFO] [stderr]    Compiling getrandom v0.2.15
[INFO] [stderr]    Compiling parking_lot_core v0.9.10
[INFO] [stderr]    Compiling signal-hook-registry v1.4.2
[INFO] [stderr]    Compiling mio v1.0.2
[INFO] [stderr]    Compiling socket2 v0.5.7
[INFO] [stderr]    Compiling atty v0.2.14
[INFO] [stderr]    Compiling jobserver v0.1.32
[INFO] [stderr]    Compiling cc v1.1.37
[INFO] [stderr]    Compiling parking_lot v0.12.3
[INFO] [stderr]    Compiling rand_core v0.6.4
[INFO] [stderr]    Compiling unicode-normalization v0.1.24
[INFO] [stderr]    Compiling idna v0.5.0
[INFO] [stderr]    Compiling libfuzzer-sys v0.4.8
[INFO] [stderr]    Compiling url v2.5.2
[INFO] [stderr]    Compiling regex v1.11.1
[INFO] [stderr]    Compiling env_logger v0.9.3
[INFO] [stderr]    Compiling zerocopy-derive v0.7.35
[INFO] [stderr]    Compiling futures-macro v0.3.30
[INFO] [stderr]    Compiling thiserror-impl v1.0.63
[INFO] [stderr]    Compiling serde_derive v1.0.210
[INFO] [stderr]    Compiling tokio-macros v2.4.0
[INFO] [stderr]    Compiling pin-project-internal v1.1.5
[INFO] [stderr]    Compiling async-trait v0.1.83
[INFO] [stderr]    Compiling zerocopy v0.7.35
[INFO] [stderr]    Compiling futures-util v0.3.30
[INFO] [stderr]    Compiling tokio v1.40.0
[INFO] [stderr]    Compiling pin-project v1.1.5
[INFO] [stderr]    Compiling ppv-lite86 v0.2.20
[INFO] [stderr]    Compiling rand_chacha v0.3.1
[INFO] [stderr]    Compiling rand v0.8.5
[INFO] [stderr]    Compiling serde v1.0.210
[INFO] [stderr]    Compiling tungstenite v0.14.0
[INFO] [stderr]    Compiling tungstenite v0.15.0
[INFO] [stderr]    Compiling futures-executor v0.3.30
[INFO] [stderr]    Compiling futures v0.3.30
[INFO] [stderr]    Compiling serde_cbor v0.11.2
[INFO] [stderr]    Compiling tokio-tungstenite v0.15.0
[INFO] [stderr]    Compiling websocket_toolkit v0.2.0 (/opt/rustwide/workdir)
[INFO] [stderr]     Finished `release` profile [optimized] target(s) in 37.75s
[INFO] running `Command { std: "docker" "inspect" "fbffe387f5ec33e24663b1aa6115070351b5a32c569002d8eb207ebcb76d1c7d", kill_on_drop: false }`
[INFO] running `Command { std: "docker" "exec" "-e" "SOURCE_DIR=/opt/rustwide/workdir" "-e" "CARGO_HOME=/opt/rustwide/cargo-home" "-e" "RUSTUP_HOME=/opt/rustwide/rustup-home" "-e" "CARGO_TARGET_DIR=/opt/rustwide/target" "-e" "CARGO_INCREMENTAL=0" "-e" "RUST_BACKTRACE=full" "-e" "RUSTFLAGS=--cap-lints=warn" "-e" "RUSTDOCFLAGS=--cap-lints=warn" "-w" "/opt/rustwide/workdir" "--user" "0:0" "fbffe387f5ec33e24663b1aa6115070351b5a32c569002d8eb207ebcb76d1c7d" "/opt/rustwide/cargo-home/bin/cargo" "+1.99.0-beta.8" "test" "--frozen" "--no-run" "--message-format=json" "--release", kill_on_drop: false }`
[INFO] [stderr]    Compiling websocket_toolkit v0.2.0 (/opt/rustwide/workdir)
[INFO] [stdout] warning: variable does not need to be mutable
[INFO] [stdout]    --> src/controller.rs:286:13
[INFO] [stdout]     |
[INFO] [stdout] 286 |         let mut controller = WebSocketController::new(&url, 3, Some(5));
[INFO] [stdout]     |             ----^^^^^^^^^^
[INFO] [stdout]     |             |
[INFO] [stdout]     |             help: remove this `mut`
[INFO] [stdout]     |
[INFO] [stdout]     = note: `#[warn(unused_mut)]` (part of `#[warn(unused)]`) on by default
[INFO] [stdout] 
[INFO] [stdout] 
[INFO] [stdout] warning: variable does not need to be mutable
[INFO] [stdout]    --> src/controller.rs:327:13
[INFO] [stdout]     |
[INFO] [stdout] 327 |         let mut controller = WebSocketController::new(&url, 3, Some(5));
[INFO] [stdout]     |             ----^^^^^^^^^^
[INFO] [stdout]     |             |
[INFO] [stdout]     |             help: remove this `mut`
[INFO] [stdout] 
[INFO] [stdout] 
[INFO] [stderr]     Finished `release` profile [optimized] target(s) in 6.15s
[INFO] running `Command { std: "docker" "inspect" "fbffe387f5ec33e24663b1aa6115070351b5a32c569002d8eb207ebcb76d1c7d", kill_on_drop: false }`
[INFO] running `Command { std: "docker" "exec" "-e" "SOURCE_DIR=/opt/rustwide/workdir" "-e" "CARGO_HOME=/opt/rustwide/cargo-home" "-e" "RUSTUP_HOME=/opt/rustwide/rustup-home" "-e" "CARGO_TARGET_DIR=/opt/rustwide/target" "-e" "CARGO_INCREMENTAL=0" "-e" "RUST_BACKTRACE=full" "-e" "RUSTFLAGS=--cap-lints=warn" "-e" "RUSTDOCFLAGS=--cap-lints=warn" "-w" "/opt/rustwide/workdir" "--user" "0:0" "fbffe387f5ec33e24663b1aa6115070351b5a32c569002d8eb207ebcb76d1c7d" "/opt/rustwide/cargo-home/bin/cargo" "+1.99.0-beta.8" "test" "--frozen" "--release", kill_on_drop: false }`
[INFO] [stderr] warning: variable does not need to be mutable
[INFO] [stderr]    --> src/controller.rs:286:13
[INFO] [stderr]     |
[INFO] [stderr] 286 |         let mut controller = WebSocketController::new(&url, 3, Some(5));
[INFO] [stderr]     |             ----^^^^^^^^^^
[INFO] [stderr]     |             |
[INFO] [stderr]     |             help: remove this `mut`
[INFO] [stderr]     |
[INFO] [stderr]     = note: `#[warn(unused_mut)]` (part of `#[warn(unused)]`) on by default
[INFO] [stderr] 
[INFO] [stderr] warning: variable does not need to be mutable
[INFO] [stderr]    --> src/controller.rs:327:13
[INFO] [stderr]     |
[INFO] [stderr] 327 |         let mut controller = WebSocketController::new(&url, 3, Some(5));
[INFO] [stderr]     |             ----^^^^^^^^^^
[INFO] [stderr]     |             |
[INFO] [stderr]     |             help: remove this `mut`
[INFO] [stderr] 
[INFO] [stderr] warning: `websocket_toolkit` (lib test) generated 2 warnings (run `cargo fix --lib -p websocket_toolkit --tests` to apply 2 suggestions)
[INFO] [stderr]     Finished `release` profile [optimized] target(s) in 0.10s
[INFO] [stderr]      Running unittests src/lib.rs (/opt/rustwide/target/release/deps/websocket_toolkit-ced5b2637ea97489)
[INFO] [stdout] 
[INFO] [stdout] running 17 tests
[INFO] [stdout] test messages::tests::test_cbor_serialization ... ok
[INFO] [stdout] test tests::test_message_serialization_and_deserialization ... ok
[INFO] [stdout] test connection::tests::test_websocket_client_creation ... ok
[INFO] [stdout] test messages::tests::test_json_serialization ... ok
[INFO] [stdout] test reconnection::tests::test_reconnect_strategy_creation ... ok
[INFO] [stdout] test keep_alive::tests::test_keep_alive_creation ... ok
[INFO] [stdout] test reconnection::tests::test_reconnect_success ... ok
[INFO] [stdout] test controller::tests::test_websocket_controller_lifecycle ... FAILED
[INFO] [stdout] test tests::test_websocket_controller_lifecycle ... FAILED
[INFO] [stdout] test tests::test_websocket_client_connection ... ok
[INFO] [stdout] test controller::tests::test_websocket_connection ... ok
[INFO] [stdout] test connection::tests::test_websocket_client_connection ... ok
[INFO] [stdout] test controller::tests::test_send_ping ... ok
[INFO] [stdout] test controller::tests::test_reconnect_logic ... ok
[INFO] [stdout] test controller::tests::test_send_and_receive_message ... ok
[INFO] [stdout] test tests::test_reconnect_strategy_with_backoff ... ok
[INFO] [stdout] test reconnection::tests::test_reconnect_with_exponential_backoff ... ok
[INFO] [stdout] 
[INFO] [stdout] failures:
[INFO] [stdout] 
[INFO] [stdout] ---- controller::tests::test_websocket_controller_lifecycle stdout ----
[INFO] [stdout] 
[INFO] [stdout] thread 'controller::tests::test_websocket_controller_lifecycle' (1586) panicked at src/controller.rs:251:9:
[INFO] [stdout] Failed to connect and send message: Some(Io(Custom { kind: Uncategorized, error: "failed to lookup address information: Temporary failure in name resolution" }))
[INFO] [stdout] stack backtrace:
[INFO] [stdout]    0:     0x651b73b8c3b1 - <<std[70759c8f55707aa4]::sys::backtrace::BacktraceLock>::print::DisplayBacktrace as core[df12db4294e9bfd3]::fmt::Display>::fmt
[INFO] [stdout]    1:     0x651b73ba289a - core[df12db4294e9bfd3]::fmt::write
[INFO] [stdout]    2:     0x651b73b90e9c - <alloc[2182bb758b4b3781]::vec::Vec<u8> as core[df12db4294e9bfd3]::io::write::Write>::write_fmt
[INFO] [stdout]    3:     0x651b73b67c16 - std[70759c8f55707aa4]::panicking::default_hook::{closure#0}
[INFO] [stdout]    4:     0x651b73b844b9 - std[70759c8f55707aa4]::panicking::default_hook
[INFO] [stdout]    5:     0x651b73ac87e0 - test[9d35eded1c95d3be]::test_main_inner::<test[9d35eded1c95d3be]::test_main_static::{closure#0}>::{closure#0}
[INFO] [stdout]    6:     0x651b73b847e2 - std[70759c8f55707aa4]::panicking::panic_with_hook
[INFO] [stdout]    7:     0x651b73b67cc2 - std[70759c8f55707aa4]::panicking::panic_handler::{closure#0}
[INFO] [stdout]    8:     0x651b73b60969 - std[70759c8f55707aa4]::sys::backtrace::__rust_end_short_backtrace::<std[70759c8f55707aa4]::panicking::panic_handler::{closure#0}, !>
[INFO] [stdout]    9:     0x651b73b68aad - __rustc[8fa7c3cbc660c2b3]::rust_begin_unwind
[INFO] [stdout]   10:     0x651b73ba2ffc - core[df12db4294e9bfd3]::panicking::panic_fmt
[INFO] [stdout]   11:     0x651b73a7f7c2 - websocket_toolkit[4c6f8acfeb73b9f9]::controller::tests::test_websocket_controller_lifecycle::{closure#0}
[INFO] [stdout]   12:     0x651b73a9c13d - <tokio[c33a6f22352ae6ed]::runtime::scheduler::current_thread::Context>::enter::<core[df12db4294e9bfd3]::task::poll::Poll<core[df12db4294e9bfd3]::result::Result<(), alloc[2182bb758b4b3781]::boxed::Box<dyn core[df12db4294e9bfd3]::error::Error>>>, <tokio[c33a6f22352ae6ed]::runtime::scheduler::current_thread::CoreGuard>::block_on<core[df12db4294e9bfd3]::pin::Pin<&mut core[df12db4294e9bfd3]::pin::Pin<&mut dyn core[df12db4294e9bfd3]::future::future::Future<Output = core[df12db4294e9bfd3]::result::Result<(), alloc[2182bb758b4b3781]::boxed::Box<dyn core[df12db4294e9bfd3]::error::Error>>>>>>::{closure#0}::{closure#0}>
[INFO] [stdout]   13:     0x651b73a9d654 - <tokio[c33a6f22352ae6ed]::runtime::context::scoped::Scoped<tokio[c33a6f22352ae6ed]::runtime::scheduler::Context>>::set::<<tokio[c33a6f22352ae6ed]::runtime::scheduler::current_thread::CoreGuard>::enter<<tokio[c33a6f22352ae6ed]::runtime::scheduler::current_thread::CoreGuard>::block_on<core[df12db4294e9bfd3]::pin::Pin<&mut core[df12db4294e9bfd3]::pin::Pin<&mut dyn core[df12db4294e9bfd3]::future::future::Future<Output = core[df12db4294e9bfd3]::result::Result<(), alloc[2182bb758b4b3781]::boxed::Box<dyn core[df12db4294e9bfd3]::error::Error>>>>>>::{closure#0}, core[df12db4294e9bfd3]::option::Option<core[df12db4294e9bfd3]::result::Result<(), alloc[2182bb758b4b3781]::boxed::Box<dyn core[df12db4294e9bfd3]::error::Error>>>>::{closure#0}, (alloc[2182bb758b4b3781]::boxed::Box<tokio[c33a6f22352ae6ed]::runtime::scheduler::current_thread::Core>, core[df12db4294e9bfd3]::option::Option<core[df12db4294e9bfd3]::result::Result<(), alloc[2182bb758b4b3781]::boxed::Box<dyn core[df12db4294e9bfd3]::error::Error>>>)>
[INFO] [stdout]   14:     0x651b73a9b152 - <tokio[c33a6f22352ae6ed]::runtime::runtime::Runtime>::block_on_inner::<core[df12db4294e9bfd3]::pin::Pin<&mut dyn core[df12db4294e9bfd3]::future::future::Future<Output = core[df12db4294e9bfd3]::result::Result<(), alloc[2182bb758b4b3781]::boxed::Box<dyn core[df12db4294e9bfd3]::error::Error>>>>>
[INFO] [stdout]   15:     0x651b73a802bb - websocket_toolkit[4c6f8acfeb73b9f9]::controller::tests::test_websocket_controller_lifecycle
[INFO] [stdout]   16:     0x651b73ab5d6d - <websocket_toolkit[4c6f8acfeb73b9f9]::controller::tests::test_websocket_controller_lifecycle::{closure#0} as core[df12db4294e9bfd3]::ops::function::FnOnce<()>>::call_once
[INFO] [stdout]   17:     0x651b73abbacb - test[9d35eded1c95d3be]::__rust_begin_short_backtrace::<core[df12db4294e9bfd3]::result::Result<(), alloc[2182bb758b4b3781]::string::String>, fn() -> core[df12db4294e9bfd3]::result::Result<(), alloc[2182bb758b4b3781]::string::String>>
[INFO] [stdout]   18:     0x651b73ac9135 - test[9d35eded1c95d3be]::run_test::{closure#0}
[INFO] [stdout]   19:     0x651b73ac29f4 - std[70759c8f55707aa4]::sys::backtrace::__rust_begin_short_backtrace::<test[9d35eded1c95d3be]::run_test::{closure#1}, ()>
[INFO] [stdout]   20:     0x651b73acc292 - <std[70759c8f55707aa4]::thread::lifecycle::spawn_unchecked<test[9d35eded1c95d3be]::run_test::{closure#1}, ()>::{closure#1} as core[df12db4294e9bfd3]::ops::function::FnOnce<()>>::call_once::{shim:vtable#0}
[INFO] [stdout]   21:     0x651b73b8b909 - <std[70759c8f55707aa4]::sys::thread::unix::Thread>::new::thread_start
[INFO] [stdout]   22:     0x7a4a24177dfa - <unknown>
[INFO] [stdout]   23:     0x7a4a2420b3d4 - clone
[INFO] [stdout]   24:                0x0 - <unknown>
[INFO] [stdout] 
[INFO] [stdout] ---- tests::test_websocket_controller_lifecycle stdout ----
[INFO] [stdout] 
[INFO] [stdout] thread 'tests::test_websocket_controller_lifecycle' (1596) panicked at src/lib.rs:151:9:
[INFO] [stdout] Expected connection to succeed, but it failed: Some(Io(Custom { kind: Uncategorized, error: "failed to lookup address information: Temporary failure in name resolution" }))
[INFO] [stdout] stack backtrace:
[INFO] [stdout]    0:     0x651b73b8c3b1 - <<std[70759c8f55707aa4]::sys::backtrace::BacktraceLock>::print::DisplayBacktrace as core[df12db4294e9bfd3]::fmt::Display>::fmt
[INFO] [stdout]    1:     0x651b73ba289a - core[df12db4294e9bfd3]::fmt::write
[INFO] [stdout]    2:     0x651b73b90e9c - <alloc[2182bb758b4b3781]::vec::Vec<u8> as core[df12db4294e9bfd3]::io::write::Write>::write_fmt
[INFO] [stdout]    3:     0x651b73b67c16 - std[70759c8f55707aa4]::panicking::default_hook::{closure#0}
[INFO] [stdout]    4:     0x651b73b844b9 - std[70759c8f55707aa4]::panicking::default_hook
[INFO] [stdout]    5:     0x651b73ac87e0 - test[9d35eded1c95d3be]::test_main_inner::<test[9d35eded1c95d3be]::test_main_static::{closure#0}>::{closure#0}
[INFO] [stdout]    6:     0x651b73b847e2 - std[70759c8f55707aa4]::panicking::panic_with_hook
[INFO] [stdout]    7:     0x651b73b67cc2 - std[70759c8f55707aa4]::panicking::panic_handler::{closure#0}
[INFO] [stdout]    8:     0x651b73b60969 - std[70759c8f55707aa4]::sys::backtrace::__rust_end_short_backtrace::<std[70759c8f55707aa4]::panicking::panic_handler::{closure#0}, !>
[INFO] [stdout]    9:     0x651b73b68aad - __rustc[8fa7c3cbc660c2b3]::rust_begin_unwind
[INFO] [stdout]   10:     0x651b73ba2ffc - core[df12db4294e9bfd3]::panicking::panic_fmt
[INFO] [stdout]   11:     0x651b73a8bf4d - websocket_toolkit[4c6f8acfeb73b9f9]::tests::test_websocket_controller_lifecycle::{closure#0}
[INFO] [stdout]   12:     0x651b73a9c303 - <tokio[c33a6f22352ae6ed]::runtime::scheduler::current_thread::Context>::enter::<core[df12db4294e9bfd3]::task::poll::Poll<()>, <tokio[c33a6f22352ae6ed]::runtime::scheduler::current_thread::CoreGuard>::block_on<core[df12db4294e9bfd3]::pin::Pin<&mut core[df12db4294e9bfd3]::pin::Pin<&mut dyn core[df12db4294e9bfd3]::future::future::Future<Output = ()>>>>::{closure#0}::{closure#0}>
[INFO] [stdout]   13:     0x651b73a9d802 - <tokio[c33a6f22352ae6ed]::runtime::context::scoped::Scoped<tokio[c33a6f22352ae6ed]::runtime::scheduler::Context>>::set::<<tokio[c33a6f22352ae6ed]::runtime::scheduler::current_thread::CoreGuard>::enter<<tokio[c33a6f22352ae6ed]::runtime::scheduler::current_thread::CoreGuard>::block_on<core[df12db4294e9bfd3]::pin::Pin<&mut core[df12db4294e9bfd3]::pin::Pin<&mut dyn core[df12db4294e9bfd3]::future::future::Future<Output = ()>>>>::{closure#0}, core[df12db4294e9bfd3]::option::Option<()>>::{closure#0}, (alloc[2182bb758b4b3781]::boxed::Box<tokio[c33a6f22352ae6ed]::runtime::scheduler::current_thread::Core>, core[df12db4294e9bfd3]::option::Option<()>)>
[INFO] [stdout]   14:     0x651b73a9bc59 - <tokio[c33a6f22352ae6ed]::runtime::runtime::Runtime>::block_on_inner::<core[df12db4294e9bfd3]::pin::Pin<&mut dyn core[df12db4294e9bfd3]::future::future::Future<Output = ()>>>
[INFO] [stdout]   15:     0x651b73a8d3a9 - websocket_toolkit[4c6f8acfeb73b9f9]::tests::test_websocket_controller_lifecycle
[INFO] [stdout]   16:     0x651b73ab5b09 - <websocket_toolkit[4c6f8acfeb73b9f9]::tests::test_websocket_controller_lifecycle::{closure#0} as core[df12db4294e9bfd3]::ops::function::FnOnce<()>>::call_once
[INFO] [stdout]   17:     0x651b73abbacb - test[9d35eded1c95d3be]::__rust_begin_short_backtrace::<core[df12db4294e9bfd3]::result::Result<(), alloc[2182bb758b4b3781]::string::String>, fn() -> core[df12db4294e9bfd3]::result::Result<(), alloc[2182bb758b4b3781]::string::String>>
[INFO] [stdout]   18:     0x651b73ac9135 - test[9d35eded1c95d3be]::run_test::{closure#0}
[INFO] [stdout]   19:     0x651b73ac29f4 - std[70759c8f55707aa4]::sys::backtrace::__rust_begin_short_backtrace::<test[9d35eded1c95d3be]::run_test::{closure#1}, ()>
[INFO] [stdout]   20:     0x651b73acc292 - <std[70759c8f55707aa4]::thread::lifecycle::spawn_unchecked<test[9d35eded1c95d3be]::run_test::{closure#1}, ()>::{closure#1} as core[df12db4294e9bfd3]::ops::function::FnOnce<()>>::call_once::{shim:vtable#0}
[INFO] [stdout]   21:     0x651b73b8b909 - <std[70759c8f55707aa4]::sys::thread::unix::Thread>::new::thread_start
[INFO] [stdout]   22:     0x7a4a24177dfa - <unknown>
[INFO] [stdout]   23:     0x7a4a2420b3d4 - clone
[INFO] [stdout]   24:                0x0 - <unknown>
[INFO] [stdout] 
[INFO] [stdout] 
[INFO] [stdout] failures:
[INFO] [stdout]     controller::tests::test_websocket_controller_lifecycle
[INFO] [stdout]     tests::test_websocket_controller_lifecycle
[INFO] [stdout] 
[INFO] [stdout] test result: FAILED. 15 passed; 2 failed; 0 ignored; 0 measured; 0 filtered out; finished in 6.01s
[INFO] [stdout] 
[INFO] [stderr] error: test failed, to rerun pass `--lib`
[INFO] running `Command { std: "docker" "inspect" "fbffe387f5ec33e24663b1aa6115070351b5a32c569002d8eb207ebcb76d1c7d", kill_on_drop: false }`
[INFO] running `Command { std: "docker" "rm" "-f" "fbffe387f5ec33e24663b1aa6115070351b5a32c569002d8eb207ebcb76d1c7d", kill_on_drop: false }`
[INFO] [stdout] fbffe387f5ec33e24663b1aa6115070351b5a32c569002d8eb207ebcb76d1c7d
