[INFO] fetching crate websearch 0.1.1...
[INFO] testing websearch-0.1.1 against 1.99.0-beta.8+cargoflags=--release for beta-release-1.100-2
[INFO] extracting crate websearch 0.1.1 into /workspace/builds/worker-3-tc1/source
[INFO] started tweaking crates.io crate websearch 0.1.1
[INFO] removed 0 missing examples
[INFO] removed 0 missing tests
[INFO] finished tweaking crates.io crate websearch 0.1.1
[INFO] tweaked toml for crates.io crate websearch 0.1.1 written to /workspace/builds/worker-3-tc1/source/Cargo.toml
[INFO] validating manifest of crates.io crate websearch 0.1.1 on toolchain 1.99.0-beta.8
[INFO] running `Command { std: CARGO_HOME="/workspace/cargo-home" RUSTUP_HOME="/workspace/rustup-home" "/workspace/cargo-home/bin/cargo" "+1.99.0-beta.8" "metadata" "--manifest-path" "Cargo.toml" "--no-deps", kill_on_drop: false }`
[INFO] crate crates.io crate websearch 0.1.1 already has a lockfile, it will not be regenerated
[INFO] running `Command { std: CARGO_HOME="/workspace/cargo-home" RUSTUP_HOME="/workspace/rustup-home" "/workspace/cargo-home/bin/cargo" "+1.99.0-beta.8" "fetch" "--manifest-path" "Cargo.toml", kill_on_drop: false }`
[INFO] [stderr]  Downloading crates ...
[INFO] [stderr]   Downloaded waker-fn v1.2.0
[INFO] [stderr]   Downloaded serial_test v3.2.0
[INFO] [stderr]   Downloaded serial_test_derive v3.2.0
[INFO] [stderr]   Downloaded scraper v0.18.1
[INFO] [stderr]   Downloaded html5ever v0.26.0
[INFO] [stderr]   Downloaded markup5ever v0.11.0
[INFO] [stderr]   Downloaded cc v1.2.37
[INFO] [stderr]   Downloaded windows-core v0.62.0
[INFO] [stderr]   Downloaded windows-sys v0.61.0
[INFO] [stderr]   Downloaded serde v1.0.220
[INFO] [stderr]   Downloaded serde_core v1.0.220
[INFO] [stderr]   Downloaded ego-tree v0.6.3
[INFO] [stderr]   Downloaded servo_arc v0.3.0
[INFO] [stderr]   Downloaded serde_derive v1.0.220
[INFO] [stderr]   Downloaded selectors v0.25.0
[INFO] [stderr]   Downloaded cssparser v0.31.2
[INFO] [stderr]   Downloaded windows-result v0.4.0
[INFO] [stderr]   Downloaded windows-strings v0.5.0
[INFO] [stderr]   Downloaded quick-xml v0.31.0
[INFO] running `Command { std: "docker" "create" "-v" "/var/lib/crater-agent-workspace/builds/worker-3-tc1/source:/opt/rustwide/workdir:ro,Z" "-v" "/var/lib/crater-agent-workspace/builds/worker-3-tc1/target:/opt/rustwide/target:rw,Z" "-v" "/var/lib/crater-agent-workspace/cargo-home:/opt/rustwide/cargo-home:ro,Z" "-v" "/var/lib/crater-agent-workspace/rustup-home:/opt/rustwide/rustup-home:ro,Z" "-m" "1610612736" "--network" "none" "ghcr.io/rust-lang/crates-build-env/linux@sha256:77db811e55d90add9212f6832c23229e3de5f1c1f9905e8cb07319ea15df73ac" "sleep" "infinity", kill_on_drop: false }`
[INFO] [stdout] f8fe2413e4ff62114ee640ccde2d682149edaa7f13d8ac99aa5e8efa0e166195
[INFO] running `Command { std: "docker" "start" "f8fe2413e4ff62114ee640ccde2d682149edaa7f13d8ac99aa5e8efa0e166195", kill_on_drop: false }`
[INFO] running `Command { std: "docker" "inspect" "f8fe2413e4ff62114ee640ccde2d682149edaa7f13d8ac99aa5e8efa0e166195", kill_on_drop: false }`
[INFO] running `Command { std: "docker" "exec" "-e" "SOURCE_DIR=/opt/rustwide/workdir" "-e" "CARGO_HOME=/opt/rustwide/cargo-home" "-e" "RUSTUP_HOME=/opt/rustwide/rustup-home" "-e" "CARGO_TARGET_DIR=/opt/rustwide/target" "-w" "/opt/rustwide/workdir" "--user" "0:0" "f8fe2413e4ff62114ee640ccde2d682149edaa7f13d8ac99aa5e8efa0e166195" "/opt/rustwide/cargo-home/bin/cargo" "+1.99.0-beta.8" "metadata" "--no-deps" "--format-version=1", kill_on_drop: false }`
[INFO] running `Command { std: "docker" "inspect" "f8fe2413e4ff62114ee640ccde2d682149edaa7f13d8ac99aa5e8efa0e166195", kill_on_drop: false }`
[INFO] running `Command { std: "docker" "exec" "-e" "SOURCE_DIR=/opt/rustwide/workdir" "-e" "CARGO_HOME=/opt/rustwide/cargo-home" "-e" "RUSTUP_HOME=/opt/rustwide/rustup-home" "-e" "CARGO_TARGET_DIR=/opt/rustwide/target" "-e" "CARGO_INCREMENTAL=0" "-e" "RUST_BACKTRACE=full" "-e" "RUSTFLAGS=--cap-lints=warn" "-e" "RUSTDOCFLAGS=--cap-lints=warn" "-w" "/opt/rustwide/workdir" "--user" "0:0" "f8fe2413e4ff62114ee640ccde2d682149edaa7f13d8ac99aa5e8efa0e166195" "/opt/rustwide/cargo-home/bin/cargo" "+1.99.0-beta.8" "build" "--frozen" "--message-format=json" "--release", kill_on_drop: false }`
[INFO] [stderr]    Compiling quote v1.0.40
[INFO] [stderr]    Compiling libc v0.2.175
[INFO] [stderr]    Compiling smallvec v1.15.1
[INFO] [stderr]    Compiling stable_deref_trait v1.2.0
[INFO] [stderr]    Compiling parking_lot_core v0.9.11
[INFO] [stderr]    Compiling serde_core v1.0.220
[INFO] [stderr]    Compiling serde v1.0.220
[INFO] [stderr]    Compiling zerocopy v0.8.27
[INFO] [stderr]    Compiling lock_api v0.4.13
[INFO] [stderr]    Compiling phf_shared v0.11.3
[INFO] [stderr]    Compiling find-msvc-tools v0.1.1
[INFO] [stderr]    Compiling siphasher v0.3.11
[INFO] [stderr]    Compiling memchr v2.7.5
[INFO] [stderr]    Compiling socket2 v0.6.0
[INFO] [stderr]    Compiling getrandom v0.2.16
[INFO] [stderr]    Compiling mio v1.0.4
[INFO] [stderr]    Compiling signal-hook-registry v1.4.6
[INFO] [stderr]    Compiling new_debug_unreachable v1.0.6
[INFO] [stderr]    Compiling syn v1.0.109
[INFO] [stderr]    Compiling cc v1.2.37
[INFO] [stderr]    Compiling phf_shared v0.10.0
[INFO] [stderr]    Compiling hashbrown v0.15.5
[INFO] [stderr]    Compiling syn v2.0.106
[INFO] [stderr]    Compiling precomputed-hash v0.1.1
[INFO] [stderr]    Compiling mac v0.1.1
[INFO] [stderr]    Compiling rustls v0.21.12
[INFO] [stderr]    Compiling phf v0.10.1
[INFO] [stderr]    Compiling futf v0.1.5
[INFO] [stderr]    Compiling parking_lot v0.12.4
[INFO] [stderr]    Compiling tracing v0.1.41
[INFO] [stderr]    Compiling getrandom v0.3.3
[INFO] [stderr]    Compiling dtoa v1.0.10
[INFO] [stderr]    Compiling utf-8 v0.7.6
[INFO] [stderr]    Compiling ahash v0.8.12
[INFO] [stderr]    Compiling tendril v0.4.3
[INFO] [stderr]    Compiling dtoa-short v0.3.5
[INFO] [stderr]    Compiling socket2 v0.5.10
[INFO] [stderr]    Compiling serde_json v1.0.143
[INFO] [stderr]    Compiling anstyle-query v1.1.4
[INFO] [stderr]    Compiling is_terminal_polyfill v1.70.1
[INFO] [stderr]    Compiling fxhash v0.2.1
[INFO] [stderr]    Compiling anstream v0.6.20
[INFO] [stderr]    Compiling servo_arc v0.3.0
[INFO] [stderr]    Compiling bitflags v2.9.4
[INFO] [stderr]    Compiling unicode-width v0.2.1
[INFO] [stderr]    Compiling anyhow v1.0.99
[INFO] [stderr]    Compiling getopts v0.2.24
[INFO] [stderr]    Compiling rand_core v0.6.4
[INFO] [stderr]    Compiling encoding_rs v0.8.35
[INFO] [stderr]    Compiling sync_wrapper v0.1.2
[INFO] [stderr]    Compiling webpki-roots v0.25.4
[INFO] [stderr]    Compiling clap_builder v4.5.47
[INFO] [stderr]    Compiling ego-tree v0.6.3
[INFO] [stderr]    Compiling colored v2.2.0
[INFO] [stderr]    Compiling indexmap v2.11.1
[INFO] [stderr]    Compiling ring v0.17.14
[INFO] [stderr]    Compiling ppv-lite86 v0.2.21
[INFO] [stderr]    Compiling rand_chacha v0.3.1
[INFO] [stderr]    Compiling rand v0.8.5
[INFO] [stderr]    Compiling phf_generator v0.11.3
[INFO] [stderr]    Compiling phf_generator v0.10.0
[INFO] [stderr]    Compiling phf_codegen v0.10.0
[INFO] [stderr]    Compiling string_cache_codegen v0.5.4
[INFO] [stderr]    Compiling selectors v0.25.0
[INFO] [stderr]    Compiling markup5ever v0.11.0
[INFO] [stderr]    Compiling synstructure v0.13.2
[INFO] [stderr]    Compiling html5ever v0.26.0
[INFO] [stderr]    Compiling zerofrom-derive v0.1.6
[INFO] [stderr]    Compiling yoke-derive v0.8.0
[INFO] [stderr]    Compiling zerovec-derive v0.11.1
[INFO] [stderr]    Compiling serde_derive v1.0.220
[INFO] [stderr]    Compiling displaydoc v0.2.5
[INFO] [stderr]    Compiling tokio-macros v2.5.0
[INFO] [stderr]    Compiling futures-macro v0.3.31
[INFO] [stderr]    Compiling phf_macros v0.11.3
[INFO] [stderr]    Compiling cssparser-macros v0.6.1
[INFO] [stderr]    Compiling derive_more v0.99.20
[INFO] [stderr]    Compiling thiserror-impl v1.0.69
[INFO] [stderr]    Compiling clap_derive v4.5.47
[INFO] [stderr]    Compiling async-trait v0.1.89
[INFO] [stderr]    Compiling tokio v1.47.1
[INFO] [stderr]    Compiling phf v0.11.3
[INFO] [stderr]    Compiling cssparser v0.31.2
[INFO] [stderr]    Compiling futures-util v0.3.31
[INFO] [stderr]    Compiling zerofrom v0.1.6
[INFO] [stderr]    Compiling yoke v0.8.0
[INFO] [stderr]    Compiling thiserror v1.0.69
[INFO] [stderr]    Compiling zerovec v0.11.4
[INFO] [stderr]    Compiling zerotrie v0.2.2
[INFO] [stderr]    Compiling clap v4.5.47
[INFO] [stderr]    Compiling tinystr v0.8.1
[INFO] [stderr]    Compiling potential_utf v0.1.3
[INFO] [stderr]    Compiling icu_collections v2.0.0
[INFO] [stderr]    Compiling icu_locale_core v2.0.0
[INFO] [stderr]    Compiling string_cache v0.8.9
[INFO] [stderr]    Compiling serde_urlencoded v0.7.1
[INFO] [stderr]    Compiling quick-xml v0.31.0
[INFO] [stderr]    Compiling chrono v0.4.42
[INFO] [stderr]    Compiling icu_provider v2.0.0
[INFO] [stderr]    Compiling icu_properties v2.0.1
[INFO] [stderr]    Compiling icu_normalizer v2.0.0
[INFO] [stderr]    Compiling scraper v0.18.1
[INFO] [stderr]    Compiling futures-executor v0.3.31
[INFO] [stderr]    Compiling futures v0.3.31
[INFO] [stderr]    Compiling idna_adapter v1.2.1
[INFO] [stderr]    Compiling idna v1.1.0
[INFO] [stderr]    Compiling url v2.5.7
[INFO] [stderr]    Compiling tokio-util v0.7.16
[INFO] [stderr]    Compiling h2 v0.3.27
[INFO] [stderr]    Compiling sct v0.7.1
[INFO] [stderr]    Compiling rustls-webpki v0.101.7
[INFO] [stderr]    Compiling hyper v0.14.32
[INFO] [stderr]    Compiling tokio-rustls v0.24.1
[INFO] [stderr]    Compiling hyper-rustls v0.24.2
[INFO] [stderr]    Compiling reqwest v0.11.27
[INFO] [stderr]    Compiling websearch v0.1.1 (/opt/rustwide/workdir)
[INFO] [stdout] warning: field `api_key` is never read
[INFO] [stdout]   --> src/providers/brave.rs:12:5
[INFO] [stdout]    |
[INFO] [stdout] 11 | pub struct BraveProvider {
[INFO] [stdout]    |            ------------- field in this struct
[INFO] [stdout] 12 |     api_key: String,
[INFO] [stdout]    |     ^^^^^^^
[INFO] [stdout]    |
[INFO] [stdout]    = note: `BraveProvider` has a derived impl for the trait `Debug`, but this is intentionally ignored during dead code analysis
[INFO] [stdout]    = note: `#[warn(dead_code)]` (part of `#[warn(unused)]`) on by default
[INFO] [stdout] 
[INFO] [stdout] 
[INFO] [stdout] warning: fields `request_id` and `search_time` are never read
[INFO] [stdout]   --> src/providers/exa.rs:28:5
[INFO] [stdout]    |
[INFO] [stdout] 26 | struct ExaSearchResponse {
[INFO] [stdout]    |        ----------------- fields in this struct
[INFO] [stdout] 27 |     #[serde(rename = "requestId")]
[INFO] [stdout] 28 |     request_id: String,
[INFO] [stdout]    |     ^^^^^^^^^^
[INFO] [stdout] ...
[INFO] [stdout] 33 |     search_time: Option<f64>,
[INFO] [stdout]    |     ^^^^^^^^^^^
[INFO] [stdout]    |
[INFO] [stdout]    = note: `ExaSearchResponse` has a derived impl for the trait `Debug`, but this is intentionally ignored during dead code analysis
[INFO] [stdout] 
[INFO] [stdout] 
[INFO] [stdout] warning: field `search_information` is never read
[INFO] [stdout]   --> src/providers/google.rs:34:5
[INFO] [stdout]    |
[INFO] [stdout] 30 | struct GoogleSearchResponse {
[INFO] [stdout]    |        -------------------- field in this struct
[INFO] [stdout] ...
[INFO] [stdout] 34 |     search_information: Option<GoogleSearchInfo>,
[INFO] [stdout]    |     ^^^^^^^^^^^^^^^^^^
[INFO] [stdout]    |
[INFO] [stdout]    = note: `GoogleSearchResponse` has a derived impl for the trait `Debug`, but this is intentionally ignored during dead code analysis
[INFO] [stdout] 
[INFO] [stdout] 
[INFO] [stdout] warning: fields `total_results` and `search_time` are never read
[INFO] [stdout]   --> src/providers/google.rs:40:5
[INFO] [stdout]    |
[INFO] [stdout] 38 | struct GoogleSearchInfo {
[INFO] [stdout]    |        ---------------- fields in this struct
[INFO] [stdout] 39 |     #[serde(rename = "totalResults")]
[INFO] [stdout] 40 |     total_results: String,
[INFO] [stdout]    |     ^^^^^^^^^^^^^
[INFO] [stdout] 41 |     #[serde(rename = "searchTime")]
[INFO] [stdout] 42 |     search_time: f64,
[INFO] [stdout]    |     ^^^^^^^^^^^
[INFO] [stdout]    |
[INFO] [stdout]    = note: `GoogleSearchInfo` has a derived impl for the trait `Debug`, but this is intentionally ignored during dead code analysis
[INFO] [stdout] 
[INFO] [stdout] 
[INFO] [stdout] warning: fields `id`, `status`, `created_at`, `processed_at`, and `total_time_taken` are never read
[INFO] [stdout]   --> src/providers/serpapi.rs:23:5
[INFO] [stdout]    |
[INFO] [stdout] 22 | struct SerpApiSearchMetadata {
[INFO] [stdout]    |        --------------------- fields in this struct
[INFO] [stdout] 23 |     id: String,
[INFO] [stdout]    |     ^^
[INFO] [stdout] 24 |     status: String,
[INFO] [stdout]    |     ^^^^^^
[INFO] [stdout] 25 |     created_at: String,
[INFO] [stdout]    |     ^^^^^^^^^^
[INFO] [stdout] 26 |     processed_at: String,
[INFO] [stdout]    |     ^^^^^^^^^^^^
[INFO] [stdout] 27 |     total_time_taken: Option<f32>,
[INFO] [stdout]    |     ^^^^^^^^^^^^^^^^
[INFO] [stdout]    |
[INFO] [stdout]    = note: `SerpApiSearchMetadata` has a derived impl for the trait `Debug`, but this is intentionally ignored during dead code analysis
[INFO] [stdout] 
[INFO] [stdout] 
[INFO] [stdout] warning: fields `total_results`, `time_taken_displayed`, and `query_displayed` are never read
[INFO] [stdout]   --> src/providers/serpapi.rs:32:5
[INFO] [stdout]    |
[INFO] [stdout] 31 | struct SerpApiSearchInformation {
[INFO] [stdout]    |        ------------------------ fields in this struct
[INFO] [stdout] 32 |     total_results: Option<u64>,
[INFO] [stdout]    |     ^^^^^^^^^^^^^
[INFO] [stdout] 33 |     time_taken_displayed: Option<f32>,
[INFO] [stdout]    |     ^^^^^^^^^^^^^^^^^^^^
[INFO] [stdout] 34 |     query_displayed: String,
[INFO] [stdout]    |     ^^^^^^^^^^^^^^^
[INFO] [stdout]    |
[INFO] [stdout]    = note: `SerpApiSearchInformation` has a derived impl for the trait `Debug`, but this is intentionally ignored during dead code analysis
[INFO] [stdout] 
[INFO] [stdout] 
[INFO] [stdout] warning: fields `search_metadata` and `search_information` are never read
[INFO] [stdout]   --> src/providers/serpapi.rs:39:5
[INFO] [stdout]    |
[INFO] [stdout] 38 | struct SerpApiResponse {
[INFO] [stdout]    |        --------------- fields in this struct
[INFO] [stdout] 39 |     search_metadata: Option<SerpApiSearchMetadata>,
[INFO] [stdout]    |     ^^^^^^^^^^^^^^^
[INFO] [stdout] 40 |     search_information: Option<SerpApiSearchInformation>,
[INFO] [stdout]    |     ^^^^^^^^^^^^^^^^^^
[INFO] [stdout]    |
[INFO] [stdout]    = note: `SerpApiResponse` has a derived impl for the trait `Debug`, but this is intentionally ignored during dead code analysis
[INFO] [stdout] 
[INFO] [stdout] 
[INFO] [stdout] warning: fields `answer`, `query`, `response_time`, `images`, and `follow_up_questions` are never read
[INFO] [stdout]   --> src/providers/tavily.rs:26:5
[INFO] [stdout]    |
[INFO] [stdout] 25 | struct TavilyResponse {
[INFO] [stdout]    |        -------------- fields in this struct
[INFO] [stdout] 26 |     answer: Option<String>,
[INFO] [stdout]    |     ^^^^^^
[INFO] [stdout] 27 |     query: String,
[INFO] [stdout]    |     ^^^^^
[INFO] [stdout] 28 |     response_time: Option<f64>,
[INFO] [stdout]    |     ^^^^^^^^^^^^^
[INFO] [stdout] 29 |     images: Option<Vec<String>>,
[INFO] [stdout]    |     ^^^^^^
[INFO] [stdout] 30 |     results: Vec<TavilySearchResult>,
[INFO] [stdout] 31 |     follow_up_questions: Option<Vec<String>>,
[INFO] [stdout]    |     ^^^^^^^^^^^^^^^^^^^
[INFO] [stdout]    |
[INFO] [stdout]    = note: `TavilyResponse` has a derived impl for the trait `Debug`, but this is intentionally ignored during dead code analysis
[INFO] [stdout] 
[INFO] [stdout] 
[INFO] [stdout] warning: structure field `autoPrompt_string` should have a snake case name
[INFO] [stdout]   --> src/providers/exa.rs:30:5
[INFO] [stdout]    |
[INFO] [stdout] 30 |     autoPrompt_string: String,
[INFO] [stdout]    |     ^^^^^^^^^^^^^^^^^ help: convert the identifier to snake case: `auto_prompt_string`
[INFO] [stdout]    |
[INFO] [stdout]    = note: `#[warn(non_snake_case)]` (part of `#[warn(nonstandard_style)]`) on by default
[INFO] [stdout] 
[INFO] [stdout] 
[INFO] [stderr]     Finished `release` profile [optimized] target(s) in 2m 03s
[INFO] running `Command { std: "docker" "inspect" "f8fe2413e4ff62114ee640ccde2d682149edaa7f13d8ac99aa5e8efa0e166195", kill_on_drop: false }`
[INFO] running `Command { std: "docker" "exec" "-e" "SOURCE_DIR=/opt/rustwide/workdir" "-e" "CARGO_HOME=/opt/rustwide/cargo-home" "-e" "RUSTUP_HOME=/opt/rustwide/rustup-home" "-e" "CARGO_TARGET_DIR=/opt/rustwide/target" "-e" "CARGO_INCREMENTAL=0" "-e" "RUST_BACKTRACE=full" "-e" "RUSTFLAGS=--cap-lints=warn" "-e" "RUSTDOCFLAGS=--cap-lints=warn" "-w" "/opt/rustwide/workdir" "--user" "0:0" "f8fe2413e4ff62114ee640ccde2d682149edaa7f13d8ac99aa5e8efa0e166195" "/opt/rustwide/cargo-home/bin/cargo" "+1.99.0-beta.8" "test" "--frozen" "--no-run" "--message-format=json" "--release", kill_on_drop: false }`
[INFO] [stderr]    Compiling futures-io v0.3.31
[INFO] [stderr]    Compiling log v0.4.28
[INFO] [stderr]    Compiling tokio v1.47.1
[INFO] [stderr]    Compiling getrandom v0.1.16
[INFO] [stderr]    Compiling crossbeam-utils v0.8.21
[INFO] [stderr]    Compiling aho-corasick v1.1.3
[INFO] [stderr]    Compiling http-types v2.12.0
[INFO] [stderr]    Compiling waker-fn v1.2.0
[INFO] [stderr]    Compiling event-listener v2.5.3
[INFO] [stderr]    Compiling fastrand v1.9.0
[INFO] [stderr]    Compiling rustix v1.1.2
[INFO] [stderr]    Compiling serde_qs v0.8.5
[INFO] [stderr]    Compiling num_cpus v1.17.0
[INFO] [stderr]    Compiling async-stream-impl v0.3.6
[INFO] [stderr]    Compiling deadpool-runtime v0.1.4
[INFO] [stderr]    Compiling infer v0.2.3
[INFO] [stderr]    Compiling sdd v3.0.10
[INFO] [stderr]    Compiling retain_mut v0.1.9
[INFO] [stderr]    Compiling futures-util v0.3.31
[INFO] [stderr]    Compiling futures-lite v1.13.0
[INFO] [stderr]    Compiling linux-raw-sys v0.11.0
[INFO] [stderr]    Compiling base64 v0.13.1
[INFO] [stderr]    Compiling rustls v0.21.12
[INFO] [stderr]    Compiling markup5ever v0.11.0
[INFO] [stderr]    Compiling rand_core v0.5.1
[INFO] [stderr]    Compiling selectors v0.25.0
[INFO] [stderr]    Compiling async-stream v0.3.6
[INFO] [stderr]    Compiling rand_chacha v0.2.2
[INFO] [stderr]    Compiling scc v2.4.0
[INFO] [stderr]    Compiling assert-json-diff v2.0.2
[INFO] [stderr]    Compiling is-terminal v0.4.16
[INFO] [stderr]    Compiling serial_test_derive v3.2.0
[INFO] [stderr]    Compiling concurrent-queue v2.5.0
[INFO] [stderr]    Compiling rand v0.7.3
[INFO] [stderr]    Compiling async-channel v1.9.0
[INFO] [stderr]    Compiling html5ever v0.26.0
[INFO] [stderr]    Compiling regex-automata v0.4.10
[INFO] [stderr]    Compiling tempfile v3.22.0
[INFO] [stderr]    Compiling scraper v0.18.1
[INFO] [stderr]    Compiling futures-executor v0.3.31
[INFO] [stderr]    Compiling futures v0.3.31
[INFO] [stderr]    Compiling serial_test v3.2.0
[INFO] [stderr]    Compiling regex v1.11.2
[INFO] [stderr]    Compiling env_logger v0.10.2
[INFO] [stderr]    Compiling tokio-util v0.7.16
[INFO] [stderr]    Compiling tokio-rustls v0.24.1
[INFO] [stderr]    Compiling tokio-stream v0.1.17
[INFO] [stderr]    Compiling deadpool v0.9.5
[INFO] [stderr]    Compiling h2 v0.3.27
[INFO] [stderr]    Compiling tokio-test v0.4.4
[INFO] [stderr]    Compiling hyper v0.14.32
[INFO] [stderr]    Compiling hyper-rustls v0.24.2
[INFO] [stderr]    Compiling wiremock v0.5.22
[INFO] [stderr]    Compiling reqwest v0.11.27
[INFO] [stderr]    Compiling websearch v0.1.1 (/opt/rustwide/workdir)
[INFO] [stdout] warning: field `api_key` is never read
[INFO] [stdout]   --> src/providers/brave.rs:12:5
[INFO] [stdout]    |
[INFO] [stdout] 11 | pub struct BraveProvider {
[INFO] [stdout]    |            ------------- field in this struct
[INFO] [stdout] 12 |     api_key: String,
[INFO] [stdout]    |     ^^^^^^^
[INFO] [stdout]    |
[INFO] [stdout]    = note: `BraveProvider` has a derived impl for the trait `Debug`, but this is intentionally ignored during dead code analysis
[INFO] [stdout]    = note: `#[warn(dead_code)]` (part of `#[warn(unused)]`) on by default
[INFO] [stdout] 
[INFO] [stdout] 
[INFO] [stdout] warning: fields `request_id` and `search_time` are never read
[INFO] [stdout]   --> src/providers/exa.rs:28:5
[INFO] [stdout]    |
[INFO] [stdout] 26 | struct ExaSearchResponse {
[INFO] [stdout]    |        ----------------- fields in this struct
[INFO] [stdout] 27 |     #[serde(rename = "requestId")]
[INFO] [stdout] 28 |     request_id: String,
[INFO] [stdout]    |     ^^^^^^^^^^
[INFO] [stdout] ...
[INFO] [stdout] 33 |     search_time: Option<f64>,
[INFO] [stdout]    |     ^^^^^^^^^^^
[INFO] [stdout]    |
[INFO] [stdout]    = note: `ExaSearchResponse` has a derived impl for the trait `Debug`, but this is intentionally ignored during dead code analysis
[INFO] [stdout] 
[INFO] [stdout] 
[INFO] [stdout] warning: field `search_information` is never read
[INFO] [stdout]   --> src/providers/google.rs:34:5
[INFO] [stdout]    |
[INFO] [stdout] 30 | struct GoogleSearchResponse {
[INFO] [stdout]    |        -------------------- field in this struct
[INFO] [stdout] ...
[INFO] [stdout] 34 |     search_information: Option<GoogleSearchInfo>,
[INFO] [stdout]    |     ^^^^^^^^^^^^^^^^^^
[INFO] [stdout]    |
[INFO] [stdout]    = note: `GoogleSearchResponse` has a derived impl for the trait `Debug`, but this is intentionally ignored during dead code analysis
[INFO] [stdout] 
[INFO] [stdout] 
[INFO] [stdout] warning: fields `total_results` and `search_time` are never read
[INFO] [stdout]   --> src/providers/google.rs:40:5
[INFO] [stdout]    |
[INFO] [stdout] 38 | struct GoogleSearchInfo {
[INFO] [stdout]    |        ---------------- fields in this struct
[INFO] [stdout] 39 |     #[serde(rename = "totalResults")]
[INFO] [stdout] 40 |     total_results: String,
[INFO] [stdout]    |     ^^^^^^^^^^^^^
[INFO] [stdout] 41 |     #[serde(rename = "searchTime")]
[INFO] [stdout] 42 |     search_time: f64,
[INFO] [stdout]    |     ^^^^^^^^^^^
[INFO] [stdout]    |
[INFO] [stdout]    = note: `GoogleSearchInfo` has a derived impl for the trait `Debug`, but this is intentionally ignored during dead code analysis
[INFO] [stdout] 
[INFO] [stdout] 
[INFO] [stdout] warning: fields `id`, `status`, `created_at`, `processed_at`, and `total_time_taken` are never read
[INFO] [stdout]   --> src/providers/serpapi.rs:23:5
[INFO] [stdout]    |
[INFO] [stdout] 22 | struct SerpApiSearchMetadata {
[INFO] [stdout]    |        --------------------- fields in this struct
[INFO] [stdout] 23 |     id: String,
[INFO] [stdout]    |     ^^
[INFO] [stdout] 24 |     status: String,
[INFO] [stdout]    |     ^^^^^^
[INFO] [stdout] 25 |     created_at: String,
[INFO] [stdout]    |     ^^^^^^^^^^
[INFO] [stdout] 26 |     processed_at: String,
[INFO] [stdout]    |     ^^^^^^^^^^^^
[INFO] [stdout] 27 |     total_time_taken: Option<f32>,
[INFO] [stdout]    |     ^^^^^^^^^^^^^^^^
[INFO] [stdout]    |
[INFO] [stdout]    = note: `SerpApiSearchMetadata` has a derived impl for the trait `Debug`, but this is intentionally ignored during dead code analysis
[INFO] [stdout] 
[INFO] [stdout] 
[INFO] [stdout] warning: fields `total_results`, `time_taken_displayed`, and `query_displayed` are never read
[INFO] [stdout]   --> src/providers/serpapi.rs:32:5
[INFO] [stdout]    |
[INFO] [stdout] 31 | struct SerpApiSearchInformation {
[INFO] [stdout]    |        ------------------------ fields in this struct
[INFO] [stdout] 32 |     total_results: Option<u64>,
[INFO] [stdout]    |     ^^^^^^^^^^^^^
[INFO] [stdout] 33 |     time_taken_displayed: Option<f32>,
[INFO] [stdout]    |     ^^^^^^^^^^^^^^^^^^^^
[INFO] [stdout] 34 |     query_displayed: String,
[INFO] [stdout]    |     ^^^^^^^^^^^^^^^
[INFO] [stdout]    |
[INFO] [stdout]    = note: `SerpApiSearchInformation` has a derived impl for the trait `Debug`, but this is intentionally ignored during dead code analysis
[INFO] [stdout] 
[INFO] [stdout] 
[INFO] [stdout] warning: fields `search_metadata` and `search_information` are never read
[INFO] [stdout]   --> src/providers/serpapi.rs:39:5
[INFO] [stdout]    |
[INFO] [stdout] 38 | struct SerpApiResponse {
[INFO] [stdout]    |        --------------- fields in this struct
[INFO] [stdout] 39 |     search_metadata: Option<SerpApiSearchMetadata>,
[INFO] [stdout]    |     ^^^^^^^^^^^^^^^
[INFO] [stdout] 40 |     search_information: Option<SerpApiSearchInformation>,
[INFO] [stdout]    |     ^^^^^^^^^^^^^^^^^^
[INFO] [stdout]    |
[INFO] [stdout]    = note: `SerpApiResponse` has a derived impl for the trait `Debug`, but this is intentionally ignored during dead code analysis
[INFO] [stdout] 
[INFO] [stdout] 
[INFO] [stdout] warning: fields `answer`, `query`, `response_time`, `images`, and `follow_up_questions` are never read
[INFO] [stdout]   --> src/providers/tavily.rs:26:5
[INFO] [stdout]    |
[INFO] [stdout] 25 | struct TavilyResponse {
[INFO] [stdout]    |        -------------- fields in this struct
[INFO] [stdout] 26 |     answer: Option<String>,
[INFO] [stdout]    |     ^^^^^^
[INFO] [stdout] 27 |     query: String,
[INFO] [stdout]    |     ^^^^^
[INFO] [stdout] 28 |     response_time: Option<f64>,
[INFO] [stdout]    |     ^^^^^^^^^^^^^
[INFO] [stdout] 29 |     images: Option<Vec<String>>,
[INFO] [stdout]    |     ^^^^^^
[INFO] [stdout] 30 |     results: Vec<TavilySearchResult>,
[INFO] [stdout] 31 |     follow_up_questions: Option<Vec<String>>,
[INFO] [stdout]    |     ^^^^^^^^^^^^^^^^^^^
[INFO] [stdout]    |
[INFO] [stdout]    = note: `TavilyResponse` has a derived impl for the trait `Debug`, but this is intentionally ignored during dead code analysis
[INFO] [stdout] 
[INFO] [stdout] 
[INFO] [stdout] warning: structure field `autoPrompt_string` should have a snake case name
[INFO] [stdout]   --> src/providers/exa.rs:30:5
[INFO] [stdout]    |
[INFO] [stdout] 30 |     autoPrompt_string: String,
[INFO] [stdout]    |     ^^^^^^^^^^^^^^^^^ help: convert the identifier to snake case: `auto_prompt_string`
[INFO] [stdout]    |
[INFO] [stdout]    = note: `#[warn(non_snake_case)]` (part of `#[warn(nonstandard_style)]`) on by default
[INFO] [stdout] 
[INFO] [stdout] 
[INFO] [stdout] warning: unused variable: `provider`
[INFO] [stdout]    --> src/providers/tavily.rs:306:13
[INFO] [stdout]     |
[INFO] [stdout] 306 |         let provider = TavilyProvider::new("tvly-test-valid-api-key-format").unwrap();
[INFO] [stdout]     |             ^^^^^^^^ help: if this is intentional, prefix it with an underscore: `_provider`
[INFO] [stdout]     |
[INFO] [stdout]     = note: `#[warn(unused_variables)]` (part of `#[warn(unused)]`) on by default
[INFO] [stdout] 
[INFO] [stdout] 
[INFO] [stdout] warning: field `api_key` is never read
[INFO] [stdout]   --> src/providers/brave.rs:12:5
[INFO] [stdout]    |
[INFO] [stdout] 11 | pub struct BraveProvider {
[INFO] [stdout]    |            ------------- field in this struct
[INFO] [stdout] 12 |     api_key: String,
[INFO] [stdout]    |     ^^^^^^^
[INFO] [stdout]    |
[INFO] [stdout]    = note: `BraveProvider` has a derived impl for the trait `Debug`, but this is intentionally ignored during dead code analysis
[INFO] [stdout]    = note: `#[warn(dead_code)]` (part of `#[warn(unused)]`) on by default
[INFO] [stdout] 
[INFO] [stdout] 
[INFO] [stdout] warning: fields `request_id` and `search_time` are never read
[INFO] [stdout]   --> src/providers/exa.rs:28:5
[INFO] [stdout]    |
[INFO] [stdout] 26 | struct ExaSearchResponse {
[INFO] [stdout]    |        ----------------- fields in this struct
[INFO] [stdout] 27 |     #[serde(rename = "requestId")]
[INFO] [stdout] 28 |     request_id: String,
[INFO] [stdout]    |     ^^^^^^^^^^
[INFO] [stdout] ...
[INFO] [stdout] 33 |     search_time: Option<f64>,
[INFO] [stdout]    |     ^^^^^^^^^^^
[INFO] [stdout]    |
[INFO] [stdout]    = note: `ExaSearchResponse` has a derived impl for the trait `Debug`, but this is intentionally ignored during dead code analysis
[INFO] [stdout] 
[INFO] [stdout] 
[INFO] [stdout] warning: field `search_information` is never read
[INFO] [stdout]   --> src/providers/google.rs:34:5
[INFO] [stdout]    |
[INFO] [stdout] 30 | struct GoogleSearchResponse {
[INFO] [stdout]    |        -------------------- field in this struct
[INFO] [stdout] ...
[INFO] [stdout] 34 |     search_information: Option<GoogleSearchInfo>,
[INFO] [stdout]    |     ^^^^^^^^^^^^^^^^^^
[INFO] [stdout]    |
[INFO] [stdout]    = note: `GoogleSearchResponse` has a derived impl for the trait `Debug`, but this is intentionally ignored during dead code analysis
[INFO] [stdout] 
[INFO] [stdout] 
[INFO] [stdout] warning: fields `total_results` and `search_time` are never read
[INFO] [stdout]   --> src/providers/google.rs:40:5
[INFO] [stdout]    |
[INFO] [stdout] 38 | struct GoogleSearchInfo {
[INFO] [stdout]    |        ---------------- fields in this struct
[INFO] [stdout] 39 |     #[serde(rename = "totalResults")]
[INFO] [stdout] 40 |     total_results: String,
[INFO] [stdout]    |     ^^^^^^^^^^^^^
[INFO] [stdout] 41 |     #[serde(rename = "searchTime")]
[INFO] [stdout] 42 |     search_time: f64,
[INFO] [stdout]    |     ^^^^^^^^^^^
[INFO] [stdout]    |
[INFO] [stdout]    = note: `GoogleSearchInfo` has a derived impl for the trait `Debug`, but this is intentionally ignored during dead code analysis
[INFO] [stdout] 
[INFO] [stdout] 
[INFO] [stdout] warning: fields `id`, `status`, `created_at`, `processed_at`, and `total_time_taken` are never read
[INFO] [stdout]   --> src/providers/serpapi.rs:23:5
[INFO] [stdout]    |
[INFO] [stdout] 22 | struct SerpApiSearchMetadata {
[INFO] [stdout]    |        --------------------- fields in this struct
[INFO] [stdout] 23 |     id: String,
[INFO] [stdout]    |     ^^
[INFO] [stdout] 24 |     status: String,
[INFO] [stdout]    |     ^^^^^^
[INFO] [stdout] 25 |     created_at: String,
[INFO] [stdout]    |     ^^^^^^^^^^
[INFO] [stdout] 26 |     processed_at: String,
[INFO] [stdout]    |     ^^^^^^^^^^^^
[INFO] [stdout] 27 |     total_time_taken: Option<f32>,
[INFO] [stdout]    |     ^^^^^^^^^^^^^^^^
[INFO] [stdout]    |
[INFO] [stdout]    = note: `SerpApiSearchMetadata` has a derived impl for the trait `Debug`, but this is intentionally ignored during dead code analysis
[INFO] [stdout] 
[INFO] [stdout] 
[INFO] [stdout] warning: fields `total_results`, `time_taken_displayed`, and `query_displayed` are never read
[INFO] [stdout]   --> src/providers/serpapi.rs:32:5
[INFO] [stdout]    |
[INFO] [stdout] 31 | struct SerpApiSearchInformation {
[INFO] [stdout]    |        ------------------------ fields in this struct
[INFO] [stdout] 32 |     total_results: Option<u64>,
[INFO] [stdout]    |     ^^^^^^^^^^^^^
[INFO] [stdout] 33 |     time_taken_displayed: Option<f32>,
[INFO] [stdout]    |     ^^^^^^^^^^^^^^^^^^^^
[INFO] [stdout] 34 |     query_displayed: String,
[INFO] [stdout]    |     ^^^^^^^^^^^^^^^
[INFO] [stdout]    |
[INFO] [stdout]    = note: `SerpApiSearchInformation` has a derived impl for the trait `Debug`, but this is intentionally ignored during dead code analysis
[INFO] [stdout] 
[INFO] [stdout] 
[INFO] [stdout] warning: fields `search_metadata` and `search_information` are never read
[INFO] [stdout]   --> src/providers/serpapi.rs:39:5
[INFO] [stdout]    |
[INFO] [stdout] 38 | struct SerpApiResponse {
[INFO] [stdout]    |        --------------- fields in this struct
[INFO] [stdout] 39 |     search_metadata: Option<SerpApiSearchMetadata>,
[INFO] [stdout]    |     ^^^^^^^^^^^^^^^
[INFO] [stdout] 40 |     search_information: Option<SerpApiSearchInformation>,
[INFO] [stdout]    |     ^^^^^^^^^^^^^^^^^^
[INFO] [stdout]    |
[INFO] [stdout]    = note: `SerpApiResponse` has a derived impl for the trait `Debug`, but this is intentionally ignored during dead code analysis
[INFO] [stdout] 
[INFO] [stdout] 
[INFO] [stdout] warning: fields `answer`, `query`, `response_time`, `images`, and `follow_up_questions` are never read
[INFO] [stdout]   --> src/providers/tavily.rs:26:5
[INFO] [stdout]    |
[INFO] [stdout] 25 | struct TavilyResponse {
[INFO] [stdout]    |        -------------- fields in this struct
[INFO] [stdout] 26 |     answer: Option<String>,
[INFO] [stdout]    |     ^^^^^^
[INFO] [stdout] 27 |     query: String,
[INFO] [stdout]    |     ^^^^^
[INFO] [stdout] 28 |     response_time: Option<f64>,
[INFO] [stdout]    |     ^^^^^^^^^^^^^
[INFO] [stdout] 29 |     images: Option<Vec<String>>,
[INFO] [stdout]    |     ^^^^^^
[INFO] [stdout] 30 |     results: Vec<TavilySearchResult>,
[INFO] [stdout] 31 |     follow_up_questions: Option<Vec<String>>,
[INFO] [stdout]    |     ^^^^^^^^^^^^^^^^^^^
[INFO] [stdout]    |
[INFO] [stdout]    = note: `TavilyResponse` has a derived impl for the trait `Debug`, but this is intentionally ignored during dead code analysis
[INFO] [stdout] 
[INFO] [stdout] 
[INFO] [stdout] warning: structure field `autoPrompt_string` should have a snake case name
[INFO] [stdout]   --> src/providers/exa.rs:30:5
[INFO] [stdout]    |
[INFO] [stdout] 30 |     autoPrompt_string: String,
[INFO] [stdout]    |     ^^^^^^^^^^^^^^^^^ help: convert the identifier to snake case: `auto_prompt_string`
[INFO] [stdout]    |
[INFO] [stdout]    = note: `#[warn(non_snake_case)]` (part of `#[warn(nonstandard_style)]`) on by default
[INFO] [stdout] 
[INFO] [stdout] 
[INFO] [stdout] warning: fields `requires_api_key` and `can_mock` are never read
[INFO] [stdout]   --> tests/provider_comprehensive_tests.rs:21:5
[INFO] [stdout]    |
[INFO] [stdout] 19 | struct ProviderTestConfig {
[INFO] [stdout]    |        ------------------ fields in this struct
[INFO] [stdout] 20 |     name: &'static str,
[INFO] [stdout] 21 |     requires_api_key: bool,
[INFO] [stdout]    |     ^^^^^^^^^^^^^^^^
[INFO] [stdout] 22 |     env_vars: &'static [&'static str],
[INFO] [stdout] 23 |     can_mock: bool,
[INFO] [stdout]    |     ^^^^^^^^
[INFO] [stdout]    |
[INFO] [stdout]    = note: `#[warn(dead_code)]` (part of `#[warn(unused)]`) on by default
[INFO] [stdout] 
[INFO] [stdout] 
[INFO] [stdout] warning: unused import: `std::path::Path`
[INFO] [stdout]  --> tests/cli_tests.rs:6:5
[INFO] [stdout]   |
[INFO] [stdout] 6 | use std::path::Path;
[INFO] [stdout]   |     ^^^^^^^^^^^^^^^
[INFO] [stdout]   |
[INFO] [stdout]   = note: `#[warn(unused_imports)]` (part of `#[warn(unused)]`) on by default
[INFO] [stdout] 
[INFO] [stdout] 
[INFO] [stdout] warning: unused variable: `success`
[INFO] [stdout]    --> tests/cli_tests.rs:182:31
[INFO] [stdout]     |
[INFO] [stdout] 182 |         let (stdout, _stderr, success) = run_cli_command(&[
[INFO] [stdout]     |                               ^^^^^^^ help: if this is intentional, prefix it with an underscore: `_success`
[INFO] [stdout]     |
[INFO] [stdout]     = note: `#[warn(unused_variables)]` (part of `#[warn(unused)]`) on by default
[INFO] [stdout] 
[INFO] [stdout] 
[INFO] [stdout] warning: unused variable: `stderr`
[INFO] [stdout]    --> tests/cli_tests.rs:254:18
[INFO] [stdout]     |
[INFO] [stdout] 254 |     let (stdout, stderr, success) = run_cli_command(&[
[INFO] [stdout]     |                  ^^^^^^ help: if this is intentional, prefix it with an underscore: `_stderr`
[INFO] [stdout] 
[INFO] [stdout] 
[INFO] [stderr]     Finished `release` profile [optimized] target(s) in 1m 53s
[INFO] running `Command { std: "docker" "inspect" "f8fe2413e4ff62114ee640ccde2d682149edaa7f13d8ac99aa5e8efa0e166195", kill_on_drop: false }`
[INFO] running `Command { std: "docker" "exec" "-e" "SOURCE_DIR=/opt/rustwide/workdir" "-e" "CARGO_HOME=/opt/rustwide/cargo-home" "-e" "RUSTUP_HOME=/opt/rustwide/rustup-home" "-e" "CARGO_TARGET_DIR=/opt/rustwide/target" "-e" "CARGO_INCREMENTAL=0" "-e" "RUST_BACKTRACE=full" "-e" "RUSTFLAGS=--cap-lints=warn" "-e" "RUSTDOCFLAGS=--cap-lints=warn" "-w" "/opt/rustwide/workdir" "--user" "0:0" "f8fe2413e4ff62114ee640ccde2d682149edaa7f13d8ac99aa5e8efa0e166195" "/opt/rustwide/cargo-home/bin/cargo" "+1.99.0-beta.8" "test" "--frozen" "--release", kill_on_drop: false }`
[INFO] [stderr] warning: field `api_key` is never read
[INFO] [stderr]   --> src/providers/brave.rs:12:5
[INFO] [stderr]    |
[INFO] [stderr] 11 | pub struct BraveProvider {
[INFO] [stderr]    |            ------------- field in this struct
[INFO] [stderr] 12 |     api_key: String,
[INFO] [stderr]    |     ^^^^^^^
[INFO] [stderr]    |
[INFO] [stderr]    = note: `BraveProvider` has a derived impl for the trait `Debug`, but this is intentionally ignored during dead code analysis
[INFO] [stderr]    = note: `#[warn(dead_code)]` (part of `#[warn(unused)]`) on by default
[INFO] [stderr] 
[INFO] [stderr] warning: fields `request_id` and `search_time` are never read
[INFO] [stderr]   --> src/providers/exa.rs:28:5
[INFO] [stderr]    |
[INFO] [stderr] 26 | struct ExaSearchResponse {
[INFO] [stderr]    |        ----------------- fields in this struct
[INFO] [stderr] 27 |     #[serde(rename = "requestId")]
[INFO] [stderr] 28 |     request_id: String,
[INFO] [stderr]    |     ^^^^^^^^^^
[INFO] [stderr] ...
[INFO] [stderr] 33 |     search_time: Option<f64>,
[INFO] [stderr]    |     ^^^^^^^^^^^
[INFO] [stderr]    |
[INFO] [stderr]    = note: `ExaSearchResponse` has a derived impl for the trait `Debug`, but this is intentionally ignored during dead code analysis
[INFO] [stderr] 
[INFO] [stderr] warning: field `search_information` is never read
[INFO] [stderr]   --> src/providers/google.rs:34:5
[INFO] [stderr]    |
[INFO] [stderr] 30 | struct GoogleSearchResponse {
[INFO] [stderr]    |        -------------------- field in this struct
[INFO] [stderr] ...
[INFO] [stderr] 34 |     search_information: Option<GoogleSearchInfo>,
[INFO] [stderr]    |     ^^^^^^^^^^^^^^^^^^
[INFO] [stderr]    |
[INFO] [stderr]    = note: `GoogleSearchResponse` has a derived impl for the trait `Debug`, but this is intentionally ignored during dead code analysis
[INFO] [stderr] 
[INFO] [stderr] warning: fields `total_results` and `search_time` are never read
[INFO] [stderr]   --> src/providers/google.rs:40:5
[INFO] [stderr]    |
[INFO] [stderr] 38 | struct GoogleSearchInfo {
[INFO] [stderr]    |        ---------------- fields in this struct
[INFO] [stderr] 39 |     #[serde(rename = "totalResults")]
[INFO] [stderr] 40 |     total_results: String,
[INFO] [stderr]    |     ^^^^^^^^^^^^^
[INFO] [stderr] 41 |     #[serde(rename = "searchTime")]
[INFO] [stderr] 42 |     search_time: f64,
[INFO] [stderr]    |     ^^^^^^^^^^^
[INFO] [stderr]    |
[INFO] [stderr]    = note: `GoogleSearchInfo` has a derived impl for the trait `Debug`, but this is intentionally ignored during dead code analysis
[INFO] [stderr] 
[INFO] [stderr] warning: fields `id`, `status`, `created_at`, `processed_at`, and `total_time_taken` are never read
[INFO] [stderr]   --> src/providers/serpapi.rs:23:5
[INFO] [stderr]    |
[INFO] [stderr] 22 | struct SerpApiSearchMetadata {
[INFO] [stderr]    |        --------------------- fields in this struct
[INFO] [stderr] 23 |     id: String,
[INFO] [stderr]    |     ^^
[INFO] [stderr] 24 |     status: String,
[INFO] [stderr]    |     ^^^^^^
[INFO] [stderr] 25 |     created_at: String,
[INFO] [stderr]    |     ^^^^^^^^^^
[INFO] [stderr] 26 |     processed_at: String,
[INFO] [stderr]    |     ^^^^^^^^^^^^
[INFO] [stderr] 27 |     total_time_taken: Option<f32>,
[INFO] [stderr]    |     ^^^^^^^^^^^^^^^^
[INFO] [stderr]    |
[INFO] [stderr]    = note: `SerpApiSearchMetadata` has a derived impl for the trait `Debug`, but this is intentionally ignored during dead code analysis
[INFO] [stderr] 
[INFO] [stderr] warning: fields `total_results`, `time_taken_displayed`, and `query_displayed` are never read
[INFO] [stderr]   --> src/providers/serpapi.rs:32:5
[INFO] [stderr]    |
[INFO] [stderr] 31 | struct SerpApiSearchInformation {
[INFO] [stderr]    |        ------------------------ fields in this struct
[INFO] [stderr] 32 |     total_results: Option<u64>,
[INFO] [stderr]    |     ^^^^^^^^^^^^^
[INFO] [stderr] 33 |     time_taken_displayed: Option<f32>,
[INFO] [stderr]    |     ^^^^^^^^^^^^^^^^^^^^
[INFO] [stderr] 34 |     query_displayed: String,
[INFO] [stderr]    |     ^^^^^^^^^^^^^^^
[INFO] [stderr]    |
[INFO] [stderr]    = note: `SerpApiSearchInformation` has a derived impl for the trait `Debug`, but this is intentionally ignored during dead code analysis
[INFO] [stderr] 
[INFO] [stderr] warning: fields `search_metadata` and `search_information` are never read
[INFO] [stderr]   --> src/providers/serpapi.rs:39:5
[INFO] [stderr]    |
[INFO] [stderr] 38 | struct SerpApiResponse {
[INFO] [stderr]    |        --------------- fields in this struct
[INFO] [stderr] 39 |     search_metadata: Option<SerpApiSearchMetadata>,
[INFO] [stderr]    |     ^^^^^^^^^^^^^^^
[INFO] [stderr] 40 |     search_information: Option<SerpApiSearchInformation>,
[INFO] [stderr]    |     ^^^^^^^^^^^^^^^^^^
[INFO] [stderr]    |
[INFO] [stderr]    = note: `SerpApiResponse` has a derived impl for the trait `Debug`, but this is intentionally ignored during dead code analysis
[INFO] [stderr] 
[INFO] [stderr] warning: fields `answer`, `query`, `response_time`, `images`, and `follow_up_questions` are never read
[INFO] [stderr]   --> src/providers/tavily.rs:26:5
[INFO] [stderr]    |
[INFO] [stderr] 25 | struct TavilyResponse {
[INFO] [stderr]    |        -------------- fields in this struct
[INFO] [stderr] 26 |     answer: Option<String>,
[INFO] [stderr]    |     ^^^^^^
[INFO] [stderr] 27 |     query: String,
[INFO] [stderr]    |     ^^^^^
[INFO] [stderr] 28 |     response_time: Option<f64>,
[INFO] [stderr]    |     ^^^^^^^^^^^^^
[INFO] [stderr] 29 |     images: Option<Vec<String>>,
[INFO] [stderr]    |     ^^^^^^
[INFO] [stderr] 30 |     results: Vec<TavilySearchResult>,
[INFO] [stderr] 31 |     follow_up_questions: Option<Vec<String>>,
[INFO] [stderr]    |     ^^^^^^^^^^^^^^^^^^^
[INFO] [stderr]    |
[INFO] [stderr]    = note: `TavilyResponse` has a derived impl for the trait `Debug`, but this is intentionally ignored during dead code analysis
[INFO] [stderr] 
[INFO] [stderr] warning: structure field `autoPrompt_string` should have a snake case name
[INFO] [stderr]   --> src/providers/exa.rs:30:5
[INFO] [stderr]    |
[INFO] [stderr] 30 |     autoPrompt_string: String,
[INFO] [stderr]    |     ^^^^^^^^^^^^^^^^^ help: convert the identifier to snake case: `auto_prompt_string`
[INFO] [stderr]    |
[INFO] [stderr]    = note: `#[warn(non_snake_case)]` (part of `#[warn(nonstandard_style)]`) on by default
[INFO] [stderr] 
[INFO] [stderr] warning: `websearch` (lib) generated 9 warnings
[INFO] [stderr] warning: fields `requires_api_key` and `can_mock` are never read
[INFO] [stderr]   --> tests/provider_comprehensive_tests.rs:21:5
[INFO] [stderr]    |
[INFO] [stderr] 19 | struct ProviderTestConfig {
[INFO] [stderr]    |        ------------------ fields in this struct
[INFO] [stderr] 20 |     name: &'static str,
[INFO] [stderr] 21 |     requires_api_key: bool,
[INFO] [stderr]    |     ^^^^^^^^^^^^^^^^
[INFO] [stderr] 22 |     env_vars: &'static [&'static str],
[INFO] [stderr] 23 |     can_mock: bool,
[INFO] [stderr]    |     ^^^^^^^^
[INFO] [stderr]    |
[INFO] [stderr]    = note: `#[warn(dead_code)]` (part of `#[warn(unused)]`) on by default
[INFO] [stderr] 
[INFO] [stderr] warning: unused variable: `provider`
[INFO] [stderr]    --> src/providers/tavily.rs:306:13
[INFO] [stderr]     |
[INFO] [stderr] 306 |         let provider = TavilyProvider::new("tvly-test-valid-api-key-format").unwrap();
[INFO] [stderr]     |             ^^^^^^^^ help: if this is intentional, prefix it with an underscore: `_provider`
[INFO] [stderr]     |
[INFO] [stderr]     = note: `#[warn(unused_variables)]` (part of `#[warn(unused)]`) on by default
[INFO] [stderr] 
[INFO] [stderr] warning: unused import: `std::path::Path`
[INFO] [stderr]  --> tests/cli_tests.rs:6:5
[INFO] [stderr]   |
[INFO] [stderr] 6 | use std::path::Path;
[INFO] [stderr]   |     ^^^^^^^^^^^^^^^
[INFO] [stderr]   |
[INFO] [stderr]   = note: `#[warn(unused_imports)]` (part of `#[warn(unused)]`) on by default
[INFO] [stderr] 
[INFO] [stderr] warning: unused variable: `success`
[INFO] [stderr]    --> tests/cli_tests.rs:182:31
[INFO] [stderr]     |
[INFO] [stderr] 182 |         let (stdout, _stderr, success) = run_cli_command(&[
[INFO] [stderr]     |                               ^^^^^^^ help: if this is intentional, prefix it with an underscore: `_success`
[INFO] [stderr]     |
[INFO] [stderr]     = note: `#[warn(unused_variables)]` (part of `#[warn(unused)]`) on by default
[INFO] [stderr] 
[INFO] [stderr] warning: unused variable: `stderr`
[INFO] [stderr]    --> tests/cli_tests.rs:254:18
[INFO] [stderr]     |
[INFO] [stderr] 254 |     let (stdout, stderr, success) = run_cli_command(&[
[INFO] [stderr]     |                  ^^^^^^ help: if this is intentional, prefix it with an underscore: `_stderr`
[INFO] [stderr] 
[INFO] [stderr] warning: `websearch` (test "provider_comprehensive_tests") generated 1 warning
[INFO] [stderr] warning: `websearch` (lib test) generated 10 warnings (9 duplicates) (run `cargo fix --lib -p websearch --tests` to apply 1 suggestion)
[INFO] [stderr] warning: `websearch` (test "cli_tests") generated 3 warnings (run `cargo fix --test "cli_tests" -p websearch` to apply 3 suggestions)
[INFO] [stderr]     Finished `release` profile [optimized] target(s) in 0.31s
[INFO] [stderr]      Running unittests src/lib.rs (/opt/rustwide/target/release/deps/websearch-638d1a1860e1eabd)
[INFO] [stdout] 
[INFO] [stdout] running 29 tests
[INFO] [stdout] test multi_provider::tests::test_race_first_strategy_with_first_provider_failing ... ok
[INFO] [stdout] test multi_provider::tests::test_multi_provider_config ... ok
[INFO] [stdout] test multi_provider::tests::test_provider_stats_tracking ... ok
[INFO] [stdout] test multi_provider::tests::test_race_first_strategy ... ok
[INFO] [stdout] test providers::tavily::tests::test_extract_domain ... ok
[INFO] [stdout] test multi_provider::tests::test_max_results_in_aggregate ... ok
[INFO] [stdout] test providers::tavily::tests::test_tavily_provider_advanced ... ok
[INFO] [stdout] test multi_provider::tests::test_load_balance_strategy ... ok
[INFO] [stdout] test multi_provider::tests::test_aggregate_strategy_with_one_provider_failing ... ok
[INFO] [stdout] test multi_provider::tests::test_aggregate_strategy_all_providers_failing ... ok
[INFO] [stdout] test multi_provider::tests::test_failover_strategy_all_providers_failing ... ok
[INFO] [stdout] test multi_provider::tests::test_failover_strategy_with_first_provider_failing ... ok
[INFO] [stdout] test multi_provider::tests::test_failover_strategy_success ... ok
[INFO] [stdout] test multi_provider::tests::test_empty_providers_config ... ok
[INFO] [stdout] test multi_provider::tests::test_aggregate_strategy ... ok
[INFO] [stdout] test multi_provider::tests::test_timeout_functionality ... ok
[INFO] [stdout] test tests::test_web_search_success ... ok
[INFO] [stdout] test providers::tavily::tests::test_tavily_provider_configuration ... ok
[INFO] [stdout] test tests::test_web_search_empty_query ... ok
[INFO] [stdout] test providers::tavily::tests::test_tavily_search_empty_query ... ok
[INFO] [stdout] test tests::test_web_search_with_arxiv_id_list ... ok
[INFO] [stdout] test providers::tavily::tests::test_tavily_search_depth_validation ... ok
[INFO] [stdout] test providers::tavily::tests::test_tavily_provider_new ... ok
[INFO] [stdout] test tests::test_troubleshooting_info_providers ... ok
[INFO] [stdout] test tests::test_web_search_max_results ... ok
[INFO] [stdout] test providers::tavily::tests::test_tavily_provider_config ... ok
[INFO] [stdout] test providers::tavily::tests::test_tavily_provider_name ... ok
[INFO] [stdout] test tests::test_web_search_provider_error ... ok
[INFO] [stdout] test tests::test_troubleshooting_info_http_errors ... ok
[INFO] [stdout] 
[INFO] [stdout] test result: ok. 29 passed; 0 failed; 0 ignored; 0 measured; 0 filtered out; finished in 0.11s
[INFO] [stdout] 
[INFO] [stderr]      Running unittests src/bin/main.rs (/opt/rustwide/target/release/deps/websearch-d116c0741ddfed5b)
[INFO] [stderr]      Running tests/cli_tests.rs (/opt/rustwide/target/release/deps/cli_tests-57c2015c2ba9b0dc)
[INFO] [stdout] 
[INFO] [stdout] running 0 tests
[INFO] [stdout] 
[INFO] [stdout] test result: ok. 0 passed; 0 failed; 0 ignored; 0 measured; 0 filtered out; finished in 0.00s
[INFO] [stdout] 
[INFO] [stdout] 
[INFO] [stdout] running 18 tests
[INFO] [stdout] test test_default_search_with_provider ... FAILED
[INFO] [stdout] test test_arxiv_paper_search has been running for over 60 seconds
[INFO] [stdout] test test_arxiv_search_flags has been running for over 60 seconds
[INFO] [stdout] test test_cli_binary_builds has been running for over 60 seconds
[INFO] [stdout] test test_cli_comprehensive_flag_validation has been running for over 60 seconds
[INFO] [stdout] test test_cli_help has been running for over 60 seconds
[INFO] [stdout] test test_cli_version has been running for over 60 seconds
[INFO] [stdout] test test_debug_flag has been running for over 60 seconds
[INFO] [stdout] test test_duckduckgo_search_dry_run has been running for over 60 seconds
[INFO] [stdout] test test_empty_query_handling has been running for over 60 seconds
[INFO] [stdout] test test_invalid_provider has been running for over 60 seconds
[INFO] [stdout] test test_json_output_format has been running for over 60 seconds
[INFO] [stdout] test test_max_results_parameter has been running for over 60 seconds
[INFO] [stdout] test test_missing_api_key_error has been running for over 60 seconds
[INFO] [stdout] test test_multi_search_help has been running for over 60 seconds
[INFO] [stdout] test test_multi_search_strategies has been running for over 60 seconds
[INFO] [stdout] test test_empty_query_handling ... ok
[INFO] [stdout] test test_duckduckgo_search_dry_run ... ok
[INFO] [stdout] test test_arxiv_paper_search ... ok
[INFO] [stdout] test test_arxiv_search_flags ... ok
[INFO] [stdout] test test_missing_api_key_error ... ok
[INFO] [stdout] test test_json_output_format ... ok
[INFO] [stdout] test test_cli_binary_builds ... ok
[INFO] [stdout] test test_max_results_parameter ... ok
[INFO] [stdout] test test_debug_flag ... ok
[INFO] [stdout] test test_output_formats has been running for over 60 seconds
[INFO] [stdout] test test_multi_search_help ... ok
[INFO] [stdout] test test_cli_help ... ok
[INFO] [stdout] test test_cli_version ... ok
[INFO] [stdout] test test_invalid_provider ... ok
[INFO] [stdout] test test_providers_command ... ok
[INFO] [stdout] test test_multi_search_strategies ... ok
[INFO] [stdout] test test_output_formats ... ok
[INFO] [stdout] test test_cli_comprehensive_flag_validation ... FAILED
[INFO] [stdout] 
[INFO] [stdout] failures:
[INFO] [stdout] 
[INFO] [stdout] ---- test_default_search_with_provider stdout ----
[INFO] [stdout] 
[INFO] [stdout] thread 'test_default_search_with_provider' (4434) panicked at tests/cli_tests.rs:80:5:
[INFO] [stdout] Default search help should succeed
[INFO] [stdout] stack backtrace:
[INFO] [stdout]    0:     0x55a3b93e62e1 - <<std[70759c8f55707aa4]::sys::backtrace::BacktraceLock>::print::DisplayBacktrace as core[df12db4294e9bfd3]::fmt::Display>::fmt
[INFO] [stdout]    1:     0x55a3b93fa4ba - core[df12db4294e9bfd3]::fmt::write
[INFO] [stdout]    2:     0x55a3b93ea77c - <alloc[2182bb758b4b3781]::vec::Vec<u8> as core[df12db4294e9bfd3]::io::write::Write>::write_fmt
[INFO] [stdout]    3:     0x55a3b93c27d6 - std[70759c8f55707aa4]::panicking::default_hook::{closure#0}
[INFO] [stdout]    4:     0x55a3b93dea49 - std[70759c8f55707aa4]::panicking::default_hook
[INFO] [stdout]    5:     0x55a3b937add0 - test[9d35eded1c95d3be]::test_main_inner::<test[9d35eded1c95d3be]::test_main_static::{closure#0}>::{closure#0}
[INFO] [stdout]    6:     0x55a3b93dec02 - std[70759c8f55707aa4]::panicking::panic_with_hook
[INFO] [stdout]    7:     0x55a3b93c28b4 - std[70759c8f55707aa4]::panicking::panic_handler::{closure#0}
[INFO] [stdout]    8:     0x55a3b93bb609 - std[70759c8f55707aa4]::sys::backtrace::__rust_end_short_backtrace::<std[70759c8f55707aa4]::panicking::panic_handler::{closure#0}, !>
[INFO] [stdout]    9:     0x55a3b93c347d - __rustc[8fa7c3cbc660c2b3]::rust_begin_unwind
[INFO] [stdout]   10:     0x55a3b93fabec - core[df12db4294e9bfd3]::panicking::panic_fmt
[INFO] [stdout]   11:     0x55a3b936d85e - <cli_tests[7b54a264dc22f4ea]::test_default_search_with_provider::{closure#0} as core[df12db4294e9bfd3]::ops::function::FnOnce<()>>::call_once
[INFO] [stdout]   12:     0x55a3b936e0bb - test[9d35eded1c95d3be]::__rust_begin_short_backtrace::<core[df12db4294e9bfd3]::result::Result<(), alloc[2182bb758b4b3781]::string::String>, fn() -> core[df12db4294e9bfd3]::result::Result<(), alloc[2182bb758b4b3781]::string::String>>
[INFO] [stdout]   13:     0x55a3b937b725 - test[9d35eded1c95d3be]::run_test::{closure#0}
[INFO] [stdout]   14:     0x55a3b9374fe4 - std[70759c8f55707aa4]::sys::backtrace::__rust_begin_short_backtrace::<test[9d35eded1c95d3be]::run_test::{closure#1}, ()>
[INFO] [stdout]   15:     0x55a3b937e882 - <std[70759c8f55707aa4]::thread::lifecycle::spawn_unchecked<test[9d35eded1c95d3be]::run_test::{closure#1}, ()>::{closure#1} as core[df12db4294e9bfd3]::ops::function::FnOnce<()>>::call_once::{shim:vtable#0}
[INFO] [stdout]   16:     0x55a3b93e5bb9 - <std[70759c8f55707aa4]::sys::thread::unix::Thread>::new::thread_start
[INFO] [stdout]   17:     0x7ca4c317edfa - <unknown>
[INFO] [stdout]   18:     0x7ca4c32123d4 - clone
[INFO] [stdout]   19:                0x0 - <unknown>
[INFO] [stdout] 
[INFO] [stdout] ---- test_cli_comprehensive_flag_validation stdout ----
[INFO] [stdout] 
[INFO] [stdout] thread 'test_cli_comprehensive_flag_validation' (4430) panicked at tests/cli_tests.rs:298:13:
[INFO] [stdout] Command ["multi", "test", "--strategy", "aggregate"] should succeed or show meaningful output
[INFO] [stdout] stack backtrace:
[INFO] [stdout]    0:     0x55a3b93e62e1 - <<std[70759c8f55707aa4]::sys::backtrace::BacktraceLock>::print::DisplayBacktrace as core[df12db4294e9bfd3]::fmt::Display>::fmt
[INFO] [stdout]    1:     0x55a3b93fa4ba - core[df12db4294e9bfd3]::fmt::write
[INFO] [stdout]    2:     0x55a3b93ea77c - <alloc[2182bb758b4b3781]::vec::Vec<u8> as core[df12db4294e9bfd3]::io::write::Write>::write_fmt
[INFO] [stdout]    3:     0x55a3b93c27d6 - std[70759c8f55707aa4]::panicking::default_hook::{closure#0}
[INFO] [stdout]    4:     0x55a3b93dea49 - std[70759c8f55707aa4]::panicking::default_hook
[INFO] [stdout]    5:     0x55a3b937add0 - test[9d35eded1c95d3be]::test_main_inner::<test[9d35eded1c95d3be]::test_main_static::{closure#0}>::{closure#0}
[INFO] [stdout]    6:     0x55a3b93dec02 - std[70759c8f55707aa4]::panicking::panic_with_hook
[INFO] [stdout]    7:     0x55a3b93c2882 - std[70759c8f55707aa4]::panicking::panic_handler::{closure#0}
[INFO] [stdout]    8:     0x55a3b93bb609 - std[70759c8f55707aa4]::sys::backtrace::__rust_end_short_backtrace::<std[70759c8f55707aa4]::panicking::panic_handler::{closure#0}, !>
[INFO] [stdout]    9:     0x55a3b93c347d - __rustc[8fa7c3cbc660c2b3]::rust_begin_unwind
[INFO] [stdout]   10:     0x55a3b93fabec - core[df12db4294e9bfd3]::panicking::panic_fmt
[INFO] [stdout]   11:     0x55a3b936def3 - <cli_tests[7b54a264dc22f4ea]::test_cli_comprehensive_flag_validation::{closure#0} as core[df12db4294e9bfd3]::ops::function::FnOnce<()>>::call_once
[INFO] [stdout]   12:     0x55a3b936e0bb - test[9d35eded1c95d3be]::__rust_begin_short_backtrace::<core[df12db4294e9bfd3]::result::Result<(), alloc[2182bb758b4b3781]::string::String>, fn() -> core[df12db4294e9bfd3]::result::Result<(), alloc[2182bb758b4b3781]::string::String>>
[INFO] [stdout]   13:     0x55a3b937b725 - test[9d35eded1c95d3be]::run_test::{closure#0}
[INFO] [stdout]   14:     0x55a3b9374fe4 - std[70759c8f55707aa4]::sys::backtrace::__rust_begin_short_backtrace::<test[9d35eded1c95d3be]::run_test::{closure#1}, ()>
[INFO] [stdout]   15:     0x55a3b937e882 - <std[70759c8f55707aa4]::thread::lifecycle::spawn_unchecked<test[9d35eded1c95d3be]::run_test::{closure#1}, ()>::{closure#1} as core[df12db4294e9bfd3]::ops::function::FnOnce<()>>::call_once::{shim:vtable#0}
[INFO] [stdout]   16:     0x55a3b93e5bb9 - <std[70759c8f55707aa4]::sys::thread::unix::Thread>::new::thread_start
[INFO] [stdout]   17:     0x7ca4c317edfa - <unknown>
[INFO] [stdout]   18:     0x7ca4c32123d4 - clone
[INFO] [stdout]   19:                0x0 - <unknown>
[INFO] [stdout] 
[INFO] [stdout] 
[INFO] [stdout] failures:
[INFO] [stdout]     test_cli_comprehensive_flag_validation
[INFO] [stdout]     test_default_search_with_provider
[INFO] [stdout] 
[INFO] [stdout] test result: FAILED. 16 passed; 2 failed; 0 ignored; 0 measured; 0 filtered out; finished in 82.74s
[INFO] [stdout] 
[INFO] [stderr] error: test failed, to rerun pass `--test cli_tests`
[INFO] running `Command { std: "docker" "inspect" "f8fe2413e4ff62114ee640ccde2d682149edaa7f13d8ac99aa5e8efa0e166195", kill_on_drop: false }`
[INFO] running `Command { std: "docker" "rm" "-f" "f8fe2413e4ff62114ee640ccde2d682149edaa7f13d8ac99aa5e8efa0e166195", kill_on_drop: false }`
[INFO] [stdout] f8fe2413e4ff62114ee640ccde2d682149edaa7f13d8ac99aa5e8efa0e166195
