[INFO] fetching crate webpki-ccadb 0.2.2...
[INFO] testing webpki-ccadb-0.2.2 against 1.100.0-beta.1+cargoflags=--release for beta-release-1.100-2
[INFO] extracting crate webpki-ccadb 0.2.2 into /workspace/builds/worker-1-tc2/source
[INFO] started tweaking crates.io crate webpki-ccadb 0.2.2
[INFO] finished tweaking crates.io crate webpki-ccadb 0.2.2
[INFO] tweaked toml for crates.io crate webpki-ccadb 0.2.2 written to /workspace/builds/worker-1-tc2/source/Cargo.toml
[INFO] validating manifest of crates.io crate webpki-ccadb 0.2.2 on toolchain 1.100.0-beta.1
[INFO] running `Command { std: CARGO_HOME="/workspace/cargo-home" RUSTUP_HOME="/workspace/rustup-home" "/workspace/cargo-home/bin/cargo" "+1.100.0-beta.1" "metadata" "--manifest-path" "Cargo.toml" "--no-deps", kill_on_drop: false }`
[INFO] crate crates.io crate webpki-ccadb 0.2.2 already has a lockfile, it will not be regenerated
[INFO] running `Command { std: CARGO_HOME="/workspace/cargo-home" RUSTUP_HOME="/workspace/rustup-home" "/workspace/cargo-home/bin/cargo" "+1.100.0-beta.1" "fetch" "--manifest-path" "Cargo.toml", kill_on_drop: false }`
[INFO] [stderr] warning: `package.homepage` is redundant with `package.repository`
[INFO] [stderr]   --> Cargo.toml:63:12
[INFO] [stderr]    |
[INFO] [stderr] 63 | homepage = "https://github.com/rustls/webpki-roots"
[INFO] [stderr]    |            ^^^^^^^^^^^^^^^^^^^^^^^^^^^^^^^^^^^^^^^^
[INFO] [stderr] ...
[INFO] [stderr] 67 | repository = "https://github.com/rustls/webpki-roots"
[INFO] [stderr]    |              ----------------------------------------
[INFO] [stderr]    |
[INFO] [stderr]    = note: `cargo::redundant_homepage` is set to `warn` by default
[INFO] [stderr] help: consider removing `package.homepage`
[INFO] [stderr] warning: `webpki-ccadb` (manifest) generated 1 warning
[INFO] running `Command { std: "docker" "create" "-v" "/var/lib/crater-agent-workspace/builds/worker-1-tc2/source:/opt/rustwide/workdir:ro,Z" "-v" "/var/lib/crater-agent-workspace/builds/worker-1-tc2/target:/opt/rustwide/target:rw,Z" "-v" "/var/lib/crater-agent-workspace/cargo-home:/opt/rustwide/cargo-home:ro,Z" "-v" "/var/lib/crater-agent-workspace/rustup-home:/opt/rustwide/rustup-home:ro,Z" "-m" "1610612736" "--network" "none" "ghcr.io/rust-lang/crates-build-env/linux@sha256:77db811e55d90add9212f6832c23229e3de5f1c1f9905e8cb07319ea15df73ac" "sleep" "infinity", kill_on_drop: false }`
[INFO] [stdout] 4a2d79ed82de21797e358d3c22f51042b5aab753d946eb552da1bb317b4b2a94
[INFO] running `Command { std: "docker" "start" "4a2d79ed82de21797e358d3c22f51042b5aab753d946eb552da1bb317b4b2a94", kill_on_drop: false }`
[INFO] running `Command { std: "docker" "inspect" "4a2d79ed82de21797e358d3c22f51042b5aab753d946eb552da1bb317b4b2a94", kill_on_drop: false }`
[INFO] running `Command { std: "docker" "exec" "-e" "SOURCE_DIR=/opt/rustwide/workdir" "-e" "CARGO_HOME=/opt/rustwide/cargo-home" "-e" "RUSTUP_HOME=/opt/rustwide/rustup-home" "-e" "CARGO_TARGET_DIR=/opt/rustwide/target" "-w" "/opt/rustwide/workdir" "--user" "0:0" "4a2d79ed82de21797e358d3c22f51042b5aab753d946eb552da1bb317b4b2a94" "/opt/rustwide/cargo-home/bin/cargo" "+1.100.0-beta.1" "metadata" "--no-deps" "--format-version=1", kill_on_drop: false }`
[INFO] running `Command { std: "docker" "inspect" "4a2d79ed82de21797e358d3c22f51042b5aab753d946eb552da1bb317b4b2a94", kill_on_drop: false }`
[INFO] running `Command { std: "docker" "exec" "-e" "SOURCE_DIR=/opt/rustwide/workdir" "-e" "CARGO_HOME=/opt/rustwide/cargo-home" "-e" "RUSTUP_HOME=/opt/rustwide/rustup-home" "-e" "CARGO_TARGET_DIR=/opt/rustwide/target" "-e" "CARGO_INCREMENTAL=0" "-e" "RUST_BACKTRACE=full" "-e" "RUSTFLAGS=--cap-lints=warn" "-e" "RUSTDOCFLAGS=--cap-lints=warn" "-w" "/opt/rustwide/workdir" "--user" "0:0" "4a2d79ed82de21797e358d3c22f51042b5aab753d946eb552da1bb317b4b2a94" "/opt/rustwide/cargo-home/bin/cargo" "+1.100.0-beta.1" "build" "--frozen" "--message-format=json" "--release", kill_on_drop: false }`
[INFO] [stderr] warning: `package.homepage` is redundant with `package.repository`
[INFO] [stderr]   --> Cargo.toml:63:12
[INFO] [stderr]    |
[INFO] [stderr] 63 | homepage = "https://github.com/rustls/webpki-roots"
[INFO] [stderr]    |            ^^^^^^^^^^^^^^^^^^^^^^^^^^^^^^^^^^^^^^^^
[INFO] [stderr] ...
[INFO] [stderr] 67 | repository = "https://github.com/rustls/webpki-roots"
[INFO] [stderr]    |              ----------------------------------------
[INFO] [stderr]    |
[INFO] [stderr]    = note: `cargo::redundant_homepage` is set to `warn` by default
[INFO] [stderr] help: consider removing `package.homepage`
[INFO] [stderr] warning: `webpki-ccadb` (manifest) generated 1 warning
[INFO] [stderr]    Compiling fs_extra v1.3.0
[INFO] [stderr]    Compiling dunce v1.0.5
[INFO] [stderr]    Compiling libc v0.2.189
[INFO] [stderr]    Compiling num-traits v0.2.19
[INFO] [stderr]    Compiling aws-lc-rs v1.17.3
[INFO] [stderr]    Compiling http v1.4.2
[INFO] [stderr]    Compiling serde_core v1.0.229
[INFO] [stderr]    Compiling rustls-pki-types v1.15.1
[INFO] [stderr]    Compiling futures-task v0.3.33
[INFO] [stderr]    Compiling rustls v0.23.42
[INFO] [stderr]    Compiling displaydoc v0.2.7
[INFO] [stderr]    Compiling thiserror v2.0.19
[INFO] [stderr]    Compiling slab v0.4.12
[INFO] [stderr]    Compiling thiserror-impl v2.0.19
[INFO] [stderr]    Compiling nom v7.1.3
[INFO] [stderr]    Compiling time v0.3.54
[INFO] [stderr]    Compiling asn1-rs-derive v0.6.0
[INFO] [stderr]    Compiling asn1-rs-impl v0.2.0
[INFO] [stderr]    Compiling futures-util v0.3.33
[INFO] [stderr]    Compiling futures-channel v0.3.33
[INFO] [stderr]    Compiling form_urlencoded v1.2.2
[INFO] [stderr]    Compiling oid-registry v0.8.1
[INFO] [stderr]    Compiling csv-core v0.1.13
[INFO] [stderr]    Compiling data-encoding v2.11.0
[INFO] [stderr]    Compiling jiff-core v0.1.1
[INFO] [stderr]    Compiling yasna v0.6.0
[INFO] [stderr]    Compiling tinystr v0.8.3
[INFO] [stderr]    Compiling zerotrie v0.2.4
[INFO] [stderr]    Compiling icu_collections v2.2.0
[INFO] [stderr]    Compiling rustls-native-certs v0.8.4
[INFO] [stderr]    Compiling icu_locale_core v2.2.0
[INFO] [stderr]    Compiling num-integer v0.1.46
[INFO] [stderr]    Compiling http-body v1.1.0
[INFO] [stderr]    Compiling hyper v1.11.0
[INFO] [stderr]    Compiling http-body-util v0.1.4
[INFO] [stderr]    Compiling num-bigint v0.4.8
[INFO] [stderr]    Compiling jobserver v0.1.35
[INFO] [stderr]    Compiling num-bigint v0.5.1
[INFO] [stderr]    Compiling cc v1.4.0
[INFO] [stderr]    Compiling hyper-util v0.1.20
[INFO] [stderr]    Compiling tower v0.5.3
[INFO] [stderr]    Compiling icu_provider v2.2.0
[INFO] [stderr]    Compiling cmake v0.1.58
[INFO] [stderr]    Compiling rusticata-macros v4.1.0
[INFO] [stderr]    Compiling icu_properties v2.2.0
[INFO] [stderr]    Compiling icu_normalizer v2.2.0
[INFO] [stderr]    Compiling asn1-rs v0.7.2
[INFO] [stderr]    Compiling aws-lc-sys v0.43.0
[INFO] [stderr]    Compiling serde v1.0.229
[INFO] [stderr]    Compiling serde_json v1.0.151
[INFO] [stderr]    Compiling jiff v0.2.37
[INFO] [stderr]    Compiling csv v1.4.0
[INFO] [stderr]    Compiling der-parser v10.0.0
[INFO] [stderr]    Compiling idna_adapter v1.2.2
[INFO] [stderr]    Compiling x509-parser v0.18.1
[INFO] [stderr]    Compiling idna v1.1.0
[INFO] [stderr]    Compiling url v2.5.8
[INFO] [stderr]    Compiling tower-http v0.6.11
[INFO] [stderr]    Compiling rustls-webpki v0.103.13
[INFO] [stderr]    Compiling tokio-rustls v0.26.4
[INFO] [stderr]    Compiling rustls-platform-verifier v0.7.0
[INFO] [stderr]    Compiling hyper-rustls v0.27.9
[INFO] [stderr]    Compiling reqwest v0.13.4
[INFO] [stderr]    Compiling webpki-ccadb v0.2.2 (/opt/rustwide/workdir)
[INFO] [stderr]     Finished `release` profile [optimized] target(s) in 1m 52s
[INFO] running `Command { std: "docker" "inspect" "4a2d79ed82de21797e358d3c22f51042b5aab753d946eb552da1bb317b4b2a94", kill_on_drop: false }`
[INFO] running `Command { std: "docker" "exec" "-e" "SOURCE_DIR=/opt/rustwide/workdir" "-e" "CARGO_HOME=/opt/rustwide/cargo-home" "-e" "RUSTUP_HOME=/opt/rustwide/rustup-home" "-e" "CARGO_TARGET_DIR=/opt/rustwide/target" "-e" "CARGO_INCREMENTAL=0" "-e" "RUST_BACKTRACE=full" "-e" "RUSTFLAGS=--cap-lints=warn" "-e" "RUSTDOCFLAGS=--cap-lints=warn" "-w" "/opt/rustwide/workdir" "--user" "0:0" "4a2d79ed82de21797e358d3c22f51042b5aab753d946eb552da1bb317b4b2a94" "/opt/rustwide/cargo-home/bin/cargo" "+1.100.0-beta.1" "test" "--frozen" "--no-run" "--message-format=json" "--release", kill_on_drop: false }`
[INFO] [stderr] warning: `package.homepage` is redundant with `package.repository`
[INFO] [stderr]   --> Cargo.toml:63:12
[INFO] [stderr]    |
[INFO] [stderr] 63 | homepage = "https://github.com/rustls/webpki-roots"
[INFO] [stderr]    |            ^^^^^^^^^^^^^^^^^^^^^^^^^^^^^^^^^^^^^^^^
[INFO] [stderr] ...
[INFO] [stderr] 67 | repository = "https://github.com/rustls/webpki-roots"
[INFO] [stderr]    |              ----------------------------------------
[INFO] [stderr]    |
[INFO] [stderr]    = note: `cargo::redundant_homepage` is set to `warn` by default
[INFO] [stderr] help: consider removing `package.homepage`
[INFO] [stderr] warning: `webpki-ccadb` (manifest) generated 1 warning
[INFO] [stderr]    Compiling tokio-macros v2.7.1
[INFO] [stderr]    Compiling tokio v1.53.1
[INFO] [stderr]    Compiling hyper v1.11.0
[INFO] [stderr]    Compiling tower v0.5.3
[INFO] [stderr]    Compiling tokio-rustls v0.26.4
[INFO] [stderr]    Compiling tower-http v0.6.11
[INFO] [stderr]    Compiling hyper-util v0.1.20
[INFO] [stderr]    Compiling hyper-rustls v0.27.9
[INFO] [stderr]    Compiling reqwest v0.13.4
[INFO] [stderr]    Compiling webpki-ccadb v0.2.2 (/opt/rustwide/workdir)
[INFO] [stderr]     Finished `release` profile [optimized] target(s) in 28.26s
[INFO] running `Command { std: "docker" "inspect" "4a2d79ed82de21797e358d3c22f51042b5aab753d946eb552da1bb317b4b2a94", kill_on_drop: false }`
[INFO] running `Command { std: "docker" "exec" "-e" "SOURCE_DIR=/opt/rustwide/workdir" "-e" "CARGO_HOME=/opt/rustwide/cargo-home" "-e" "RUSTUP_HOME=/opt/rustwide/rustup-home" "-e" "CARGO_TARGET_DIR=/opt/rustwide/target" "-e" "CARGO_INCREMENTAL=0" "-e" "RUST_BACKTRACE=full" "-e" "RUSTFLAGS=--cap-lints=warn" "-e" "RUSTDOCFLAGS=--cap-lints=warn" "-w" "/opt/rustwide/workdir" "--user" "0:0" "4a2d79ed82de21797e358d3c22f51042b5aab753d946eb552da1bb317b4b2a94" "/opt/rustwide/cargo-home/bin/cargo" "+1.100.0-beta.1" "test" "--frozen" "--release", kill_on_drop: false }`
[INFO] [stderr] warning: `package.homepage` is redundant with `package.repository`
[INFO] [stderr]   --> Cargo.toml:63:12
[INFO] [stderr]    |
[INFO] [stderr] 63 | homepage = "https://github.com/rustls/webpki-roots"
[INFO] [stderr]    |            ^^^^^^^^^^^^^^^^^^^^^^^^^^^^^^^^^^^^^^^^
[INFO] [stderr] ...
[INFO] [stderr] 67 | repository = "https://github.com/rustls/webpki-roots"
[INFO] [stderr]    |              ----------------------------------------
[INFO] [stderr]    |
[INFO] [stderr]    = note: `cargo::redundant_homepage` is set to `warn` by default
[INFO] [stderr] help: consider removing `package.homepage`
[INFO] [stderr] warning: `webpki-ccadb` (manifest) generated 1 warning
[INFO] [stderr]     Finished `release` profile [optimized] target(s) in 0.19s
[INFO] [stderr]      Running unittests src/lib.rs (/opt/rustwide/target/release/build/webpki-ccadb/6c1a50df982eacf0/out/webpki_ccadb-6c1a50df982eacf0)
[INFO] [stdout] 
[INFO] [stdout] running 2 tests
[INFO] [stdout] test tests::test_trusted_for_tls ... ok
[INFO] [stdout] test tests::test_crl_hosts ... FAILED
[INFO] [stdout] 
[INFO] [stdout] failures:
[INFO] [stdout] 
[INFO] [stdout] ---- tests::test_crl_hosts stdout ----
[INFO] [stdout] 
[INFO] [stdout] thread 'tests::test_crl_hosts' (2794) panicked at src/lib.rs:526:56:
[INFO] [stdout] called `Result::unwrap()` on an `Err` value: reqwest::Error { kind: Request, url: "https://ccadb.my.site.com/services/apexrest/v1/allcertificaterecords", source: hyper_util::client::legacy::Error(Connect, ConnectError("dns error", Custom { kind: Uncategorized, error: "failed to lookup address information: Temporary failure in name resolution" })) }
[INFO] [stdout] stack backtrace:
[INFO] [stdout]    0:     0x63a893322511 - <<std[617be2ca0a6fd877]::sys::backtrace::BacktraceLock>::print::DisplayBacktrace as core[a373ad73a504971]::fmt::Display>::fmt
[INFO] [stdout]    1:     0x63a89333945a - core[a373ad73a504971]::fmt::write
[INFO] [stdout]    2:     0x63a8933271cc - <alloc[2e1b2a31b91974c5]::vec::Vec<u8> as core[a373ad73a504971]::io::write::Write>::write_fmt
[INFO] [stdout]    3:     0x63a8932fcbe6 - std[617be2ca0a6fd877]::panicking::default_hook::{closure#0}
[INFO] [stdout]    4:     0x63a893319c79 - std[617be2ca0a6fd877]::panicking::default_hook
[INFO] [stdout]    5:     0x63a89324e010 - test[aada8e7e76ba119b]::test_main_inner::{closure#0}
[INFO] [stdout]    6:     0x63a893319fa2 - std[617be2ca0a6fd877]::panicking::panic_with_hook
[INFO] [stdout]    7:     0x63a8932fcc92 - std[617be2ca0a6fd877]::panicking::panic_handler::{closure#0}
[INFO] [stdout]    8:     0x63a8932f5829 - std[617be2ca0a6fd877]::sys::backtrace::__rust_end_short_backtrace::<std[617be2ca0a6fd877]::panicking::panic_handler::{closure#0}, !>
[INFO] [stdout]    9:     0x63a8932fda8d - __rustc[ea4f61d10b84890b]::rust_begin_unwind
[INFO] [stdout]   10:     0x63a893339c3c - core[a373ad73a504971]::panicking::panic_fmt
[INFO] [stdout]   11:     0x63a893339a12 - core[a373ad73a504971]::result::unwrap_failed
[INFO] [stdout]   12:     0x63a892eddc45 - webpki_ccadb[1be2db3cb32c340b]::tests::test_crl_hosts::{closure#0}
[INFO] [stdout]   13:     0x63a892ee9546 - <tokio[b72bc4f91a143263]::runtime::scheduler::current_thread::CoreGuard>::block_on::<core[a373ad73a504971]::pin::Pin<&mut core[a373ad73a504971]::pin::Pin<&mut dyn core[a373ad73a504971]::future::future::Future<Output = ()>>>>
[INFO] [stdout]   14:     0x63a892ee8576 - tokio[b72bc4f91a143263]::runtime::context::runtime::enter_runtime::<<tokio[b72bc4f91a143263]::runtime::scheduler::current_thread::CurrentThread>::block_on<core[a373ad73a504971]::pin::Pin<&mut dyn core[a373ad73a504971]::future::future::Future<Output = ()>>>::{closure#0}, ()>
[INFO] [stdout]   15:     0x63a892ef1d95 - <tokio[b72bc4f91a143263]::runtime::runtime::Runtime>::block_on::<core[a373ad73a504971]::pin::Pin<&mut dyn core[a373ad73a504971]::future::future::Future<Output = ()>>>
[INFO] [stdout]   16:     0x63a892ee0c7e - <webpki_ccadb[1be2db3cb32c340b]::tests::test_crl_hosts::{closure#0} as core[a373ad73a504971]::ops::function::FnOnce<()>>::call_once
[INFO] [stdout]   17:     0x63a89324145b - test[aada8e7e76ba119b]::__rust_begin_short_backtrace::<core[a373ad73a504971]::result::Result<(), alloc[2e1b2a31b91974c5]::string::String>, fn() -> core[a373ad73a504971]::result::Result<(), alloc[2e1b2a31b91974c5]::string::String>>
[INFO] [stdout]   18:     0x63a89324e635 - test[aada8e7e76ba119b]::run_test::{closure#0}
[INFO] [stdout]   19:     0x63a893247f24 - std[617be2ca0a6fd877]::sys::backtrace::__rust_begin_short_backtrace::<test[aada8e7e76ba119b]::run_test::{closure#1}, ()>
[INFO] [stdout]   20:     0x63a8932516c2 - <std[617be2ca0a6fd877]::thread::lifecycle::spawn_unchecked<test[aada8e7e76ba119b]::run_test::{closure#1}, ()>::{closure#1} as core[a373ad73a504971]::ops::function::FnOnce<()>>::call_once::{shim:vtable#0}
[INFO] [stdout]   21:     0x63a8933219bf - <std[617be2ca0a6fd877]::sys::thread::unix::Thread>::new::thread_start
[INFO] [stdout]   22:     0x78318d029dfa - <unknown>
[INFO] [stdout]   23:     0x78318d0bd3d4 - clone
[INFO] [stdout]   24:                0x0 - <unknown>
[INFO] [stdout] 
[INFO] [stdout] 
[INFO] [stdout] failures:
[INFO] [stdout]     tests::test_crl_hosts
[INFO] [stdout] 
[INFO] [stdout] test result: FAILED. 1 passed; 1 failed; 0 ignored; 0 measured; 0 filtered out; finished in 0.01s
[INFO] [stdout] 
[INFO] [stderr] error: test failed, to rerun pass `--lib`
[INFO] running `Command { std: "docker" "inspect" "4a2d79ed82de21797e358d3c22f51042b5aab753d946eb552da1bb317b4b2a94", kill_on_drop: false }`
[INFO] running `Command { std: "docker" "rm" "-f" "4a2d79ed82de21797e358d3c22f51042b5aab753d946eb552da1bb317b4b2a94", kill_on_drop: false }`
[INFO] [stdout] 4a2d79ed82de21797e358d3c22f51042b5aab753d946eb552da1bb317b4b2a94
