[INFO] fetching crate webly 0.1.16...
[INFO] testing webly-0.1.16 against 1.99.0-beta.8+cargoflags=--release for beta-release-1.100-2
[INFO] extracting crate webly 0.1.16 into /workspace/builds/worker-4-tc1/source
[INFO] started tweaking crates.io crate webly 0.1.16
[INFO] removed 0 missing tests
[INFO] finished tweaking crates.io crate webly 0.1.16
[INFO] tweaked toml for crates.io crate webly 0.1.16 written to /workspace/builds/worker-4-tc1/source/Cargo.toml
[INFO] validating manifest of crates.io crate webly 0.1.16 on toolchain 1.99.0-beta.8
[INFO] running `Command { std: CARGO_HOME="/workspace/cargo-home" RUSTUP_HOME="/workspace/rustup-home" "/workspace/cargo-home/bin/cargo" "+1.99.0-beta.8" "metadata" "--manifest-path" "Cargo.toml" "--no-deps", kill_on_drop: false }`
[INFO] crate crates.io crate webly 0.1.16 already has a lockfile, it will not be regenerated
[INFO] running `Command { std: CARGO_HOME="/workspace/cargo-home" RUSTUP_HOME="/workspace/rustup-home" "/workspace/cargo-home/bin/cargo" "+1.99.0-beta.8" "fetch" "--manifest-path" "Cargo.toml", kill_on_drop: false }`
[INFO] running `Command { std: "docker" "create" "-v" "/var/lib/crater-agent-workspace/builds/worker-4-tc1/source:/opt/rustwide/workdir:ro,Z" "-v" "/var/lib/crater-agent-workspace/builds/worker-4-tc1/target:/opt/rustwide/target:rw,Z" "-v" "/var/lib/crater-agent-workspace/cargo-home:/opt/rustwide/cargo-home:ro,Z" "-v" "/var/lib/crater-agent-workspace/rustup-home:/opt/rustwide/rustup-home:ro,Z" "-m" "1610612736" "--network" "none" "ghcr.io/rust-lang/crates-build-env/linux@sha256:77db811e55d90add9212f6832c23229e3de5f1c1f9905e8cb07319ea15df73ac" "sleep" "infinity", kill_on_drop: false }`
[INFO] [stdout] 687969f59e5e27b18f29c32f72b378712ea3a982ee4f21dc540bcea2f3fc3367
[INFO] running `Command { std: "docker" "start" "687969f59e5e27b18f29c32f72b378712ea3a982ee4f21dc540bcea2f3fc3367", kill_on_drop: false }`
[INFO] running `Command { std: "docker" "inspect" "687969f59e5e27b18f29c32f72b378712ea3a982ee4f21dc540bcea2f3fc3367", kill_on_drop: false }`
[INFO] running `Command { std: "docker" "exec" "-e" "SOURCE_DIR=/opt/rustwide/workdir" "-e" "CARGO_HOME=/opt/rustwide/cargo-home" "-e" "RUSTUP_HOME=/opt/rustwide/rustup-home" "-e" "CARGO_TARGET_DIR=/opt/rustwide/target" "-w" "/opt/rustwide/workdir" "--user" "0:0" "687969f59e5e27b18f29c32f72b378712ea3a982ee4f21dc540bcea2f3fc3367" "/opt/rustwide/cargo-home/bin/cargo" "+1.99.0-beta.8" "metadata" "--no-deps" "--format-version=1", kill_on_drop: false }`
[INFO] running `Command { std: "docker" "inspect" "687969f59e5e27b18f29c32f72b378712ea3a982ee4f21dc540bcea2f3fc3367", kill_on_drop: false }`
[INFO] running `Command { std: "docker" "exec" "-e" "SOURCE_DIR=/opt/rustwide/workdir" "-e" "CARGO_HOME=/opt/rustwide/cargo-home" "-e" "RUSTUP_HOME=/opt/rustwide/rustup-home" "-e" "CARGO_TARGET_DIR=/opt/rustwide/target" "-e" "CARGO_INCREMENTAL=0" "-e" "RUST_BACKTRACE=full" "-e" "RUSTFLAGS=--cap-lints=warn" "-e" "RUSTDOCFLAGS=--cap-lints=warn" "-w" "/opt/rustwide/workdir" "--user" "0:0" "687969f59e5e27b18f29c32f72b378712ea3a982ee4f21dc540bcea2f3fc3367" "/opt/rustwide/cargo-home/bin/cargo" "+1.99.0-beta.8" "build" "--frozen" "--message-format=json" "--release", kill_on_drop: false }`
[INFO] [stderr]    Compiling libc v0.2.174
[INFO] [stderr]    Compiling lock_api v0.4.13
[INFO] [stderr]    Compiling futures-sink v0.3.31
[INFO] [stderr]    Compiling tiny-keccak v2.0.2
[INFO] [stderr]    Compiling tracing-core v0.1.34
[INFO] [stderr]    Compiling syn v2.0.104
[INFO] [stderr]    Compiling rustls v0.23.28
[INFO] [stderr]    Compiling once_cell v1.21.3
[INFO] [stderr]    Compiling anstyle-query v1.1.3
[INFO] [stderr]    Compiling webpki-roots v1.0.1
[INFO] [stderr]    Compiling hashbrown v0.14.5
[INFO] [stderr]    Compiling anyhow v1.0.98
[INFO] [stderr]    Compiling chrono v0.4.41
[INFO] [stderr]    Compiling thread_local v1.1.9
[INFO] [stderr]    Compiling trim-in-place v0.1.7
[INFO] [stderr]    Compiling flate2 v1.1.2
[INFO] [stderr]    Compiling encoding_rs v0.8.35
[INFO] [stderr]    Compiling futures-util v0.3.31
[INFO] [stderr]    Compiling futures-channel v0.3.31
[INFO] [stderr]    Compiling anstream v0.6.19
[INFO] [stderr]    Compiling tracing-log v0.2.0
[INFO] [stderr]    Compiling clap_builder v4.5.40
[INFO] [stderr]    Compiling jobserver v0.1.33
[INFO] [stderr]    Compiling getrandom v0.2.16
[INFO] [stderr]    Compiling parking_lot_core v0.9.11
[INFO] [stderr]    Compiling signal-hook-registry v1.4.5
[INFO] [stderr]    Compiling mio v1.0.4
[INFO] [stderr]    Compiling socket2 v0.5.10
[INFO] [stderr]    Compiling dirs-sys v0.5.0
[INFO] [stderr]    Compiling getrandom v0.3.3
[INFO] [stderr]    Compiling tempfile v3.20.0
[INFO] [stderr]    Compiling dirs v6.0.0
[INFO] [stderr]    Compiling const-random-macro v0.1.16
[INFO] [stderr]    Compiling shellexpand v3.1.1
[INFO] [stderr]    Compiling cc v1.2.27
[INFO] [stderr]    Compiling parking_lot v0.12.4
[INFO] [stderr]    Compiling const-random v0.1.18
[INFO] [stderr]    Compiling dlv-list v0.5.2
[INFO] [stderr]    Compiling ordered-multimap v0.7.3
[INFO] [stderr]    Compiling rust-ini v0.21.1
[INFO] [stderr]    Compiling ring v0.17.14
[INFO] [stderr]    Compiling zstd-sys v2.0.15+zstd.1.5.7
[INFO] [stderr]    Compiling synstructure v0.13.2
[INFO] [stderr]    Compiling zerovec-derive v0.11.1
[INFO] [stderr]    Compiling displaydoc v0.2.5
[INFO] [stderr]    Compiling tokio-macros v2.5.0
[INFO] [stderr]    Compiling tracing-attributes v0.1.30
[INFO] [stderr]    Compiling serde_derive v1.0.219
[INFO] [stderr]    Compiling clap_derive v4.5.40
[INFO] [stderr]    Compiling zerofrom-derive v0.1.6
[INFO] [stderr]    Compiling yoke-derive v0.8.0
[INFO] [stderr]    Compiling tokio v1.45.1
[INFO] [stderr]    Compiling tracing v0.1.41
[INFO] [stderr]    Compiling zerofrom v0.1.6
[INFO] [stderr]    Compiling yoke v0.8.0
[INFO] [stderr]    Compiling tracing-subscriber v0.3.19
[INFO] [stderr]    Compiling clap v4.5.40
[INFO] [stderr]    Compiling zerovec v0.11.2
[INFO] [stderr]    Compiling zerotrie v0.2.2
[INFO] [stderr]    Compiling serde v1.0.219
[INFO] [stderr]    Compiling tinystr v0.8.1
[INFO] [stderr]    Compiling potential_utf v0.1.2
[INFO] [stderr]    Compiling rustls-webpki v0.103.3
[INFO] [stderr]    Compiling icu_collections v2.0.0
[INFO] [stderr]    Compiling icu_locale_core v2.0.0
[INFO] [stderr]    Compiling icu_provider v2.0.0
[INFO] [stderr]    Compiling icu_normalizer v2.0.0
[INFO] [stderr]    Compiling icu_properties v2.0.1
[INFO] [stderr]    Compiling serde_urlencoded v0.7.1
[INFO] [stderr]    Compiling serde_json v1.0.140
[INFO] [stderr]    Compiling idna_adapter v1.2.1
[INFO] [stderr]    Compiling idna v1.0.3
[INFO] [stderr]    Compiling hyper v1.6.0
[INFO] [stderr]    Compiling tower v0.5.2
[INFO] [stderr]    Compiling tower-http v0.6.6
[INFO] [stderr]    Compiling url v2.5.4
[INFO] [stderr]    Compiling hyper-util v0.1.14
[INFO] [stderr]    Compiling zstd-safe v7.2.4
[INFO] [stderr]    Compiling zstd v0.13.3
[INFO] [stderr]    Compiling tokio-rustls v0.26.2
[INFO] [stderr]    Compiling hyper-rustls v0.27.7
[INFO] [stderr]    Compiling reqwest v0.12.20
[INFO] [stderr]    Compiling webly v0.1.16 (/opt/rustwide/workdir)
[INFO] [stderr]     Finished `release` profile [optimized] target(s) in 1m 55s
[INFO] running `Command { std: "docker" "inspect" "687969f59e5e27b18f29c32f72b378712ea3a982ee4f21dc540bcea2f3fc3367", kill_on_drop: false }`
[INFO] running `Command { std: "docker" "exec" "-e" "SOURCE_DIR=/opt/rustwide/workdir" "-e" "CARGO_HOME=/opt/rustwide/cargo-home" "-e" "RUSTUP_HOME=/opt/rustwide/rustup-home" "-e" "CARGO_TARGET_DIR=/opt/rustwide/target" "-e" "CARGO_INCREMENTAL=0" "-e" "RUST_BACKTRACE=full" "-e" "RUSTFLAGS=--cap-lints=warn" "-e" "RUSTDOCFLAGS=--cap-lints=warn" "-w" "/opt/rustwide/workdir" "--user" "0:0" "687969f59e5e27b18f29c32f72b378712ea3a982ee4f21dc540bcea2f3fc3367" "/opt/rustwide/cargo-home/bin/cargo" "+1.99.0-beta.8" "test" "--frozen" "--no-run" "--message-format=json" "--release", kill_on_drop: false }`
[INFO] [stderr]    Compiling webly v0.1.16 (/opt/rustwide/workdir)
[INFO] [stderr]     Finished `release` profile [optimized] target(s) in 6.62s
[INFO] running `Command { std: "docker" "inspect" "687969f59e5e27b18f29c32f72b378712ea3a982ee4f21dc540bcea2f3fc3367", kill_on_drop: false }`
[INFO] running `Command { std: "docker" "exec" "-e" "SOURCE_DIR=/opt/rustwide/workdir" "-e" "CARGO_HOME=/opt/rustwide/cargo-home" "-e" "RUSTUP_HOME=/opt/rustwide/rustup-home" "-e" "CARGO_TARGET_DIR=/opt/rustwide/target" "-e" "CARGO_INCREMENTAL=0" "-e" "RUST_BACKTRACE=full" "-e" "RUSTFLAGS=--cap-lints=warn" "-e" "RUSTDOCFLAGS=--cap-lints=warn" "-w" "/opt/rustwide/workdir" "--user" "0:0" "687969f59e5e27b18f29c32f72b378712ea3a982ee4f21dc540bcea2f3fc3367" "/opt/rustwide/cargo-home/bin/cargo" "+1.99.0-beta.8" "test" "--frozen" "--release", kill_on_drop: false }`
[INFO] [stderr]     Finished `release` profile [optimized] target(s) in 0.20s
[INFO] [stderr]      Running unittests src/main.rs (/opt/rustwide/target/release/deps/webly-69f169db1e4f3bcf)
[INFO] [stdout] 
[INFO] [stdout] running 101 tests
[INFO] [stdout] test cmd::test::test_http_connection_profile_implementation ... ok
[INFO] [stdout] test cmd::test::test_vec_to_hashmap_valid_headers ... ok
[INFO] [stdout] test decoder::test::decode_deflate_should_return_correct_string ... ok
[INFO] [stdout] test cmd::test::test_merge_req_functionality ... ok
[INFO] [stdout] test cmd::test::test_insecure_flag_handling ... ok
[INFO] [stdout] test cmd::test::test_cli ... ok
[INFO] [stdout] test cmd::test::test_merge_req_partial_override ... ok
[INFO] [stdout] test decoder::test::decode_gzip_should_return_correct_string ... ok
[INFO] [stdout] test decoder::test::decode_zstd_should_return_correct_string ... ok
[INFO] [stdout] test cmd::test::cmd_args_parse_should_decompose_values_properly ... ok
[INFO] [stdout] test cmd::test::test_vec_to_hashmap_invalid_header_empty - should panic ... ok
[INFO] [stdout] test cmd::test::test_vec_to_hashmap_invalid_header_no_colon - should panic ... ok
[INFO] [stdout] test cmd::test::test_method_case_normalization ... ok
[INFO] [stdout] test decoder::test::test_decode_bytes_utf8 ... ok
[INFO] [stdout] test decoder::test::test_decode_bytes_with_case_insensitive_encoding ... ok
[INFO] [stdout] test cmd::test::test_default_profile_and_verbose ... ok
[INFO] [stdout] test decoder::test::test_decode_bytes_empty_encoding_string ... ok
[INFO] [stdout] test decoder::test::test_decode_bytes_large_data ... ok
[INFO] [stdout] test decoder::test::test_decode_bytes_with_multiple_encodings ... ok
[INFO] [stdout] test decoder::test::test_decode_bytes_with_whitespace_in_encoding ... ok
[INFO] [stdout] test decoder::test::test_decode_bytes_integration ... ok
[INFO] [stdout] test decoder::test::test_decode_corrupted_gzip ... ok
[INFO] [stdout] test decoder::test::test_decode_bytes_invalid_utf8_fallback ... ok
[INFO] [stdout] test decoder::test::test_decode_corrupted_zstd ... ok
[INFO] [stdout] test decoder::test::test_decode_bytes_non_utf8_fallback ... ok
[INFO] [stdout] test decoder::test::test_decode_unknown_encoding ... ok
[INFO] [stdout] test decoder::test::test_successful_compression_roundtrip ... ok
[INFO] [stdout] test http::tests::test_build_request_with_auth ... ok
[INFO] [stdout] test http::tests::test_build_request_complex_headers ... ok
[INFO] [stdout] test http::tests::test_build_client_with_insecure ... ok
[INFO] [stdout] test http::tests::test_build_request_with_custom_headers ... ok
[INFO] [stdout] test decoder::test::test_encoding_constants ... ok
[INFO] [stdout] test cmd::test::test_profile_and_verbose_getters ... ok
[INFO] [stdout] test http::tests::test_default_method ... ok
[INFO] [stdout] test decoder::test::test_decode_corrupted_deflate ... ok
[INFO] [stdout] test http::tests::test_build_request_get ... ok
[INFO] [stdout] test http::tests::test_build_request_post_with_body ... ok
[INFO] [stdout] test http::tests::test_build_request_different_methods ... ok
[INFO] [stdout] test cmd::test::test_vec_to_hashmap_header_with_multiple_colons ... ok
[INFO] [stdout] test http::tests::test_build_client_with_proxy ... ok
[INFO] [stdout] test http::tests::test_http_client_creation ... ok
[INFO] [stdout] test http::tests::test_http_client_debug ... ok
[INFO] [stdout] test cmd::test::test_http_request_args_implementation ... ok
[INFO] [stdout] test http::tests::test_error_status_codes ... ok
[INFO] [stdout] test http::tests::test_http_response_creation ... ok
[INFO] [stdout] test http::tests::test_http_response_without_json ... ok
[INFO] [stdout] test http::tests::test_http_client_with_auth ... ok
[INFO] [stdout] test http::tests::test_response_methods ... ok
[INFO] [stdout] test http::tests::test_mock_profile_builder_pattern ... ok
[INFO] [stdout] test ini::test::test_blank_profile ... ok
[INFO] [stdout] test http::tests::test_build_request_with_empty_body ... ok
[INFO] [stdout] test http::tests::test_build_request_url_construction ... ok
[INFO] [stdout] test ini::test::test_empty_ini_file ... ok
[INFO] [stdout] test ini::test::test_profile_not_found ... ok
[INFO] [stdout] test stdio::tests::test_ask_binary_regex ... ok
[INFO] [stdout] test ini::test::test_profile_with_special_characters ... ok
[INFO] [stdout] test ini::test::test_multiple_profiles_in_same_file ... ok
[INFO] [stdout] test stdio::tests::test_ask_no_space_string_valid ... ok
[INFO] [stdout] test stdio::tests::test_ask_path_with_existing_file ... ok
[INFO] [stdout] test ini::test::ini_profile_merge_should_merge_req_members_properly ... ok
[INFO] [stdout] test stdio::tests::test_regex_compilation ... ok
[INFO] [stdout] test ini::test::test_ini_file_without_host ... ok
[INFO] [stdout] test ini::test::load_profile_should_return_correct_values_in_ini_file ... ok
[INFO] [stdout] test ini::test::test_ini_profile_merge_preserves_original_when_new_is_none ... ok
[INFO] [stdout] test ini::test::test_ini_profile_with_invalid_host ... ok
[INFO] [stdout] test ini::test::test_malformed_ini_file ... ok
[INFO] [stdout] test stdio::tests::test_stdin_args_debug_and_clone ... ok
[INFO] [stdout] test stdio::tests::test_stdin_args_with_headers ... ok
[INFO] [stdout] test stdio::tests::test_stdin_args_equality ... ok
[INFO] [stdout] test stdio::tests::test_stdin_args_new_empty_when_tty ... ok
[INFO] [stdout] test stdio::tests::test_stdin_args_implements_http_request_args ... ok
[INFO] [stdout] test url::test::endpoint::test_endpoint_new ... ok
[INFO] [stdout] test stdio::tests::test_stdin_args_with_body ... ok
[INFO] [stdout] test stdio::tests::test_stdin_args_without_body ... ok
[INFO] [stdout] test ini::test::add_profile_should_properly_add_record_in_ini_file ... ok
[INFO] [stdout] test ini::test::test_case_insensitive_boolean_parsing ... ok
[INFO] [stdout] test url::test::url::test_url_new_with_path_only ... ok
[INFO] [stdout] test url::test::endpoint::test_endpoint_to_string_variations ... ok
[INFO] [stdout] test stdio::tests::test_tilde_expansion ... ok
[INFO] [stdout] test url::test::endpoint::test_endpoint_parse_error_cases ... ok
[INFO] [stdout] test url::test::url::test_url_with_international_domain ... ok
[INFO] [stdout] test url::test::url::test_url_with_special_characters_in_path ... ok
[INFO] [stdout] test url::test::url::test_urlpath_new ... ok
[INFO] [stdout] test url::test::url::test_urlpath_to_string ... ok
[INFO] [stdout] test url::test::url::test_url_with_fragment ... ok
[INFO] [stdout] test url::test::url::test_url_edge_cases ... ok
[INFO] [stdout] test utils::test::merge_opt_should_return_first_when_second_is_none ... ok
[INFO] [stdout] test utils::test::merge_opt_should_return_merged_value_when_both_are_not_none ... ok
[INFO] [stdout] test url::test::url::parse_should_parse_abosolute_url_with_scheme_host_port ... ok
[INFO] [stdout] test url::test::url::test_url_with_port_zero ... ok
[INFO] [stdout] test utils::test::merge_opt_should_return_second_when_first_is_none ... ok
[INFO] [stdout] test url::test::url::parse_should_parse_relative_url_with_no_scheme_and_host ... ok
[INFO] [stdout] test url::test::endpoint::test_endpoint_standard_ports ... ok
[INFO] [stdout] test url::test::url::test_url_new_with_endpoint_and_path ... ok
[INFO] [stdout] test url::test::endpoint::test_endpoint_with_localhost ... ok
[INFO] [stdout] test url::test::endpoint::test_endpoint_without_scheme ... ok
[INFO] [stdout] test url::test::url::test_url_conversion_methods ... ok
[INFO] [stdout] test url::test::url::parse_should_return_slashed_path_if_original_doesnt_have_lead_slash ... ok
[INFO] [stdout] test url::test::url::test_url_new_with_endpoint_only ... ok
[INFO] [stdout] test url::test::url::test_url_with_complex_query ... ok
[INFO] [stdout] test url::test::endpoint::test_endpoint_with_ipv4 ... ok
[INFO] [stdout] 
[INFO] [stdout] test result: ok. 101 passed; 0 failed; 0 ignored; 0 measured; 0 filtered out; finished in 0.03s
[INFO] [stdout] 
[INFO] [stderr]      Running tests/integration_tests.rs (/opt/rustwide/target/release/deps/integration_tests-a1be1f309a768612)
[INFO] [stdout] 
[INFO] [stdout] running 22 tests
[INFO] [stdout] test test_help_command ... ok
[INFO] [stdout] test test_missing_required_arguments ... ok
[INFO] [stdout] test test_malformed_headers ... ok
[INFO] [stdout] test test_non_standard_port ... ok
[INFO] [stdout] test test_basic_auth ... ok
[INFO] [stdout] test test_empty_body_post ... ok
[INFO] [stdout] test test_auth_without_password ... ok
[INFO] [stdout] test test_special_characters_in_headers ... ok
[INFO] [stdout] test test_profile_configuration ... ok
[INFO] [stdout] test test_only_method_argument ... ok
[INFO] [stdout] test test_multiple_headers ... ok
[INFO] [stdout] test test_version_command ... ok
[INFO] [stdout] test test_custom_headers ... FAILED
[INFO] [stdout] test test_basic_get_request ... ok
[INFO] [stdout] test test_post_with_stdin ... ok
[INFO] [stdout] test test_very_long_url ... ok
[INFO] [stdout] test test_invalid_url ... ok
[INFO] [stdout] test test_invalid_arguments ... ok
[INFO] [stdout] test test_ipv4_address ... ok
[INFO] [stdout] test test_verbose_mode ... ok
[INFO] [stdout] test test_different_http_methods ... ok
[INFO] [stdout] test test_case_insensitive_method ... ok
[INFO] [stdout] 
[INFO] [stdout] failures:
[INFO] [stdout] 
[INFO] [stdout] ---- test_custom_headers stdout ----
[INFO] [stdout] 
[INFO] [stdout] thread 'test_custom_headers' (2169) panicked at tests/integration_tests.rs:134:5:
[INFO] [stdout] Binary execution failed
[INFO] [stdout] stack backtrace:
[INFO] [stdout]    0:     0x5ec71eee58e1 - <<std[70759c8f55707aa4]::sys::backtrace::BacktraceLock>::print::DisplayBacktrace as core[df12db4294e9bfd3]::fmt::Display>::fmt
[INFO] [stdout]    1:     0x5ec71eef9e5a - core[df12db4294e9bfd3]::fmt::write
[INFO] [stdout]    2:     0x5ec71eeea04c - <alloc[2182bb758b4b3781]::vec::Vec<u8> as core[df12db4294e9bfd3]::io::write::Write>::write_fmt
[INFO] [stdout]    3:     0x5ec71eec04b6 - std[70759c8f55707aa4]::panicking::default_hook::{closure#0}
[INFO] [stdout]    4:     0x5ec71eedd749 - std[70759c8f55707aa4]::panicking::default_hook
[INFO] [stdout]    5:     0x5ec71ee771c0 - test[9d35eded1c95d3be]::test_main_inner::<test[9d35eded1c95d3be]::test_main_static::{closure#0}>::{closure#0}
[INFO] [stdout]    6:     0x5ec71eedd902 - std[70759c8f55707aa4]::panicking::panic_with_hook
[INFO] [stdout]    7:     0x5ec71eec0594 - std[70759c8f55707aa4]::panicking::panic_handler::{closure#0}
[INFO] [stdout]    8:     0x5ec71eeb91c9 - std[70759c8f55707aa4]::sys::backtrace::__rust_end_short_backtrace::<std[70759c8f55707aa4]::panicking::panic_handler::{closure#0}, !>
[INFO] [stdout]    9:     0x5ec71eec115d - __rustc[8fa7c3cbc660c2b3]::rust_begin_unwind
[INFO] [stdout]   10:     0x5ec71eefa58c - core[df12db4294e9bfd3]::panicking::panic_fmt
[INFO] [stdout]   11:     0x5ec71ee66a1c - <integration_tests[817cf89fdb13a608]::test_custom_headers::{closure#0} as core[df12db4294e9bfd3]::ops::function::FnOnce<()>>::call_once
[INFO] [stdout]   12:     0x5ec71ee6a4ab - test[9d35eded1c95d3be]::__rust_begin_short_backtrace::<core[df12db4294e9bfd3]::result::Result<(), alloc[2182bb758b4b3781]::string::String>, fn() -> core[df12db4294e9bfd3]::result::Result<(), alloc[2182bb758b4b3781]::string::String>>
[INFO] [stdout]   13:     0x5ec71ee77b15 - test[9d35eded1c95d3be]::run_test::{closure#0}
[INFO] [stdout]   14:     0x5ec71ee713d4 - std[70759c8f55707aa4]::sys::backtrace::__rust_begin_short_backtrace::<test[9d35eded1c95d3be]::run_test::{closure#1}, ()>
[INFO] [stdout]   15:     0x5ec71ee7ac72 - <std[70759c8f55707aa4]::thread::lifecycle::spawn_unchecked<test[9d35eded1c95d3be]::run_test::{closure#1}, ()>::{closure#1} as core[df12db4294e9bfd3]::ops::function::FnOnce<()>>::call_once::{shim:vtable#0}
[INFO] [stdout]   16:     0x5ec71eee4fc9 - <std[70759c8f55707aa4]::sys::thread::unix::Thread>::new::thread_start
[INFO] [stdout]   17:     0x7dd41fef2dfa - <unknown>
[INFO] [stdout]   18:     0x7dd41ff863d4 - clone
[INFO] [stdout]   19:                0x0 - <unknown>
[INFO] [stdout] 
[INFO] [stdout] 
[INFO] [stdout] failures:
[INFO] [stdout]     test_custom_headers
[INFO] [stdout] 
[INFO] [stdout] test result: FAILED. 21 passed; 1 failed; 0 ignored; 0 measured; 0 filtered out; finished in 0.15s
[INFO] [stdout] 
[INFO] [stderr] error: test failed, to rerun pass `--test integration_tests`
[INFO] running `Command { std: "docker" "inspect" "687969f59e5e27b18f29c32f72b378712ea3a982ee4f21dc540bcea2f3fc3367", kill_on_drop: false }`
[INFO] running `Command { std: "docker" "rm" "-f" "687969f59e5e27b18f29c32f72b378712ea3a982ee4f21dc540bcea2f3fc3367", kill_on_drop: false }`
[INFO] [stdout] 687969f59e5e27b18f29c32f72b378712ea3a982ee4f21dc540bcea2f3fc3367
