[INFO] fetching crate webkit2gtk-webextension-sys 0.16.2...
[INFO] testing webkit2gtk-webextension-sys-0.16.2 against 1.99.0-beta.8+cargoflags=--release for beta-release-1.100-2
[INFO] extracting crate webkit2gtk-webextension-sys 0.16.2 into /workspace/builds/worker-6-tc1/source
[INFO] started tweaking crates.io crate webkit2gtk-webextension-sys 0.16.2
[INFO] finished tweaking crates.io crate webkit2gtk-webextension-sys 0.16.2
[INFO] tweaked toml for crates.io crate webkit2gtk-webextension-sys 0.16.2 written to /workspace/builds/worker-6-tc1/source/Cargo.toml
[INFO] validating manifest of crates.io crate webkit2gtk-webextension-sys 0.16.2 on toolchain 1.99.0-beta.8
[INFO] running `Command { std: CARGO_HOME="/workspace/cargo-home" RUSTUP_HOME="/workspace/rustup-home" "/workspace/cargo-home/bin/cargo" "+1.99.0-beta.8" "metadata" "--manifest-path" "Cargo.toml" "--no-deps", kill_on_drop: false }`
[INFO] running `Command { std: CARGO_HOME="/workspace/cargo-home" RUSTUP_HOME="/workspace/rustup-home" "/workspace/cargo-home/bin/cargo" "+1.99.0-beta.8" "generate-lockfile" "--manifest-path" "Cargo.toml", kill_on_drop: false }`
[INFO] [stderr]     Updating crates.io index
[INFO] [stderr]      Locking 57 packages to highest compatible versions
[INFO] [stderr]       Adding bitflags v1.3.2 (available: v2.13.2)
[INFO] [stderr]       Adding gio-sys v0.16.3 (available: v0.22.9)
[INFO] [stderr]       Adding glib-sys v0.16.3 (available: v0.22.9)
[INFO] [stderr]       Adding gobject-sys v0.16.3 (available: v0.22.9)
[INFO] [stderr]       Adding gtk-sys v0.16.0 (available: v0.19.0)
[INFO] [stderr]       Adding javascriptcore-rs-sys v1.1.1 (available: v2.0.0)
[INFO] [stderr]       Adding soup3-sys v0.4.0 (available: v0.9.0)
[INFO] [stderr]       Adding system-deps v6.2.2 (available: v9.0.0)
[INFO] running `Command { std: CARGO_HOME="/workspace/cargo-home" RUSTUP_HOME="/workspace/rustup-home" "/workspace/cargo-home/bin/cargo" "+1.99.0-beta.8" "fetch" "--manifest-path" "Cargo.toml", kill_on_drop: false }`
[INFO] [stderr]  Downloading crates ...
[INFO] [stderr]   Downloaded gobject-sys v0.17.10
[INFO] [stderr]   Downloaded glib-sys v0.17.10
[INFO] [stderr]   Downloaded soup3-sys v0.4.0
[INFO] [stderr]   Downloaded cairo-sys-rs v0.16.3
[INFO] [stderr]   Downloaded gdk-pixbuf-sys v0.16.3
[INFO] [stderr]   Downloaded atk-sys v0.16.0
[INFO] [stderr]   Downloaded pango-sys v0.16.3
[INFO] [stderr]   Downloaded gio-sys v0.17.10
[INFO] [stderr]   Downloaded gobject-sys v0.16.3
[INFO] [stderr]   Downloaded glib-sys v0.16.3
[INFO] [stderr]   Downloaded gio-sys v0.16.3
[INFO] [stderr]   Downloaded gdk-sys v0.16.0
[INFO] [stderr]   Downloaded gtk-sys v0.16.0
[INFO] running `Command { std: "docker" "create" "-v" "/var/lib/crater-agent-workspace/builds/worker-6-tc1/source:/opt/rustwide/workdir:ro,Z" "-v" "/var/lib/crater-agent-workspace/builds/worker-6-tc1/target:/opt/rustwide/target:rw,Z" "-v" "/var/lib/crater-agent-workspace/cargo-home:/opt/rustwide/cargo-home:ro,Z" "-v" "/var/lib/crater-agent-workspace/rustup-home:/opt/rustwide/rustup-home:ro,Z" "-m" "1610612736" "--network" "none" "ghcr.io/rust-lang/crates-build-env/linux@sha256:77db811e55d90add9212f6832c23229e3de5f1c1f9905e8cb07319ea15df73ac" "sleep" "infinity", kill_on_drop: false }`
[INFO] [stdout] b0fa7e295121551feaa5ca8c7133cdad5776d2cf7a47fe5b13c180c4ed717255
[INFO] running `Command { std: "docker" "start" "b0fa7e295121551feaa5ca8c7133cdad5776d2cf7a47fe5b13c180c4ed717255", kill_on_drop: false }`
[INFO] running `Command { std: "docker" "inspect" "b0fa7e295121551feaa5ca8c7133cdad5776d2cf7a47fe5b13c180c4ed717255", kill_on_drop: false }`
[INFO] running `Command { std: "docker" "exec" "-e" "SOURCE_DIR=/opt/rustwide/workdir" "-e" "CARGO_HOME=/opt/rustwide/cargo-home" "-e" "RUSTUP_HOME=/opt/rustwide/rustup-home" "-e" "CARGO_TARGET_DIR=/opt/rustwide/target" "-w" "/opt/rustwide/workdir" "--user" "0:0" "b0fa7e295121551feaa5ca8c7133cdad5776d2cf7a47fe5b13c180c4ed717255" "/opt/rustwide/cargo-home/bin/cargo" "+1.99.0-beta.8" "metadata" "--no-deps" "--format-version=1", kill_on_drop: false }`
[INFO] running `Command { std: "docker" "inspect" "b0fa7e295121551feaa5ca8c7133cdad5776d2cf7a47fe5b13c180c4ed717255", kill_on_drop: false }`
[INFO] running `Command { std: "docker" "exec" "-e" "SOURCE_DIR=/opt/rustwide/workdir" "-e" "CARGO_HOME=/opt/rustwide/cargo-home" "-e" "RUSTUP_HOME=/opt/rustwide/rustup-home" "-e" "CARGO_TARGET_DIR=/opt/rustwide/target" "-e" "CARGO_INCREMENTAL=0" "-e" "RUST_BACKTRACE=full" "-e" "RUSTFLAGS=--cap-lints=warn" "-e" "RUSTDOCFLAGS=--cap-lints=warn" "-w" "/opt/rustwide/workdir" "--user" "0:0" "b0fa7e295121551feaa5ca8c7133cdad5776d2cf7a47fe5b13c180c4ed717255" "/opt/rustwide/cargo-home/bin/cargo" "+1.99.0-beta.8" "build" "--frozen" "--message-format=json" "--release", kill_on_drop: false }`
[INFO] [stderr]    Compiling serde v1.0.229
[INFO] [stderr]    Compiling equivalent v1.0.3
[INFO] [stderr]    Compiling winnow v0.7.15
[INFO] [stderr]    Compiling smallvec v1.16.3
[INFO] [stderr]    Compiling indexmap v2.14.2
[INFO] [stderr]    Compiling cfg-expr v0.15.8
[INFO] [stderr]    Compiling serde_spanned v0.6.9
[INFO] [stderr]    Compiling toml_datetime v0.6.11
[INFO] [stderr]    Compiling toml_edit v0.22.27
[INFO] [stderr]    Compiling toml v0.8.23
[INFO] [stderr]    Compiling system-deps v6.2.2
[INFO] [stderr]    Compiling glib-sys v0.16.3
[INFO] [stderr]    Compiling gobject-sys v0.16.3
[INFO] [stderr]    Compiling gio-sys v0.16.3
[INFO] [stderr]    Compiling atk-sys v0.16.0
[INFO] [stderr]    Compiling glib-sys v0.17.10
[INFO] [stderr]    Compiling gdk-sys v0.16.0
[INFO] [stderr]    Compiling glib-sys v0.18.1
[INFO] [stderr]    Compiling gobject-sys v0.17.10
[INFO] [stderr]    Compiling cairo-sys-rs v0.16.3
[INFO] [stderr]    Compiling pango-sys v0.16.3
[INFO] [stderr]    Compiling gdk-pixbuf-sys v0.16.3
[INFO] [stderr]    Compiling gio-sys v0.17.10
[INFO] [stderr]    Compiling gtk-sys v0.16.0
[INFO] [stderr]    Compiling gobject-sys v0.18.0
[INFO] [stderr]    Compiling javascriptcore-rs-sys v1.1.1
[INFO] [stderr]    Compiling soup3-sys v0.4.0
[INFO] [stderr]    Compiling webkit2gtk-webextension-sys v0.16.2 (/opt/rustwide/workdir)
[INFO] [stderr]     Finished `release` profile [optimized] target(s) in 15.16s
[INFO] running `Command { std: "docker" "inspect" "b0fa7e295121551feaa5ca8c7133cdad5776d2cf7a47fe5b13c180c4ed717255", kill_on_drop: false }`
[INFO] running `Command { std: "docker" "exec" "-e" "SOURCE_DIR=/opt/rustwide/workdir" "-e" "CARGO_HOME=/opt/rustwide/cargo-home" "-e" "RUSTUP_HOME=/opt/rustwide/rustup-home" "-e" "CARGO_TARGET_DIR=/opt/rustwide/target" "-e" "CARGO_INCREMENTAL=0" "-e" "RUST_BACKTRACE=full" "-e" "RUSTFLAGS=--cap-lints=warn" "-e" "RUSTDOCFLAGS=--cap-lints=warn" "-w" "/opt/rustwide/workdir" "--user" "0:0" "b0fa7e295121551feaa5ca8c7133cdad5776d2cf7a47fe5b13c180c4ed717255" "/opt/rustwide/cargo-home/bin/cargo" "+1.99.0-beta.8" "test" "--frozen" "--no-run" "--message-format=json" "--release", kill_on_drop: false }`
[INFO] [stderr]    Compiling getrandom v0.4.3
[INFO] [stderr]    Compiling shell-words v1.1.1
[INFO] [stderr]    Compiling tempfile v3.27.0
[INFO] [stderr]    Compiling webkit2gtk-webextension-sys v0.16.2 (/opt/rustwide/workdir)
[INFO] [stderr]     Finished `release` profile [optimized] target(s) in 2.46s
[INFO] running `Command { std: "docker" "inspect" "b0fa7e295121551feaa5ca8c7133cdad5776d2cf7a47fe5b13c180c4ed717255", kill_on_drop: false }`
[INFO] running `Command { std: "docker" "exec" "-e" "SOURCE_DIR=/opt/rustwide/workdir" "-e" "CARGO_HOME=/opt/rustwide/cargo-home" "-e" "RUSTUP_HOME=/opt/rustwide/rustup-home" "-e" "CARGO_TARGET_DIR=/opt/rustwide/target" "-e" "CARGO_INCREMENTAL=0" "-e" "RUST_BACKTRACE=full" "-e" "RUSTFLAGS=--cap-lints=warn" "-e" "RUSTDOCFLAGS=--cap-lints=warn" "-w" "/opt/rustwide/workdir" "--user" "0:0" "b0fa7e295121551feaa5ca8c7133cdad5776d2cf7a47fe5b13c180c4ed717255" "/opt/rustwide/cargo-home/bin/cargo" "+1.99.0-beta.8" "test" "--frozen" "--release", kill_on_drop: false }`
[INFO] [stderr]     Finished `release` profile [optimized] target(s) in 0.09s
[INFO] [stderr]      Running unittests src/lib.rs (/opt/rustwide/target/release/deps/webkit2gtk_webextension_sys-d851b141269b9f78)
[INFO] [stdout] 
[INFO] [stdout] running 0 tests
[INFO] [stdout] 
[INFO] [stdout] test result: ok. 0 passed; 0 failed; 0 ignored; 0 measured; 0 filtered out; finished in 0.00s
[INFO] [stdout] 
[INFO] [stderr]      Running tests/abi.rs (/opt/rustwide/target/release/deps/abi-33359a297629b8c5)
[INFO] [stdout] 
[INFO] [stdout] running 2 tests
[INFO] [stdout] test cross_validate_layout_with_c ... FAILED
[INFO] [stderr] error: test failed, to rerun pass `--test abi`
[INFO] [stdout] test cross_validate_constants_with_c ... FAILED
[INFO] [stdout] 
[INFO] [stdout] failures:
[INFO] [stdout] 
[INFO] [stdout] ---- cross_validate_layout_with_c stdout ----
[INFO] [stdout] 
[INFO] [stdout] thread 'cross_validate_layout_with_c' (985) panicked at tests/abi.rs:206:30:
[INFO] [stdout] configured compiler: "command \"pkg-config\" \"--cflags\" \"webkit2gtk-web-extension-4.0\" returned exit status: 1"
[INFO] [stdout] stack backtrace:
[INFO] [stdout]    0:     0x571846dee9f1 - <<std[70759c8f55707aa4]::sys::backtrace::BacktraceLock>::print::DisplayBacktrace as core[df12db4294e9bfd3]::fmt::Display>::fmt
[INFO] [stdout]    1:     0x571846e04c0a - core[df12db4294e9bfd3]::fmt::write
[INFO] [stdout]    2:     0x571846df480c - <alloc[2182bb758b4b3781]::vec::Vec<u8> as core[df12db4294e9bfd3]::io::write::Write>::write_fmt
[INFO] [stdout]    3:     0x571846dc9816 - std[70759c8f55707aa4]::panicking::default_hook::{closure#0}
[INFO] [stdout]    4:     0x571846de69c9 - std[70759c8f55707aa4]::panicking::default_hook
[INFO] [stdout]    5:     0x571846d80360 - test[9d35eded1c95d3be]::test_main_inner::<test[9d35eded1c95d3be]::test_main_static::{closure#0}>::{closure#0}
[INFO] [stdout]    6:     0x571846de6b82 - std[70759c8f55707aa4]::panicking::panic_with_hook
[INFO] [stdout]    7:     0x571846dc98c2 - std[70759c8f55707aa4]::panicking::panic_handler::{closure#0}
[INFO] [stdout]    8:     0x571846dc2529 - std[70759c8f55707aa4]::sys::backtrace::__rust_end_short_backtrace::<std[70759c8f55707aa4]::panicking::panic_handler::{closure#0}, !>
[INFO] [stdout]    9:     0x571846dca4bd - __rustc[8fa7c3cbc660c2b3]::rust_begin_unwind
[INFO] [stdout]   10:     0x571846e0533c - core[df12db4294e9bfd3]::panicking::panic_fmt
[INFO] [stdout]   11:     0x571846e05112 - core[df12db4294e9bfd3]::result::unwrap_failed
[INFO] [stdout]   12:     0x571846d6ff42 - abi[4d7b89f3e5ac0d52]::get_c_output
[INFO] [stdout]   13:     0x571846d708a8 - <abi[4d7b89f3e5ac0d52]::cross_validate_layout_with_c::{closure#0} as core[df12db4294e9bfd3]::ops::function::FnOnce<()>>::call_once
[INFO] [stdout]   14:     0x571846d7364b - test[9d35eded1c95d3be]::__rust_begin_short_backtrace::<core[df12db4294e9bfd3]::result::Result<(), alloc[2182bb758b4b3781]::string::String>, fn() -> core[df12db4294e9bfd3]::result::Result<(), alloc[2182bb758b4b3781]::string::String>>
[INFO] [stdout]   15:     0x571846d80cb5 - test[9d35eded1c95d3be]::run_test::{closure#0}
[INFO] [stdout]   16:     0x571846d7a574 - std[70759c8f55707aa4]::sys::backtrace::__rust_begin_short_backtrace::<test[9d35eded1c95d3be]::run_test::{closure#1}, ()>
[INFO] [stdout]   17:     0x571846d83e12 - <std[70759c8f55707aa4]::thread::lifecycle::spawn_unchecked<test[9d35eded1c95d3be]::run_test::{closure#1}, ()>::{closure#1} as core[df12db4294e9bfd3]::ops::function::FnOnce<()>>::call_once::{shim:vtable#0}
[INFO] [stdout]   18:     0x571846dee249 - <std[70759c8f55707aa4]::sys::thread::unix::Thread>::new::thread_start
[INFO] [stdout]   19:     0x77df9978adfa - <unknown>
[INFO] [stdout]   20:     0x77df9981e3d4 - clone
[INFO] [stdout]   21:                0x0 - <unknown>
[INFO] [stdout] 
[INFO] [stdout] ---- cross_validate_constants_with_c stdout ----
[INFO] [stdout] 
[INFO] [stdout] thread 'cross_validate_constants_with_c' (984) panicked at tests/abi.rs:206:30:
[INFO] [stdout] configured compiler: "command \"pkg-config\" \"--cflags\" \"webkit2gtk-web-extension-4.0\" returned exit status: 1"
[INFO] [stdout] stack backtrace:
[INFO] [stdout]    0:     0x571846dee9f1 - <<std[70759c8f55707aa4]::sys::backtrace::BacktraceLock>::print::DisplayBacktrace as core[df12db4294e9bfd3]::fmt::Display>::fmt
[INFO] [stdout]    1:     0x571846e04c0a - core[df12db4294e9bfd3]::fmt::write
[INFO] [stdout]    2:     0x571846df480c - <alloc[2182bb758b4b3781]::vec::Vec<u8> as core[df12db4294e9bfd3]::io::write::Write>::write_fmt
[INFO] [stdout]    3:     0x571846dc9816 - std[70759c8f55707aa4]::panicking::default_hook::{closure#0}
[INFO] [stdout]    4:     0x571846de69c9 - std[70759c8f55707aa4]::panicking::default_hook
[INFO] [stdout]    5:     0x571846d80360 - test[9d35eded1c95d3be]::test_main_inner::<test[9d35eded1c95d3be]::test_main_static::{closure#0}>::{closure#0}
[INFO] [stdout]    6:     0x571846de6b82 - std[70759c8f55707aa4]::panicking::panic_with_hook
[INFO] [stdout]    7:     0x571846dc98c2 - std[70759c8f55707aa4]::panicking::panic_handler::{closure#0}
[INFO] [stdout]    8:     0x571846dc2529 - std[70759c8f55707aa4]::sys::backtrace::__rust_end_short_backtrace::<std[70759c8f55707aa4]::panicking::panic_handler::{closure#0}, !>
[INFO] [stdout]    9:     0x571846dca4bd - __rustc[8fa7c3cbc660c2b3]::rust_begin_unwind
[INFO] [stdout]   10:     0x571846e0533c - core[df12db4294e9bfd3]::panicking::panic_fmt
[INFO] [stdout]   11:     0x571846e05112 - core[df12db4294e9bfd3]::result::unwrap_failed
[INFO] [stdout]   12:     0x571846d6ff42 - abi[4d7b89f3e5ac0d52]::get_c_output
[INFO] [stdout]   13:     0x571846d7135a - <abi[4d7b89f3e5ac0d52]::cross_validate_constants_with_c::{closure#0} as core[df12db4294e9bfd3]::ops::function::FnOnce<()>>::call_once
[INFO] [stdout]   14:     0x571846d7364b - test[9d35eded1c95d3be]::__rust_begin_short_backtrace::<core[df12db4294e9bfd3]::result::Result<(), alloc[2182bb758b4b3781]::string::String>, fn() -> core[df12db4294e9bfd3]::result::Result<(), alloc[2182bb758b4b3781]::string::String>>
[INFO] [stdout]   15:     0x571846d80cb5 - test[9d35eded1c95d3be]::run_test::{closure#0}
[INFO] [stdout]   16:     0x571846d7a574 - std[70759c8f55707aa4]::sys::backtrace::__rust_begin_short_backtrace::<test[9d35eded1c95d3be]::run_test::{closure#1}, ()>
[INFO] [stdout]   17:     0x571846d83e12 - <std[70759c8f55707aa4]::thread::lifecycle::spawn_unchecked<test[9d35eded1c95d3be]::run_test::{closure#1}, ()>::{closure#1} as core[df12db4294e9bfd3]::ops::function::FnOnce<()>>::call_once::{shim:vtable#0}
[INFO] [stdout]   18:     0x571846dee249 - <std[70759c8f55707aa4]::sys::thread::unix::Thread>::new::thread_start
[INFO] [stdout]   19:     0x77df9978adfa - <unknown>
[INFO] [stdout]   20:     0x77df9981e3d4 - clone
[INFO] [stdout]   21:                0x0 - <unknown>
[INFO] [stdout] 
[INFO] [stdout] 
[INFO] [stdout] failures:
[INFO] [stdout]     cross_validate_constants_with_c
[INFO] [stdout]     cross_validate_layout_with_c
[INFO] [stdout] 
[INFO] [stdout] test result: FAILED. 0 passed; 2 failed; 0 ignored; 0 measured; 0 filtered out; finished in 0.43s
[INFO] [stdout] 
[INFO] running `Command { std: "docker" "inspect" "b0fa7e295121551feaa5ca8c7133cdad5776d2cf7a47fe5b13c180c4ed717255", kill_on_drop: false }`
[INFO] running `Command { std: "docker" "rm" "-f" "b0fa7e295121551feaa5ca8c7133cdad5776d2cf7a47fe5b13c180c4ed717255", kill_on_drop: false }`
[INFO] [stdout] b0fa7e295121551feaa5ca8c7133cdad5776d2cf7a47fe5b13c180c4ed717255
