[INFO] fetching crate webinfo 0.1.2...
[INFO] testing webinfo-0.1.2 against 1.100.0-beta.1+cargoflags=--release for beta-release-1.100-2
[INFO] extracting crate webinfo 0.1.2 into /workspace/builds/worker-4-tc2/source
[INFO] started tweaking crates.io crate webinfo 0.1.2
[INFO] removed 0 missing tests
[INFO] finished tweaking crates.io crate webinfo 0.1.2
[INFO] tweaked toml for crates.io crate webinfo 0.1.2 written to /workspace/builds/worker-4-tc2/source/Cargo.toml
[INFO] validating manifest of crates.io crate webinfo 0.1.2 on toolchain 1.100.0-beta.1
[INFO] running `Command { std: CARGO_HOME="/workspace/cargo-home" RUSTUP_HOME="/workspace/rustup-home" "/workspace/cargo-home/bin/cargo" "+1.100.0-beta.1" "metadata" "--manifest-path" "Cargo.toml" "--no-deps", kill_on_drop: false }`
[INFO] crate crates.io crate webinfo 0.1.2 already has a lockfile, it will not be regenerated
[INFO] running `Command { std: CARGO_HOME="/workspace/cargo-home" RUSTUP_HOME="/workspace/rustup-home" "/workspace/cargo-home/bin/cargo" "+1.100.0-beta.1" "fetch" "--manifest-path" "Cargo.toml", kill_on_drop: false }`
[INFO] running `Command { std: "docker" "create" "-v" "/var/lib/crater-agent-workspace/builds/worker-4-tc2/source:/opt/rustwide/workdir:ro,Z" "-v" "/var/lib/crater-agent-workspace/builds/worker-4-tc2/target:/opt/rustwide/target:rw,Z" "-v" "/var/lib/crater-agent-workspace/cargo-home:/opt/rustwide/cargo-home:ro,Z" "-v" "/var/lib/crater-agent-workspace/rustup-home:/opt/rustwide/rustup-home:ro,Z" "-m" "1610612736" "--network" "none" "ghcr.io/rust-lang/crates-build-env/linux@sha256:77db811e55d90add9212f6832c23229e3de5f1c1f9905e8cb07319ea15df73ac" "sleep" "infinity", kill_on_drop: false }`
[INFO] [stdout] 39affff7e10758f67f48c228d4726bce61aa22f9ad9a608c376d5df65d0ce506
[INFO] running `Command { std: "docker" "start" "39affff7e10758f67f48c228d4726bce61aa22f9ad9a608c376d5df65d0ce506", kill_on_drop: false }`
[INFO] running `Command { std: "docker" "inspect" "39affff7e10758f67f48c228d4726bce61aa22f9ad9a608c376d5df65d0ce506", kill_on_drop: false }`
[INFO] running `Command { std: "docker" "exec" "-e" "SOURCE_DIR=/opt/rustwide/workdir" "-e" "CARGO_HOME=/opt/rustwide/cargo-home" "-e" "RUSTUP_HOME=/opt/rustwide/rustup-home" "-e" "CARGO_TARGET_DIR=/opt/rustwide/target" "-w" "/opt/rustwide/workdir" "--user" "0:0" "39affff7e10758f67f48c228d4726bce61aa22f9ad9a608c376d5df65d0ce506" "/opt/rustwide/cargo-home/bin/cargo" "+1.100.0-beta.1" "metadata" "--no-deps" "--format-version=1", kill_on_drop: false }`
[INFO] running `Command { std: "docker" "inspect" "39affff7e10758f67f48c228d4726bce61aa22f9ad9a608c376d5df65d0ce506", kill_on_drop: false }`
[INFO] running `Command { std: "docker" "exec" "-e" "SOURCE_DIR=/opt/rustwide/workdir" "-e" "CARGO_HOME=/opt/rustwide/cargo-home" "-e" "RUSTUP_HOME=/opt/rustwide/rustup-home" "-e" "CARGO_TARGET_DIR=/opt/rustwide/target" "-e" "CARGO_INCREMENTAL=0" "-e" "RUST_BACKTRACE=full" "-e" "RUSTFLAGS=--cap-lints=warn" "-e" "RUSTDOCFLAGS=--cap-lints=warn" "-w" "/opt/rustwide/workdir" "--user" "0:0" "39affff7e10758f67f48c228d4726bce61aa22f9ad9a608c376d5df65d0ce506" "/opt/rustwide/cargo-home/bin/cargo" "+1.100.0-beta.1" "build" "--frozen" "--message-format=json" "--release", kill_on_drop: false }`
[INFO] [stderr]    Compiling portable-atomic v1.11.1
[INFO] [stderr]    Compiling critical-section v1.2.0
[INFO] [stderr]    Compiling libc v0.2.175
[INFO] [stderr]    Compiling displaydoc v0.2.5
[INFO] [stderr]    Compiling tokio v1.47.1
[INFO] [stderr]    Compiling futures-macro v0.3.31
[INFO] [stderr]    Compiling bitflags v2.9.3
[INFO] [stderr]    Compiling getrandom v0.3.3
[INFO] [stderr]    Compiling aws-lc-rs v1.13.3
[INFO] [stderr]    Compiling thiserror v2.0.16
[INFO] [stderr]    Compiling thiserror-impl v2.0.16
[INFO] [stderr]    Compiling getrandom v0.2.16
[INFO] [stderr]    Compiling openssl v0.10.73
[INFO] [stderr]    Compiling deranged v0.5.3
[INFO] [stderr]    Compiling crossbeam-epoch v0.9.18
[INFO] [stderr]    Compiling jobserver v0.1.34
[INFO] [stderr]    Compiling tinystr v0.8.1
[INFO] [stderr]    Compiling futures-util v0.3.31
[INFO] [stderr]    Compiling cc v1.2.34
[INFO] [stderr]    Compiling icu_locale_core v2.0.0
[INFO] [stderr]    Compiling once_cell v1.21.3
[INFO] [stderr]    Compiling tracing-core v0.1.34
[INFO] [stderr]    Compiling zerotrie v0.2.2
[INFO] [stderr]    Compiling icu_collections v2.0.0
[INFO] [stderr]    Compiling tracing v0.1.41
[INFO] [stderr]    Compiling cmake v0.1.54
[INFO] [stderr]    Compiling icu_provider v2.0.0
[INFO] [stderr]    Compiling openssl-macros v0.1.1
[INFO] [stderr]    Compiling rustls v0.23.31
[INFO] [stderr]    Compiling native-tls v0.2.14
[INFO] [stderr]    Compiling time v0.3.44
[INFO] [stderr]    Compiling nom v7.1.3
[INFO] [stderr]    Compiling icu_properties v2.0.1
[INFO] [stderr]    Compiling icu_normalizer v2.0.0
[INFO] [stderr]    Compiling aws-lc-sys v0.30.0
[INFO] [stderr]    Compiling openssl-sys v0.9.109
[INFO] [stderr]    Compiling ring v0.17.14
[INFO] [stderr]    Compiling idna_adapter v1.2.1
[INFO] [stderr]    Compiling idna v1.1.0
[INFO] [stderr]    Compiling aho-corasick v1.1.3
[INFO] [stderr]    Compiling anstyle v1.0.11
[INFO] [stderr]    Compiling url v2.5.7
[INFO] [stderr]    Compiling tokio-util v0.7.16
[INFO] [stderr]    Compiling regex-automata v0.4.9
[INFO] [stderr]    Compiling h2 v0.4.12
[INFO] [stderr]    Compiling rusticata-macros v4.1.0
[INFO] [stderr]    Compiling rand_core v0.9.3
[INFO] [stderr]    Compiling asn1-rs-derive v0.6.0
[INFO] [stderr]    Compiling asn1-rs-impl v0.2.0
[INFO] [stderr]    Compiling bstr v1.12.0
[INFO] [stderr]    Compiling rustix v1.0.8
[INFO] [stderr]    Compiling anstyle-parse v0.2.7
[INFO] [stderr]    Compiling tower v0.5.2
[INFO] [stderr]    Compiling hyper v1.7.0
[INFO] [stderr]    Compiling globset v0.4.16
[INFO] [stderr]    Compiling tokio-native-tls v0.3.1
[INFO] [stderr]    Compiling asn1-rs v0.7.1
[INFO] [stderr]    Compiling rand_chacha v0.9.0
[INFO] [stderr]    Compiling hyper-util v0.1.16
[INFO] [stderr]    Compiling crossbeam-deque v0.8.6
[INFO] [stderr]    Compiling oid-registry v0.8.1
[INFO] [stderr]    Compiling linux-raw-sys v0.9.4
[INFO] [stderr]    Compiling predicates-core v1.0.9
[INFO] [stderr]    Compiling iana-time-zone v0.1.63
[INFO] [stderr]    Compiling moka v0.12.10
[INFO] [stderr]    Compiling doc-comment v0.3.3
[INFO] [stderr]    Compiling anstyle-query v1.1.4
[INFO] [stderr]    Compiling data-encoding v2.9.0
[INFO] [stderr]    Compiling anstream v0.6.20
[INFO] [stderr]    Compiling tower-http v0.6.6
[INFO] [stderr]    Compiling chrono v0.4.41
[INFO] [stderr]    Compiling miniz_oxide v0.8.9
[INFO] [stderr]    Compiling hyper-tls v0.6.0
[INFO] [stderr]    Compiling ignore v0.4.23
[INFO] [stderr]    Compiling rand v0.9.2
[INFO] [stderr]    Compiling enum-as-inner v0.6.1
[INFO] [stderr]    Compiling serde_urlencoded v0.7.1
[INFO] [stderr]    Compiling tracing-log v0.2.0
[INFO] [stderr]    Compiling uuid v1.18.0
[INFO] [stderr]    Compiling ip_network v0.4.1
[INFO] [stderr]    Compiling encoding_rs v0.8.35
[INFO] [stderr]    Compiling ip_network_table-deps-treebitmap v0.5.0
[INFO] [stderr]    Compiling clap_lex v0.7.5
[INFO] [stderr]    Compiling termtree v0.5.1
[INFO] [stderr]    Compiling tagptr v0.2.0
[INFO] [stderr]    Compiling difflib v0.4.0
[INFO] [stderr]    Compiling tracing-subscriber v0.3.20
[INFO] [stderr]    Compiling predicates v3.1.3
[INFO] [stderr]    Compiling console v0.16.1
[INFO] [stderr]    Compiling hashbrown v0.16.0
[INFO] [stderr]    Compiling tempfile v3.21.0
[INFO] [stderr]    Compiling predicates-tree v1.0.12
[INFO] [stderr]    Compiling clap_builder v4.5.47
[INFO] [stderr]    Compiling ip_network_table v0.2.0
[INFO] [stderr]    Compiling hickory-proto v0.25.2
[INFO] [stderr]    Compiling flate2 v1.1.2
[INFO] [stderr]    Compiling globwalk v0.9.1
[INFO] [stderr]    Compiling der-parser v10.0.0
[INFO] [stderr]    Compiling clap_derive v4.5.47
[INFO] [stderr]    Compiling futures-executor v0.3.31
[INFO] [stderr]    Compiling csv-core v0.1.12
[INFO] [stderr]    Compiling resolv-conf v0.7.4
[INFO] [stderr]    Compiling unit-prefix v0.5.1
[INFO] [stderr]    Compiling itertools v0.14.0
[INFO] [stderr]    Compiling indicatif v0.18.0
[INFO] [stderr]    Compiling csv v1.3.1
[INFO] [stderr]    Compiling futures v0.3.31
[INFO] [stderr]    Compiling x509-parser v0.18.0
[INFO] [stderr]    Compiling clap v4.5.47
[INFO] [stderr]    Compiling assert_fs v1.1.3
[INFO] [stderr]    Compiling publicsuffix2 v0.5.2
[INFO] [stderr]    Compiling tracing-appender v0.2.3
[INFO] [stderr]    Compiling hickory-resolver v0.25.2
[INFO] [stderr]    Compiling rustls-webpki v0.103.4
[INFO] [stderr]    Compiling tokio-rustls v0.26.2
[INFO] [stderr]    Compiling hyper-rustls v0.27.7
[INFO] [stderr]    Compiling reqwest v0.12.23
[INFO] [stderr]    Compiling ip2asn v0.1.2
[INFO] [stderr]    Compiling webinfo v0.1.2 (/opt/rustwide/workdir)
[INFO] [stderr] warning: unused dependency `assert_fs`
[INFO] [stderr]  --> Cargo.toml:8:15
[INFO] [stderr]   |
[INFO] [stderr] 8 | [dependencies.assert_fs]
[INFO] [stderr]   |               ^^^^^^^^^^
[INFO] [stderr]   |
[INFO] [stderr]   = note: `cargo::unused_dependencies` is set to `warn` by default
[INFO] [stderr] help: consider removing the dependency on `assert_fs`
[INFO] [stderr] warning: `webinfo` (manifest) generated 1 warning
[INFO] [stderr]     Finished `release` profile [optimized] target(s) in 6m 13s
[INFO] running `Command { std: "docker" "inspect" "39affff7e10758f67f48c228d4726bce61aa22f9ad9a608c376d5df65d0ce506", kill_on_drop: false }`
[INFO] running `Command { std: "docker" "exec" "-e" "SOURCE_DIR=/opt/rustwide/workdir" "-e" "CARGO_HOME=/opt/rustwide/cargo-home" "-e" "RUSTUP_HOME=/opt/rustwide/rustup-home" "-e" "CARGO_TARGET_DIR=/opt/rustwide/target" "-e" "CARGO_INCREMENTAL=0" "-e" "RUST_BACKTRACE=full" "-e" "RUSTFLAGS=--cap-lints=warn" "-e" "RUSTDOCFLAGS=--cap-lints=warn" "-w" "/opt/rustwide/workdir" "--user" "0:0" "39affff7e10758f67f48c228d4726bce61aa22f9ad9a608c376d5df65d0ce506" "/opt/rustwide/cargo-home/bin/cargo" "+1.100.0-beta.1" "test" "--frozen" "--no-run" "--message-format=json" "--release", kill_on_drop: false }`
[INFO] [stderr]    Compiling regex-syntax v0.8.5
[INFO] [stderr]    Compiling float-cmp v0.10.0
[INFO] [stderr]    Compiling normalize-line-endings v0.3.0
[INFO] [stderr]    Compiling assert_cmd v2.0.17
[INFO] [stderr]    Compiling wait-timeout v0.2.1
[INFO] [stderr]    Compiling regex-automata v0.4.9
[INFO] [stderr]    Compiling bstr v1.12.0
[INFO] [stderr]    Compiling regex v1.11.1
[INFO] [stderr]    Compiling globset v0.4.16
[INFO] [stderr]    Compiling predicates v3.1.3
[INFO] [stderr]    Compiling ignore v0.4.23
[INFO] [stderr]    Compiling globwalk v0.9.1
[INFO] [stderr]    Compiling assert_fs v1.1.3
[INFO] [stderr]    Compiling webinfo v0.1.2 (/opt/rustwide/workdir)
[INFO] [stderr]     Finished `release` profile [optimized] target(s) in 1m 34s
[INFO] running `Command { std: "docker" "inspect" "39affff7e10758f67f48c228d4726bce61aa22f9ad9a608c376d5df65d0ce506", kill_on_drop: false }`
[INFO] running `Command { std: "docker" "exec" "-e" "SOURCE_DIR=/opt/rustwide/workdir" "-e" "CARGO_HOME=/opt/rustwide/cargo-home" "-e" "RUSTUP_HOME=/opt/rustwide/rustup-home" "-e" "CARGO_TARGET_DIR=/opt/rustwide/target" "-e" "CARGO_INCREMENTAL=0" "-e" "RUST_BACKTRACE=full" "-e" "RUSTFLAGS=--cap-lints=warn" "-e" "RUSTDOCFLAGS=--cap-lints=warn" "-w" "/opt/rustwide/workdir" "--user" "0:0" "39affff7e10758f67f48c228d4726bce61aa22f9ad9a608c376d5df65d0ce506" "/opt/rustwide/cargo-home/bin/cargo" "+1.100.0-beta.1" "test" "--frozen" "--release", kill_on_drop: false }`
[INFO] [stderr]     Finished `release` profile [optimized] target(s) in 0.30s
[INFO] [stderr]      Running unittests src/lib.rs (/opt/rustwide/target/release/build/webinfo/3c8fabd9736df87d/out/webinfo-3c8fabd9736df87d)
[INFO] [stdout] 
[INFO] [stdout] running 24 tests
[INFO] [stdout] test asn::tests::test_lookup_ip ... ok
[INFO] [stdout] test asn::tests::test_lookup_multiple_as ... ok
[INFO] [stdout] test asn::tests::test_from_ip ... ok
[INFO] [stdout] test dns::tests::test_query_ipv4_some ... ok
[INFO] [stdout] test dns::tests::test_query_ipv6_some ... ok
[INFO] [stdout] test dns::tests::test_query_ipv4_ipv6_some ... ok
[INFO] [stdout] test asn::tests::test_lookup_ips ... ok
[INFO] [stdout] test dns::tests::test_query_cname_some ... FAILED
[INFO] [stdout] test dns::tests::test_query_ns_some ... FAILED
[INFO] [stdout] test tls::tests::test_retrive_cert_info ... FAILED
[INFO] [stdout] test utils::tests::test_chunked ... ok
[INFO] [stdout] test ipinfo::tests::test_builder_with_bad_hostname ... ok
[INFO] [stdout] test ipinfo::tests::test_extract_domain_invalid ... ok
[INFO] [stdout] test ipinfo::tests::test_extract_hostname ... ok
[INFO] [stdout] test utils::tests::test_count_lines ... ok
[INFO] [stdout] test utils::tests::test_parse_ip_list ... ok
[INFO] [stdout] test ipinfo::tests::test_extract_hostname_invalid ... ok
[INFO] [stdout] test utils::tests::test_parse_ip_list_with_error ... ok
[INFO] [stdout] test utils::tests::test_get_resolver ... FAILED
[INFO] [stdout] test ipinfo::tests::test_builder ... FAILED
[INFO] [stdout] test ipinfo::tests::test_builder_hostname_domaine ... ok
[INFO] [stdout] test ipinfo::tests::test_extract_domain ... ok
[INFO] [stdout] test utils::tests::test_fetch_and_save_asn_db ... FAILED
[INFO] [stdout] test utils::tests::test_open_asn_db ... FAILED
[INFO] [stdout] 
[INFO] [stdout] failures:
[INFO] [stdout] 
[INFO] [stdout] ---- dns::tests::test_query_cname_some stdout ----
[INFO] [stdout] 
[INFO] [stdout] thread 'dns::tests::test_query_cname_some' (4054) panicked at src/dns.rs:201:9:
[INFO] [stdout] assertion failed: response.is_some()
[INFO] [stdout] stack backtrace:
[INFO] [stdout]    0:     0x57d05f671431 - <<std[617be2ca0a6fd877]::sys::backtrace::BacktraceLock>::print::DisplayBacktrace as core[a373ad73a504971]::fmt::Display>::fmt
[INFO] [stdout]    1:     0x57d05f688c6a - core[a373ad73a504971]::fmt::write
[INFO] [stdout]    2:     0x57d05f67645c - <alloc[2e1b2a31b91974c5]::vec::Vec<u8> as core[a373ad73a504971]::io::write::Write>::write_fmt
[INFO] [stdout]    3:     0x57d05f64b106 - std[617be2ca0a6fd877]::panicking::default_hook::{closure#0}
[INFO] [stdout]    4:     0x57d05f669179 - std[617be2ca0a6fd877]::panicking::default_hook
[INFO] [stdout]    5:     0x57d05f0dd830 - test[aada8e7e76ba119b]::test_main_inner::{closure#0}
[INFO] [stdout]    6:     0x57d05f6694a2 - std[617be2ca0a6fd877]::panicking::panic_with_hook
[INFO] [stdout]    7:     0x57d05f64b1e4 - std[617be2ca0a6fd877]::panicking::panic_handler::{closure#0}
[INFO] [stdout]    8:     0x57d05f6437a9 - std[617be2ca0a6fd877]::sys::backtrace::__rust_end_short_backtrace::<std[617be2ca0a6fd877]::panicking::panic_handler::{closure#0}, !>
[INFO] [stdout]    9:     0x57d05f64c0bd - __rustc[ea4f61d10b84890b]::rust_begin_unwind
[INFO] [stdout]   10:     0x57d05f6893cc - core[a373ad73a504971]::panicking::panic_fmt
[INFO] [stdout]   11:     0x57d05f689392 - core[a373ad73a504971]::panicking::panic
[INFO] [stdout]   12:     0x57d05f0aade5 - webinfo[f012a742e1d04381]::dns::tests::test_query_cname_some::{closure#0}
[INFO] [stdout]   13:     0x57d05f0b01b3 - <tokio[7f14b5a898dd3a03]::runtime::scheduler::current_thread::Context>::enter::<core[a373ad73a504971]::task::poll::Poll<()>, <tokio[7f14b5a898dd3a03]::runtime::scheduler::current_thread::CoreGuard>::block_on<core[a373ad73a504971]::pin::Pin<&mut core[a373ad73a504971]::pin::Pin<&mut dyn core[a373ad73a504971]::future::future::Future<Output = ()>>>>::{closure#0}::{closure#0}>
[INFO] [stdout]   14:     0x57d05f0c78cc - <tokio[7f14b5a898dd3a03]::runtime::context::scoped::Scoped<tokio[7f14b5a898dd3a03]::runtime::scheduler::Context>>::set::<<tokio[7f14b5a898dd3a03]::runtime::scheduler::current_thread::CoreGuard>::enter<<tokio[7f14b5a898dd3a03]::runtime::scheduler::current_thread::CoreGuard>::block_on<core[a373ad73a504971]::pin::Pin<&mut core[a373ad73a504971]::pin::Pin<&mut dyn core[a373ad73a504971]::future::future::Future<Output = ()>>>>::{closure#0}, core[a373ad73a504971]::option::Option<()>>::{closure#0}, (alloc[2e1b2a31b91974c5]::boxed::Box<tokio[7f14b5a898dd3a03]::runtime::scheduler::current_thread::Core>, core[a373ad73a504971]::option::Option<()>)>
[INFO] [stdout]   15:     0x57d05f0b0707 - <tokio[7f14b5a898dd3a03]::runtime::scheduler::current_thread::CoreGuard>::block_on::<core[a373ad73a504971]::pin::Pin<&mut core[a373ad73a504971]::pin::Pin<&mut dyn core[a373ad73a504971]::future::future::Future<Output = ()>>>>
[INFO] [stdout]   16:     0x57d05f09f85d - tokio[7f14b5a898dd3a03]::runtime::context::runtime::enter_runtime::<<tokio[7f14b5a898dd3a03]::runtime::scheduler::current_thread::CurrentThread>::block_on<core[a373ad73a504971]::pin::Pin<&mut dyn core[a373ad73a504971]::future::future::Future<Output = ()>>>::{closure#0}, ()>
[INFO] [stdout]   17:     0x57d05f0afeb5 - <tokio[7f14b5a898dd3a03]::runtime::runtime::Runtime>::block_on::<core[a373ad73a504971]::pin::Pin<&mut dyn core[a373ad73a504971]::future::future::Future<Output = ()>>>
[INFO] [stdout]   18:     0x57d05f0afb2e - <webinfo[f012a742e1d04381]::dns::tests::test_query_cname_some::{closure#0} as core[a373ad73a504971]::ops::function::FnOnce<()>>::call_once
[INFO] [stdout]   19:     0x57d05f0d0c7b - test[aada8e7e76ba119b]::__rust_begin_short_backtrace::<core[a373ad73a504971]::result::Result<(), alloc[2e1b2a31b91974c5]::string::String>, fn() -> core[a373ad73a504971]::result::Result<(), alloc[2e1b2a31b91974c5]::string::String>>
[INFO] [stdout]   20:     0x57d05f0dde55 - test[aada8e7e76ba119b]::run_test::{closure#0}
[INFO] [stdout]   21:     0x57d05f0d7744 - std[617be2ca0a6fd877]::sys::backtrace::__rust_begin_short_backtrace::<test[aada8e7e76ba119b]::run_test::{closure#1}, ()>
[INFO] [stdout]   22:     0x57d05f0e0ee2 - <std[617be2ca0a6fd877]::thread::lifecycle::spawn_unchecked<test[aada8e7e76ba119b]::run_test::{closure#1}, ()>::{closure#1} as core[a373ad73a504971]::ops::function::FnOnce<()>>::call_once::{shim:vtable#0}
[INFO] [stdout]   23:     0x57d05f6708df - <std[617be2ca0a6fd877]::sys::thread::unix::Thread>::new::thread_start
[INFO] [stdout]   24:     0x781685cbedfa - <unknown>
[INFO] [stdout]   25:     0x781685d523d4 - clone
[INFO] [stdout]   26:                0x0 - <unknown>
[INFO] [stdout] 
[INFO] [stdout] ---- dns::tests::test_query_ns_some stdout ----
[INFO] [stdout] 
[INFO] [stdout] thread 'dns::tests::test_query_ns_some' (4058) panicked at src/dns.rs:229:9:
[INFO] [stdout] assertion failed: response.is_some()
[INFO] [stdout] stack backtrace:
[INFO] [stdout]    0:     0x57d05f671431 - <<std[617be2ca0a6fd877]::sys::backtrace::BacktraceLock>::print::DisplayBacktrace as core[a373ad73a504971]::fmt::Display>::fmt
[INFO] [stdout]    1:     0x57d05f688c6a - core[a373ad73a504971]::fmt::write
[INFO] [stdout]    2:     0x57d05f67645c - <alloc[2e1b2a31b91974c5]::vec::Vec<u8> as core[a373ad73a504971]::io::write::Write>::write_fmt
[INFO] [stdout]    3:     0x57d05f64b106 - std[617be2ca0a6fd877]::panicking::default_hook::{closure#0}
[INFO] [stdout]    4:     0x57d05f669179 - std[617be2ca0a6fd877]::panicking::default_hook
[INFO] [stdout]    5:     0x57d05f0dd830 - test[aada8e7e76ba119b]::test_main_inner::{closure#0}
[INFO] [stdout]    6:     0x57d05f6694a2 - std[617be2ca0a6fd877]::panicking::panic_with_hook
[INFO] [stdout]    7:     0x57d05f64b1e4 - std[617be2ca0a6fd877]::panicking::panic_handler::{closure#0}
[INFO] [stdout]    8:     0x57d05f6437a9 - std[617be2ca0a6fd877]::sys::backtrace::__rust_end_short_backtrace::<std[617be2ca0a6fd877]::panicking::panic_handler::{closure#0}, !>
[INFO] [stdout]    9:     0x57d05f64c0bd - __rustc[ea4f61d10b84890b]::rust_begin_unwind
[INFO] [stdout]   10:     0x57d05f6893cc - core[a373ad73a504971]::panicking::panic_fmt
[INFO] [stdout]   11:     0x57d05f689392 - core[a373ad73a504971]::panicking::panic
[INFO] [stdout]   12:     0x57d05f0a9122 - webinfo[f012a742e1d04381]::dns::tests::test_query_ns_some::{closure#0}
[INFO] [stdout]   13:     0x57d05f0b01b3 - <tokio[7f14b5a898dd3a03]::runtime::scheduler::current_thread::Context>::enter::<core[a373ad73a504971]::task::poll::Poll<()>, <tokio[7f14b5a898dd3a03]::runtime::scheduler::current_thread::CoreGuard>::block_on<core[a373ad73a504971]::pin::Pin<&mut core[a373ad73a504971]::pin::Pin<&mut dyn core[a373ad73a504971]::future::future::Future<Output = ()>>>>::{closure#0}::{closure#0}>
[INFO] [stdout]   14:     0x57d05f0c78cc - <tokio[7f14b5a898dd3a03]::runtime::context::scoped::Scoped<tokio[7f14b5a898dd3a03]::runtime::scheduler::Context>>::set::<<tokio[7f14b5a898dd3a03]::runtime::scheduler::current_thread::CoreGuard>::enter<<tokio[7f14b5a898dd3a03]::runtime::scheduler::current_thread::CoreGuard>::block_on<core[a373ad73a504971]::pin::Pin<&mut core[a373ad73a504971]::pin::Pin<&mut dyn core[a373ad73a504971]::future::future::Future<Output = ()>>>>::{closure#0}, core[a373ad73a504971]::option::Option<()>>::{closure#0}, (alloc[2e1b2a31b91974c5]::boxed::Box<tokio[7f14b5a898dd3a03]::runtime::scheduler::current_thread::Core>, core[a373ad73a504971]::option::Option<()>)>
[INFO] [stdout]   15:     0x57d05f0b0707 - <tokio[7f14b5a898dd3a03]::runtime::scheduler::current_thread::CoreGuard>::block_on::<core[a373ad73a504971]::pin::Pin<&mut core[a373ad73a504971]::pin::Pin<&mut dyn core[a373ad73a504971]::future::future::Future<Output = ()>>>>
[INFO] [stdout]   16:     0x57d05f09f85d - tokio[7f14b5a898dd3a03]::runtime::context::runtime::enter_runtime::<<tokio[7f14b5a898dd3a03]::runtime::scheduler::current_thread::CurrentThread>::block_on<core[a373ad73a504971]::pin::Pin<&mut dyn core[a373ad73a504971]::future::future::Future<Output = ()>>>::{closure#0}, ()>
[INFO] [stdout]   17:     0x57d05f0afeb5 - <tokio[7f14b5a898dd3a03]::runtime::runtime::Runtime>::block_on::<core[a373ad73a504971]::pin::Pin<&mut dyn core[a373ad73a504971]::future::future::Future<Output = ()>>>
[INFO] [stdout]   18:     0x57d05f0af5ae - <webinfo[f012a742e1d04381]::dns::tests::test_query_ns_some::{closure#0} as core[a373ad73a504971]::ops::function::FnOnce<()>>::call_once
[INFO] [stdout]   19:     0x57d05f0d0c7b - test[aada8e7e76ba119b]::__rust_begin_short_backtrace::<core[a373ad73a504971]::result::Result<(), alloc[2e1b2a31b91974c5]::string::String>, fn() -> core[a373ad73a504971]::result::Result<(), alloc[2e1b2a31b91974c5]::string::String>>
[INFO] [stdout]   20:     0x57d05f0dde55 - test[aada8e7e76ba119b]::run_test::{closure#0}
[INFO] [stdout]   21:     0x57d05f0d7744 - std[617be2ca0a6fd877]::sys::backtrace::__rust_begin_short_backtrace::<test[aada8e7e76ba119b]::run_test::{closure#1}, ()>
[INFO] [stdout]   22:     0x57d05f0e0ee2 - <std[617be2ca0a6fd877]::thread::lifecycle::spawn_unchecked<test[aada8e7e76ba119b]::run_test::{closure#1}, ()>::{closure#1} as core[a373ad73a504971]::ops::function::FnOnce<()>>::call_once::{shim:vtable#0}
[INFO] [stdout]   23:     0x57d05f6708df - <std[617be2ca0a6fd877]::sys::thread::unix::Thread>::new::thread_start
[INFO] [stdout]   24:     0x781685cbedfa - <unknown>
[INFO] [stdout]   25:     0x781685d523d4 - clone
[INFO] [stdout]   26:                0x0 - <unknown>
[INFO] [stdout] 
[INFO] [stdout] ---- tls::tests::test_retrive_cert_info stdout ----
[INFO] [stdout] 
[INFO] [stdout] thread 'tls::tests::test_retrive_cert_info' (4066) panicked at src/tls.rs:173:9:
[INFO] [stdout] assertion failed: cert_info.is_ok()
[INFO] [stdout] stack backtrace:
[INFO] [stdout]    0:     0x57d05f671431 - <<std[617be2ca0a6fd877]::sys::backtrace::BacktraceLock>::print::DisplayBacktrace as core[a373ad73a504971]::fmt::Display>::fmt
[INFO] [stdout]    1:     0x57d05f688c6a - core[a373ad73a504971]::fmt::write
[INFO] [stdout]    2:     0x57d05f67645c - <alloc[2e1b2a31b91974c5]::vec::Vec<u8> as core[a373ad73a504971]::io::write::Write>::write_fmt
[INFO] [stdout]    3:     0x57d05f64b106 - std[617be2ca0a6fd877]::panicking::default_hook::{closure#0}
[INFO] [stdout]    4:     0x57d05f669179 - std[617be2ca0a6fd877]::panicking::default_hook
[INFO] [stdout]    5:     0x57d05f0dd830 - test[aada8e7e76ba119b]::test_main_inner::{closure#0}
[INFO] [stdout]    6:     0x57d05f6694a2 - std[617be2ca0a6fd877]::panicking::panic_with_hook
[INFO] [stdout]    7:     0x57d05f64b1e4 - std[617be2ca0a6fd877]::panicking::panic_handler::{closure#0}
[INFO] [stdout]    8:     0x57d05f6437a9 - std[617be2ca0a6fd877]::sys::backtrace::__rust_end_short_backtrace::<std[617be2ca0a6fd877]::panicking::panic_handler::{closure#0}, !>
[INFO] [stdout]    9:     0x57d05f64c0bd - __rustc[ea4f61d10b84890b]::rust_begin_unwind
[INFO] [stdout]   10:     0x57d05f6893cc - core[a373ad73a504971]::panicking::panic_fmt
[INFO] [stdout]   11:     0x57d05f689392 - core[a373ad73a504971]::panicking::panic
[INFO] [stdout]   12:     0x57d05f0c74f4 - <webinfo[f012a742e1d04381]::tls::tests::test_retrive_cert_info::{closure#0} as core[a373ad73a504971]::ops::function::FnOnce<()>>::call_once
[INFO] [stdout]   13:     0x57d05f0d0c7b - test[aada8e7e76ba119b]::__rust_begin_short_backtrace::<core[a373ad73a504971]::result::Result<(), alloc[2e1b2a31b91974c5]::string::String>, fn() -> core[a373ad73a504971]::result::Result<(), alloc[2e1b2a31b91974c5]::string::String>>
[INFO] [stdout]   14:     0x57d05f0dde55 - test[aada8e7e76ba119b]::run_test::{closure#0}
[INFO] [stdout]   15:     0x57d05f0d7744 - std[617be2ca0a6fd877]::sys::backtrace::__rust_begin_short_backtrace::<test[aada8e7e76ba119b]::run_test::{closure#1}, ()>
[INFO] [stdout]   16:     0x57d05f0e0ee2 - <std[617be2ca0a6fd877]::thread::lifecycle::spawn_unchecked<test[aada8e7e76ba119b]::run_test::{closure#1}, ()>::{closure#1} as core[a373ad73a504971]::ops::function::FnOnce<()>>::call_once::{shim:vtable#0}
[INFO] [stdout]   17:     0x57d05f6708df - <std[617be2ca0a6fd877]::sys::thread::unix::Thread>::new::thread_start
[INFO] [stdout]   18:     0x781685cbedfa - <unknown>
[INFO] [stdout]   19:     0x781685d523d4 - clone
[INFO] [stdout]   20:                0x0 - <unknown>
[INFO] [stdout] 
[INFO] [stdout] ---- utils::tests::test_get_resolver stdout ----
[INFO] [stdout] 
[INFO] [stdout] thread 'utils::tests::test_get_resolver' (4070) panicked at src/utils.rs:182:9:
[INFO] [stdout] assertion failed: response.is_ok()
[INFO] [stdout] stack backtrace:
[INFO] [stdout]    0:     0x57d05f671431 - <<std[617be2ca0a6fd877]::sys::backtrace::BacktraceLock>::print::DisplayBacktrace as core[a373ad73a504971]::fmt::Display>::fmt
[INFO] [stdout]    1:     0x57d05f688c6a - core[a373ad73a504971]::fmt::write
[INFO] [stdout]    2:     0x57d05f67645c - <alloc[2e1b2a31b91974c5]::vec::Vec<u8> as core[a373ad73a504971]::io::write::Write>::write_fmt
[INFO] [stdout]    3:     0x57d05f64b106 - std[617be2ca0a6fd877]::panicking::default_hook::{closure#0}
[INFO] [stdout]    4:     0x57d05f669179 - std[617be2ca0a6fd877]::panicking::default_hook
[INFO] [stdout]    5:     0x57d05f0dd830 - test[aada8e7e76ba119b]::test_main_inner::{closure#0}
[INFO] [stdout]    6:     0x57d05f6694a2 - std[617be2ca0a6fd877]::panicking::panic_with_hook
[INFO] [stdout]    7:     0x57d05f64b1e4 - std[617be2ca0a6fd877]::panicking::panic_handler::{closure#0}
[INFO] [stdout]    8:     0x57d05f6437a9 - std[617be2ca0a6fd877]::sys::backtrace::__rust_end_short_backtrace::<std[617be2ca0a6fd877]::panicking::panic_handler::{closure#0}, !>
[INFO] [stdout]    9:     0x57d05f64c0bd - __rustc[ea4f61d10b84890b]::rust_begin_unwind
[INFO] [stdout]   10:     0x57d05f6893cc - core[a373ad73a504971]::panicking::panic_fmt
[INFO] [stdout]   11:     0x57d05f689392 - core[a373ad73a504971]::panicking::panic
[INFO] [stdout]   12:     0x57d05f05408f - webinfo[f012a742e1d04381]::utils::tests::test_get_resolver::{closure#0}
[INFO] [stdout]   13:     0x57d05f0b01b3 - <tokio[7f14b5a898dd3a03]::runtime::scheduler::current_thread::Context>::enter::<core[a373ad73a504971]::task::poll::Poll<()>, <tokio[7f14b5a898dd3a03]::runtime::scheduler::current_thread::CoreGuard>::block_on<core[a373ad73a504971]::pin::Pin<&mut core[a373ad73a504971]::pin::Pin<&mut dyn core[a373ad73a504971]::future::future::Future<Output = ()>>>>::{closure#0}::{closure#0}>
[INFO] [stdout]   14:     0x57d05f0c78cc - <tokio[7f14b5a898dd3a03]::runtime::context::scoped::Scoped<tokio[7f14b5a898dd3a03]::runtime::scheduler::Context>>::set::<<tokio[7f14b5a898dd3a03]::runtime::scheduler::current_thread::CoreGuard>::enter<<tokio[7f14b5a898dd3a03]::runtime::scheduler::current_thread::CoreGuard>::block_on<core[a373ad73a504971]::pin::Pin<&mut core[a373ad73a504971]::pin::Pin<&mut dyn core[a373ad73a504971]::future::future::Future<Output = ()>>>>::{closure#0}, core[a373ad73a504971]::option::Option<()>>::{closure#0}, (alloc[2e1b2a31b91974c5]::boxed::Box<tokio[7f14b5a898dd3a03]::runtime::scheduler::current_thread::Core>, core[a373ad73a504971]::option::Option<()>)>
[INFO] [stdout]   15:     0x57d05f0b0707 - <tokio[7f14b5a898dd3a03]::runtime::scheduler::current_thread::CoreGuard>::block_on::<core[a373ad73a504971]::pin::Pin<&mut core[a373ad73a504971]::pin::Pin<&mut dyn core[a373ad73a504971]::future::future::Future<Output = ()>>>>
[INFO] [stdout]   16:     0x57d05f09f85d - tokio[7f14b5a898dd3a03]::runtime::context::runtime::enter_runtime::<<tokio[7f14b5a898dd3a03]::runtime::scheduler::current_thread::CurrentThread>::block_on<core[a373ad73a504971]::pin::Pin<&mut dyn core[a373ad73a504971]::future::future::Future<Output = ()>>>::{closure#0}, ()>
[INFO] [stdout]   17:     0x57d05f0afeb5 - <tokio[7f14b5a898dd3a03]::runtime::runtime::Runtime>::block_on::<core[a373ad73a504971]::pin::Pin<&mut dyn core[a373ad73a504971]::future::future::Future<Output = ()>>>
[INFO] [stdout]   18:     0x57d05f0576ae - <webinfo[f012a742e1d04381]::utils::tests::test_get_resolver::{closure#0} as core[a373ad73a504971]::ops::function::FnOnce<()>>::call_once
[INFO] [stdout]   19:     0x57d05f0d0c7b - test[aada8e7e76ba119b]::__rust_begin_short_backtrace::<core[a373ad73a504971]::result::Result<(), alloc[2e1b2a31b91974c5]::string::String>, fn() -> core[a373ad73a504971]::result::Result<(), alloc[2e1b2a31b91974c5]::string::String>>
[INFO] [stdout]   20:     0x57d05f0dde55 - test[aada8e7e76ba119b]::run_test::{closure#0}
[INFO] [stdout]   21:     0x57d05f0d7744 - std[617be2ca0a6fd877]::sys::backtrace::__rust_begin_short_backtrace::<test[aada8e7e76ba119b]::run_test::{closure#1}, ()>
[INFO] [stdout]   22:     0x57d05f0e0ee2 - <std[617be2ca0a6fd877]::thread::lifecycle::spawn_unchecked<test[aada8e7e76ba119b]::run_test::{closure#1}, ()>::{closure#1} as core[a373ad73a504971]::ops::function::FnOnce<()>>::call_once::{shim:vtable#0}
[INFO] [stdout]   23:     0x57d05f6708df - <std[617be2ca0a6fd877]::sys::thread::unix::Thread>::new::thread_start
[INFO] [stdout]   24:     0x781685cbedfa - <unknown>
[INFO] [stdout]   25:     0x781685d523d4 - clone
[INFO] [stdout]   26:                0x0 - <unknown>
[INFO] [stdout] 
[INFO] [stdout] ---- ipinfo::tests::test_builder stdout ----
[INFO] [stdout] 
[INFO] [stdout] thread 'ipinfo::tests::test_builder' (4059) panicked at src/ipinfo.rs:349:9:
[INFO] [stdout] assertion failed: ip_info.records.ip.is_some()
[INFO] [stdout] stack backtrace:
[INFO] [stdout]    0:     0x57d05f671431 - <<std[617be2ca0a6fd877]::sys::backtrace::BacktraceLock>::print::DisplayBacktrace as core[a373ad73a504971]::fmt::Display>::fmt
[INFO] [stdout]    1:     0x57d05f688c6a - core[a373ad73a504971]::fmt::write
[INFO] [stdout]    2:     0x57d05f67645c - <alloc[2e1b2a31b91974c5]::vec::Vec<u8> as core[a373ad73a504971]::io::write::Write>::write_fmt
[INFO] [stdout]    3:     0x57d05f64b106 - std[617be2ca0a6fd877]::panicking::default_hook::{closure#0}
[INFO] [stdout]    4:     0x57d05f669179 - std[617be2ca0a6fd877]::panicking::default_hook
[INFO] [stdout]    5:     0x57d05f0dd830 - test[aada8e7e76ba119b]::test_main_inner::{closure#0}
[INFO] [stdout]    6:     0x57d05f6694a2 - std[617be2ca0a6fd877]::panicking::panic_with_hook
[INFO] [stdout]    7:     0x57d05f64b1e4 - std[617be2ca0a6fd877]::panicking::panic_handler::{closure#0}
[INFO] [stdout]    8:     0x57d05f6437a9 - std[617be2ca0a6fd877]::sys::backtrace::__rust_end_short_backtrace::<std[617be2ca0a6fd877]::panicking::panic_handler::{closure#0}, !>
[INFO] [stdout]    9:     0x57d05f64c0bd - __rustc[ea4f61d10b84890b]::rust_begin_unwind
[INFO] [stdout]   10:     0x57d05f6893cc - core[a373ad73a504971]::panicking::panic_fmt
[INFO] [stdout]   11:     0x57d05f689392 - core[a373ad73a504971]::panicking::panic
[INFO] [stdout]   12:     0x57d05f098d13 - webinfo[f012a742e1d04381]::ipinfo::tests::test_builder::{closure#0}
[INFO] [stdout]   13:     0x57d05f0b01b3 - <tokio[7f14b5a898dd3a03]::runtime::scheduler::current_thread::Context>::enter::<core[a373ad73a504971]::task::poll::Poll<()>, <tokio[7f14b5a898dd3a03]::runtime::scheduler::current_thread::CoreGuard>::block_on<core[a373ad73a504971]::pin::Pin<&mut core[a373ad73a504971]::pin::Pin<&mut dyn core[a373ad73a504971]::future::future::Future<Output = ()>>>>::{closure#0}::{closure#0}>
[INFO] [stdout]   14:     0x57d05f0c78cc - <tokio[7f14b5a898dd3a03]::runtime::context::scoped::Scoped<tokio[7f14b5a898dd3a03]::runtime::scheduler::Context>>::set::<<tokio[7f14b5a898dd3a03]::runtime::scheduler::current_thread::CoreGuard>::enter<<tokio[7f14b5a898dd3a03]::runtime::scheduler::current_thread::CoreGuard>::block_on<core[a373ad73a504971]::pin::Pin<&mut core[a373ad73a504971]::pin::Pin<&mut dyn core[a373ad73a504971]::future::future::Future<Output = ()>>>>::{closure#0}, core[a373ad73a504971]::option::Option<()>>::{closure#0}, (alloc[2e1b2a31b91974c5]::boxed::Box<tokio[7f14b5a898dd3a03]::runtime::scheduler::current_thread::Core>, core[a373ad73a504971]::option::Option<()>)>
[INFO] [stdout]   15:     0x57d05f0b0707 - <tokio[7f14b5a898dd3a03]::runtime::scheduler::current_thread::CoreGuard>::block_on::<core[a373ad73a504971]::pin::Pin<&mut core[a373ad73a504971]::pin::Pin<&mut dyn core[a373ad73a504971]::future::future::Future<Output = ()>>>>
[INFO] [stdout]   16:     0x57d05f09f85d - tokio[7f14b5a898dd3a03]::runtime::context::runtime::enter_runtime::<<tokio[7f14b5a898dd3a03]::runtime::scheduler::current_thread::CurrentThread>::block_on<core[a373ad73a504971]::pin::Pin<&mut dyn core[a373ad73a504971]::future::future::Future<Output = ()>>>::{closure#0}, ()>
[INFO] [stdout]   17:     0x57d05f0afeb5 - <tokio[7f14b5a898dd3a03]::runtime::runtime::Runtime>::block_on::<core[a373ad73a504971]::pin::Pin<&mut dyn core[a373ad73a504971]::future::future::Future<Output = ()>>>
[INFO] [stdout]   18:     0x57d05f09ab8e - <webinfo[f012a742e1d04381]::ipinfo::tests::test_builder::{closure#0} as core[a373ad73a504971]::ops::function::FnOnce<()>>::call_once
[INFO] [stdout]   19:     0x57d05f0d0c7b - test[aada8e7e76ba119b]::__rust_begin_short_backtrace::<core[a373ad73a504971]::result::Result<(), alloc[2e1b2a31b91974c5]::string::String>, fn() -> core[a373ad73a504971]::result::Result<(), alloc[2e1b2a31b91974c5]::string::String>>
[INFO] [stdout]   20:     0x57d05f0dde55 - test[aada8e7e76ba119b]::run_test::{closure#0}
[INFO] [stdout]   21:     0x57d05f0d7744 - std[617be2ca0a6fd877]::sys::backtrace::__rust_begin_short_backtrace::<test[aada8e7e76ba119b]::run_test::{closure#1}, ()>
[INFO] [stdout]   22:     0x57d05f0e0ee2 - <std[617be2ca0a6fd877]::thread::lifecycle::spawn_unchecked<test[aada8e7e76ba119b]::run_test::{closure#1}, ()>::{closure#1} as core[a373ad73a504971]::ops::function::FnOnce<()>>::call_once::{shim:vtable#0}
[INFO] [stdout]   23:     0x57d05f6708df - <std[617be2ca0a6fd877]::sys::thread::unix::Thread>::new::thread_start
[INFO] [stdout]   24:     0x781685cbedfa - <unknown>
[INFO] [stdout]   25:     0x781685d523d4 - clone
[INFO] [stdout]   26:                0x0 - <unknown>
[INFO] [stdout] 
[INFO] [stdout] ---- utils::tests::test_fetch_and_save_asn_db stdout ----
[INFO] [stdout] 
[INFO] [stdout] thread 'utils::tests::test_fetch_and_save_asn_db' (4069) panicked at src/utils.rs:167:9:
[INFO] [stdout] assertion failed: result.is_ok()
[INFO] [stdout] stack backtrace:
[INFO] [stdout]    0:     0x57d05f671431 - <<std[617be2ca0a6fd877]::sys::backtrace::BacktraceLock>::print::DisplayBacktrace as core[a373ad73a504971]::fmt::Display>::fmt
[INFO] [stdout]    1:     0x57d05f688c6a - core[a373ad73a504971]::fmt::write
[INFO] [stdout]    2:     0x57d05f67645c - <alloc[2e1b2a31b91974c5]::vec::Vec<u8> as core[a373ad73a504971]::io::write::Write>::write_fmt
[INFO] [stdout]    3:     0x57d05f64b106 - std[617be2ca0a6fd877]::panicking::default_hook::{closure#0}
[INFO] [stdout]    4:     0x57d05f669179 - std[617be2ca0a6fd877]::panicking::default_hook
[INFO] [stdout]    5:     0x57d05f0dd830 - test[aada8e7e76ba119b]::test_main_inner::{closure#0}
[INFO] [stdout]    6:     0x57d05f6694a2 - std[617be2ca0a6fd877]::panicking::panic_with_hook
[INFO] [stdout]    7:     0x57d05f64b1e4 - std[617be2ca0a6fd877]::panicking::panic_handler::{closure#0}
[INFO] [stdout]    8:     0x57d05f6437a9 - std[617be2ca0a6fd877]::sys::backtrace::__rust_end_short_backtrace::<std[617be2ca0a6fd877]::panicking::panic_handler::{closure#0}, !>
[INFO] [stdout]    9:     0x57d05f64c0bd - __rustc[ea4f61d10b84890b]::rust_begin_unwind
[INFO] [stdout]   10:     0x57d05f6893cc - core[a373ad73a504971]::panicking::panic_fmt
[INFO] [stdout]   11:     0x57d05f689392 - core[a373ad73a504971]::panicking::panic
[INFO] [stdout]   12:     0x57d05f05466a - webinfo[f012a742e1d04381]::utils::tests::test_fetch_and_save_asn_db::{closure#0}
[INFO] [stdout]   13:     0x57d05f0b01b3 - <tokio[7f14b5a898dd3a03]::runtime::scheduler::current_thread::Context>::enter::<core[a373ad73a504971]::task::poll::Poll<()>, <tokio[7f14b5a898dd3a03]::runtime::scheduler::current_thread::CoreGuard>::block_on<core[a373ad73a504971]::pin::Pin<&mut core[a373ad73a504971]::pin::Pin<&mut dyn core[a373ad73a504971]::future::future::Future<Output = ()>>>>::{closure#0}::{closure#0}>
[INFO] [stdout]   14:     0x57d05f0c78cc - <tokio[7f14b5a898dd3a03]::runtime::context::scoped::Scoped<tokio[7f14b5a898dd3a03]::runtime::scheduler::Context>>::set::<<tokio[7f14b5a898dd3a03]::runtime::scheduler::current_thread::CoreGuard>::enter<<tokio[7f14b5a898dd3a03]::runtime::scheduler::current_thread::CoreGuard>::block_on<core[a373ad73a504971]::pin::Pin<&mut core[a373ad73a504971]::pin::Pin<&mut dyn core[a373ad73a504971]::future::future::Future<Output = ()>>>>::{closure#0}, core[a373ad73a504971]::option::Option<()>>::{closure#0}, (alloc[2e1b2a31b91974c5]::boxed::Box<tokio[7f14b5a898dd3a03]::runtime::scheduler::current_thread::Core>, core[a373ad73a504971]::option::Option<()>)>
[INFO] [stdout]   15:     0x57d05f0b0707 - <tokio[7f14b5a898dd3a03]::runtime::scheduler::current_thread::CoreGuard>::block_on::<core[a373ad73a504971]::pin::Pin<&mut core[a373ad73a504971]::pin::Pin<&mut dyn core[a373ad73a504971]::future::future::Future<Output = ()>>>>
[INFO] [stdout]   16:     0x57d05f09f85d - tokio[7f14b5a898dd3a03]::runtime::context::runtime::enter_runtime::<<tokio[7f14b5a898dd3a03]::runtime::scheduler::current_thread::CurrentThread>::block_on<core[a373ad73a504971]::pin::Pin<&mut dyn core[a373ad73a504971]::future::future::Future<Output = ()>>>::{closure#0}, ()>
[INFO] [stdout]   17:     0x57d05f0afeb5 - <tokio[7f14b5a898dd3a03]::runtime::runtime::Runtime>::block_on::<core[a373ad73a504971]::pin::Pin<&mut dyn core[a373ad73a504971]::future::future::Future<Output = ()>>>
[INFO] [stdout]   18:     0x57d05f0579ce - <webinfo[f012a742e1d04381]::utils::tests::test_fetch_and_save_asn_db::{closure#0} as core[a373ad73a504971]::ops::function::FnOnce<()>>::call_once
[INFO] [stdout]   19:     0x57d05f0d0c7b - test[aada8e7e76ba119b]::__rust_begin_short_backtrace::<core[a373ad73a504971]::result::Result<(), alloc[2e1b2a31b91974c5]::string::String>, fn() -> core[a373ad73a504971]::result::Result<(), alloc[2e1b2a31b91974c5]::string::String>>
[INFO] [stdout]   20:     0x57d05f0dde55 - test[aada8e7e76ba119b]::run_test::{closure#0}
[INFO] [stdout]   21:     0x57d05f0d7744 - std[617be2ca0a6fd877]::sys::backtrace::__rust_begin_short_backtrace::<test[aada8e7e76ba119b]::run_test::{closure#1}, ()>
[INFO] [stdout]   22:     0x57d05f0e0ee2 - <std[617be2ca0a6fd877]::thread::lifecycle::spawn_unchecked<test[aada8e7e76ba119b]::run_test::{closure#1}, ()>::{closure#1} as core[a373ad73a504971]::ops::function::FnOnce<()>>::call_once::{shim:vtable#0}
[INFO] [stdout]   23:     0x57d05f6708df - <std[617be2ca0a6fd877]::sys::thread::unix::Thread>::new::thread_start
[INFO] [stdout]   24:     0x781685cbedfa - <unknown>
[INFO] [stdout]   25:     0x781685d523d4 - clone
[INFO] [stdout]   26:                0x0 - <unknown>
[INFO] [stdout] 
[INFO] [stdout] ---- utils::tests::test_open_asn_db stdout ----
[INFO] [stdout] 
[INFO] [stdout] thread 'utils::tests::test_open_asn_db' (4071) panicked at src/utils.rs:150:9:
[INFO] [stdout] assertion failed: result_fetch.is_ok()
[INFO] [stdout] stack backtrace:
[INFO] [stdout]    0:     0x57d05f671431 - <<std[617be2ca0a6fd877]::sys::backtrace::BacktraceLock>::print::DisplayBacktrace as core[a373ad73a504971]::fmt::Display>::fmt
[INFO] [stdout]    1:     0x57d05f688c6a - core[a373ad73a504971]::fmt::write
[INFO] [stdout]    2:     0x57d05f67645c - <alloc[2e1b2a31b91974c5]::vec::Vec<u8> as core[a373ad73a504971]::io::write::Write>::write_fmt
[INFO] [stdout]    3:     0x57d05f64b106 - std[617be2ca0a6fd877]::panicking::default_hook::{closure#0}
[INFO] [stdout]    4:     0x57d05f669179 - std[617be2ca0a6fd877]::panicking::default_hook
[INFO] [stdout]    5:     0x57d05f0dd830 - test[aada8e7e76ba119b]::test_main_inner::{closure#0}
[INFO] [stdout]    6:     0x57d05f6694a2 - std[617be2ca0a6fd877]::panicking::panic_with_hook
[INFO] [stdout]    7:     0x57d05f64b1e4 - std[617be2ca0a6fd877]::panicking::panic_handler::{closure#0}
[INFO] [stdout]    8:     0x57d05f6437a9 - std[617be2ca0a6fd877]::sys::backtrace::__rust_end_short_backtrace::<std[617be2ca0a6fd877]::panicking::panic_handler::{closure#0}, !>
[INFO] [stdout]    9:     0x57d05f64c0bd - __rustc[ea4f61d10b84890b]::rust_begin_unwind
[INFO] [stdout]   10:     0x57d05f6893cc - core[a373ad73a504971]::panicking::panic_fmt
[INFO] [stdout]   11:     0x57d05f689392 - core[a373ad73a504971]::panicking::panic
[INFO] [stdout]   12:     0x57d05f0521c1 - webinfo[f012a742e1d04381]::utils::tests::test_open_asn_db::{closure#0}
[INFO] [stdout]   13:     0x57d05f0b01b3 - <tokio[7f14b5a898dd3a03]::runtime::scheduler::current_thread::Context>::enter::<core[a373ad73a504971]::task::poll::Poll<()>, <tokio[7f14b5a898dd3a03]::runtime::scheduler::current_thread::CoreGuard>::block_on<core[a373ad73a504971]::pin::Pin<&mut core[a373ad73a504971]::pin::Pin<&mut dyn core[a373ad73a504971]::future::future::Future<Output = ()>>>>::{closure#0}::{closure#0}>
[INFO] [stdout]   14:     0x57d05f0c78cc - <tokio[7f14b5a898dd3a03]::runtime::context::scoped::Scoped<tokio[7f14b5a898dd3a03]::runtime::scheduler::Context>>::set::<<tokio[7f14b5a898dd3a03]::runtime::scheduler::current_thread::CoreGuard>::enter<<tokio[7f14b5a898dd3a03]::runtime::scheduler::current_thread::CoreGuard>::block_on<core[a373ad73a504971]::pin::Pin<&mut core[a373ad73a504971]::pin::Pin<&mut dyn core[a373ad73a504971]::future::future::Future<Output = ()>>>>::{closure#0}, core[a373ad73a504971]::option::Option<()>>::{closure#0}, (alloc[2e1b2a31b91974c5]::boxed::Box<tokio[7f14b5a898dd3a03]::runtime::scheduler::current_thread::Core>, core[a373ad73a504971]::option::Option<()>)>
[INFO] [stdout]   15:     0x57d05f0b0707 - <tokio[7f14b5a898dd3a03]::runtime::scheduler::current_thread::CoreGuard>::block_on::<core[a373ad73a504971]::pin::Pin<&mut core[a373ad73a504971]::pin::Pin<&mut dyn core[a373ad73a504971]::future::future::Future<Output = ()>>>>
[INFO] [stdout]   16:     0x57d05f09f85d - tokio[7f14b5a898dd3a03]::runtime::context::runtime::enter_runtime::<<tokio[7f14b5a898dd3a03]::runtime::scheduler::current_thread::CurrentThread>::block_on<core[a373ad73a504971]::pin::Pin<&mut dyn core[a373ad73a504971]::future::future::Future<Output = ()>>>::{closure#0}, ()>
[INFO] [stdout]   17:     0x57d05f0afeb5 - <tokio[7f14b5a898dd3a03]::runtime::runtime::Runtime>::block_on::<core[a373ad73a504971]::pin::Pin<&mut dyn core[a373ad73a504971]::future::future::Future<Output = ()>>>
[INFO] [stdout]   18:     0x57d05f05750e - <webinfo[f012a742e1d04381]::utils::tests::test_open_asn_db::{closure#0} as core[a373ad73a504971]::ops::function::FnOnce<()>>::call_once
[INFO] [stdout]   19:     0x57d05f0d0c7b - test[aada8e7e76ba119b]::__rust_begin_short_backtrace::<core[a373ad73a504971]::result::Result<(), alloc[2e1b2a31b91974c5]::string::String>, fn() -> core[a373ad73a504971]::result::Result<(), alloc[2e1b2a31b91974c5]::string::String>>
[INFO] [stdout]   20:     0x57d05f0dde55 - test[aada8e7e76ba119b]::run_test::{closure#0}
[INFO] [stdout]   21:     0x57d05f0d7744 - std[617be2ca0a6fd877]::sys::backtrace::__rust_begin_short_backtrace::<test[aada8e7e76ba119b]::run_test::{closure#1}, ()>
[INFO] [stdout]   22:     0x57d05f0e0ee2 - <std[617be2ca0a6fd877]::thread::lifecycle::spawn_unchecked<test[aada8e7e76ba119b]::run_test::{closure#1}, ()>::{closure#1} as core[a373ad73a504971]::ops::function::FnOnce<()>>::call_once::{shim:vtable#0}
[INFO] [stdout]   23:     0x57d05f6708df - <std[617be2ca0a6fd877]::sys::thread::unix::Thread>::new::thread_start
[INFO] [stdout]   24:     0x781685cbedfa - <unknown>
[INFO] [stdout]   25:     0x781685d523d4 - clone
[INFO] [stdout]   26:                0x0 - <unknown>
[INFO] [stdout] 
[INFO] [stdout] 
[INFO] [stdout] failures:
[INFO] [stdout]     dns::tests::test_query_cname_some
[INFO] [stdout]     dns::tests::test_query_ns_some
[INFO] [stdout]     ipinfo::tests::test_builder
[INFO] [stdout]     tls::tests::test_retrive_cert_info
[INFO] [stdout]     utils::tests::test_fetch_and_save_asn_db
[INFO] [stdout]     utils::tests::test_get_resolver
[INFO] [stdout]     utils::tests::test_open_asn_db
[INFO] [stdout] 
[INFO] [stdout] test result: FAILED. 17 passed; 7 failed; 0 ignored; 0 measured; 0 filtered out; finished in 0.14s
[INFO] [stdout] 
[INFO] [stderr] error: test failed, to rerun pass `--lib`
[INFO] running `Command { std: "docker" "inspect" "39affff7e10758f67f48c228d4726bce61aa22f9ad9a608c376d5df65d0ce506", kill_on_drop: false }`
[INFO] running `Command { std: "docker" "rm" "-f" "39affff7e10758f67f48c228d4726bce61aa22f9ad9a608c376d5df65d0ce506", kill_on_drop: false }`
[INFO] [stdout] 39affff7e10758f67f48c228d4726bce61aa22f9ad9a608c376d5df65d0ce506
