[INFO] fetching crate webauthn-rs 0.6.1-dev...
[INFO] testing webauthn-rs-0.6.1-dev against 1.100.0-beta.1+cargoflags=--release for beta-release-1.100-2
[INFO] extracting crate webauthn-rs 0.6.1-dev into /workspace/builds/worker-4-tc2/source
[INFO] started tweaking crates.io crate webauthn-rs 0.6.1-dev
[INFO] finished tweaking crates.io crate webauthn-rs 0.6.1-dev
[INFO] tweaked toml for crates.io crate webauthn-rs 0.6.1-dev written to /workspace/builds/worker-4-tc2/source/Cargo.toml
[INFO] validating manifest of crates.io crate webauthn-rs 0.6.1-dev on toolchain 1.100.0-beta.1
[INFO] running `Command { std: CARGO_HOME="/workspace/cargo-home" RUSTUP_HOME="/workspace/rustup-home" "/workspace/cargo-home/bin/cargo" "+1.100.0-beta.1" "metadata" "--manifest-path" "Cargo.toml" "--no-deps", kill_on_drop: false }`
[INFO] crate crates.io crate webauthn-rs 0.6.1-dev already has a lockfile, it will not be regenerated
[INFO] running `Command { std: CARGO_HOME="/workspace/cargo-home" RUSTUP_HOME="/workspace/rustup-home" "/workspace/cargo-home/bin/cargo" "+1.100.0-beta.1" "fetch" "--manifest-path" "Cargo.toml", kill_on_drop: false }`
[INFO] [stderr] warning: `package.homepage` is redundant with `package.repository`
[INFO] [stderr]   --> Cargo.toml:47:12
[INFO] [stderr]    |
[INFO] [stderr] 47 | homepage = "https://github.com/kanidm/webauthn-rs"
[INFO] [stderr]    |            ^^^^^^^^^^^^^^^^^^^^^^^^^^^^^^^^^^^^^^^
[INFO] [stderr] ...
[INFO] [stderr] 52 | repository = "https://github.com/kanidm/webauthn-rs"
[INFO] [stderr]    |              ---------------------------------------
[INFO] [stderr]    |
[INFO] [stderr]    = note: `cargo::redundant_homepage` is set to `warn` by default
[INFO] [stderr] help: consider removing `package.homepage`
[INFO] [stderr] warning: `webauthn-rs` (manifest) generated 1 warning
[INFO] running `Command { std: "docker" "create" "-v" "/var/lib/crater-agent-workspace/builds/worker-4-tc2/source:/opt/rustwide/workdir:ro,Z" "-v" "/var/lib/crater-agent-workspace/builds/worker-4-tc2/target:/opt/rustwide/target:rw,Z" "-v" "/var/lib/crater-agent-workspace/cargo-home:/opt/rustwide/cargo-home:ro,Z" "-v" "/var/lib/crater-agent-workspace/rustup-home:/opt/rustwide/rustup-home:ro,Z" "-m" "1610612736" "--network" "none" "ghcr.io/rust-lang/crates-build-env/linux@sha256:77db811e55d90add9212f6832c23229e3de5f1c1f9905e8cb07319ea15df73ac" "sleep" "infinity", kill_on_drop: false }`
[INFO] [stdout] db803f2899c8b7cc37d7ec71cd15484ba76baccb6963ed10a14650cdf75d3d47
[INFO] running `Command { std: "docker" "start" "db803f2899c8b7cc37d7ec71cd15484ba76baccb6963ed10a14650cdf75d3d47", kill_on_drop: false }`
[INFO] running `Command { std: "docker" "inspect" "db803f2899c8b7cc37d7ec71cd15484ba76baccb6963ed10a14650cdf75d3d47", kill_on_drop: false }`
[INFO] running `Command { std: "docker" "exec" "-e" "SOURCE_DIR=/opt/rustwide/workdir" "-e" "CARGO_HOME=/opt/rustwide/cargo-home" "-e" "RUSTUP_HOME=/opt/rustwide/rustup-home" "-e" "CARGO_TARGET_DIR=/opt/rustwide/target" "-w" "/opt/rustwide/workdir" "--user" "0:0" "db803f2899c8b7cc37d7ec71cd15484ba76baccb6963ed10a14650cdf75d3d47" "/opt/rustwide/cargo-home/bin/cargo" "+1.100.0-beta.1" "metadata" "--no-deps" "--format-version=1", kill_on_drop: false }`
[INFO] running `Command { std: "docker" "inspect" "db803f2899c8b7cc37d7ec71cd15484ba76baccb6963ed10a14650cdf75d3d47", kill_on_drop: false }`
[INFO] running `Command { std: "docker" "exec" "-e" "SOURCE_DIR=/opt/rustwide/workdir" "-e" "CARGO_HOME=/opt/rustwide/cargo-home" "-e" "RUSTUP_HOME=/opt/rustwide/rustup-home" "-e" "CARGO_TARGET_DIR=/opt/rustwide/target" "-e" "CARGO_INCREMENTAL=0" "-e" "RUST_BACKTRACE=full" "-e" "RUSTFLAGS=--cap-lints=warn" "-e" "RUSTDOCFLAGS=--cap-lints=warn" "-w" "/opt/rustwide/workdir" "--user" "0:0" "db803f2899c8b7cc37d7ec71cd15484ba76baccb6963ed10a14650cdf75d3d47" "/opt/rustwide/cargo-home/bin/cargo" "+1.100.0-beta.1" "build" "--frozen" "--message-format=json" "--release", kill_on_drop: false }`
[INFO] [stderr] warning: `package.homepage` is redundant with `package.repository`
[INFO] [stderr]   --> Cargo.toml:47:12
[INFO] [stderr]    |
[INFO] [stderr] 47 | homepage = "https://github.com/kanidm/webauthn-rs"
[INFO] [stderr]    |            ^^^^^^^^^^^^^^^^^^^^^^^^^^^^^^^^^^^^^^^
[INFO] [stderr] ...
[INFO] [stderr] 52 | repository = "https://github.com/kanidm/webauthn-rs"
[INFO] [stderr]    |              ---------------------------------------
[INFO] [stderr]    |
[INFO] [stderr]    = note: `cargo::redundant_homepage` is set to `warn` by default
[INFO] [stderr] help: consider removing `package.homepage`
[INFO] [stderr] warning: `webauthn-rs` (manifest) generated 1 warning
[INFO] [stderr]    Compiling proc-macro2 v1.0.106
[INFO] [stderr]    Compiling unicode-ident v1.0.24
[INFO] [stderr]    Compiling quote v1.0.45
[INFO] [stderr]    Compiling serde_core v1.0.228
[INFO] [stderr]    Compiling serde v1.0.228
[INFO] [stderr]    Compiling cfg-if v1.0.4
[INFO] [stderr]    Compiling libc v0.2.186
[INFO] [stderr]    Compiling typenum v1.20.0
[INFO] [stderr]    Compiling generic-array v0.14.7
[INFO] [stderr]    Compiling subtle v2.6.1
[INFO] [stderr]    Compiling const-oid v0.9.6
[INFO] [stderr]    Compiling base64ct v1.8.3
[INFO] [stderr]    Compiling flagset v0.4.7
[INFO] [stderr]    Compiling num-traits v0.2.19
[INFO] [stderr]    Compiling zerocopy v0.8.48
[INFO] [stderr]    Compiling pem-rfc7468 v0.7.0
[INFO] [stderr]    Compiling smallvec v1.15.1
[INFO] [stderr]    Compiling base16ct v0.2.0
[INFO] [stderr]    Compiling memchr v2.8.0
[INFO] [stderr]    Compiling syn v2.0.117
[INFO] [stderr]    Compiling litemap v0.8.2
[INFO] [stderr]    Compiling writeable v0.6.3
[INFO] [stderr]    Compiling icu_properties_data v2.2.0
[INFO] [stderr]    Compiling strsim v0.11.1
[INFO] [stderr]    Compiling icu_normalizer_data v2.2.0
[INFO] [stderr]    Compiling num-integer v0.1.46
[INFO] [stderr]    Compiling getrandom v0.2.17
[INFO] [stderr]    Compiling ident_case v1.0.1
[INFO] [stderr]    Compiling minimal-lexical v0.2.1
[INFO] [stderr]    Compiling time-core v0.1.8
[INFO] [stderr]    Compiling rand_core v0.6.4
[INFO] [stderr]    Compiling num-conv v0.2.1
[INFO] [stderr]    Compiling powerfmt v0.2.0
[INFO] [stderr]    Compiling spin v0.9.8
[INFO] [stderr]    Compiling ff v0.13.1
[INFO] [stderr]    Compiling lazy_static v1.5.0
[INFO] [stderr]    Compiling deranged v0.5.8
[INFO] [stderr]    Compiling time-macros v0.2.27
[INFO] [stderr]    Compiling group v0.13.0
[INFO] [stderr]    Compiling nom v7.1.3
[INFO] [stderr]    Compiling opaque-debug v0.3.1
[INFO] [stderr]    Compiling getrandom v0.4.2
[INFO] [stderr]    Compiling getrandom v0.3.4
[INFO] [stderr]    Compiling num-bigint-dig v0.8.6
[INFO] [stderr]    Compiling num-iter v0.1.45
[INFO] [stderr]    Compiling zmij v1.0.21
[INFO] [stderr]    Compiling password-hash v0.5.0
[INFO] [stderr]    Compiling oid-registry v0.7.1
[INFO] [stderr]    Compiling percent-encoding v2.3.2
[INFO] [stderr]    Compiling serde_json v1.0.149
[INFO] [stderr]    Compiling form_urlencoded v1.2.2
[INFO] [stderr]    Compiling rand_core v0.9.5
[INFO] [stderr]    Compiling num-bigint v0.4.6
[INFO] [stderr]    Compiling hex v0.4.3
[INFO] [stderr]    Compiling base64 v0.21.7
[INFO] [stderr]    Compiling data-encoding v2.11.0
[INFO] [stderr]    Compiling uuid v1.23.1
[INFO] [stderr]    Compiling time v0.3.47
[INFO] [stderr]    Compiling rusticata-macros v4.1.0
[INFO] [stderr]    Compiling synstructure v0.13.2
[INFO] [stderr]    Compiling darling_core v0.23.0
[INFO] [stderr]    Compiling serde_derive v1.0.228
[INFO] [stderr]    Compiling der_derive v0.7.3
[INFO] [stderr]    Compiling zerofrom-derive v0.1.7
[INFO] [stderr]    Compiling displaydoc v0.2.5
[INFO] [stderr]    Compiling yoke-derive v0.8.2
[INFO] [stderr]    Compiling zerocopy-derive v0.8.48
[INFO] [stderr]    Compiling zerovec-derive v0.11.3
[INFO] [stderr]    Compiling thiserror-impl v1.0.69
[INFO] [stderr]    Compiling asn1-rs-impl v0.2.0
[INFO] [stderr]    Compiling zerofrom v0.1.7
[INFO] [stderr]    Compiling yoke v0.8.2
[INFO] [stderr]    Compiling asn1-rs-derive v0.5.1
[INFO] [stderr]    Compiling tracing-attributes v0.1.31
[INFO] [stderr]    Compiling zerotrie v0.2.4
[INFO] [stderr]    Compiling zerovec v0.11.6
[INFO] [stderr]    Compiling thiserror v1.0.69
[INFO] [stderr]    Compiling asn1-rs v0.6.2
[INFO] [stderr]    Compiling tracing v0.1.44
[INFO] [stderr]    Compiling darling_macro v0.23.0
[INFO] [stderr]    Compiling darling v0.23.0
[INFO] [stderr]    Compiling serde_with_macros v3.18.0
[INFO] [stderr]    Compiling tinystr v0.8.3
[INFO] [stderr]    Compiling potential_utf v0.1.5
[INFO] [stderr]    Compiling icu_collections v2.2.0
[INFO] [stderr]    Compiling icu_locale_core v2.2.0
[INFO] [stderr]    Compiling serde_with v3.18.0
[INFO] [stderr]    Compiling zeroize v1.8.2
[INFO] [stderr]    Compiling der v0.7.10
[INFO] [stderr]    Compiling hybrid-array v0.4.11
[INFO] [stderr]    Compiling der-parser v9.0.0
[INFO] [stderr]    Compiling crypto-common v0.2.1
[INFO] [stderr]    Compiling crypto-common v0.1.7
[INFO] [stderr]    Compiling block-buffer v0.10.4
[INFO] [stderr]    Compiling digest v0.10.7
[INFO] [stderr]    Compiling block-padding v0.3.3
[INFO] [stderr]    Compiling inout v0.1.4
[INFO] [stderr]    Compiling cipher v0.4.4
[INFO] [stderr]    Compiling hmac v0.12.1
[INFO] [stderr]    Compiling aes v0.8.4
[INFO] [stderr]    Compiling pbkdf2 v0.12.2
[INFO] [stderr]    Compiling salsa20 v0.10.2
[INFO] [stderr]    Compiling spki v0.7.3
[INFO] [stderr]    Compiling sha2 v0.10.9
[INFO] [stderr]    Compiling cbc v0.1.2
[INFO] [stderr]    Compiling hkdf v0.12.4
[INFO] [stderr]    Compiling signature v2.2.0
[INFO] [stderr]    Compiling crypto-bigint v0.5.5
[INFO] [stderr]    Compiling rfc6979 v0.4.0
[INFO] [stderr]    Compiling scrypt v0.11.0
[INFO] [stderr]    Compiling block-buffer v0.11.0
[INFO] [stderr]    Compiling pkcs5 v0.7.1
[INFO] [stderr]    Compiling icu_provider v2.2.0
[INFO] [stderr]    Compiling digest v0.11.0-rc.12
[INFO] [stderr]    Compiling universal-hash v0.5.1
[INFO] [stderr]    Compiling polyval v0.6.2
[INFO] [stderr]    Compiling ctr v0.9.2
[INFO] [stderr]    Compiling ghash v0.5.1
[INFO] [stderr]    Compiling icu_properties v2.2.0
[INFO] [stderr]    Compiling icu_normalizer v2.2.0
[INFO] [stderr]    Compiling pkcs8 v0.10.2
[INFO] [stderr]    Compiling ppv-lite86 v0.2.21
[INFO] [stderr]    Compiling sha1 v0.10.6
[INFO] [stderr]    Compiling sec1 v0.7.3
[INFO] [stderr]    Compiling rand_chacha v0.3.1
[INFO] [stderr]    Compiling elliptic-curve v0.13.8
[INFO] [stderr]    Compiling pkcs1 v0.7.5
[INFO] [stderr]    Compiling rand v0.8.6
[INFO] [stderr]    Compiling idna_adapter v1.2.2
[INFO] [stderr]    Compiling primeorder v0.13.6
[INFO] [stderr]    Compiling ecdsa v0.16.9
[INFO] [stderr]    Compiling blake2 v0.10.6
[INFO] [stderr]    Compiling aead v0.5.2
[INFO] [stderr]    Compiling idna v1.1.0
[INFO] [stderr]    Compiling aes-gcm v0.10.3
[INFO] [stderr]    Compiling x509-cert v0.2.5
[INFO] [stderr]    Compiling argon2 v0.5.3
[INFO] [stderr]    Compiling p521 v0.13.3
[INFO] [stderr]    Compiling p384 v0.13.1
[INFO] [stderr]    Compiling p256 v0.13.2
[INFO] [stderr]    Compiling kbkdf v0.1.0-rc.1
[INFO] [stderr]    Compiling hmac v0.13.0-rc.5
[INFO] [stderr]    Compiling sha2 v0.11.0-rc.5
[INFO] [stderr]    Compiling aes-kw v0.2.1
[INFO] [stderr]    Compiling url v2.5.8
[INFO] [stderr]    Compiling rsa v0.9.10
[INFO] [stderr]    Compiling rand_chacha v0.9.0
[INFO] [stderr]    Compiling half v2.7.1
[INFO] [stderr]    Compiling crypto-glue v0.1.16
[INFO] [stderr]    Compiling x509-parser v0.16.0
[INFO] [stderr]    Compiling webauthn-attestation-ca v0.6.1-dev
[INFO] [stderr]    Compiling serde_cbor_2 v0.13.0
[INFO] [stderr]    Compiling webauthn-rs-proto v0.6.1-dev
[INFO] [stderr]    Compiling rand v0.9.4
[INFO] [stderr]    Compiling webauthn-rs-core v0.6.1-dev
[INFO] [stderr]    Compiling webauthn-rs v0.6.1-dev (/opt/rustwide/workdir)
[INFO] [stderr]     Finished `release` profile [optimized] target(s) in 3m 03s
[INFO] running `Command { std: "docker" "inspect" "db803f2899c8b7cc37d7ec71cd15484ba76baccb6963ed10a14650cdf75d3d47", kill_on_drop: false }`
[INFO] running `Command { std: "docker" "exec" "-e" "SOURCE_DIR=/opt/rustwide/workdir" "-e" "CARGO_HOME=/opt/rustwide/cargo-home" "-e" "RUSTUP_HOME=/opt/rustwide/rustup-home" "-e" "CARGO_TARGET_DIR=/opt/rustwide/target" "-e" "CARGO_INCREMENTAL=0" "-e" "RUST_BACKTRACE=full" "-e" "RUSTFLAGS=--cap-lints=warn" "-e" "RUSTDOCFLAGS=--cap-lints=warn" "-w" "/opt/rustwide/workdir" "--user" "0:0" "db803f2899c8b7cc37d7ec71cd15484ba76baccb6963ed10a14650cdf75d3d47" "/opt/rustwide/cargo-home/bin/cargo" "+1.100.0-beta.1" "test" "--frozen" "--no-run" "--message-format=json" "--release", kill_on_drop: false }`
[INFO] [stderr] warning: `package.homepage` is redundant with `package.repository`
[INFO] [stderr]   --> Cargo.toml:47:12
[INFO] [stderr]    |
[INFO] [stderr] 47 | homepage = "https://github.com/kanidm/webauthn-rs"
[INFO] [stderr]    |            ^^^^^^^^^^^^^^^^^^^^^^^^^^^^^^^^^^^^^^^
[INFO] [stderr] ...
[INFO] [stderr] 52 | repository = "https://github.com/kanidm/webauthn-rs"
[INFO] [stderr]    |              ---------------------------------------
[INFO] [stderr]    |
[INFO] [stderr]    = note: `cargo::redundant_homepage` is set to `warn` by default
[INFO] [stderr] help: consider removing `package.homepage`
[INFO] [stderr] warning: `webauthn-rs` (manifest) generated 1 warning
[INFO] [stderr]    Compiling webauthn-rs v0.6.1-dev (/opt/rustwide/workdir)
[INFO] [stderr]     Finished `release` profile [optimized] target(s) in 0.81s
[INFO] running `Command { std: "docker" "inspect" "db803f2899c8b7cc37d7ec71cd15484ba76baccb6963ed10a14650cdf75d3d47", kill_on_drop: false }`
[INFO] running `Command { std: "docker" "exec" "-e" "SOURCE_DIR=/opt/rustwide/workdir" "-e" "CARGO_HOME=/opt/rustwide/cargo-home" "-e" "RUSTUP_HOME=/opt/rustwide/rustup-home" "-e" "CARGO_TARGET_DIR=/opt/rustwide/target" "-e" "CARGO_INCREMENTAL=0" "-e" "RUST_BACKTRACE=full" "-e" "RUSTFLAGS=--cap-lints=warn" "-e" "RUSTDOCFLAGS=--cap-lints=warn" "-w" "/opt/rustwide/workdir" "--user" "0:0" "db803f2899c8b7cc37d7ec71cd15484ba76baccb6963ed10a14650cdf75d3d47" "/opt/rustwide/cargo-home/bin/cargo" "+1.100.0-beta.1" "test" "--frozen" "--release", kill_on_drop: false }`
[INFO] [stderr] warning: `package.homepage` is redundant with `package.repository`
[INFO] [stderr]   --> Cargo.toml:47:12
[INFO] [stderr]    |
[INFO] [stderr] 47 | homepage = "https://github.com/kanidm/webauthn-rs"
[INFO] [stderr]    |            ^^^^^^^^^^^^^^^^^^^^^^^^^^^^^^^^^^^^^^^
[INFO] [stderr] ...
[INFO] [stderr] 52 | repository = "https://github.com/kanidm/webauthn-rs"
[INFO] [stderr]    |              ---------------------------------------
[INFO] [stderr]    |
[INFO] [stderr]    = note: `cargo::redundant_homepage` is set to `warn` by default
[INFO] [stderr] help: consider removing `package.homepage`
[INFO] [stderr] warning: `webauthn-rs` (manifest) generated 1 warning
[INFO] [stderr]     Finished `release` profile [optimized] target(s) in 0.27s
[INFO] [stderr]      Running unittests src/lib.rs (/opt/rustwide/target/release/build/webauthn-rs/be28f290a3c7010d/out/webauthn_rs-be28f290a3c7010d)
[INFO] [stdout] 
[INFO] [stdout] running 1 test
[INFO] [stdout] test tests::test_webauthnbuilder_chrome_url ... ok
[INFO] [stdout] 
[INFO] [stdout] test result: ok. 1 passed; 0 failed; 0 ignored; 0 measured; 0 filtered out; finished in 0.00s
[INFO] [stdout] 
[INFO] [stderr]    Doc-tests webauthn_rs
[INFO] [stdout] 
[INFO] [stdout] running 7 tests
[INFO] [stdout] test src/lib.rs - Webauthn::start_securitykey_registration (line 775) ... FAILED
[INFO] [stdout] test src/lib.rs - Webauthn::start_attested_passkey_registration (line 1080) ... FAILED
[INFO] [stdout] test src/lib.rs - WebauthnBuilder<'a>::build (line 389) ... ok
[INFO] [stdout] test src/lib.rs - WebauthnBuilder<'a>::new (line 274) ... ok
[INFO] [stdout] test src/lib.rs - WebauthnBuilder<'a>::new (line 259) ... ok
[INFO] [stdout] test src/lib.rs - (line 22) ... ok
[INFO] [stdout] test src/lib.rs - Webauthn::start_passkey_registration (line 509) ... ok
[INFO] [stdout] 
[INFO] [stdout] failures:
[INFO] [stdout] 
[INFO] [stdout] ---- src/lib.rs - Webauthn::start_securitykey_registration (line 775) stdout ----
[INFO] [stdout] error[E0432]: unresolved import `webauthn_rs_device_catalog`
[INFO] [stdout]    --> src/lib.rs:819:5
[INFO] [stdout]     |
[INFO] [stdout] 819 | use webauthn_rs_device_catalog::Data;
[INFO] [stdout]     |     ^^^^^^^^^^^^^^^^^^^^^^^^^^ use of unresolved module or unlinked crate `webauthn_rs_device_catalog`
[INFO] [stdout]     |
[INFO] [stdout]     = help: if you wanted to use a crate named `webauthn_rs_device_catalog`, use `cargo add webauthn_rs_device_catalog` to add it to your `Cargo.toml`
[INFO] [stdout] 
[INFO] [stdout] error: aborting due to 1 previous error
[INFO] [stdout] 
[INFO] [stdout] For more information about this error, try `rustc --explain E0432`.
[INFO] [stdout] Couldn't compile the test.
[INFO] [stdout] ---- src/lib.rs - Webauthn::start_attested_passkey_registration (line 1080) stdout ----
[INFO] [stdout] error[E0432]: unresolved import `webauthn_rs_device_catalog`
[INFO] [stdout]     --> src/lib.rs:1083:5
[INFO] [stdout]      |
[INFO] [stdout] 1083 | use webauthn_rs_device_catalog::Data;
[INFO] [stdout]      |     ^^^^^^^^^^^^^^^^^^^^^^^^^^ use of unresolved module or unlinked crate `webauthn_rs_device_catalog`
[INFO] [stdout]      |
[INFO] [stdout]      = help: if you wanted to use a crate named `webauthn_rs_device_catalog`, use `cargo add webauthn_rs_device_catalog` to add it to your `Cargo.toml`
[INFO] [stdout] 
[INFO] [stdout] error: aborting due to 1 previous error
[INFO] [stdout] 
[INFO] [stdout] For more information about this error, try `rustc --explain E0432`.
[INFO] [stdout] Couldn't compile the test.
[INFO] [stdout] 
[INFO] [stdout] failures:
[INFO] [stdout]     src/lib.rs - Webauthn::start_attested_passkey_registration (line 1080)
[INFO] [stdout]     src/lib.rs - Webauthn::start_securitykey_registration (line 775)
[INFO] [stdout] 
[INFO] [stdout] test result: FAILED. 5 passed; 2 failed; 0 ignored; 0 measured; 0 filtered out; finished in 1.15s
[INFO] [stdout] 
[INFO] [stderr] error: doctest failed, to rerun pass `--doc`
[INFO] running `Command { std: "docker" "inspect" "db803f2899c8b7cc37d7ec71cd15484ba76baccb6963ed10a14650cdf75d3d47", kill_on_drop: false }`
[INFO] running `Command { std: "docker" "rm" "-f" "db803f2899c8b7cc37d7ec71cd15484ba76baccb6963ed10a14650cdf75d3d47", kill_on_drop: false }`
[INFO] [stdout] db803f2899c8b7cc37d7ec71cd15484ba76baccb6963ed10a14650cdf75d3d47
