[INFO] fetching crate webassembly 0.10.0...
[INFO] testing webassembly-0.10.0 against 1.99.0-beta.8+cargoflags=--release for beta-release-1.100-2
[INFO] extracting crate webassembly 0.10.0 into /workspace/builds/worker-2-tc1/source
[INFO] started tweaking crates.io crate webassembly 0.10.0
[INFO] finished tweaking crates.io crate webassembly 0.10.0
[INFO] tweaked toml for crates.io crate webassembly 0.10.0 written to /workspace/builds/worker-2-tc1/source/Cargo.toml
[INFO] validating manifest of crates.io crate webassembly 0.10.0 on toolchain 1.99.0-beta.8
[INFO] running `Command { std: CARGO_HOME="/workspace/cargo-home" RUSTUP_HOME="/workspace/rustup-home" "/workspace/cargo-home/bin/cargo" "+1.99.0-beta.8" "metadata" "--manifest-path" "Cargo.toml" "--no-deps", kill_on_drop: false }`
[INFO] crate crates.io crate webassembly 0.10.0 already has a lockfile, it will not be regenerated
[INFO] running `Command { std: CARGO_HOME="/workspace/cargo-home" RUSTUP_HOME="/workspace/rustup-home" "/workspace/cargo-home/bin/cargo" "+1.99.0-beta.8" "fetch" "--manifest-path" "Cargo.toml", kill_on_drop: false }`
[INFO] running `Command { std: "docker" "create" "-v" "/var/lib/crater-agent-workspace/builds/worker-2-tc1/source:/opt/rustwide/workdir:ro,Z" "-v" "/var/lib/crater-agent-workspace/builds/worker-2-tc1/target:/opt/rustwide/target:rw,Z" "-v" "/var/lib/crater-agent-workspace/cargo-home:/opt/rustwide/cargo-home:ro,Z" "-v" "/var/lib/crater-agent-workspace/rustup-home:/opt/rustwide/rustup-home:ro,Z" "-m" "1610612736" "--network" "none" "ghcr.io/rust-lang/crates-build-env/linux@sha256:77db811e55d90add9212f6832c23229e3de5f1c1f9905e8cb07319ea15df73ac" "sleep" "infinity", kill_on_drop: false }`
[INFO] [stdout] e46f53ce245e3028eaba35454c7cf3fdf956877b7074b8eb53fa712be4a8fca2
[INFO] running `Command { std: "docker" "start" "e46f53ce245e3028eaba35454c7cf3fdf956877b7074b8eb53fa712be4a8fca2", kill_on_drop: false }`
[INFO] running `Command { std: "docker" "inspect" "e46f53ce245e3028eaba35454c7cf3fdf956877b7074b8eb53fa712be4a8fca2", kill_on_drop: false }`
[INFO] running `Command { std: "docker" "exec" "-e" "SOURCE_DIR=/opt/rustwide/workdir" "-e" "CARGO_HOME=/opt/rustwide/cargo-home" "-e" "RUSTUP_HOME=/opt/rustwide/rustup-home" "-e" "CARGO_TARGET_DIR=/opt/rustwide/target" "-w" "/opt/rustwide/workdir" "--user" "0:0" "e46f53ce245e3028eaba35454c7cf3fdf956877b7074b8eb53fa712be4a8fca2" "/opt/rustwide/cargo-home/bin/cargo" "+1.99.0-beta.8" "metadata" "--no-deps" "--format-version=1", kill_on_drop: false }`
[INFO] running `Command { std: "docker" "inspect" "e46f53ce245e3028eaba35454c7cf3fdf956877b7074b8eb53fa712be4a8fca2", kill_on_drop: false }`
[INFO] running `Command { std: "docker" "exec" "-e" "SOURCE_DIR=/opt/rustwide/workdir" "-e" "CARGO_HOME=/opt/rustwide/cargo-home" "-e" "RUSTUP_HOME=/opt/rustwide/rustup-home" "-e" "CARGO_TARGET_DIR=/opt/rustwide/target" "-e" "CARGO_INCREMENTAL=0" "-e" "RUST_BACKTRACE=full" "-e" "RUSTFLAGS=--cap-lints=warn" "-e" "RUSTDOCFLAGS=--cap-lints=warn" "-w" "/opt/rustwide/workdir" "--user" "0:0" "e46f53ce245e3028eaba35454c7cf3fdf956877b7074b8eb53fa712be4a8fca2" "/opt/rustwide/cargo-home/bin/cargo" "+1.99.0-beta.8" "build" "--frozen" "--message-format=json" "--release", kill_on_drop: false }`
[INFO] [stderr]    Compiling webassembly v0.10.0 (/opt/rustwide/workdir)
[INFO] [stderr]     Finished `release` profile [optimized] target(s) in 3.04s
[INFO] running `Command { std: "docker" "inspect" "e46f53ce245e3028eaba35454c7cf3fdf956877b7074b8eb53fa712be4a8fca2", kill_on_drop: false }`
[INFO] running `Command { std: "docker" "exec" "-e" "SOURCE_DIR=/opt/rustwide/workdir" "-e" "CARGO_HOME=/opt/rustwide/cargo-home" "-e" "RUSTUP_HOME=/opt/rustwide/rustup-home" "-e" "CARGO_TARGET_DIR=/opt/rustwide/target" "-e" "CARGO_INCREMENTAL=0" "-e" "RUST_BACKTRACE=full" "-e" "RUSTFLAGS=--cap-lints=warn" "-e" "RUSTDOCFLAGS=--cap-lints=warn" "-w" "/opt/rustwide/workdir" "--user" "0:0" "e46f53ce245e3028eaba35454c7cf3fdf956877b7074b8eb53fa712be4a8fca2" "/opt/rustwide/cargo-home/bin/cargo" "+1.99.0-beta.8" "test" "--frozen" "--no-run" "--message-format=json" "--release", kill_on_drop: false }`
[INFO] [stderr]    Compiling webassembly v0.10.0 (/opt/rustwide/workdir)
[INFO] [stderr]     Finished `release` profile [optimized] target(s) in 3.21s
[INFO] running `Command { std: "docker" "inspect" "e46f53ce245e3028eaba35454c7cf3fdf956877b7074b8eb53fa712be4a8fca2", kill_on_drop: false }`
[INFO] running `Command { std: "docker" "exec" "-e" "SOURCE_DIR=/opt/rustwide/workdir" "-e" "CARGO_HOME=/opt/rustwide/cargo-home" "-e" "RUSTUP_HOME=/opt/rustwide/rustup-home" "-e" "CARGO_TARGET_DIR=/opt/rustwide/target" "-e" "CARGO_INCREMENTAL=0" "-e" "RUST_BACKTRACE=full" "-e" "RUSTFLAGS=--cap-lints=warn" "-e" "RUSTDOCFLAGS=--cap-lints=warn" "-w" "/opt/rustwide/workdir" "--user" "0:0" "e46f53ce245e3028eaba35454c7cf3fdf956877b7074b8eb53fa712be4a8fca2" "/opt/rustwide/cargo-home/bin/cargo" "+1.99.0-beta.8" "test" "--frozen" "--release", kill_on_drop: false }`
[INFO] [stderr]     Finished `release` profile [optimized] target(s) in 0.03s
[INFO] [stderr]      Running unittests src/lib.rs (/opt/rustwide/target/release/deps/webassembly-98376004a883abb3)
[INFO] [stdout] 
[INFO] [stdout] running 16 tests
[INFO] [stdout] test tests::test_leb128_u32_two_bytes ... ok
[INFO] [stdout] test tests::test_leb128_u32_zero ... ok
[INFO] [stdout] test tests::test_import_section_func ... ok
[INFO] [stdout] test tests::test_parse_all_spec_tests ... FAILED
[INFO] [stdout] test tests::test_custom_section ... ok
[INFO] [stdout] test tests::test_parse_minimal_module ... ok
[INFO] [stdout] test tests::test_leb128_u32_single_byte ... ok
[INFO] [stdout] test tests::test_roundtrip_empty_module ... ok
[INFO] [stdout] test tests::test_leb128_i32_negative_large ... ok
[INFO] [stdout] test tests::test_spec_roundtrip ... FAILED
[INFO] [stdout] test tests::test_leb128_i32_positive ... ok
[INFO] [stdout] test tests::test_type_section_empty ... ok
[INFO] [stdout] test tests::test_leb128_u32_max ... ok
[INFO] [stdout] test tests::test_leb128_i32_negative ... ok
[INFO] [stdout] test tests::test_roundtrip_type_section ... ok
[INFO] [stdout] test tests::test_type_section_single ... ok
[INFO] [stdout] 
[INFO] [stdout] failures:
[INFO] [stdout] 
[INFO] [stdout] ---- tests::test_parse_all_spec_tests stdout ----
[INFO] [stdout] 
[INFO] [stdout] thread 'tests::test_parse_all_spec_tests' (152) panicked at src/lib.rs:3711:9:
[INFO] [stdout] No spec tests available
[INFO] [stdout] stack backtrace:
[INFO] [stdout]    0:     0x601b06eca681 - <<std[70759c8f55707aa4]::sys::backtrace::BacktraceLock>::print::DisplayBacktrace as core[df12db4294e9bfd3]::fmt::Display>::fmt
[INFO] [stdout]    1:     0x601b06edeb5a - core[df12db4294e9bfd3]::fmt::write
[INFO] [stdout]    2:     0x601b06ecedec - <alloc[2182bb758b4b3781]::vec::Vec<u8> as core[df12db4294e9bfd3]::io::write::Write>::write_fmt
[INFO] [stdout]    3:     0x601b06ea6366 - std[70759c8f55707aa4]::panicking::default_hook::{closure#0}
[INFO] [stdout]    4:     0x601b06ec28b9 - std[70759c8f55707aa4]::panicking::default_hook
[INFO] [stdout]    5:     0x601b06e5e310 - test[9d35eded1c95d3be]::test_main_inner::<test[9d35eded1c95d3be]::test_main_static::{closure#0}>::{closure#0}
[INFO] [stdout]    6:     0x601b06ec2a72 - std[70759c8f55707aa4]::panicking::panic_with_hook
[INFO] [stdout]    7:     0x601b06ea6444 - std[70759c8f55707aa4]::panicking::panic_handler::{closure#0}
[INFO] [stdout]    8:     0x601b06e9ef69 - std[70759c8f55707aa4]::sys::backtrace::__rust_end_short_backtrace::<std[70759c8f55707aa4]::panicking::panic_handler::{closure#0}, !>
[INFO] [stdout]    9:     0x601b06ea700d - __rustc[8fa7c3cbc660c2b3]::rust_begin_unwind
[INFO] [stdout]   10:     0x601b06edf28c - core[df12db4294e9bfd3]::panicking::panic_fmt
[INFO] [stdout]   11:     0x601b06e50839 - webassembly[e11219a49998d644]::tests::test_parse_all_spec_tests
[INFO] [stdout]   12:     0x601b06e4b279 - <webassembly[e11219a49998d644]::tests::test_parse_all_spec_tests::{closure#0} as core[df12db4294e9bfd3]::ops::function::FnOnce<()>>::call_once
[INFO] [stdout]   13:     0x601b06e515fb - test[9d35eded1c95d3be]::__rust_begin_short_backtrace::<core[df12db4294e9bfd3]::result::Result<(), alloc[2182bb758b4b3781]::string::String>, fn() -> core[df12db4294e9bfd3]::result::Result<(), alloc[2182bb758b4b3781]::string::String>>
[INFO] [stdout]   14:     0x601b06e5ec65 - test[9d35eded1c95d3be]::run_test::{closure#0}
[INFO] [stdout]   15:     0x601b06e58524 - std[70759c8f55707aa4]::sys::backtrace::__rust_begin_short_backtrace::<test[9d35eded1c95d3be]::run_test::{closure#1}, ()>
[INFO] [stdout]   16:     0x601b06e61dc2 - <std[70759c8f55707aa4]::thread::lifecycle::spawn_unchecked<test[9d35eded1c95d3be]::run_test::{closure#1}, ()>::{closure#1} as core[df12db4294e9bfd3]::ops::function::FnOnce<()>>::call_once::{shim:vtable#0}
[INFO] [stdout]   17:     0x601b06ec9c39 - <std[70759c8f55707aa4]::sys::thread::unix::Thread>::new::thread_start
[INFO] [stdout]   18:     0x7e0578df3dfa - <unknown>
[INFO] [stdout]   19:     0x7e0578e873d4 - clone
[INFO] [stdout]   20:                0x0 - <unknown>
[INFO] [stdout] 
[INFO] [stdout] ---- tests::test_spec_roundtrip stdout ----
[INFO] [stdout] 
[INFO] [stdout] thread 'tests::test_spec_roundtrip' (156) panicked at src/lib.rs:3766:9:
[INFO] [stdout] No spec tests available
[INFO] [stdout] stack backtrace:
[INFO] [stdout]    0:     0x601b06eca681 - <<std[70759c8f55707aa4]::sys::backtrace::BacktraceLock>::print::DisplayBacktrace as core[df12db4294e9bfd3]::fmt::Display>::fmt
[INFO] [stdout]    1:     0x601b06edeb5a - core[df12db4294e9bfd3]::fmt::write
[INFO] [stdout]    2:     0x601b06ecedec - <alloc[2182bb758b4b3781]::vec::Vec<u8> as core[df12db4294e9bfd3]::io::write::Write>::write_fmt
[INFO] [stdout]    3:     0x601b06ea6366 - std[70759c8f55707aa4]::panicking::default_hook::{closure#0}
[INFO] [stdout]    4:     0x601b06ec28b9 - std[70759c8f55707aa4]::panicking::default_hook
[INFO] [stdout]    5:     0x601b06e5e310 - test[9d35eded1c95d3be]::test_main_inner::<test[9d35eded1c95d3be]::test_main_static::{closure#0}>::{closure#0}
[INFO] [stdout]    6:     0x601b06ec2a72 - std[70759c8f55707aa4]::panicking::panic_with_hook
[INFO] [stdout]    7:     0x601b06ea6444 - std[70759c8f55707aa4]::panicking::panic_handler::{closure#0}
[INFO] [stdout]    8:     0x601b06e9ef69 - std[70759c8f55707aa4]::sys::backtrace::__rust_end_short_backtrace::<std[70759c8f55707aa4]::panicking::panic_handler::{closure#0}, !>
[INFO] [stdout]    9:     0x601b06ea700d - __rustc[8fa7c3cbc660c2b3]::rust_begin_unwind
[INFO] [stdout]   10:     0x601b06edf28c - core[df12db4294e9bfd3]::panicking::panic_fmt
[INFO] [stdout]   11:     0x601b06e4f0d9 - webassembly[e11219a49998d644]::tests::test_spec_roundtrip
[INFO] [stdout]   12:     0x601b06e4b179 - <webassembly[e11219a49998d644]::tests::test_spec_roundtrip::{closure#0} as core[df12db4294e9bfd3]::ops::function::FnOnce<()>>::call_once
[INFO] [stdout]   13:     0x601b06e515fb - test[9d35eded1c95d3be]::__rust_begin_short_backtrace::<core[df12db4294e9bfd3]::result::Result<(), alloc[2182bb758b4b3781]::string::String>, fn() -> core[df12db4294e9bfd3]::result::Result<(), alloc[2182bb758b4b3781]::string::String>>
[INFO] [stdout]   14:     0x601b06e5ec65 - test[9d35eded1c95d3be]::run_test::{closure#0}
[INFO] [stdout]   15:     0x601b06e58524 - std[70759c8f55707aa4]::sys::backtrace::__rust_begin_short_backtrace::<test[9d35eded1c95d3be]::run_test::{closure#1}, ()>
[INFO] [stdout]   16:     0x601b06e61dc2 - <std[70759c8f55707aa4]::thread::lifecycle::spawn_unchecked<test[9d35eded1c95d3be]::run_test::{closure#1}, ()>::{closure#1} as core[df12db4294e9bfd3]::ops::function::FnOnce<()>>::call_once::{shim:vtable#0}
[INFO] [stdout]   17:     0x601b06ec9c39 - <std[70759c8f55707aa4]::sys::thread::unix::Thread>::new::thread_start
[INFO] [stdout]   18:     0x7e0578df3dfa - <unknown>
[INFO] [stdout]   19:     0x7e0578e873d4 - clone
[INFO] [stdout]   20:                0x0 - <unknown>
[INFO] [stdout] 
[INFO] [stdout] 
[INFO] [stdout] failures:
[INFO] [stdout]     tests::test_parse_all_spec_tests
[INFO] [stdout]     tests::test_spec_roundtrip
[INFO] [stdout] 
[INFO] [stdout] test result: FAILED. 14 passed; 2 failed; 0 ignored; 0 measured; 0 filtered out; finished in 0.01s
[INFO] [stdout] 
[INFO] [stderr] error: test failed, to rerun pass `--lib`
[INFO] running `Command { std: "docker" "inspect" "e46f53ce245e3028eaba35454c7cf3fdf956877b7074b8eb53fa712be4a8fca2", kill_on_drop: false }`
[INFO] running `Command { std: "docker" "rm" "-f" "e46f53ce245e3028eaba35454c7cf3fdf956877b7074b8eb53fa712be4a8fca2", kill_on_drop: false }`
[INFO] [stdout] e46f53ce245e3028eaba35454c7cf3fdf956877b7074b8eb53fa712be4a8fca2
