[INFO] fetching crate webarkitlib-rs 0.8.1...
[INFO] testing webarkitlib-rs-0.8.1 against 1.99.0-beta.8+cargoflags=--release for beta-release-1.100-2
[INFO] extracting crate webarkitlib-rs 0.8.1 into /workspace/builds/worker-3-tc1/source
[INFO] started tweaking crates.io crate webarkitlib-rs 0.8.1
[INFO] removed 0 missing examples
[INFO] finished tweaking crates.io crate webarkitlib-rs 0.8.1
[INFO] tweaked toml for crates.io crate webarkitlib-rs 0.8.1 written to /workspace/builds/worker-3-tc1/source/Cargo.toml
[INFO] validating manifest of crates.io crate webarkitlib-rs 0.8.1 on toolchain 1.99.0-beta.8
[INFO] running `Command { std: CARGO_HOME="/workspace/cargo-home" RUSTUP_HOME="/workspace/rustup-home" "/workspace/cargo-home/bin/cargo" "+1.99.0-beta.8" "metadata" "--manifest-path" "Cargo.toml" "--no-deps", kill_on_drop: false }`
[INFO] crate crates.io crate webarkitlib-rs 0.8.1 already has a lockfile, it will not be regenerated
[INFO] running `Command { std: CARGO_HOME="/workspace/cargo-home" RUSTUP_HOME="/workspace/rustup-home" "/workspace/cargo-home/bin/cargo" "+1.99.0-beta.8" "fetch" "--manifest-path" "Cargo.toml", kill_on_drop: false }`
[INFO] [stderr]     Updating crates.io index
[INFO] [stderr]  Downloading crates ...
[INFO] [stderr]   Downloaded avif-serialize v0.8.8
[INFO] [stderr]   Downloaded imageproc v0.26.1
[INFO] [stderr]   Downloaded env_filter v1.0.1
[INFO] [stderr]   Downloaded purecv v0.4.0
[INFO] running `Command { std: "docker" "create" "-v" "/var/lib/crater-agent-workspace/builds/worker-3-tc1/source:/opt/rustwide/workdir:ro,Z" "-v" "/var/lib/crater-agent-workspace/builds/worker-3-tc1/target:/opt/rustwide/target:rw,Z" "-v" "/var/lib/crater-agent-workspace/cargo-home:/opt/rustwide/cargo-home:ro,Z" "-v" "/var/lib/crater-agent-workspace/rustup-home:/opt/rustwide/rustup-home:ro,Z" "-m" "1610612736" "--network" "none" "ghcr.io/rust-lang/crates-build-env/linux@sha256:77db811e55d90add9212f6832c23229e3de5f1c1f9905e8cb07319ea15df73ac" "sleep" "infinity", kill_on_drop: false }`
[INFO] [stdout] cc3a00a290435e6ee105cee050418d6e3b57bc599499504f584960e55725182d
[INFO] running `Command { std: "docker" "start" "cc3a00a290435e6ee105cee050418d6e3b57bc599499504f584960e55725182d", kill_on_drop: false }`
[INFO] running `Command { std: "docker" "inspect" "cc3a00a290435e6ee105cee050418d6e3b57bc599499504f584960e55725182d", kill_on_drop: false }`
[INFO] running `Command { std: "docker" "exec" "-e" "SOURCE_DIR=/opt/rustwide/workdir" "-e" "CARGO_HOME=/opt/rustwide/cargo-home" "-e" "RUSTUP_HOME=/opt/rustwide/rustup-home" "-e" "CARGO_TARGET_DIR=/opt/rustwide/target" "-w" "/opt/rustwide/workdir" "--user" "0:0" "cc3a00a290435e6ee105cee050418d6e3b57bc599499504f584960e55725182d" "/opt/rustwide/cargo-home/bin/cargo" "+1.99.0-beta.8" "metadata" "--no-deps" "--format-version=1", kill_on_drop: false }`
[INFO] running `Command { std: "docker" "inspect" "cc3a00a290435e6ee105cee050418d6e3b57bc599499504f584960e55725182d", kill_on_drop: false }`
[INFO] running `Command { std: "docker" "exec" "-e" "SOURCE_DIR=/opt/rustwide/workdir" "-e" "CARGO_HOME=/opt/rustwide/cargo-home" "-e" "RUSTUP_HOME=/opt/rustwide/rustup-home" "-e" "CARGO_TARGET_DIR=/opt/rustwide/target" "-e" "CARGO_INCREMENTAL=0" "-e" "RUST_BACKTRACE=full" "-e" "RUSTFLAGS=--cap-lints=warn" "-e" "RUSTDOCFLAGS=--cap-lints=warn" "-w" "/opt/rustwide/workdir" "--user" "0:0" "cc3a00a290435e6ee105cee050418d6e3b57bc599499504f584960e55725182d" "/opt/rustwide/cargo-home/bin/cargo" "+1.99.0-beta.8" "build" "--frozen" "--message-format=json" "--release", kill_on_drop: false }`
[INFO] [stderr]    Compiling arrayvec v0.7.6
[INFO] [stderr]    Compiling syn v2.0.117
[INFO] [stderr]    Compiling built v0.8.0
[INFO] [stderr]    Compiling nom v8.0.0
[INFO] [stderr]    Compiling core2 v0.4.0
[INFO] [stderr]    Compiling num-complex v0.4.6
[INFO] [stderr]    Compiling getrandom v0.3.4
[INFO] [stderr]    Compiling safe_arch v0.7.4
[INFO] [stderr]    Compiling simd_helpers v0.1.0
[INFO] [stderr]    Compiling num-bigint v0.4.6
[INFO] [stderr]    Compiling itertools v0.14.0
[INFO] [stderr]    Compiling matrixmultiply v0.3.10
[INFO] [stderr]    Compiling rayon v1.12.0
[INFO] [stderr]    Compiling zune-core v0.4.12
[INFO] [stderr]    Compiling imgref v1.12.0
[INFO] [stderr]    Compiling strength_reduce v0.2.4
[INFO] [stderr]    Compiling bitstream-io v4.9.0
[INFO] [stderr]    Compiling primal-check v0.3.4
[INFO] [stderr]    Compiling rand_core v0.9.5
[INFO] [stderr]    Compiling zune-jpeg v0.4.21
[INFO] [stderr]    Compiling loop9 v0.1.5
[INFO] [stderr]    Compiling avif-serialize v0.8.8
[INFO] [stderr]    Compiling transpose v0.2.3
[INFO] [stderr]    Compiling pxfm v0.1.28
[INFO] [stderr]    Compiling ttf-parser v0.25.1
[INFO] [stderr]    Compiling zune-core v0.5.1
[INFO] [stderr]    Compiling gif v0.14.1
[INFO] [stderr]    Compiling rav1e v0.8.1
[INFO] [stderr]    Compiling wide v0.7.33
[INFO] [stderr]    Compiling rustfft v6.4.1
[INFO] [stderr]    Compiling zune-jpeg v0.5.12
[INFO] [stderr]    Compiling num-iter v0.1.45
[INFO] [stderr]    Compiling ab_glyph_rasterizer v0.1.10
[INFO] [stderr]    Compiling webarkitlib-rs v0.8.1 (/opt/rustwide/workdir)
[INFO] [stderr]    Compiling num-rational v0.4.2
[INFO] [stderr]    Compiling num v0.4.3
[INFO] [stderr]    Compiling simba v0.9.1
[INFO] [stderr]    Compiling moxcms v0.7.11
[INFO] [stderr]    Compiling owned_ttf_parser v0.25.1
[INFO] [stderr]    Compiling ab_glyph v0.2.32
[INFO] [stderr]    Compiling maybe-rayon v0.1.1
[INFO] [stderr]    Compiling jpeg-decoder v0.3.2
[INFO] [stderr]    Compiling purecv v0.4.0
[INFO] [stderr]    Compiling zerocopy-derive v0.8.40
[INFO] [stderr]    Compiling equator-macro v0.4.2
[INFO] [stderr]    Compiling equator v0.4.2
[INFO] [stderr]    Compiling aligned-vec v0.6.4
[INFO] [stderr]    Compiling v_frame v0.3.9
[INFO] [stderr]    Compiling thiserror-impl v2.0.18
[INFO] [stderr]    Compiling profiling-procmacros v1.0.17
[INFO] [stderr]    Compiling arg_enum_proc_macro v0.3.4
[INFO] [stderr]    Compiling profiling v1.0.17
[INFO] [stderr]    Compiling av1-grain v0.2.5
[INFO] [stderr]    Compiling num-derive v0.4.2
[INFO] [stderr]    Compiling zerocopy v0.8.40
[INFO] [stderr]    Compiling fax_derive v0.2.0
[INFO] [stderr]    Compiling fax v0.2.6
[INFO] [stderr]    Compiling thiserror v2.0.18
[INFO] [stderr]    Compiling av-scenechange v0.14.1
[INFO] [stderr]    Compiling rustdct v0.7.1
[INFO] [stderr]    Compiling nalgebra v0.34.2
[INFO] [stderr]    Compiling ppv-lite86 v0.2.21
[INFO] [stderr]    Compiling half v2.7.1
[INFO] [stderr]    Compiling exr v1.74.0
[INFO] [stderr]    Compiling tiff v0.10.3
[INFO] [stderr]    Compiling rand_chacha v0.9.0
[INFO] [stderr]    Compiling rand v0.9.2
[INFO] [stderr]    Compiling ravif v0.12.0
[INFO] [stderr]    Compiling rand_distr v0.5.1
[INFO] [stderr]    Compiling image v0.25.9
[INFO] [stderr]    Compiling imageproc v0.26.1
[INFO] [stderr]     Finished `release` profile [optimized] target(s) in 3m 01s
[INFO] running `Command { std: "docker" "inspect" "cc3a00a290435e6ee105cee050418d6e3b57bc599499504f584960e55725182d", kill_on_drop: false }`
[INFO] running `Command { std: "docker" "exec" "-e" "SOURCE_DIR=/opt/rustwide/workdir" "-e" "CARGO_HOME=/opt/rustwide/cargo-home" "-e" "RUSTUP_HOME=/opt/rustwide/rustup-home" "-e" "CARGO_TARGET_DIR=/opt/rustwide/target" "-e" "CARGO_INCREMENTAL=0" "-e" "RUST_BACKTRACE=full" "-e" "RUSTFLAGS=--cap-lints=warn" "-e" "RUSTDOCFLAGS=--cap-lints=warn" "-w" "/opt/rustwide/workdir" "--user" "0:0" "cc3a00a290435e6ee105cee050418d6e3b57bc599499504f584960e55725182d" "/opt/rustwide/cargo-home/bin/cargo" "+1.99.0-beta.8" "test" "--frozen" "--no-run" "--message-format=json" "--release", kill_on_drop: false }`
[INFO] [stderr]    Compiling bitflags v2.11.0
[INFO] [stderr]    Compiling av1-grain v0.2.5
[INFO] [stderr]    Compiling av-scenechange v0.14.1
[INFO] [stderr]    Compiling aho-corasick v1.1.4
[INFO] [stderr]    Compiling serde_derive v1.0.228
[INFO] [stderr]    Compiling alloca v0.4.0
[INFO] [stderr]    Compiling ciborium-ll v0.2.2
[INFO] [stderr]    Compiling serde_json v1.0.149
[INFO] [stderr]    Compiling clap_derive v4.5.55
[INFO] [stderr]    Compiling itertools v0.13.0
[INFO] [stderr]    Compiling anstream v1.0.0
[INFO] [stderr]    Compiling plotters v0.3.7
[INFO] [stderr]    Compiling purecv v0.4.0
[INFO] [stderr]    Compiling page_size v0.6.0
[INFO] [stderr]    Compiling once_cell v1.21.3
[INFO] [stderr]    Compiling jiff v0.2.23
[INFO] [stderr]    Compiling png v0.18.1
[INFO] [stderr]    Compiling rustix v1.1.4
[INFO] [stderr]    Compiling chrono v0.4.44
[INFO] [stderr]    Compiling rav1e v0.8.1
[INFO] [stderr]    Compiling clap v4.5.60
[INFO] [stderr]    Compiling regex-automata v0.4.14
[INFO] [stderr]    Compiling criterion-plot v0.8.2
[INFO] [stderr]    Compiling tempfile v3.27.0
[INFO] [stderr]    Compiling serde v1.0.228
[INFO] [stderr]    Compiling tinytemplate v1.2.1
[INFO] [stderr]    Compiling ciborium v0.2.2
[INFO] [stderr]    Compiling regex v1.12.3
[INFO] [stderr]    Compiling env_filter v1.0.1
[INFO] [stderr]    Compiling criterion v0.8.2
[INFO] [stderr]    Compiling env_logger v0.11.10
[INFO] [stderr]    Compiling ravif v0.12.0
[INFO] [stderr]    Compiling image v0.25.9
[INFO] [stderr]    Compiling imageproc v0.26.1
[INFO] [stderr]    Compiling webarkitlib-rs v0.8.1 (/opt/rustwide/workdir)
[INFO] [stdout] warning: function `make_deterministic_test_data` is never used
[INFO] [stdout]     --> src/ar2/feature_map.rs:1074:8
[INFO] [stdout]      |
[INFO] [stdout] 1074 |     fn make_deterministic_test_data() -> (Vec<u8>, Vec<f32>, f32) {
[INFO] [stdout]      |        ^^^^^^^^^^^^^^^^^^^^^^^^^^^^
[INFO] [stdout]      |
[INFO] [stdout]      = note: `#[warn(dead_code)]` (part of `#[warn(unused)]`) on by default
[INFO] [stdout] 
[INFO] [stdout] 
[INFO] [stdout] warning: function `assert_similarity_close` is never used
[INFO] [stdout]     --> src/ar2/feature_map.rs:1097:8
[INFO] [stdout]      |
[INFO] [stdout] 1097 |     fn assert_similarity_close(scalar: Option<f32>, simd: Option<f32>, cx: i32, cy: i32) {
[INFO] [stdout]      |        ^^^^^^^^^^^^^^^^^^^^^^^
[INFO] [stdout] 
[INFO] [stdout] 
[INFO] [stderr]     Finished `release` profile [optimized] target(s) in 2m 29s
[INFO] running `Command { std: "docker" "inspect" "cc3a00a290435e6ee105cee050418d6e3b57bc599499504f584960e55725182d", kill_on_drop: false }`
[INFO] running `Command { std: "docker" "exec" "-e" "SOURCE_DIR=/opt/rustwide/workdir" "-e" "CARGO_HOME=/opt/rustwide/cargo-home" "-e" "RUSTUP_HOME=/opt/rustwide/rustup-home" "-e" "CARGO_TARGET_DIR=/opt/rustwide/target" "-e" "CARGO_INCREMENTAL=0" "-e" "RUST_BACKTRACE=full" "-e" "RUSTFLAGS=--cap-lints=warn" "-e" "RUSTDOCFLAGS=--cap-lints=warn" "-w" "/opt/rustwide/workdir" "--user" "0:0" "cc3a00a290435e6ee105cee050418d6e3b57bc599499504f584960e55725182d" "/opt/rustwide/cargo-home/bin/cargo" "+1.99.0-beta.8" "test" "--frozen" "--release", kill_on_drop: false }`
[INFO] [stderr] warning: function `make_deterministic_test_data` is never used
[INFO] [stderr]     --> src/ar2/feature_map.rs:1074:8
[INFO] [stderr]      |
[INFO] [stderr] 1074 |     fn make_deterministic_test_data() -> (Vec<u8>, Vec<f32>, f32) {
[INFO] [stderr]      |        ^^^^^^^^^^^^^^^^^^^^^^^^^^^^
[INFO] [stderr]      |
[INFO] [stderr]      = note: `#[warn(dead_code)]` (part of `#[warn(unused)]`) on by default
[INFO] [stderr] 
[INFO] [stderr] warning: function `assert_similarity_close` is never used
[INFO] [stderr]     --> src/ar2/feature_map.rs:1097:8
[INFO] [stderr]      |
[INFO] [stderr] 1097 |     fn assert_similarity_close(scalar: Option<f32>, simd: Option<f32>, cx: i32, cy: i32) {
[INFO] [stderr]      |        ^^^^^^^^^^^^^^^^^^^^^^^
[INFO] [stderr] 
[INFO] [stderr] warning: `webarkitlib-rs` (lib test) generated 2 warnings
[INFO] [stderr]     Finished `release` profile [optimized] target(s) in 0.30s
[INFO] [stderr]      Running unittests src/lib.rs (/opt/rustwide/target/release/deps/webarkitlib_rs-db5545321624794c)
[INFO] [stdout] 
[INFO] [stdout] running 434 tests
[INFO] [stdout] test ar2::feature_map::tests::test_feature_counts_stable_pinball ... ignored
[INFO] [stdout] test ar2::feature_map::tests::test_feature_map_produces_points ... ignored
[INFO] [stdout] test ar2::image_set::tests::test_compute_dpi_levels_standard ... ok
[INFO] [stdout] test ar2::image_set::tests::test_encode_grayscale_jpeg_dpi ... ok
[INFO] [stdout] test ar2::feature_map::tests::test_feature_map_rejects_empty_image_set ... ok
[INFO] [stdout] test ar2::image_set::tests::test_compute_dpi_levels_single ... ok
[INFO] [stdout] test ar2::feature_map::tests::test_make_template_out_of_bounds ... ok
[INFO] [stdout] test ar2::feature_set::tests::test_feature_set_to_bytes_from_bytes_roundtrip ... ok
[INFO] [stdout] test ar2::image_set::tests::test_gen_image_layer1_rgb ... ok
[INFO] [stdout] test ar2::feature_set::tests::test_feature_set_save_load_roundtrip ... ok
[INFO] [stdout] test ar2::feature_map::tests::test_feature_map_small_synthetic ... ok
[INFO] [stdout] test ar2::feature_map::tests::test_feature_map_mindpi_maxdpi ... ok
[INFO] [stdout] test ar2::image_set::tests::test_parse_jfif_dpi_120 ... ok
[INFO] [stdout] test ar::bch::tests::test_bch127_generator_degree ... ok
[INFO] [stdout] test ar::bch::tests::test_decode_bch_5x5_zero_codeword ... ok
[INFO] [stdout] test ar::bch::tests::test_decode_bch_4x4_zero_codeword ... ok
[INFO] [stdout] test ar::bch::tests::test_decode_bch_global_id_nine_bit_errors_correctable ... ok
[INFO] [stdout] test ar::bch::tests::test_decode_bch_global_id_roundtrip_max_value ... ok
[INFO] [stdout] test ar::bch::tests::test_decode_bch_global_id_roundtrip_known_pattern ... ok
[INFO] [stdout] test ar2::image_set::tests::test_image_set_save_jpeg_load_roundtrip ... ok
[INFO] [stdout] test ar2::image_set::tests::test_image_set_save_raw_load_roundtrip ... ok
[INFO] [stdout] test ar::bch::tests::test_decode_bch_global_id_single_bit_error ... ok
[INFO] [stdout] test ar2::image_set::tests::test_ar2_gen_image_set_dimensions ... ok
[INFO] [stdout] test ar2::image_set::tests::test_gen_image_layer1_grayscale ... ok
[INFO] [stdout] test ar::bch::tests::test_decode_bch_global_id_data_bit_error ... ok
[INFO] [stdout] test ar2::image_set::tests::test_ar2_gen_image_set_rgb_to_grayscale ... ok
[INFO] [stdout] test ar::bch::tests::test_decode_bch_global_id_too_many_errors_fails ... ok
[INFO] [stdout] test ar2::image_set::tests::test_legacy_format_roundtrip ... ok
[INFO] [stdout] test ar::bch::tests::test_decode_bch_global_id_zero_codeword ... ok
[INFO] [stdout] test ar::bch::tests::test_decode_hamming63_zero ... ok
[INFO] [stdout] test ar::bch::tests::test_decode_parity65_zero ... ok
[INFO] [stdout] test ar::filter::tests::test_ar_filter_trans_mat_no_change ... ok
[INFO] [stdout] test ar::marker::tests::test_confidence_cutoff_custom_threshold ... ok
[INFO] [stdout] test ar::marker::tests::test_confidence_cutoff_exactly_at_boundary ... ok
[INFO] [stdout] test ar::marker::tests::test_confidence_cutoff_matrix_keeps_high_cf ... ok
[INFO] [stdout] test ar::marker::tests::test_confidence_cutoff_mixed_both_fail_sets_phase ... ok
[INFO] [stdout] test ar::marker::tests::test_confidence_cutoff_mixed_clears_independently ... ok
[INFO] [stdout] test ar::marker::tests::test_confidence_cutoff_mono_matrix_matrix_passes_template_fails ... ok
[INFO] [stdout] test ar::marker::tests::test_confidence_cutoff_respects_marker_num_boundary ... ok
[INFO] [stdout] test ar::marker::tests::test_confidence_cutoff_template_clears_low_cf ... ok
[INFO] [stdout] test ar::marker::tests::test_confidence_cutoff_template_keeps_high_cf ... ok
[INFO] [stdout] test ar::marker::tests::test_confidence_cutoff_template_mixed_pass_fail ... ok
[INFO] [stdout] test ar::marker::tests::test_confidence_cutoff_zero_markers_detected ... ok
[INFO] [stdout] test ar::marker::tests::test_cutoff_phase_none_on_template_success ... ok
[INFO] [stdout] test ar2::feature_set::tests::test_feature_set_roundtrip ... ok
[INFO] [stdout] test ar2::image_set::tests::test_image_set_jpeg_multiscale_roundtrip ... ok
[INFO] [stdout] test ar::marker::tests::test_finalize_marker_id_cf_dir_matrix_only ... ok
[INFO] [stdout] test ar::marker::tests::test_finalize_marker_id_cf_dir_mixed_color_matrix_leaves_finals_alone ... ok
[INFO] [stdout] test ar::marker::tests::test_cutoff_phase_set_on_matrix_contrast_error ... ok
[INFO] [stdout] test ar::image_proc::tests::test_image_proc_hist ... ok
[INFO] [stdout] test ar::marker::tests::test_finalize_marker_id_cf_dir_mixed_mono_matrix_leaves_finals_alone ... ok
[INFO] [stdout] test ar::marker::tests::test_finalize_marker_id_cf_dir_mono_matrix_leaves_finals_alone ... ok
[INFO] [stdout] test ar::marker::tests::test_finalize_marker_id_cf_dir_template_color ... ok
[INFO] [stdout] test ar::marker::tests::test_finalize_marker_id_cf_dir_template_mono ... ok
[INFO] [stdout] test ar::image_proc::tests::test_otsu_thresholding ... ok
[INFO] [stdout] test ar::marker::tests::test_confidence_cutoff_mono_matrix_template_passes_matrix_fails ... ok
[INFO] [stdout] test ar::filter::tests::test_ar_filter_trans_mat_interpolation ... ok
[INFO] [stdout] test ar::marker::tests::test_cutoff_phase_set_on_match_generic ... ok
[INFO] [stdout] test ar::marker::tests::test_confidence_cutoff_matrix_clears_low_cf ... ok
[INFO] [stdout] test ar::marker::tests::test_cutoff_phase_set_on_matrix_barcode_not_found ... ok
[INFO] [stdout] test ar::marker::tests::test_cutoff_phase_pattern_extraction_failure ... ok
[INFO] [stdout] test ar2::image_set::tests::test_gen_image_layer2_halves ... ok
[INFO] [stdout] test ar::marker::tests::test_match_ok_fields ... ok
[INFO] [stdout] test ar::marker::tests::test_resurrection_does_not_duplicate_existing_marker ... ok
[INFO] [stdout] test ar::marker::tests::test_cutoff_phase_set_on_barcode_edc_fail ... ok
[INFO] [stdout] test ar::math::tests::test_armat_det ... ok
[INFO] [stdout] test ar::math::tests::test_armat_default_initialization ... ok
[INFO] [stdout] test ar::math::tests::test_armat_inv ... ok
[INFO] [stdout] test ar::math::tests::test_armatf_default_initialization ... ok
[INFO] [stdout] test ar::math::tests::test_armat_multiplication ... ok
[INFO] [stdout] test ar::math::tests::test_arvec_default_initialization ... ok
[INFO] [stdout] test ar::math::tests::test_mat_mul_dff_identity ... ok
[INFO] [stdout] test ar::labeling::tests::test_ar_labeling_two_squares ... ok
[INFO] [stdout] test ar::marker::tests::test_save_creates_new_record_for_new_id ... ok
[INFO] [stdout] test ar::marker::tests::test_v2_mode_skips_resurrection ... ok
[INFO] [stdout] test ar::math::tests::test_mat_mul_fff_composes_translation ... ok
[INFO] [stdout] test ar::math::tests::test_mat_mul_dff_known_values ... ok
[INFO] [stdout] test ar::math::tests::test_mat_mul_fff_identity ... ok
[INFO] [stdout] test ar::math::tests::test_quat_slerp ... ok
[INFO] [stdout] test ar::math::tests::test_quaternion_conversion ... ok
[INFO] [stdout] test ar::matrix::tests::test_ar_matrix_code_get_id_global_id_routing_low_contrast ... ok
[INFO] [stdout] test ar::matrix::tests::test_ar_matrix_code_get_id_global_id_lower_31_bit_id ... ok
[INFO] [stdout] test ar::matrix::tests::test_ar_matrix_code_get_id_global_id_full_roundtrip ... ok
[INFO] [stdout] test ar::matrix::tests::test_ar_matrix_code_get_id_low_contrast_returns_match_error ... ok
[INFO] [stdout] test ar::matrix::tests::test_extract_global_id_bits_low_contrast ... ok
[INFO] [stdout] test ar::matrix::tests::test_extract_global_id_bits_no_locator_pattern ... ok
[INFO] [stdout] test ar::matrix::tests::test_rotate_bits ... ok
[INFO] [stdout] test ar::matrix::tests::test_should_skip_global_id_cell_count_120 ... ok
[INFO] [stdout] test ar::matrix::tests::test_extract_global_id_bits_all_directions_recover_same_bits ... ok
[INFO] [stdout] test ar::matrix::tests::test_should_skip_global_id_cell_data_corner_per_dir ... ok
[INFO] [stdout] test ar::marker::tests::test_aging_increments_count_and_expires_old_records ... ok
[INFO] [stdout] test ar::param::tests::test_ar_param_change_size_zero_src_dims_returns_err ... ok
[INFO] [stdout] test ar::param::tests::test_arparam_finalize_version_1 ... ok
[INFO] [stdout] test ar::param::tests::test_arparam_load_big_endian ... ok
[INFO] [stdout] test ar::matrix::tests::test_extract_global_id_bits_dir0_detected ... ok
[INFO] [stdout] test ar::matrix::tests::test_should_skip_global_id_cell_inner_zone ... ok
[INFO] [stdout] test ar::param::tests::test_ar_param_change_size_halves_resolution ... ok
[INFO] [stdout] test ar::param_gl::tests::test_camera_view_rh_f_homogeneous_row ... ok
[INFO] [stdout] test ar::param_gl::tests::test_camera_view_rh_f_rows_1_2_negated ... ok
[INFO] [stdout] test ar::param_gl::tests::test_camera_view_rh_f_scale_applied_to_translation ... ok
[INFO] [stdout] test ar::param::tests::test_ar_param_change_size_identity ... ok
[INFO] [stdout] test ar::param_gl::tests::test_camera_view_rh_scale_applied_to_translation ... ok
[INFO] [stdout] test ar::param_gl::tests::test_camera_view_rh_scale_zero_no_change ... ok
[INFO] [stdout] test ar::param_gl::tests::test_camera_view_rh_row0_unchanged ... ok
[INFO] [stdout] test ar::param_gl::tests::test_camera_view_rh_rows_1_2_negated ... ok
[INFO] [stdout] test ar::marker::tests::test_history_merge_skips_when_area_ratio_out_of_range ... ok
[INFO] [stdout] test ar::param_gl::tests::test_frustum_rh_error_focal_max_le_focal_min ... ok
[INFO] [stdout] test ar::param_gl::tests::test_frustum_rh_error_non_positive_focal_min ... ok
[INFO] [stdout] test ar::param_gl::tests::test_frustum_rh_error_small_xsize ... ok
[INFO] [stdout] test ar::param_gl::tests::test_frustum_rh_error_small_ysize ... ok
[INFO] [stdout] test ar::param_gl::tests::test_frustum_rh_error_zero_mat22 ... ok
[INFO] [stdout] test ar::param_gl::tests::test_frustum_rh_f_error_focal_max_le_focal_min ... ok
[INFO] [stdout] test ar::param_gl::tests::test_frustum_rh_f_error_zero_mat22 ... ok
[INFO] [stdout] test ar::param_gl::tests::test_frustum_rh_f_fy_is_negated ... ok
[INFO] [stdout] test ar::param_gl::tests::test_frustum_rh_f_homogeneous_column_is_minus_one ... ok
[INFO] [stdout] test ar::param_gl::tests::test_frustum_rh_f_returns_ok_for_valid_params ... ok
[INFO] [stdout] test ar::param_gl::tests::test_frustum_rh_f_zeros_in_expected_positions ... ok
[INFO] [stdout] test ar::param_gl::tests::test_frustum_rh_fx_scales_correctly ... ok
[INFO] [stdout] test ar::param_gl::tests::test_frustum_rh_fy_is_negated ... ok
[INFO] [stdout] test ar::param_gl::tests::test_frustum_rh_depth_terms ... ok
[INFO] [stdout] test ar::math::tests::test_armat_transpose ... ok
[INFO] [stdout] test ar::param::tests::test_ar_param_change_size_doubles_resolution ... ok
[INFO] [stdout] test ar::param_gl::tests::test_frustum_rh_returns_ok_for_valid_params ... ok
[INFO] [stdout] test ar::param_gl::tests::test_frustum_rh_zeros_in_expected_positions ... ok
[INFO] [stdout] test ar::pattern::tests::test_ar_patt_activate_deactivate_free ... ok
[INFO] [stdout] test ar::pattern::tests::test_dot_product_dispatcher_matches_scalar ... ok
[INFO] [stdout] test ar::marker::tests::test_ar_detect_marker2_empty ... ok
[INFO] [stdout] test ar::marker::tests::test_history_merge_combined_mode_updates_both_cfs ... ok
[INFO] [stdout] test ar::pattern::tests::test_ar_patt_save_and_load ... FAILED
[INFO] [stdout] test ar::pattern::tests::test_dot_product_scalar_known_values ... ok
[INFO] [stdout] test ar::pattern::tests::test_dot_product_scalar_zero_inputs ... ok
[INFO] [stdout] test ar::pattern::tests::test_pattern_load_and_match ... ok
[INFO] [stdout] test arlog::tests::arlog_i_emits_info_record ... ok
[INFO] [stdout] test arlog::tests::arlog_perror_no_prefix ... ok
[INFO] [stdout] test arlog::tests::arlog_rel_uses_distinct_target ... ok
[INFO] [stdout] test ar::pattern::tests::test_pattern_match_input_errors ... ok
[INFO] [stdout] test arlog::tests::arlog_perror_with_prefix ... ok
[INFO] [stdout] test arlog::tests::filtered_debug_arg_is_not_evaluated ... ok
[INFO] [stdout] test arlog::tests::format_line_rel_channel_is_prefix_free_in_terse_mode ... ok
[INFO] [stdout] test ar::param_gl::tests::test_camera_view_rh_f_scale_zero_no_change ... ok
[INFO] [stdout] test arlog::tests::format_line_rel_channel_is_prefix_free_in_verbose_mode ... ok
[INFO] [stdout] test arlog::tests::format_line_terse_info ... ok
[INFO] [stdout] test arlog::tests::format_line_terse_warn_uses_warning_label ... ok
[INFO] [stdout] test arlog::tests::format_line_verbose_falls_back_to_question_mark_module ... ok
[INFO] [stdout] test ar::param_gl::tests::test_camera_view_rh_homogeneous_row ... ok
[INFO] [stdout] test arlog::tests::format_line_verbose_includes_ts_and_module ... ok
[INFO] [stdout] test arlog::tests::level_filter_off_maps_to_error ... ok
[INFO] [stdout] test arlog::tests::level_filter_trace_maps_to_debug ... ok
[INFO] [stdout] test arlog::tests::level_relinfo_is_lossy ... ok
[INFO] [stdout] test arlog::tests::level_roundtrip_debug ... ok
[INFO] [stdout] test arlog::tests::level_roundtrip_error ... ok
[INFO] [stdout] test arlog::tests::level_roundtrip_info ... ok
[INFO] [stdout] test ar::marker::tests::test_history_merge_strengthens_weak_marker_single_mode ... ok
[INFO] [stdout] test arlog::tests::level_roundtrip_warn ... ok
[INFO] [stdout] test arlog::tests::unfiltered_debug_arg_is_evaluated ... ok
[INFO] [stdout] test icp::tests::test_icp_get_u_from_x ... ok
[INFO] [stdout] test icp::tests::test_icp_mat_mul ... ok
[INFO] [stdout] test icp::tests::test_icp_get_xc_from_xw ... ok
[INFO] [stdout] test icp::tests::test_icp_handle_default ... ok
[INFO] [stdout] test kpm::backend::tests::test_kpm_error_display ... ok
[INFO] [stdout] test kpm::backend::tests::test_query_result_default ... ok
[INFO] [stdout] test kpm::freak::clustering::tests::test_array_shuffle_deterministic ... ok
[INFO] [stdout] test kpm::freak::clustering::tests::test_array_shuffle_empty_pop ... ok
[INFO] [stdout] test kpm::freak::clustering::tests::test_bhc_build_all_identical ... ok
[INFO] [stdout] test kpm::freak::clustering::tests::test_bhc_build_empty ... ok
[INFO] [stdout] test kpm::freak::clustering::tests::test_bhc_deterministic ... ok
[INFO] [stdout] test arlog::tests::format_line_trace_collapses_to_debug_label ... ok
[INFO] [stdout] test kpm::freak::clustering::tests::test_array_shuffle_zero_sample ... ok
[INFO] [stdout] test kpm::freak::clustering::tests::test_array_shuffle_seed_evolves ... ok
[INFO] [stdout] test kpm::freak::clustering::tests::test_array_shuffle_preserves_elements ... ok
[INFO] [stdout] test kpm::freak::clustering::tests::test_bhc_max_nodes_to_pop_zero_is_tied_min_only ... ok
[INFO] [stdout] test kpm::freak::clustering::tests::test_bhc_build_single ... ok
[INFO] [stdout] test kpm::freak::clustering::tests::test_bhc_max_nodes_to_pop_widens_candidate_set ... ok
[INFO] [stdout] test ar::marker::tests::test_resurrection_reinserts_missing_history_marker ... ok
[INFO] [stdout] test ar::param_gl::tests::test_frustum_rh_homogeneous_column_is_minus_one ... ok
[INFO] [stdout] test ar::param_gl::tests::test_frustum_rh_f_error_non_positive_focal_min ... ok
[INFO] [stdout] test ar::param_gl::tests::test_frustum_rh_f_error_small_image ... ok
[INFO] [stdout] test ar::marker::tests::test_save_respects_ar_square_max_cap ... ok
[INFO] [stdout] test kpm::freak::clustering::tests::test_bhc_set_num_hypotheses_zero_errors ... ok
[INFO] [stdout] test ar::pattern::tests::test_dot_product_scalar_negative ... ok
[INFO] [stdout] test kpm::freak::clustering::tests::test_bhc_new ... ok
[INFO] [stdout] test kpm::freak::clustering::tests::test_bhc_query_unbuilt ... ok
[INFO] [stdout] test kpm::freak::clustering::tests::test_fast_random_deterministic ... ok
[INFO] [stdout] test kpm::freak::clustering::tests::test_hamming_distance_symmetric ... ok
[INFO] [stdout] test kpm::freak::clustering::tests::test_fast_random_negative_seed ... ok
[INFO] [stdout] test kpm::freak::clustering::tests::test_kmedoids_assign_empty ... ok
[INFO] [stdout] test ar::marker::tests::test_history_disabled_skips_merge ... ok
[INFO] [stdout] test kpm::freak::clustering::tests::test_fast_random_first_call ... ok
[INFO] [stdout] test kpm::freak::clustering::tests::test_hamming_distance_identical ... ok
[INFO] [stdout] test kpm::freak::clustering::tests::test_hamming_distance_known_values ... ok
[INFO] [stdout] test ar::marker::tests::test_history_merge_does_nothing_when_current_cf_higher ... ok
[INFO] [stdout] test kpm::freak::clustering::tests::test_fast_random_range ... ok
[INFO] [stdout] test kpm::freak::clustering::tests::test_bhc_query_valid_indices ... ok
[INFO] [stdout] test kpm::freak::clustering::tests::test_hamming_distance_max ... ok
[INFO] [stdout] test kpm::freak::clustering::tests::test_kmedoids_assign_insufficient_features ... ok
[INFO] [stdout] test kpm::freak::clustering::tests::test_kmedoids_new_invalid_k ... ok
[INFO] [stdout] test kpm::freak::clustering::tests::test_kmedoids_single_cluster ... ok
[INFO] [stdout] test kpm::freak::clustering::tests::test_bhc_roundtrip ... ok
[INFO] [stdout] test kpm::freak::clustering::tests::test_kmedoids_deterministic ... ok
[INFO] [stdout] test kpm::freak::clustering::tests::test_kmedoids_new_invalid_hypotheses ... ok
[INFO] [stdout] test kpm::freak::detector::tests::test_dog_detector_keypoints_within_image_bounds ... FAILED
[INFO] [stdout] test kpm::freak::descriptor::tests::test_freak_descriptor_length_one_keypoint ... FAILED
[INFO] [stdout] test kpm::freak::detector::tests::test_dog_detector_finds_keypoints_on_real_image ... FAILED
[INFO] [stdout] test kpm::freak::gaussian_pyramid::tests::test_gaussian_pyramid_empty_image_returns_error ... ok
[INFO] [stdout] test kpm::freak::detector::tests::test_dog_feature_point_from_conversion ... ok
[INFO] [stdout] test kpm::freak::descriptor::tests::test_freak_descriptor_empty_input ... FAILED
[INFO] [stdout] test kpm::freak::descriptor::tests::test_freak_descriptor_padding_bytes_are_zero ... FAILED
[INFO] [stdout] test kpm::freak::gaussian_pyramid::tests::test_gaussian_pyramid_build_is_idempotent ... ok
[INFO] [stdout] test kpm::freak::descriptor::tests::test_freak_descriptor_is_reproducible ... FAILED
[INFO] [stdout] test kpm::freak::descriptor::tests::test_freak_descriptor_length_multiple_keypoints ... FAILED
[INFO] [stdout] test kpm::freak::gaussian_pyramid::tests::test_gaussian_pyramid_octave_count ... ok
[INFO] [stdout] test kpm::freak::gaussian_pyramid::tests::test_gaussian_pyramid_image_too_small_returns_error ... ok
[INFO] [stdout] test kpm::freak::detector::tests::test_dog_detector_zero_octave_pyramid_is_handled ... ok
[INFO] [stdout] test kpm::freak::gaussian_pyramid::tests::test_gaussian_pyramid_zero_octaves_returns_error ... ok
[INFO] [stdout] test kpm::freak::gaussian_pyramid::tests::test_locate_clamps_to_pyramid_bounds ... ok
[INFO] [stdout] test kpm::freak::gaussian_pyramid::tests::test_gaussian_pyramid_octave_downsamples ... ok
[INFO] [stdout] test kpm::freak::gaussian_pyramid::tests::test_gaussian_pyramid_sigma_increases ... ok
[INFO] [stdout] test kpm::freak::gaussian_pyramid::tests::test_bilinear_rayon_matches_scalar ... ok
[INFO] [stdout] test kpm::freak::gaussian_pyramid::tests::test_num_octaves_for ... ok
[INFO] [stdout] test kpm::freak::homography::tests::test_area_of_triangle_unit ... ok
[INFO] [stdout] test kpm::freak::homography::tests::test_cauchy_projective_reprojection_cost_total_zero ... ok
[INFO] [stdout] test kpm::freak::homography::tests::test_array_shuffle_deterministic ... ok
[INFO] [stdout] test kpm::freak::homography::tests::test_create_similarity_transformation_2d_pins_center ... ok
[INFO] [stdout] test kpm::freak::homography::tests::test_cauchy_projective_reprojection_cost_zero ... ok
[INFO] [stdout] test kpm::freak::homography::tests::test_determinant_3x3_known ... ok
[INFO] [stdout] test kpm::freak::homography::tests::test_homography_points_geometrically_consistent_identity ... ok
[INFO] [stdout] test kpm::freak::homography::tests::test_incremental_homography_from_lie_weights_zero ... ok
[INFO] [stdout] test kpm::freak::homography::tests::test_lie_algebra_sum_zero_trace ... ok
[INFO] [stdout] test kpm::freak::homography::tests::test_mat3_exp_pade_matches_taylor ... ok
[INFO] [stdout] test kpm::freak::homography::tests::test_mat3_exp_pade_zero_is_identity ... ok
[INFO] [stdout] test kpm::freak::homography::tests::test_mat3_inverse_round_trip ... ok
[INFO] [stdout] test kpm::freak::homography::tests::test_area_of_triangle_sign_invariant ... ok
[INFO] [stdout] test kpm::freak::homography::tests::test_mat3_inverse_singular ... ok
[INFO] [stdout] test kpm::freak::homography::tests::test_cauchy_cost_known_values ... ok
[INFO] [stdout] test ar::marker::tests::test_save_updates_existing_history_record_by_id ... ok
[INFO] [stdout] test kpm::freak::homography::tests::test_matrix_inverse_3x3_round_trip ... ok
[INFO] [stdout] test kpm::freak::homography::tests::test_multiply_3x3_3x3_identity ... ok
[INFO] [stdout] test kpm::freak::homography::tests::test_cauchy_cost_zero_residual ... ok
[INFO] [stdout] test kpm::freak::homography::tests::test_fast_random_first_5_with_seed_1234 ... ok
[INFO] [stdout] test kpm::freak::homography::tests::test_homography_points_geometrically_consistent_reflection ... ok
[INFO] [stdout] test kpm::freak::homography::tests::test_fast_median_known ... ok
[INFO] [stdout] test kpm::freak::homography::tests::test_quadrilateral_convex_self_intersecting ... ok
[INFO] [stdout] test kpm::freak::homography::tests::test_quadrilateral_convex_unit_square ... ok
[INFO] [stdout] test kpm::freak::homography::tests::test_matrix_inverse_3x3_threshold_sensitivity ... ok
[INFO] [stdout] test kpm::freak::homography::tests::test_matrix_inverse_3x3_identity ... ok
[INFO] [stdout] test kpm::freak::gaussian_pyramid::tests::test_binomial_u8_rayon_matches_scalar ... ok
[INFO] [stdout] test kpm::freak::homography::tests::test_multiply_point_homography_inhomogenous_identity ... ok
[INFO] [stdout] test kpm::freak::homography::tests::test_multiply_point_homography_inhomogenous_scalar_matches_array ... ok
[INFO] [stdout] test kpm::freak::homography::tests::test_multiply_point_homography_inhomogenous_translation ... ok
[INFO] [stdout] test kpm::freak::homography::tests::test_normalize_homography ... ok
[INFO] [stdout] test kpm::freak::homography::tests::test_quadrilateral_convex_concave ... ok
[INFO] [stdout] test kpm::freak::homography::tests::test_similarity_2x2 ... ok
[INFO] [stdout] test kpm::freak::homography::tests::test_smallest_triangle_area_thin_quad ... ok
[INFO] [stdout] test kpm::freak::homography::tests::test_robust_homography_recovers_known_h ... ok
[INFO] [stdout] test kpm::freak::homography::tests::test_similarity_90deg_rotation ... ok
[INFO] [stdout] test kpm::freak::homography::tests::test_similarity_with_scale_and_translation ... ok
[INFO] [stdout] test kpm::freak::homography::tests::test_solve_positive_definite_system_8x8_recovers_x ... ok
[INFO] [stdout] test kpm::freak::homography::tests::test_solve_homography_4_points_identity ... ok
[INFO] [stdout] test kpm::freak::hough::tests::test_bin_index_and_inverse ... ok
[INFO] [stdout] test kpm::freak::homography::tests::test_matrix_inverse_3x3_singular ... ok
[INFO] [stdout] test kpm::freak::hough::tests::test_bin_params_invalid_range ... ok
[INFO] [stdout] test kpm::freak::hough::tests::test_find_hough_matches_filters_by_bin_delta ... ok
[INFO] [stdout] test kpm::freak::hough::tests::test_bin_params_invalid_scale_k ... ok
[INFO] [stdout] test kpm::freak::hough::tests::test_bin_params_invalid_x_bins ... ok
[INFO] [stdout] test kpm::freak::hough::tests::test_bin_params_new_auto_xy_initial_state ... ok
[INFO] [stdout] test kpm::freak::hough::tests::test_bin_params_set_xy_bins_updates_strides_atomically ... ok
[INFO] [stdout] test kpm::freak::homography::tests::test_smallest_triangle_area_unit_square ... ok
[INFO] [stdout] test kpm::freak::hough::tests::test_hough_voting_single_vote ... ok
[INFO] [stdout] test kpm::freak::hough::tests::test_hough_voting_creation ... ok
[INFO] [stdout] test kpm::freak::hough::tests::test_hough_voting_out_of_bounds ... ok
[INFO] [stdout] test kpm::freak::hough::tests::test_recompute_xy_bins_from_matches_clamps_at_5 ... ok
[INFO] [stdout] test kpm::freak::hough::tests::test_recompute_xy_bins_from_matches_empty_is_noop ... ok
[INFO] [stdout] test kpm::freak::interpolate::tests::test_bilinear_interpolate_at_integer_coords ... ok
[INFO] [stdout] test kpm::freak::hough::tests::test_hough_voting_reset ... ok
[INFO] [stdout] test kpm::freak::interpolate::tests::test_bilinear_upsample_downsample_roundtrip ... ok
[INFO] [stdout] test kpm::freak::interpolate::tests::test_bilinear_interpolate_midpoint ... ok
[INFO] [stdout] test kpm::freak::hough::tests::test_find_hough_matches_empty_input ... ok
[INFO] [stdout] test kpm::freak::interpolate::tests::test_bilinear_interpolate_out_of_bounds_returns_zero ... ok
[INFO] [stdout] test kpm::freak::keyframe::tests::test_find_features_populates_keyframe ... FAILED
[INFO] [stdout] test kpm::freak::keyframe::tests::test_keyframe_build_index_empty_store_errors ... ok
[INFO] [stdout] test kpm::freak::hough::tests::test_find_hough_similarity_no_matches ... ok
[INFO] [stdout] test kpm::freak::homography::tests::test_solve_positive_definite_system_8x8_singular ... ok
[INFO] [stdout] test kpm::freak::hough::tests::test_bin_params_creation_valid ... ok
[INFO] [stdout] test kpm::freak::keyframe::tests::test_keyframe_build_index_is_idempotent ... FAILED
[INFO] [stdout] test kpm::freak::keyframe::tests::test_keyframe_build_index_populates_index ... FAILED
[INFO] [stdout] test kpm::freak::homography::tests::test_update_projective_motion_post_multiply_zero ... ok
[INFO] [stdout] test kpm::freak::homography::tests::test_similarity_identity ... ok
[INFO] [stdout] test kpm::freak::hough::tests::test_recompute_xy_bins_from_matches_known_input ... ok
[INFO] [stdout] test kpm::freak::matcher::tests::test_match_all_rejects_distant_descriptors ... ok
[INFO] [stdout] test kpm::freak::matcher::tests::test_feature_store_empty ... ok
[INFO] [stdout] test kpm::freak::matcher::tests::test_match_empty_stores ... ok
[INFO] [stdout] test kpm::freak::keyframe::tests::test_keyframe_index_is_none_before_build ... ok
[INFO] [stdout] test kpm::freak::matcher::tests::test_feature_store_add_and_retrieve ... ok
[INFO] [stdout] test kpm::freak::matcher::tests::test_feature_store_add_wrong_size ... ok
[INFO] [stdout] test kpm::freak::gaussian_pyramid::tests::test_binomial_f32_rayon_matches_scalar ... ok
[INFO] [stdout] test kpm::freak::keyframe::tests::test_keyframe_new_stores_dimensions ... ok
[INFO] [stdout] test kpm::freak::matcher::tests::test_feature_store_new_invalid_bytes ... ok
[INFO] [stdout] test kpm::freak::matcher::tests::test_match_all_maxima_filtering ... ok
[INFO] [stdout] test kpm::freak::matcher::tests::test_match_all_finds_identical_descriptors ... ok
[INFO] [stdout] test kpm::freak::matcher::tests::test_feature_store_slice_accessors ... ok
[INFO] [stdout] test kpm::freak::matcher::tests::test_match_guided_singular_homography ... ok
[INFO] [stdout] test kpm::freak::matcher::tests::test_homography_point_identity ... ok
[INFO] [stdout] test kpm::freak::matcher::tests::test_match_guided_spatial_filter ... ok
[INFO] [stdout] test kpm::freak::matcher::tests::test_match_indexed_finds_identical ... ok
[INFO] [stdout] test kpm::freak::matcher::tests::test_matcher_build_empty_store ... ok
[INFO] [stdout] test kpm::freak::matcher::tests::test_matcher_new_defaults ... ok
[INFO] [stdout] test kpm::freak::matcher::tests::test_matcher_set_threshold_roundtrip ... ok
[INFO] [stdout] test kpm::freak::matcher::tests::test_match_indexed_before_build ... ok
[INFO] [stdout] test kpm::freak::matcher::tests::test_match_with_index_finds_identical ... ok
[INFO] [stdout] test kpm::freak::math::tests::test_accumulate_scaled_vector_9 ... ok
[INFO] [stdout] test kpm::freak::matcher::tests::test_matcher_build_wrong_byte_size ... ok
[INFO] [stdout] test kpm::freak::math::tests::test_accumulate_projection_9 ... ok
[INFO] [stdout] test kpm::freak::math::tests::test_clip_scalar_f32 ... ok
[INFO] [stdout] test kpm::freak::math::tests::test_cofactor_2x2_4arg ... ok
[INFO] [stdout] test kpm::freak::math::tests::test_cofactor_2x2_sym_3arg ... ok
[INFO] [stdout] test kpm::freak::math::tests::test_copy_vector_3 ... ok
[INFO] [stdout] test kpm::freak::math::tests::test_bitstring_set_get ... ok
[INFO] [stdout] test kpm::freak::clustering::tests::test_bhc_set_num_hypotheses_then_build ... ok
[INFO] [stdout] test kpm::freak::math::tests::test_add_scaled_vectors_4 ... ok
[INFO] [stdout] test kpm::freak::gaussian_pyramid::tests::test_kfactor_for_3_scales ... ok
[INFO] [stdout] test kpm::freak::math::tests::test_copy_vector_9 ... ok
[INFO] [stdout] test kpm::freak::math::tests::test_determinant_2x2 ... ok
[INFO] [stdout] test kpm::freak::math::tests::test_determinant_symmetric_3x3 ... ok
[INFO] [stdout] test kpm::freak::math::tests::test_fast_median_f32_already_sorted_n100 ... ok
[INFO] [stdout] test kpm::freak::math::tests::test_fast_median_f32_single_element ... ok
[INFO] [stdout] test kpm::freak::math::tests::test_log2_f32 ... ok
[INFO] [stdout] test kpm::freak::math::tests::test_dot_product_4 ... ok
[INFO] [stdout] test kpm::freak::math::tests::test_dot_product_9 ... ok
[INFO] [stdout] test kpm::freak::math::tests::test_fast_atan2_360 ... ok
[INFO] [stdout] test kpm::freak::math::tests::test_fast_atan2 ... ok
[INFO] [stdout] test kpm::freak::math::tests::test_fast_median_f32_two_elements ... ok
[INFO] [stdout] test kpm::freak::math::tests::test_fast_exp6_f32 ... ok
[INFO] [stdout] test kpm::freak::math::tests::test_fast_sqrt_inv ... ok
[INFO] [stdout] test kpm::freak::math::tests::test_fast_median_f32_n5_returns_2nd_smallest ... ok
[INFO] [stdout] test kpm::freak::math::tests::test_fast_median_f32_n4_returns_smallest ... ok
[INFO] [stdout] test kpm::freak::math::tests::test_matrix_inverse_2x2 ... ok
[INFO] [stdout] test kpm::freak::math::tests::test_logb_f32 ... ok
[INFO] [stdout] test kpm::freak::math::tests::test_deg2rad_f32 ... ok
[INFO] [stdout] test kpm::freak::math::tests::test_matrix_inverse_symmetric_3x3 ... ok
[INFO] [stdout] test kpm::freak::math::tests::test_matrix_inverse_2x2_singular ... ok
[INFO] [stdout] test kpm::freak::math::tests::test_max2 ... ok
[INFO] [stdout] test kpm::freak::math::tests::test_matrix_inverse_symmetric_3x3_singular ... ok
[INFO] [stdout] test kpm::freak::math::tests::test_min2 ... ok
[INFO] [stdout] test kpm::freak::math::tests::test_max_index_9 ... ok
[INFO] [stdout] test kpm::freak::math::tests::test_max_index_2 ... ok
[INFO] [stdout] test kpm::freak::math::tests::test_max_index_3 ... ok
[INFO] [stdout] test kpm::freak::math::tests::test_solve_linear_system_2x2 ... ok
[INFO] [stdout] test kpm::freak::math::tests::test_min4 ... ok
[INFO] [stdout] test kpm::freak::math::tests::test_multiply_2x2_2x1 ... ok
[INFO] [stdout] test kpm::freak::math::tests::test_partial_sort_f32_pivot_position ... ok
[INFO] [stdout] test kpm::freak::math::tests::test_safe_reciprocal_f32 ... ok
[INFO] [stdout] test kpm::freak::math::tests::test_min3 ... ok
[INFO] [stdout] test kpm::freak::math::tests::test_sequential_vector_f32 ... ok
[INFO] [stdout] test kpm::freak::math::tests::test_multiply_3x3_3x1 ... ok
[INFO] [stdout] test kpm::freak::math::tests::test_safe_division_f32 ... ok
[INFO] [stdout] test kpm::freak::math::tests::test_scale_vector_4 ... ok
[INFO] [stdout] test kpm::freak::math::tests::test_solve_symmetric_linear_system_3x3_singular ... ok
[INFO] [stdout] test kpm::freak::math::tests::test_solve_tridiagonal_destructive ... ok
[INFO] [stdout] test kpm::freak::math::tests::test_scale_vector_9 ... ok
[INFO] [stdout] test kpm::freak::math::tests::test_solve_linear_system_2x2_singular ... ok
[INFO] [stdout] test kpm::freak::math::tests::test_scale_vector_8 ... ok
[INFO] [stdout] test kpm::freak::math::tests::test_sequential_vector_i32 ... ok
[INFO] [stdout] test kpm::freak::math::tests::test_solve_symmetric_linear_system_3x3 ... ok
[INFO] [stdout] test kpm::freak::math::tests::test_solve_tridiagonal_destructive_singular ... ok
[INFO] [stdout] test kpm::freak::math::tests::test_round_f32 ... ok
[INFO] [stdout] test kpm::freak::math::tests::test_sqr ... ok
[INFO] [stdout] test kpm::freak::math::tests::test_sum_squares_9 ... ok
[INFO] [stdout] test kpm::freak::math::tests::test_swap_9 ... ok
[INFO] [stdout] test kpm::freak::math::tests::test_update_gauss_newton_operations_2x2 ... ok
[INFO] [stdout] test kpm::freak::math::tests::test_zero_vector ... ok
[INFO] [stdout] test kpm::freak::math::tests::test_update_outer_product_2x2 ... ok
[INFO] [stdout] test kpm::freak::math::tests::test_zero_vector_3 ... ok
[INFO] [stdout] test kpm::freak::orientation::tests::test_orientation_assignment_out_of_bounds_returns_empty ... ok
[INFO] [stdout] test kpm::freak::orientation::tests::test_orientation_assignment_horizontal_gradient ... ok
[INFO] [stdout] test kpm::freak::orientation::tests::test_orientation_assignment_empty_when_no_gradients ... ok
[INFO] [stdout] test kpm::freak::orientation::tests::test_polar_gradient_horizontal_image ... ok
[INFO] [stdout] test kpm::freak::orientation::tests::test_polar_gradient_output_shape ... ok
[INFO] [stdout] test kpm::freak::pyramid::tests::test_pyramid_box_filter_known_values ... ok
[INFO] [stdout] test kpm::freak::pyramid::tests::test_build_rejects_invalid_config ... ok
[INFO] [stdout] test kpm::freak::pyramid::tests::test_pyramid_build_is_idempotent ... ok
[INFO] [stdout] test kpm::freak::pyramid::tests::test_pyramid_empty_image_returns_error ... ok
[INFO] [stdout] test kpm::freak::pyramid::tests::test_pyramid_invalid_scale_returns_error ... ok
[INFO] [stdout] test kpm::freak::math::tests::test_solve_null_vector_8x9_destructive ... ok
[INFO] [stdout] test kpm::freak::pyramid::tests::test_pyramid_level_count ... ok
[INFO] [stdout] test kpm::freak::pyramid::tests::test_pyramid_level_too_small_returns_error ... ok
[INFO] [stdout] test kpm::freak::pyramid::tests::test_pyramid_pixel_values_in_range ... ok
[INFO] [stdout] test kpm::freak::pyramid::tests::test_pyramid_level_dimensions_shrink ... ok
[INFO] [stdout] test kpm::freak::pyramid::tests::test_pyramid_zero_levels_returns_error ... ok
[INFO] [stdout] test kpm::handle::tests::test_kpm_proc_mode_scale_factor ... ok
[INFO] [stdout] test kpm::freak::visual_database::tests::test_query_from_keyframe_no_match ... ok
[INFO] [stdout] test kpm::freak::visual_database::tests::test_facade_parity_accessors ... ok
[INFO] [stdout] test kpm::handle::tests::test_kpm_handle_new ... ok
[INFO] [stdout] test kpm::freak::visual_database::tests::test_visual_database_erase_removes_keyframe ... FAILED
[INFO] [stdout] test kpm::freak::visual_database::tests::test_visual_database_add_same_id_returns_err ... FAILED
[INFO] [stdout] test kpm::freak::clustering::tests::test_bhc_set_num_centers_preserves_num_hypotheses ... ok
[INFO] [stdout] test kpm::ref_data_set::tests::test_load_from_bytes_matches_load ... FAILED
[INFO] [stdout] test kpm::freak::visual_database::tests::test_visual_database_add_and_query_same_image ... FAILED
[INFO] [stdout] test kpm::matching::tests::test_kpm_util_get_pose_binary_too_few_points ... ok
[INFO] [stdout] test kpm::freak::visual_database::tests::test_query_from_keyframe_self_matches ... FAILED
[INFO] [stdout] test kpm::ref_data_set::tests::test_ref_data_merge_same_page ... ok
[INFO] [stdout] test kpm::freak::visual_database::tests::test_visual_database_add_image_builds_index ... FAILED
[INFO] [stdout] test kpm::freak::visual_database::tests::test_visual_database_query_different_image_returns_no_match ... FAILED
[INFO] [stdout] test kpm::freak::visual_database::tests::test_visual_database_add_keyframe_preserves_caller_built_index ... FAILED
[INFO] [stdout] test kpm::freak::visual_database::tests::test_visual_database_add_keyframe_builds_index_when_absent ... FAILED
[INFO] [stdout] test kpm::freak::gaussian_pyramid::tests::test_dispatchers_match_scalar ... ok
[INFO] [stdout] test kpm::ref_data_set::tests::test_change_page_no_all_pages ... ok
[INFO] [stdout] test kpm::handle::tests::test_kpm_get_pose_none_when_no_valid_result ... ok
[INFO] [stdout] test kpm::rust_backend::tests::rust_freak_matcher_is_send ... ok
[INFO] [stdout] test types::tests::test_ar3dhandle_default_initialization ... ok
[INFO] [stdout] test types::tests::test_ar3dstereohandle_default_initialization ... ok
[INFO] [stdout] test types::tests::test_armatrixcodetype_global_id_value ... ok
[INFO] [stdout] test kpm::rust_backend::tests::test_rust_freak_matcher_extract_features ... FAILED
[INFO] [stdout] test kpm::types::tests::test_kpm_coord2d_default ... ok
[INFO] [stdout] test kpm::types::tests::test_kpm_ref_data_feature_vec_as_bytes ... ok
[INFO] [stdout] test types::tests::test_match_error_to_cutoff_phase_barcode_not_found ... ok
[INFO] [stdout] test kpm::ref_data_set::tests::test_ref_data_merge ... ok
[INFO] [stdout] test kpm::rust_backend::tests::test_rust_freak_matcher_add_freak_features ... FAILED
[INFO] [stdout] test kpm::types::tests::test_kpm_result_default ... ok
[INFO] [stdout] test types::tests::test_match_error_to_cutoff_phase_pattern_extraction ... ok
[INFO] [stdout] test kpm::rust_backend::tests::test_rust_freak_matcher_implements_backend ... FAILED
[INFO] [stdout] test version::tests::test_version_constant_matches_getter ... ok
[INFO] [stdout] test kpm::ref_data_set::tests::test_change_page_no ... ok
[INFO] [stdout] test version::tests::test_version_format ... ok
[INFO] [stdout] test kpm::ref_data_set::tests::test_ref_data_roundtrip ... ok
[INFO] [stdout] test version::tests::test_get_version_is_not_empty ... ok
[INFO] [stdout] test types::tests::test_match_ok_global_id_field ... ok
[INFO] [stdout] test types::tests::test_match_error_to_cutoff_phase_barcode_edc_fail ... ok
[INFO] [stdout] test types::tests::test_match_error_to_cutoff_phase_contrast ... ok
[INFO] [stdout] test kpm::types::tests::test_freak_feature_default ... ok
[INFO] [stdout] test types::tests::test_armarkerinfo_default_initialization ... ok
[INFO] [stdout] test types::tests::test_arparam_default_initialization ... ok
[INFO] [stdout] test types::tests::test_match_error_to_cutoff_phase_heuristic ... ok
[INFO] [stdout] test types::tests::test_match_error_to_cutoff_phase_generic ... ok
[INFO] [stdout] test types::tests::test_arhandle_initial_state ... ok
[INFO] [stdout] 
[INFO] [stdout] failures:
[INFO] [stdout] 
[INFO] [stdout] ---- ar::pattern::tests::test_ar_patt_save_and_load stdout ----
[INFO] [stdout] 
[INFO] [stdout] thread 'ar::pattern::tests::test_ar_patt_save_and_load' (2447) panicked at src/ar/pattern.rs:1309:47:
[INFO] [stdout] called `Result::unwrap()` on an `Err` value: Os { code: 2, kind: NotFound, message: "No such file or directory" }
[INFO] [stdout] stack backtrace:
[INFO] [stdout]    0:     0x5d76366b1a61 - <<std[70759c8f55707aa4]::sys::backtrace::BacktraceLock>::print::DisplayBacktrace as core[df12db4294e9bfd3]::fmt::Display>::fmt
[INFO] [stdout]    1:     0x5d76366c874a - core[df12db4294e9bfd3]::fmt::write
[INFO] [stdout]    2:     0x5d76366b634c - <alloc[2182bb758b4b3781]::vec::Vec<u8> as core[df12db4294e9bfd3]::io::write::Write>::write_fmt
[INFO] [stdout]    3:     0x5d763668c126 - std[70759c8f55707aa4]::panicking::default_hook::{closure#0}
[INFO] [stdout]    4:     0x5d76366a9109 - std[70759c8f55707aa4]::panicking::default_hook
[INFO] [stdout]    5:     0x5d7636593350 - test[9d35eded1c95d3be]::test_main_inner::<test[9d35eded1c95d3be]::test_main_static::{closure#0}>::{closure#0}
[INFO] [stdout]    6:     0x5d76366a9432 - std[70759c8f55707aa4]::panicking::panic_with_hook
[INFO] [stdout]    7:     0x5d763668c1d2 - std[70759c8f55707aa4]::panicking::panic_handler::{closure#0}
[INFO] [stdout]    8:     0x5d7636684c79 - std[70759c8f55707aa4]::sys::backtrace::__rust_end_short_backtrace::<std[70759c8f55707aa4]::panicking::panic_handler::{closure#0}, !>
[INFO] [stdout]    9:     0x5d763668cdcd - __rustc[8fa7c3cbc660c2b3]::rust_begin_unwind
[INFO] [stdout]   10:     0x5d76366c8e7c - core[df12db4294e9bfd3]::panicking::panic_fmt
[INFO] [stdout]   11:     0x5d76366c8c52 - core[df12db4294e9bfd3]::result::unwrap_failed
[INFO] [stdout]   12:     0x5d763651db5f - webarkitlib_rs[50ae012d73ec3d97]::ar::pattern::tests::test_ar_patt_save_and_load
[INFO] [stdout]   13:     0x5d7636443da9 - <webarkitlib_rs[50ae012d73ec3d97]::ar::pattern::tests::test_ar_patt_save_and_load::{closure#0} as core[df12db4294e9bfd3]::ops::function::FnOnce<()>>::call_once
[INFO] [stdout]   14:     0x5d763658663b - test[9d35eded1c95d3be]::__rust_begin_short_backtrace::<core[df12db4294e9bfd3]::result::Result<(), alloc[2182bb758b4b3781]::string::String>, fn() -> core[df12db4294e9bfd3]::result::Result<(), alloc[2182bb758b4b3781]::string::String>>
[INFO] [stdout]   15:     0x5d7636593ca5 - test[9d35eded1c95d3be]::run_test::{closure#0}
[INFO] [stdout]   16:     0x5d763658d564 - std[70759c8f55707aa4]::sys::backtrace::__rust_begin_short_backtrace::<test[9d35eded1c95d3be]::run_test::{closure#1}, ()>
[INFO] [stdout]   17:     0x5d7636596e02 - <std[70759c8f55707aa4]::thread::lifecycle::spawn_unchecked<test[9d35eded1c95d3be]::run_test::{closure#1}, ()>::{closure#1} as core[df12db4294e9bfd3]::ops::function::FnOnce<()>>::call_once::{shim:vtable#0}
[INFO] [stdout]   18:     0x5d76366b0c99 - <std[70759c8f55707aa4]::sys::thread::unix::Thread>::new::thread_start
[INFO] [stdout]   19:     0x7ecadea0bdfa - <unknown>
[INFO] [stdout]   20:     0x7ecadea9f3d4 - clone
[INFO] [stdout]   21:                0x0 - <unknown>
[INFO] [stdout] 
[INFO] [stdout] ---- kpm::freak::detector::tests::test_dog_detector_keypoints_within_image_bounds stdout ----
[INFO] [stdout] 
[INFO] [stdout] thread 'kpm::freak::detector::tests::test_dog_detector_keypoints_within_image_bounds' (2518) panicked at src/kpm/freak/detector.rs:1067:37:
[INFO] [stdout] load test image: IoError(Os { code: 2, kind: NotFound, message: "No such file or directory" })
[INFO] [stdout] stack backtrace:
[INFO] [stdout]    0:     0x5d76366b1a61 - <<std[70759c8f55707aa4]::sys::backtrace::BacktraceLock>::print::DisplayBacktrace as core[df12db4294e9bfd3]::fmt::Display>::fmt
[INFO] [stdout]    1:     0x5d76366c874a - core[df12db4294e9bfd3]::fmt::write
[INFO] [stdout]    2:     0x5d76366b634c - <alloc[2182bb758b4b3781]::vec::Vec<u8> as core[df12db4294e9bfd3]::io::write::Write>::write_fmt
[INFO] [stdout]    3:     0x5d763668c126 - std[70759c8f55707aa4]::panicking::default_hook::{closure#0}
[INFO] [stdout]    4:     0x5d76366a9109 - std[70759c8f55707aa4]::panicking::default_hook
[INFO] [stdout]    5:     0x5d7636593350 - test[9d35eded1c95d3be]::test_main_inner::<test[9d35eded1c95d3be]::test_main_static::{closure#0}>::{closure#0}
[INFO] [stdout]    6:     0x5d76366a9432 - std[70759c8f55707aa4]::panicking::panic_with_hook
[INFO] [stdout]    7:     0x5d763668c1d2 - std[70759c8f55707aa4]::panicking::panic_handler::{closure#0}
[INFO] [stdout]    8:     0x5d7636684c79 - std[70759c8f55707aa4]::sys::backtrace::__rust_end_short_backtrace::<std[70759c8f55707aa4]::panicking::panic_handler::{closure#0}, !>
[INFO] [stdout]    9:     0x5d763668cdcd - __rustc[8fa7c3cbc660c2b3]::rust_begin_unwind
[INFO] [stdout]   10:     0x5d76366c8e7c - core[df12db4294e9bfd3]::panicking::panic_fmt
[INFO] [stdout]   11:     0x5d76366c8c52 - core[df12db4294e9bfd3]::result::unwrap_failed
[INFO] [stdout]   12:     0x5d76365228a5 - webarkitlib_rs[50ae012d73ec3d97]::kpm::freak::detector::tests::load_grayscale
[INFO] [stdout]   13:     0x5d7636522c7e - webarkitlib_rs[50ae012d73ec3d97]::kpm::freak::detector::tests::test_dog_detector_keypoints_within_image_bounds
[INFO] [stdout]   14:     0x5d7636446d09 - <webarkitlib_rs[50ae012d73ec3d97]::kpm::freak::detector::tests::test_dog_detector_keypoints_within_image_bounds::{closure#0} as core[df12db4294e9bfd3]::ops::function::FnOnce<()>>::call_once
[INFO] [stdout]   15:     0x5d763658663b - test[9d35eded1c95d3be]::__rust_begin_short_backtrace::<core[df12db4294e9bfd3]::result::Result<(), alloc[2182bb758b4b3781]::string::String>, fn() -> core[df12db4294e9bfd3]::result::Result<(), alloc[2182bb758b4b3781]::string::String>>
[INFO] [stdout]   16:     0x5d7636593ca5 - test[9d35eded1c95d3be]::run_test::{closure#0}
[INFO] [stdout]   17:     0x5d763658d564 - std[70759c8f55707aa4]::sys::backtrace::__rust_begin_short_backtrace::<test[9d35eded1c95d3be]::run_test::{closure#1}, ()>
[INFO] [stdout]   18:     0x5d7636596e02 - <std[70759c8f55707aa4]::thread::lifecycle::spawn_unchecked<test[9d35eded1c95d3be]::run_test::{closure#1}, ()>::{closure#1} as core[df12db4294e9bfd3]::ops::function::FnOnce<()>>::call_once::{shim:vtable#0}
[INFO] [stdout]   19:     0x5d76366b0c99 - <std[70759c8f55707aa4]::sys::thread::unix::Thread>::new::thread_start
[INFO] [stdout]   20:     0x7ecadea0bdfa - <unknown>
[INFO] [stdout]   21:     0x7ecadea9f3d4 - clone
[INFO] [stdout]   22:                0x0 - <unknown>
[INFO] [stdout] 
[INFO] [stdout] ---- kpm::freak::descriptor::tests::test_freak_descriptor_length_one_keypoint stdout ----
[INFO] [stdout] 
[INFO] [stdout] thread 'kpm::freak::descriptor::tests::test_freak_descriptor_length_one_keypoint' (2515) panicked at src/kpm/freak/descriptor.rs:316:37:
[INFO] [stdout] load test image: IoError(Os { code: 2, kind: NotFound, message: "No such file or directory" })
[INFO] [stderr] error: test failed, to rerun pass `--lib`
[INFO] [stdout] stack backtrace:
[INFO] [stdout]    0:     0x5d76366b1a61 - <<std[70759c8f55707aa4]::sys::backtrace::BacktraceLock>::print::DisplayBacktrace as core[df12db4294e9bfd3]::fmt::Display>::fmt
[INFO] [stdout]    1:     0x5d76366c874a - core[df12db4294e9bfd3]::fmt::write
[INFO] [stdout]    2:     0x5d76366b634c - <alloc[2182bb758b4b3781]::vec::Vec<u8> as core[df12db4294e9bfd3]::io::write::Write>::write_fmt
[INFO] [stdout]    3:     0x5d763668c126 - std[70759c8f55707aa4]::panicking::default_hook::{closure#0}
[INFO] [stdout]    4:     0x5d76366a9109 - std[70759c8f55707aa4]::panicking::default_hook
[INFO] [stdout]    5:     0x5d7636593350 - test[9d35eded1c95d3be]::test_main_inner::<test[9d35eded1c95d3be]::test_main_static::{closure#0}>::{closure#0}
[INFO] [stdout]    6:     0x5d76366a9432 - std[70759c8f55707aa4]::panicking::panic_with_hook
[INFO] [stdout]    7:     0x5d763668c1d2 - std[70759c8f55707aa4]::panicking::panic_handler::{closure#0}
[INFO] [stdout]    8:     0x5d7636684c79 - std[70759c8f55707aa4]::sys::backtrace::__rust_end_short_backtrace::<std[70759c8f55707aa4]::panicking::panic_handler::{closure#0}, !>
[INFO] [stdout]    9:     0x5d763668cdcd - __rustc[8fa7c3cbc660c2b3]::rust_begin_unwind
[INFO] [stdout]   10:     0x5d76366c8e7c - core[df12db4294e9bfd3]::panicking::panic_fmt
[INFO] [stdout]   11:     0x5d76366c8c52 - core[df12db4294e9bfd3]::result::unwrap_failed
[INFO] [stdout]   12:     0x5d7636521415 - webarkitlib_rs[50ae012d73ec3d97]::kpm::freak::descriptor::tests::load_grayscale
[INFO] [stdout]   13:     0x5d7636521b3e - webarkitlib_rs[50ae012d73ec3d97]::kpm::freak::descriptor::tests::test_freak_descriptor_length_one_keypoint
[INFO] [stdout]   14:     0x5d7636445c79 - <webarkitlib_rs[50ae012d73ec3d97]::kpm::freak::descriptor::tests::test_freak_descriptor_length_one_keypoint::{closure#0} as core[df12db4294e9bfd3]::ops::function::FnOnce<()>>::call_once
[INFO] [stdout]   15:     0x5d763658663b - test[9d35eded1c95d3be]::__rust_begin_short_backtrace::<core[df12db4294e9bfd3]::result::Result<(), alloc[2182bb758b4b3781]::string::String>, fn() -> core[df12db4294e9bfd3]::result::Result<(), alloc[2182bb758b4b3781]::string::String>>
[INFO] [stdout]   16:     0x5d7636593ca5 - test[9d35eded1c95d3be]::run_test::{closure#0}
[INFO] [stdout]   17:     0x5d763658d564 - std[70759c8f55707aa4]::sys::backtrace::__rust_begin_short_backtrace::<test[9d35eded1c95d3be]::run_test::{closure#1}, ()>
[INFO] [stdout]   18:     0x5d7636596e02 - <std[70759c8f55707aa4]::thread::lifecycle::spawn_unchecked<test[9d35eded1c95d3be]::run_test::{closure#1}, ()>::{closure#1} as core[df12db4294e9bfd3]::ops::function::FnOnce<()>>::call_once::{shim:vtable#0}
[INFO] [stdout]   19:     0x5d76366b0c99 - <std[70759c8f55707aa4]::sys::thread::unix::Thread>::new::thread_start
[INFO] [stdout]   20:     0x7ecadea0bdfa - <unknown>
[INFO] [stdout]   21:     0x7ecadea9f3d4 - clone
[INFO] [stdout]   22:                0x0 - <unknown>
[INFO] [stdout] 
[INFO] [stdout] ---- kpm::freak::detector::tests::test_dog_detector_finds_keypoints_on_real_image stdout ----
[INFO] [stdout] 
[INFO] [stdout] thread 'kpm::freak::detector::tests::test_dog_detector_finds_keypoints_on_real_image' (2517) panicked at src/kpm/freak/detector.rs:1067:37:
[INFO] [stdout] load test image: IoError(Os { code: 2, kind: NotFound, message: "No such file or directory" })
[INFO] [stdout] stack backtrace:
[INFO] [stdout]    0:     0x5d76366b1a61 - <<std[70759c8f55707aa4]::sys::backtrace::BacktraceLock>::print::DisplayBacktrace as core[df12db4294e9bfd3]::fmt::Display>::fmt
[INFO] [stdout]    1:     0x5d76366c874a - core[df12db4294e9bfd3]::fmt::write
[INFO] [stdout]    2:     0x5d76366b634c - <alloc[2182bb758b4b3781]::vec::Vec<u8> as core[df12db4294e9bfd3]::io::write::Write>::write_fmt
[INFO] [stdout]    3:     0x5d763668c126 - std[70759c8f55707aa4]::panicking::default_hook::{closure#0}
[INFO] [stdout]    4:     0x5d76366a9109 - std[70759c8f55707aa4]::panicking::default_hook
[INFO] [stdout]    5:     0x5d7636593350 - test[9d35eded1c95d3be]::test_main_inner::<test[9d35eded1c95d3be]::test_main_static::{closure#0}>::{closure#0}
[INFO] [stdout]    6:     0x5d76366a9432 - std[70759c8f55707aa4]::panicking::panic_with_hook
[INFO] [stdout]    7:     0x5d763668c1d2 - std[70759c8f55707aa4]::panicking::panic_handler::{closure#0}
[INFO] [stdout]    8:     0x5d7636684c79 - std[70759c8f55707aa4]::sys::backtrace::__rust_end_short_backtrace::<std[70759c8f55707aa4]::panicking::panic_handler::{closure#0}, !>
[INFO] [stdout]    9:     0x5d763668cdcd - __rustc[8fa7c3cbc660c2b3]::rust_begin_unwind
[INFO] [stdout]   10:     0x5d76366c8e7c - core[df12db4294e9bfd3]::panicking::panic_fmt
[INFO] [stdout]   11:     0x5d76366c8c52 - core[df12db4294e9bfd3]::result::unwrap_failed
[INFO] [stdout]   12:     0x5d76365228a5 - webarkitlib_rs[50ae012d73ec3d97]::kpm::freak::detector::tests::load_grayscale
[INFO] [stdout]   13:     0x5d763652291e - webarkitlib_rs[50ae012d73ec3d97]::kpm::freak::detector::tests::test_dog_detector_finds_keypoints_on_real_image
[INFO] [stdout]   14:     0x5d7636446ce9 - <webarkitlib_rs[50ae012d73ec3d97]::kpm::freak::detector::tests::test_dog_detector_finds_keypoints_on_real_image::{closure#0} as core[df12db4294e9bfd3]::ops::function::FnOnce<()>>::call_once
[INFO] [stdout]   15:     0x5d763658663b - test[9d35eded1c95d3be]::__rust_begin_short_backtrace::<core[df12db4294e9bfd3]::result::Result<(), alloc[2182bb758b4b3781]::string::String>, fn() -> core[df12db4294e9bfd3]::result::Result<(), alloc[2182bb758b4b3781]::string::String>>
[INFO] [stdout]   16:     0x5d7636593ca5 - test[9d35eded1c95d3be]::run_test::{closure#0}
[INFO] [stdout]   17:     0x5d763658d564 - std[70759c8f55707aa4]::sys::backtrace::__rust_begin_short_backtrace::<test[9d35eded1c95d3be]::run_test::{closure#1}, ()>
[INFO] [stdout]   18:     0x5d7636596e02 - <std[70759c8f55707aa4]::thread::lifecycle::spawn_unchecked<test[9d35eded1c95d3be]::run_test::{closure#1}, ()>::{closure#1} as core[df12db4294e9bfd3]::ops::function::FnOnce<()>>::call_once::{shim:vtable#0}
[INFO] [stdout]   19:     0x5d76366b0c99 - <std[70759c8f55707aa4]::sys::thread::unix::Thread>::new::thread_start
[INFO] [stdout]   20:     0x7ecadea0bdfa - <unknown>
[INFO] [stdout]   21:     0x7ecadea9f3d4 - clone
[INFO] [stdout]   22:                0x0 - <unknown>
[INFO] [stdout] 
[INFO] [stdout] ---- kpm::freak::descriptor::tests::test_freak_descriptor_empty_input stdout ----
[INFO] [stdout] 
[INFO] [stdout] thread 'kpm::freak::descriptor::tests::test_freak_descriptor_empty_input' (2512) panicked at src/kpm/freak/descriptor.rs:316:37:
[INFO] [stdout] load test image: IoError(Os { code: 2, kind: NotFound, message: "No such file or directory" })
[INFO] [stdout] stack backtrace:
[INFO] [stdout]    0:     0x5d76366b1a61 - <<std[70759c8f55707aa4]::sys::backtrace::BacktraceLock>::print::DisplayBacktrace as core[df12db4294e9bfd3]::fmt::Display>::fmt
[INFO] [stdout]    1:     0x5d76366c874a - core[df12db4294e9bfd3]::fmt::write
[INFO] [stdout]    2:     0x5d76366b634c - <alloc[2182bb758b4b3781]::vec::Vec<u8> as core[df12db4294e9bfd3]::io::write::Write>::write_fmt
[INFO] [stdout]    3:     0x5d763668c126 - std[70759c8f55707aa4]::panicking::default_hook::{closure#0}
[INFO] [stdout]    4:     0x5d76366a9109 - std[70759c8f55707aa4]::panicking::default_hook
[INFO] [stdout]    5:     0x5d7636593350 - test[9d35eded1c95d3be]::test_main_inner::<test[9d35eded1c95d3be]::test_main_static::{closure#0}>::{closure#0}
[INFO] [stdout]    6:     0x5d76366a9432 - std[70759c8f55707aa4]::panicking::panic_with_hook
[INFO] [stdout]    7:     0x5d763668c1d2 - std[70759c8f55707aa4]::panicking::panic_handler::{closure#0}
[INFO] [stdout]    8:     0x5d7636684c79 - std[70759c8f55707aa4]::sys::backtrace::__rust_end_short_backtrace::<std[70759c8f55707aa4]::panicking::panic_handler::{closure#0}, !>
[INFO] [stdout]    9:     0x5d763668cdcd - __rustc[8fa7c3cbc660c2b3]::rust_begin_unwind
[INFO] [stdout]   10:     0x5d76366c8e7c - core[df12db4294e9bfd3]::panicking::panic_fmt
[INFO] [stdout]   11:     0x5d76366c8c52 - core[df12db4294e9bfd3]::result::unwrap_failed
[INFO] [stdout]   12:     0x5d7636521415 - webarkitlib_rs[50ae012d73ec3d97]::kpm::freak::descriptor::tests::load_grayscale
[INFO] [stdout]   13:     0x5d763652148b - webarkitlib_rs[50ae012d73ec3d97]::kpm::freak::descriptor::tests::test_freak_descriptor_empty_input
[INFO] [stdout]   14:     0x5d7636445c39 - <webarkitlib_rs[50ae012d73ec3d97]::kpm::freak::descriptor::tests::test_freak_descriptor_empty_input::{closure#0} as core[df12db4294e9bfd3]::ops::function::FnOnce<()>>::call_once
[INFO] [stdout]   15:     0x5d763658663b - test[9d35eded1c95d3be]::__rust_begin_short_backtrace::<core[df12db4294e9bfd3]::result::Result<(), alloc[2182bb758b4b3781]::string::String>, fn() -> core[df12db4294e9bfd3]::result::Result<(), alloc[2182bb758b4b3781]::string::String>>
[INFO] [stdout]   16:     0x5d7636593ca5 - test[9d35eded1c95d3be]::run_test::{closure#0}
[INFO] [stdout]   17:     0x5d763658d564 - std[70759c8f55707aa4]::sys::backtrace::__rust_begin_short_backtrace::<test[9d35eded1c95d3be]::run_test::{closure#1}, ()>
[INFO] [stdout]   18:     0x5d7636596e02 - <std[70759c8f55707aa4]::thread::lifecycle::spawn_unchecked<test[9d35eded1c95d3be]::run_test::{closure#1}, ()>::{closure#1} as core[df12db4294e9bfd3]::ops::function::FnOnce<()>>::call_once::{shim:vtable#0}
[INFO] [stdout]   19:     0x5d76366b0c99 - <std[70759c8f55707aa4]::sys::thread::unix::Thread>::new::thread_start
[INFO] [stdout]   20:     0x7ecadea0bdfa - <unknown>
[INFO] [stdout]   21:     0x7ecadea9f3d4 - clone
[INFO] [stdout]   22:                0x0 - <unknown>
[INFO] [stdout] 
[INFO] [stdout] ---- kpm::freak::descriptor::tests::test_freak_descriptor_padding_bytes_are_zero stdout ----
[INFO] [stdout] 
[INFO] [stdout] thread 'kpm::freak::descriptor::tests::test_freak_descriptor_padding_bytes_are_zero' (2516) panicked at src/kpm/freak/descriptor.rs:316:37:
[INFO] [stdout] load test image: IoError(Os { code: 2, kind: NotFound, message: "No such file or directory" })
[INFO] [stdout] stack backtrace:
[INFO] [stdout]    0:     0x5d76366b1a61 - <<std[70759c8f55707aa4]::sys::backtrace::BacktraceLock>::print::DisplayBacktrace as core[df12db4294e9bfd3]::fmt::Display>::fmt
[INFO] [stdout]    1:     0x5d76366c874a - core[df12db4294e9bfd3]::fmt::write
[INFO] [stdout]    2:     0x5d76366b634c - <alloc[2182bb758b4b3781]::vec::Vec<u8> as core[df12db4294e9bfd3]::io::write::Write>::write_fmt
[INFO] [stdout]    3:     0x5d763668c126 - std[70759c8f55707aa4]::panicking::default_hook::{closure#0}
[INFO] [stdout]    4:     0x5d76366a9109 - std[70759c8f55707aa4]::panicking::default_hook
[INFO] [stdout]    5:     0x5d7636593350 - test[9d35eded1c95d3be]::test_main_inner::<test[9d35eded1c95d3be]::test_main_static::{closure#0}>::{closure#0}
[INFO] [stdout]    6:     0x5d76366a9432 - std[70759c8f55707aa4]::panicking::panic_with_hook
[INFO] [stdout]    7:     0x5d763668c1d2 - std[70759c8f55707aa4]::panicking::panic_handler::{closure#0}
[INFO] [stdout]    8:     0x5d7636684c79 - std[70759c8f55707aa4]::sys::backtrace::__rust_end_short_backtrace::<std[70759c8f55707aa4]::panicking::panic_handler::{closure#0}, !>
[INFO] [stdout]    9:     0x5d763668cdcd - __rustc[8fa7c3cbc660c2b3]::rust_begin_unwind
[INFO] [stdout]   10:     0x5d76366c8e7c - core[df12db4294e9bfd3]::panicking::panic_fmt
[INFO] [stdout]   11:     0x5d76366c8c52 - core[df12db4294e9bfd3]::result::unwrap_failed
[INFO] [stdout]   12:     0x5d7636521415 - webarkitlib_rs[50ae012d73ec3d97]::kpm::freak::descriptor::tests::load_grayscale
[INFO] [stdout]   13:     0x5d7636521e9e - webarkitlib_rs[50ae012d73ec3d97]::kpm::freak::descriptor::tests::test_freak_descriptor_padding_bytes_are_zero
[INFO] [stdout]   14:     0x5d7636445c99 - <webarkitlib_rs[50ae012d73ec3d97]::kpm::freak::descriptor::tests::test_freak_descriptor_padding_bytes_are_zero::{closure#0} as core[df12db4294e9bfd3]::ops::function::FnOnce<()>>::call_once
[INFO] [stdout]   15:     0x5d763658663b - test[9d35eded1c95d3be]::__rust_begin_short_backtrace::<core[df12db4294e9bfd3]::result::Result<(), alloc[2182bb758b4b3781]::string::String>, fn() -> core[df12db4294e9bfd3]::result::Result<(), alloc[2182bb758b4b3781]::string::String>>
[INFO] [stdout]   16:     0x5d7636593ca5 - test[9d35eded1c95d3be]::run_test::{closure#0}
[INFO] [stdout]   17:     0x5d763658d564 - std[70759c8f55707aa4]::sys::backtrace::__rust_begin_short_backtrace::<test[9d35eded1c95d3be]::run_test::{closure#1}, ()>
[INFO] [stdout]   18:     0x5d7636596e02 - <std[70759c8f55707aa4]::thread::lifecycle::spawn_unchecked<test[9d35eded1c95d3be]::run_test::{closure#1}, ()>::{closure#1} as core[df12db4294e9bfd3]::ops::function::FnOnce<()>>::call_once::{shim:vtable#0}
[INFO] [stdout]   19:     0x5d76366b0c99 - <std[70759c8f55707aa4]::sys::thread::unix::Thread>::new::thread_start
[INFO] [stdout]   20:     0x7ecadea0bdfa - <unknown>
[INFO] [stdout]   21:     0x7ecadea9f3d4 - clone
[INFO] [stdout]   22:                0x0 - <unknown>
[INFO] [stdout] 
[INFO] [stdout] ---- kpm::freak::descriptor::tests::test_freak_descriptor_is_reproducible stdout ----
[INFO] [stdout] 
[INFO] [stdout] thread 'kpm::freak::descriptor::tests::test_freak_descriptor_is_reproducible' (2513) panicked at src/kpm/freak/descriptor.rs:316:37:
[INFO] [stdout] load test image: IoError(Os { code: 2, kind: NotFound, message: "No such file or directory" })
[INFO] [stdout] stack backtrace:
[INFO] [stdout]    0:     0x5d76366b1a61 - <<std[70759c8f55707aa4]::sys::backtrace::BacktraceLock>::print::DisplayBacktrace as core[df12db4294e9bfd3]::fmt::Display>::fmt
[INFO] [stdout]    1:     0x5d76366c874a - core[df12db4294e9bfd3]::fmt::write
[INFO] [stdout]    2:     0x5d76366b634c - <alloc[2182bb758b4b3781]::vec::Vec<u8> as core[df12db4294e9bfd3]::io::write::Write>::write_fmt
[INFO] [stdout]    3:     0x5d763668c126 - std[70759c8f55707aa4]::panicking::default_hook::{closure#0}
[INFO] [stdout]    4:     0x5d76366a9109 - std[70759c8f55707aa4]::panicking::default_hook
[INFO] [stdout]    5:     0x5d7636593350 - test[9d35eded1c95d3be]::test_main_inner::<test[9d35eded1c95d3be]::test_main_static::{closure#0}>::{closure#0}
[INFO] [stdout]    6:     0x5d76366a9432 - std[70759c8f55707aa4]::panicking::panic_with_hook
[INFO] [stdout]    7:     0x5d763668c1d2 - std[70759c8f55707aa4]::panicking::panic_handler::{closure#0}
[INFO] [stdout]    8:     0x5d7636684c79 - std[70759c8f55707aa4]::sys::backtrace::__rust_end_short_backtrace::<std[70759c8f55707aa4]::panicking::panic_handler::{closure#0}, !>
[INFO] [stdout]    9:     0x5d763668cdcd - __rustc[8fa7c3cbc660c2b3]::rust_begin_unwind
[INFO] [stdout]   10:     0x5d76366c8e7c - core[df12db4294e9bfd3]::panicking::panic_fmt
[INFO] [stdout]   11:     0x5d76366c8c52 - core[df12db4294e9bfd3]::result::unwrap_failed
[INFO] [stdout]   12:     0x5d7636521415 - webarkitlib_rs[50ae012d73ec3d97]::kpm::freak::descriptor::tests::load_grayscale
[INFO] [stdout]   13:     0x5d763652175e - webarkitlib_rs[50ae012d73ec3d97]::kpm::freak::descriptor::tests::test_freak_descriptor_is_reproducible
[INFO] [stdout]   14:     0x5d7636445c59 - <webarkitlib_rs[50ae012d73ec3d97]::kpm::freak::descriptor::tests::test_freak_descriptor_is_reproducible::{closure#0} as core[df12db4294e9bfd3]::ops::function::FnOnce<()>>::call_once
[INFO] [stdout]   15:     0x5d763658663b - test[9d35eded1c95d3be]::__rust_begin_short_backtrace::<core[df12db4294e9bfd3]::result::Result<(), alloc[2182bb758b4b3781]::string::String>, fn() -> core[df12db4294e9bfd3]::result::Result<(), alloc[2182bb758b4b3781]::string::String>>
[INFO] [stdout]   16:     0x5d7636593ca5 - test[9d35eded1c95d3be]::run_test::{closure#0}
[INFO] [stdout]   17:     0x5d763658d564 - std[70759c8f55707aa4]::sys::backtrace::__rust_begin_short_backtrace::<test[9d35eded1c95d3be]::run_test::{closure#1}, ()>
[INFO] [stdout]   18:     0x5d7636596e02 - <std[70759c8f55707aa4]::thread::lifecycle::spawn_unchecked<test[9d35eded1c95d3be]::run_test::{closure#1}, ()>::{closure#1} as core[df12db4294e9bfd3]::ops::function::FnOnce<()>>::call_once::{shim:vtable#0}
[INFO] [stdout]   19:     0x5d76366b0c99 - <std[70759c8f55707aa4]::sys::thread::unix::Thread>::new::thread_start
[INFO] [stdout]   20:     0x7ecadea0bdfa - <unknown>
[INFO] [stdout]   21:     0x7ecadea9f3d4 - clone
[INFO] [stdout]   22:                0x0 - <unknown>
[INFO] [stdout] 
[INFO] [stdout] ---- kpm::freak::descriptor::tests::test_freak_descriptor_length_multiple_keypoints stdout ----
[INFO] [stdout] 
[INFO] [stdout] thread 'kpm::freak::descriptor::tests::test_freak_descriptor_length_multiple_keypoints' (2514) panicked at src/kpm/freak/descriptor.rs:316:37:
[INFO] [stdout] load test image: IoError(Os { code: 2, kind: NotFound, message: "No such file or directory" })
[INFO] [stdout] stack backtrace:
[INFO] [stdout]    0:     0x5d76366b1a61 - <<std[70759c8f55707aa4]::sys::backtrace::BacktraceLock>::print::DisplayBacktrace as core[df12db4294e9bfd3]::fmt::Display>::fmt
[INFO] [stdout]    1:     0x5d76366c874a - core[df12db4294e9bfd3]::fmt::write
[INFO] [stdout]    2:     0x5d76366b634c - <alloc[2182bb758b4b3781]::vec::Vec<u8> as core[df12db4294e9bfd3]::io::write::Write>::write_fmt
[INFO] [stdout]    3:     0x5d763668c126 - std[70759c8f55707aa4]::panicking::default_hook::{closure#0}
[INFO] [stdout]    4:     0x5d76366a9109 - std[70759c8f55707aa4]::panicking::default_hook
[INFO] [stdout]    5:     0x5d7636593350 - test[9d35eded1c95d3be]::test_main_inner::<test[9d35eded1c95d3be]::test_main_static::{closure#0}>::{closure#0}
[INFO] [stdout]    6:     0x5d76366a9432 - std[70759c8f55707aa4]::panicking::panic_with_hook
[INFO] [stdout]    7:     0x5d763668c1d2 - std[70759c8f55707aa4]::panicking::panic_handler::{closure#0}
[INFO] [stdout]    8:     0x5d7636684c79 - std[70759c8f55707aa4]::sys::backtrace::__rust_end_short_backtrace::<std[70759c8f55707aa4]::panicking::panic_handler::{closure#0}, !>
[INFO] [stdout]    9:     0x5d763668cdcd - __rustc[8fa7c3cbc660c2b3]::rust_begin_unwind
[INFO] [stdout]   10:     0x5d76366c8e7c - core[df12db4294e9bfd3]::panicking::panic_fmt
[INFO] [stdout]   11:     0x5d76366c8c52 - core[df12db4294e9bfd3]::result::unwrap_failed
[INFO] [stdout]   12:     0x5d7636521415 - webarkitlib_rs[50ae012d73ec3d97]::kpm::freak::descriptor::tests::load_grayscale
[INFO] [stdout]   13:     0x5d763652233e - webarkitlib_rs[50ae012d73ec3d97]::kpm::freak::descriptor::tests::test_freak_descriptor_length_multiple_keypoints
[INFO] [stdout]   14:     0x5d7636445cb9 - <webarkitlib_rs[50ae012d73ec3d97]::kpm::freak::descriptor::tests::test_freak_descriptor_length_multiple_keypoints::{closure#0} as core[df12db4294e9bfd3]::ops::function::FnOnce<()>>::call_once
[INFO] [stdout]   15:     0x5d763658663b - test[9d35eded1c95d3be]::__rust_begin_short_backtrace::<core[df12db4294e9bfd3]::result::Result<(), alloc[2182bb758b4b3781]::string::String>, fn() -> core[df12db4294e9bfd3]::result::Result<(), alloc[2182bb758b4b3781]::string::String>>
[INFO] [stdout]   16:     0x5d7636593ca5 - test[9d35eded1c95d3be]::run_test::{closure#0}
[INFO] [stdout]   17:     0x5d763658d564 - std[70759c8f55707aa4]::sys::backtrace::__rust_begin_short_backtrace::<test[9d35eded1c95d3be]::run_test::{closure#1}, ()>
[INFO] [stdout]   18:     0x5d7636596e02 - <std[70759c8f55707aa4]::thread::lifecycle::spawn_unchecked<test[9d35eded1c95d3be]::run_test::{closure#1}, ()>::{closure#1} as core[df12db4294e9bfd3]::ops::function::FnOnce<()>>::call_once::{shim:vtable#0}
[INFO] [stdout]   19:     0x5d76366b0c99 - <std[70759c8f55707aa4]::sys::thread::unix::Thread>::new::thread_start
[INFO] [stdout]   20:     0x7ecadea0bdfa - <unknown>
[INFO] [stdout]   21:     0x7ecadea9f3d4 - clone
[INFO] [stdout]   22:                0x0 - <unknown>
[INFO] [stdout] 
[INFO] [stdout] ---- kpm::freak::keyframe::tests::test_find_features_populates_keyframe stdout ----
[INFO] [stdout] 
[INFO] [stdout] thread 'kpm::freak::keyframe::tests::test_find_features_populates_keyframe' (2598) panicked at src/kpm/freak/keyframe.rs:160:37:
[INFO] [stdout] load test image: IoError(Os { code: 2, kind: NotFound, message: "No such file or directory" })
[INFO] [stdout] stack backtrace:
[INFO] [stdout]    0:     0x5d76366b1a61 - <<std[70759c8f55707aa4]::sys::backtrace::BacktraceLock>::print::DisplayBacktrace as core[df12db4294e9bfd3]::fmt::Display>::fmt
[INFO] [stdout]    1:     0x5d76366c874a - core[df12db4294e9bfd3]::fmt::write
[INFO] [stdout]    2:     0x5d76366b634c - <alloc[2182bb758b4b3781]::vec::Vec<u8> as core[df12db4294e9bfd3]::io::write::Write>::write_fmt
[INFO] [stdout]    3:     0x5d763668c126 - std[70759c8f55707aa4]::panicking::default_hook::{closure#0}
[INFO] [stdout]    4:     0x5d76366a9109 - std[70759c8f55707aa4]::panicking::default_hook
[INFO] [stdout]    5:     0x5d7636593350 - test[9d35eded1c95d3be]::test_main_inner::<test[9d35eded1c95d3be]::test_main_static::{closure#0}>::{closure#0}
[INFO] [stdout]    6:     0x5d76366a9432 - std[70759c8f55707aa4]::panicking::panic_with_hook
[INFO] [stdout]    7:     0x5d763668c1d2 - std[70759c8f55707aa4]::panicking::panic_handler::{closure#0}
[INFO] [stdout]    8:     0x5d7636684c79 - std[70759c8f55707aa4]::sys::backtrace::__rust_end_short_backtrace::<std[70759c8f55707aa4]::panicking::panic_handler::{closure#0}, !>
[INFO] [stdout]    9:     0x5d763668cdcd - __rustc[8fa7c3cbc660c2b3]::rust_begin_unwind
[INFO] [stdout]   10:     0x5d76366c8e7c - core[df12db4294e9bfd3]::panicking::panic_fmt
[INFO] [stdout]   11:     0x5d76366c8c52 - core[df12db4294e9bfd3]::result::unwrap_failed
[INFO] [stdout]   12:     0x5d7636523775 - webarkitlib_rs[50ae012d73ec3d97]::kpm::freak::keyframe::tests::load_grayscale
[INFO] [stdout]   13:     0x5d76365238be - webarkitlib_rs[50ae012d73ec3d97]::kpm::freak::keyframe::tests::test_find_features_populates_keyframe
[INFO] [stdout]   14:     0x5d7636446d69 - <webarkitlib_rs[50ae012d73ec3d97]::kpm::freak::keyframe::tests::test_find_features_populates_keyframe::{closure#0} as core[df12db4294e9bfd3]::ops::function::FnOnce<()>>::call_once
[INFO] [stdout]   15:     0x5d763658663b - test[9d35eded1c95d3be]::__rust_begin_short_backtrace::<core[df12db4294e9bfd3]::result::Result<(), alloc[2182bb758b4b3781]::string::String>, fn() -> core[df12db4294e9bfd3]::result::Result<(), alloc[2182bb758b4b3781]::string::String>>
[INFO] [stdout]   16:     0x5d7636593ca5 - test[9d35eded1c95d3be]::run_test::{closure#0}
[INFO] [stdout]   17:     0x5d763658d564 - std[70759c8f55707aa4]::sys::backtrace::__rust_begin_short_backtrace::<test[9d35eded1c95d3be]::run_test::{closure#1}, ()>
[INFO] [stdout]   18:     0x5d7636596e02 - <std[70759c8f55707aa4]::thread::lifecycle::spawn_unchecked<test[9d35eded1c95d3be]::run_test::{closure#1}, ()>::{closure#1} as core[df12db4294e9bfd3]::ops::function::FnOnce<()>>::call_once::{shim:vtable#0}
[INFO] [stdout]   19:     0x5d76366b0c99 - <std[70759c8f55707aa4]::sys::thread::unix::Thread>::new::thread_start
[INFO] [stdout]   20:     0x7ecadea0bdfa - <unknown>
[INFO] [stdout]   21:     0x7ecadea9f3d4 - clone
[INFO] [stdout]   22:                0x0 - <unknown>
[INFO] [stdout] 
[INFO] [stdout] ---- kpm::freak::keyframe::tests::test_keyframe_build_index_is_idempotent stdout ----
[INFO] [stdout] 
[INFO] [stdout] thread 'kpm::freak::keyframe::tests::test_keyframe_build_index_is_idempotent' (2600) panicked at src/kpm/freak/keyframe.rs:160:37:
[INFO] [stdout] load test image: IoError(Os { code: 2, kind: NotFound, message: "No such file or directory" })
[INFO] [stdout] stack backtrace:
[INFO] [stdout]    0:     0x5d76366b1a61 - <<std[70759c8f55707aa4]::sys::backtrace::BacktraceLock>::print::DisplayBacktrace as core[df12db4294e9bfd3]::fmt::Display>::fmt
[INFO] [stdout]    1:     0x5d76366c874a - core[df12db4294e9bfd3]::fmt::write
[INFO] [stdout]    2:     0x5d76366b634c - <alloc[2182bb758b4b3781]::vec::Vec<u8> as core[df12db4294e9bfd3]::io::write::Write>::write_fmt
[INFO] [stdout]    3:     0x5d763668c126 - std[70759c8f55707aa4]::panicking::default_hook::{closure#0}
[INFO] [stdout]    4:     0x5d76366a9109 - std[70759c8f55707aa4]::panicking::default_hook
[INFO] [stdout]    5:     0x5d7636593350 - test[9d35eded1c95d3be]::test_main_inner::<test[9d35eded1c95d3be]::test_main_static::{closure#0}>::{closure#0}
[INFO] [stdout]    6:     0x5d76366a9432 - std[70759c8f55707aa4]::panicking::panic_with_hook
[INFO] [stdout]    7:     0x5d763668c1d2 - std[70759c8f55707aa4]::panicking::panic_handler::{closure#0}
[INFO] [stdout]    8:     0x5d7636684c79 - std[70759c8f55707aa4]::sys::backtrace::__rust_end_short_backtrace::<std[70759c8f55707aa4]::panicking::panic_handler::{closure#0}, !>
[INFO] [stdout]    9:     0x5d763668cdcd - __rustc[8fa7c3cbc660c2b3]::rust_begin_unwind
[INFO] [stdout]   10:     0x5d76366c8e7c - core[df12db4294e9bfd3]::panicking::panic_fmt
[INFO] [stdout]   11:     0x5d76366c8c52 - core[df12db4294e9bfd3]::result::unwrap_failed
[INFO] [stdout]   12:     0x5d7636523775 - webarkitlib_rs[50ae012d73ec3d97]::kpm::freak::keyframe::tests::load_grayscale
[INFO] [stdout]   13:     0x5d7636523d1e - webarkitlib_rs[50ae012d73ec3d97]::kpm::freak::keyframe::tests::test_keyframe_build_index_is_idempotent
[INFO] [stdout]   14:     0x5d7636446d89 - <webarkitlib_rs[50ae012d73ec3d97]::kpm::freak::keyframe::tests::test_keyframe_build_index_is_idempotent::{closure#0} as core[df12db4294e9bfd3]::ops::function::FnOnce<()>>::call_once
[INFO] [stdout]   15:     0x5d763658663b - test[9d35eded1c95d3be]::__rust_begin_short_backtrace::<core[df12db4294e9bfd3]::result::Result<(), alloc[2182bb758b4b3781]::string::String>, fn() -> core[df12db4294e9bfd3]::result::Result<(), alloc[2182bb758b4b3781]::string::String>>
[INFO] [stdout]   16:     0x5d7636593ca5 - test[9d35eded1c95d3be]::run_test::{closure#0}
[INFO] [stdout]   17:     0x5d763658d564 - std[70759c8f55707aa4]::sys::backtrace::__rust_begin_short_backtrace::<test[9d35eded1c95d3be]::run_test::{closure#1}, ()>
[INFO] [stdout]   18:     0x5d7636596e02 - <std[70759c8f55707aa4]::thread::lifecycle::spawn_unchecked<test[9d35eded1c95d3be]::run_test::{closure#1}, ()>::{closure#1} as core[df12db4294e9bfd3]::ops::function::FnOnce<()>>::call_once::{shim:vtable#0}
[INFO] [stdout]   19:     0x5d76366b0c99 - <std[70759c8f55707aa4]::sys::thread::unix::Thread>::new::thread_start
[INFO] [stdout]   20:     0x7ecadea0bdfa - <unknown>
[INFO] [stdout]   21:     0x7ecadea9f3d4 - clone
[INFO] [stdout]   22:                0x0 - <unknown>
[INFO] [stdout] 
[INFO] [stdout] ---- kpm::freak::keyframe::tests::test_keyframe_build_index_populates_index stdout ----
[INFO] [stdout] 
[INFO] [stdout] thread 'kpm::freak::keyframe::tests::test_keyframe_build_index_populates_index' (2601) panicked at src/kpm/freak/keyframe.rs:160:37:
[INFO] [stdout] load test image: IoError(Os { code: 2, kind: NotFound, message: "No such file or directory" })
[INFO] [stdout] stack backtrace:
[INFO] [stdout]    0:     0x5d76366b1a61 - <<std[70759c8f55707aa4]::sys::backtrace::BacktraceLock>::print::DisplayBacktrace as core[df12db4294e9bfd3]::fmt::Display>::fmt
[INFO] [stdout]    1:     0x5d76366c874a - core[df12db4294e9bfd3]::fmt::write
[INFO] [stdout]    2:     0x5d76366b634c - <alloc[2182bb758b4b3781]::vec::Vec<u8> as core[df12db4294e9bfd3]::io::write::Write>::write_fmt
[INFO] [stdout]    3:     0x5d763668c126 - std[70759c8f55707aa4]::panicking::default_hook::{closure#0}
[INFO] [stdout]    4:     0x5d76366a9109 - std[70759c8f55707aa4]::panicking::default_hook
[INFO] [stdout]    5:     0x5d7636593350 - test[9d35eded1c95d3be]::test_main_inner::<test[9d35eded1c95d3be]::test_main_static::{closure#0}>::{closure#0}
[INFO] [stdout]    6:     0x5d76366a9432 - std[70759c8f55707aa4]::panicking::panic_with_hook
[INFO] [stdout]    7:     0x5d763668c1d2 - std[70759c8f55707aa4]::panicking::panic_handler::{closure#0}
[INFO] [stdout]    8:     0x5d7636684c79 - std[70759c8f55707aa4]::sys::backtrace::__rust_end_short_backtrace::<std[70759c8f55707aa4]::panicking::panic_handler::{closure#0}, !>
[INFO] [stdout]    9:     0x5d763668cdcd - __rustc[8fa7c3cbc660c2b3]::rust_begin_unwind
[INFO] [stdout]   10:     0x5d76366c8e7c - core[df12db4294e9bfd3]::panicking::panic_fmt
[INFO] [stdout]   11:     0x5d76366c8c52 - core[df12db4294e9bfd3]::result::unwrap_failed
[INFO] [stdout]   12:     0x5d7636523775 - webarkitlib_rs[50ae012d73ec3d97]::kpm::freak::keyframe::tests::load_grayscale
[INFO] [stdout]   13:     0x5d763652420e - webarkitlib_rs[50ae012d73ec3d97]::kpm::freak::keyframe::tests::test_keyframe_build_index_populates_index
[INFO] [stdout]   14:     0x5d7636446e29 - <webarkitlib_rs[50ae012d73ec3d97]::kpm::freak::keyframe::tests::test_keyframe_build_index_populates_index::{closure#0} as core[df12db4294e9bfd3]::ops::function::FnOnce<()>>::call_once
[INFO] [stdout]   15:     0x5d763658663b - test[9d35eded1c95d3be]::__rust_begin_short_backtrace::<core[df12db4294e9bfd3]::result::Result<(), alloc[2182bb758b4b3781]::string::String>, fn() -> core[df12db4294e9bfd3]::result::Result<(), alloc[2182bb758b4b3781]::string::String>>
[INFO] [stdout]   16:     0x5d7636593ca5 - test[9d35eded1c95d3be]::run_test::{closure#0}
[INFO] [stdout]   17:     0x5d763658d564 - std[70759c8f55707aa4]::sys::backtrace::__rust_begin_short_backtrace::<test[9d35eded1c95d3be]::run_test::{closure#1}, ()>
[INFO] [stdout]   18:     0x5d7636596e02 - <std[70759c8f55707aa4]::thread::lifecycle::spawn_unchecked<test[9d35eded1c95d3be]::run_test::{closure#1}, ()>::{closure#1} as core[df12db4294e9bfd3]::ops::function::FnOnce<()>>::call_once::{shim:vtable#0}
[INFO] [stdout]   19:     0x5d76366b0c99 - <std[70759c8f55707aa4]::sys::thread::unix::Thread>::new::thread_start
[INFO] [stdout]   20:     0x7ecadea0bdfa - <unknown>
[INFO] [stdout]   21:     0x7ecadea9f3d4 - clone
[INFO] [stdout]   22:                0x0 - <unknown>
[INFO] [stdout] 
[INFO] [stdout] ---- kpm::freak::visual_database::tests::test_visual_database_erase_removes_keyframe stdout ----
[INFO] [stdout] 
[INFO] [stdout] thread 'kpm::freak::visual_database::tests::test_visual_database_erase_removes_keyframe' (2707) panicked at src/kpm/freak/visual_database.rs:952:37:
[INFO] [stdout] load test image: IoError(Os { code: 2, kind: NotFound, message: "No such file or directory" })
[INFO] [stdout] stack backtrace:
[INFO] [stdout]    0:     0x5d76366b1a61 - <<std[70759c8f55707aa4]::sys::backtrace::BacktraceLock>::print::DisplayBacktrace as core[df12db4294e9bfd3]::fmt::Display>::fmt
[INFO] [stdout]    1:     0x5d76366c874a - core[df12db4294e9bfd3]::fmt::write
[INFO] [stdout]    2:     0x5d76366b634c - <alloc[2182bb758b4b3781]::vec::Vec<u8> as core[df12db4294e9bfd3]::io::write::Write>::write_fmt
[INFO] [stdout]    3:     0x5d763668c126 - std[70759c8f55707aa4]::panicking::default_hook::{closure#0}
[INFO] [stdout]    4:     0x5d76366a9109 - std[70759c8f55707aa4]::panicking::default_hook
[INFO] [stdout]    5:     0x5d7636593350 - test[9d35eded1c95d3be]::test_main_inner::<test[9d35eded1c95d3be]::test_main_static::{closure#0}>::{closure#0}
[INFO] [stdout]    6:     0x5d76366a9432 - std[70759c8f55707aa4]::panicking::panic_with_hook
[INFO] [stdout]    7:     0x5d763668c1d2 - std[70759c8f55707aa4]::panicking::panic_handler::{closure#0}
[INFO] [stdout]    8:     0x5d7636684c79 - std[70759c8f55707aa4]::sys::backtrace::__rust_end_short_backtrace::<std[70759c8f55707aa4]::panicking::panic_handler::{closure#0}, !>
[INFO] [stdout]    9:     0x5d763668cdcd - __rustc[8fa7c3cbc660c2b3]::rust_begin_unwind
[INFO] [stdout]   10:     0x5d76366c8e7c - core[df12db4294e9bfd3]::panicking::panic_fmt
[INFO] [stdout]   11:     0x5d76366c8c52 - core[df12db4294e9bfd3]::result::unwrap_failed
[INFO] [stdout]   12:     0x5d763648dd85 - webarkitlib_rs[50ae012d73ec3d97]::kpm::freak::visual_database::tests::load_grayscale
[INFO] [stdout]   13:     0x5d763648f577 - webarkitlib_rs[50ae012d73ec3d97]::kpm::freak::visual_database::tests::test_visual_database_erase_removes_keyframe
[INFO] [stdout]   14:     0x5d7636446039 - <webarkitlib_rs[50ae012d73ec3d97]::kpm::freak::visual_database::tests::test_visual_database_erase_removes_keyframe::{closure#0} as core[df12db4294e9bfd3]::ops::function::FnOnce<()>>::call_once
[INFO] [stdout]   15:     0x5d763658663b - test[9d35eded1c95d3be]::__rust_begin_short_backtrace::<core[df12db4294e9bfd3]::result::Result<(), alloc[2182bb758b4b3781]::string::String>, fn() -> core[df12db4294e9bfd3]::result::Result<(), alloc[2182bb758b4b3781]::string::String>>
[INFO] [stdout]   16:     0x5d7636593ca5 - test[9d35eded1c95d3be]::run_test::{closure#0}
[INFO] [stdout]   17:     0x5d763658d564 - std[70759c8f55707aa4]::sys::backtrace::__rust_begin_short_backtrace::<test[9d35eded1c95d3be]::run_test::{closure#1}, ()>
[INFO] [stdout]   18:     0x5d7636596e02 - <std[70759c8f55707aa4]::thread::lifecycle::spawn_unchecked<test[9d35eded1c95d3be]::run_test::{closure#1}, ()>::{closure#1} as core[df12db4294e9bfd3]::ops::function::FnOnce<()>>::call_once::{shim:vtable#0}
[INFO] [stdout]   19:     0x5d76366b0c99 - <std[70759c8f55707aa4]::sys::thread::unix::Thread>::new::thread_start
[INFO] [stdout]   20:     0x7ecadea0bdfa - <unknown>
[INFO] [stdout]   21:     0x7ecadea9f3d4 - clone
[INFO] [stdout]   22:                0x0 - <unknown>
[INFO] [stdout] 
[INFO] [stdout] ---- kpm::freak::visual_database::tests::test_visual_database_add_same_id_returns_err stdout ----
[INFO] [stdout] 
[INFO] [stdout] thread 'kpm::freak::visual_database::tests::test_visual_database_add_same_id_returns_err' (2706) panicked at src/kpm/freak/visual_database.rs:952:37:
[INFO] [stdout] load test image: IoError(Os { code: 2, kind: NotFound, message: "No such file or directory" })
[INFO] [stdout] stack backtrace:
[INFO] [stdout]    0:     0x5d76366b1a61 - <<std[70759c8f55707aa4]::sys::backtrace::BacktraceLock>::print::DisplayBacktrace as core[df12db4294e9bfd3]::fmt::Display>::fmt
[INFO] [stdout]    1:     0x5d76366c874a - core[df12db4294e9bfd3]::fmt::write
[INFO] [stdout]    2:     0x5d76366b634c - <alloc[2182bb758b4b3781]::vec::Vec<u8> as core[df12db4294e9bfd3]::io::write::Write>::write_fmt
[INFO] [stdout]    3:     0x5d763668c126 - std[70759c8f55707aa4]::panicking::default_hook::{closure#0}
[INFO] [stdout]    4:     0x5d76366a9109 - std[70759c8f55707aa4]::panicking::default_hook
[INFO] [stdout]    5:     0x5d7636593350 - test[9d35eded1c95d3be]::test_main_inner::<test[9d35eded1c95d3be]::test_main_static::{closure#0}>::{closure#0}
[INFO] [stdout]    6:     0x5d76366a9432 - std[70759c8f55707aa4]::panicking::panic_with_hook
[INFO] [stdout]    7:     0x5d763668c1d2 - std[70759c8f55707aa4]::panicking::panic_handler::{closure#0}
[INFO] [stdout]    8:     0x5d7636684c79 - std[70759c8f55707aa4]::sys::backtrace::__rust_end_short_backtrace::<std[70759c8f55707aa4]::panicking::panic_handler::{closure#0}, !>
[INFO] [stdout]    9:     0x5d763668cdcd - __rustc[8fa7c3cbc660c2b3]::rust_begin_unwind
[INFO] [stdout]   10:     0x5d76366c8e7c - core[df12db4294e9bfd3]::panicking::panic_fmt
[INFO] [stdout]   11:     0x5d76366c8c52 - core[df12db4294e9bfd3]::result::unwrap_failed
[INFO] [stdout]   12:     0x5d763648dd85 - webarkitlib_rs[50ae012d73ec3d97]::kpm::freak::visual_database::tests::load_grayscale
[INFO] [stdout]   13:     0x5d763648f965 - webarkitlib_rs[50ae012d73ec3d97]::kpm::freak::visual_database::tests::test_visual_database_add_same_id_returns_err
[INFO] [stdout]   14:     0x5d7636446059 - <webarkitlib_rs[50ae012d73ec3d97]::kpm::freak::visual_database::tests::test_visual_database_add_same_id_returns_err::{closure#0} as core[df12db4294e9bfd3]::ops::function::FnOnce<()>>::call_once
[INFO] [stdout]   15:     0x5d763658663b - test[9d35eded1c95d3be]::__rust_begin_short_backtrace::<core[df12db4294e9bfd3]::result::Result<(), alloc[2182bb758b4b3781]::string::String>, fn() -> core[df12db4294e9bfd3]::result::Result<(), alloc[2182bb758b4b3781]::string::String>>
[INFO] [stdout]   16:     0x5d7636593ca5 - test[9d35eded1c95d3be]::run_test::{closure#0}
[INFO] [stdout]   17:     0x5d763658d564 - std[70759c8f55707aa4]::sys::backtrace::__rust_begin_short_backtrace::<test[9d35eded1c95d3be]::run_test::{closure#1}, ()>
[INFO] [stdout]   18:     0x5d7636596e02 - <std[70759c8f55707aa4]::thread::lifecycle::spawn_unchecked<test[9d35eded1c95d3be]::run_test::{closure#1}, ()>::{closure#1} as core[df12db4294e9bfd3]::ops::function::FnOnce<()>>::call_once::{shim:vtable#0}
[INFO] [stdout]   19:     0x5d76366b0c99 - <std[70759c8f55707aa4]::sys::thread::unix::Thread>::new::thread_start
[INFO] [stdout]   20:     0x7ecadea0bdfa - <unknown>
[INFO] [stdout]   21:     0x7ecadea9f3d4 - clone
[INFO] [stdout]   22:                0x0 - <unknown>
[INFO] [stdout] 
[INFO] [stdout] ---- kpm::ref_data_set::tests::test_load_from_bytes_matches_load stdout ----
[INFO] [stdout] 
[INFO] [stdout] thread 'kpm::ref_data_set::tests::test_load_from_bytes_matches_load' (2715) panicked at src/kpm/ref_data_set.rs:754:52:
[INFO] [stdout] load(path) failed: Os { code: 2, kind: NotFound, message: "No such file or directory" }
[INFO] [stdout] stack backtrace:
[INFO] [stdout]    0:     0x5d76366b1a61 - <<std[70759c8f55707aa4]::sys::backtrace::BacktraceLock>::print::DisplayBacktrace as core[df12db4294e9bfd3]::fmt::Display>::fmt
[INFO] [stdout]    1:     0x5d76366c874a - core[df12db4294e9bfd3]::fmt::write
[INFO] [stdout]    2:     0x5d76366b634c - <alloc[2182bb758b4b3781]::vec::Vec<u8> as core[df12db4294e9bfd3]::io::write::Write>::write_fmt
[INFO] [stdout]    3:     0x5d763668c126 - std[70759c8f55707aa4]::panicking::default_hook::{closure#0}
[INFO] [stdout]    4:     0x5d76366a9109 - std[70759c8f55707aa4]::panicking::default_hook
[INFO] [stdout]    5:     0x5d7636593350 - test[9d35eded1c95d3be]::test_main_inner::<test[9d35eded1c95d3be]::test_main_static::{closure#0}>::{closure#0}
[INFO] [stdout]    6:     0x5d76366a9432 - std[70759c8f55707aa4]::panicking::panic_with_hook
[INFO] [stdout]    7:     0x5d763668c1d2 - std[70759c8f55707aa4]::panicking::panic_handler::{closure#0}
[INFO] [stdout]    8:     0x5d7636684c79 - std[70759c8f55707aa4]::sys::backtrace::__rust_end_short_backtrace::<std[70759c8f55707aa4]::panicking::panic_handler::{closure#0}, !>
[INFO] [stdout]    9:     0x5d763668cdcd - __rustc[8fa7c3cbc660c2b3]::rust_begin_unwind
[INFO] [stdout]   10:     0x5d76366c8e7c - core[df12db4294e9bfd3]::panicking::panic_fmt
[INFO] [stdout]   11:     0x5d76366c8c52 - core[df12db4294e9bfd3]::result::unwrap_failed
[INFO] [stdout]   12:     0x5d7636568e84 - webarkitlib_rs[50ae012d73ec3d97]::kpm::ref_data_set::tests::test_load_from_bytes_matches_load
[INFO] [stdout]   13:     0x5d7636444d39 - <webarkitlib_rs[50ae012d73ec3d97]::kpm::ref_data_set::tests::test_load_from_bytes_matches_load::{closure#0} as core[df12db4294e9bfd3]::ops::function::FnOnce<()>>::call_once
[INFO] [stdout]   14:     0x5d763658663b - test[9d35eded1c95d3be]::__rust_begin_short_backtrace::<core[df12db4294e9bfd3]::result::Result<(), alloc[2182bb758b4b3781]::string::String>, fn() -> core[df12db4294e9bfd3]::result::Result<(), alloc[2182bb758b4b3781]::string::String>>
[INFO] [stdout]   15:     0x5d7636593ca5 - test[9d35eded1c95d3be]::run_test::{closure#0}
[INFO] [stdout]   16:     0x5d763658d564 - std[70759c8f55707aa4]::sys::backtrace::__rust_begin_short_backtrace::<test[9d35eded1c95d3be]::run_test::{closure#1}, ()>
[INFO] [stdout]   17:     0x5d7636596e02 - <std[70759c8f55707aa4]::thread::lifecycle::spawn_unchecked<test[9d35eded1c95d3be]::run_test::{closure#1}, ()>::{closure#1} as core[df12db4294e9bfd3]::ops::function::FnOnce<()>>::call_once::{shim:vtable#0}
[INFO] [stdout]   18:     0x5d76366b0c99 - <std[70759c8f55707aa4]::sys::thread::unix::Thread>::new::thread_start
[INFO] [stdout]   19:     0x7ecadea0bdfa - <unknown>
[INFO] [stdout]   20:     0x7ecadea9f3d4 - clone
[INFO] [stdout]   21:                0x0 - <unknown>
[INFO] [stdout] 
[INFO] [stdout] ---- kpm::freak::visual_database::tests::test_visual_database_add_and_query_same_image stdout ----
[INFO] [stdout] 
[INFO] [stdout] thread 'kpm::freak::visual_database::tests::test_visual_database_add_and_query_same_image' (2702) panicked at src/kpm/freak/visual_database.rs:952:37:
[INFO] [stdout] load test image: IoError(Os { code: 2, kind: NotFound, message: "No such file or directory" })
[INFO] [stdout] stack backtrace:
[INFO] [stdout]    0:     0x5d76366b1a61 - <<std[70759c8f55707aa4]::sys::backtrace::BacktraceLock>::print::DisplayBacktrace as core[df12db4294e9bfd3]::fmt::Display>::fmt
[INFO] [stdout]    1:     0x5d76366c874a - core[df12db4294e9bfd3]::fmt::write
[INFO] [stdout]    2:     0x5d76366b634c - <alloc[2182bb758b4b3781]::vec::Vec<u8> as core[df12db4294e9bfd3]::io::write::Write>::write_fmt
[INFO] [stdout]    3:     0x5d763668c126 - std[70759c8f55707aa4]::panicking::default_hook::{closure#0}
[INFO] [stdout]    4:     0x5d76366a9109 - std[70759c8f55707aa4]::panicking::default_hook
[INFO] [stdout]    5:     0x5d7636593350 - test[9d35eded1c95d3be]::test_main_inner::<test[9d35eded1c95d3be]::test_main_static::{closure#0}>::{closure#0}
[INFO] [stdout]    6:     0x5d76366a9432 - std[70759c8f55707aa4]::panicking::panic_with_hook
[INFO] [stdout]    7:     0x5d763668c1d2 - std[70759c8f55707aa4]::panicking::panic_handler::{closure#0}
[INFO] [stdout]    8:     0x5d7636684c79 - std[70759c8f55707aa4]::sys::backtrace::__rust_end_short_backtrace::<std[70759c8f55707aa4]::panicking::panic_handler::{closure#0}, !>
[INFO] [stdout]    9:     0x5d763668cdcd - __rustc[8fa7c3cbc660c2b3]::rust_begin_unwind
[INFO] [stdout]   10:     0x5d76366c8e7c - core[df12db4294e9bfd3]::panicking::panic_fmt
[INFO] [stdout]   11:     0x5d76366c8c52 - core[df12db4294e9bfd3]::result::unwrap_failed
[INFO] [stdout]   12:     0x5d763648dd85 - webarkitlib_rs[50ae012d73ec3d97]::kpm::freak::visual_database::tests::load_grayscale
[INFO] [stdout]   13:     0x5d763648fc65 - webarkitlib_rs[50ae012d73ec3d97]::kpm::freak::visual_database::tests::test_visual_database_add_and_query_same_image
[INFO] [stdout]   14:     0x5d7636446079 - <webarkitlib_rs[50ae012d73ec3d97]::kpm::freak::visual_database::tests::test_visual_database_add_and_query_same_image::{closure#0} as core[df12db4294e9bfd3]::ops::function::FnOnce<()>>::call_once
[INFO] [stdout]   15:     0x5d763658663b - test[9d35eded1c95d3be]::__rust_begin_short_backtrace::<core[df12db4294e9bfd3]::result::Result<(), alloc[2182bb758b4b3781]::string::String>, fn() -> core[df12db4294e9bfd3]::result::Result<(), alloc[2182bb758b4b3781]::string::String>>
[INFO] [stdout]   16:     0x5d7636593ca5 - test[9d35eded1c95d3be]::run_test::{closure#0}
[INFO] [stdout]   17:     0x5d763658d564 - std[70759c8f55707aa4]::sys::backtrace::__rust_begin_short_backtrace::<test[9d35eded1c95d3be]::run_test::{closure#1}, ()>
[INFO] [stdout]   18:     0x5d7636596e02 - <std[70759c8f55707aa4]::thread::lifecycle::spawn_unchecked<test[9d35eded1c95d3be]::run_test::{closure#1}, ()>::{closure#1} as core[df12db4294e9bfd3]::ops::function::FnOnce<()>>::call_once::{shim:vtable#0}
[INFO] [stdout]   19:     0x5d76366b0c99 - <std[70759c8f55707aa4]::sys::thread::unix::Thread>::new::thread_start
[INFO] [stdout]   20:     0x7ecadea0bdfa - <unknown>
[INFO] [stdout]   21:     0x7ecadea9f3d4 - clone
[INFO] [stdout]   22:                0x0 - <unknown>
[INFO] [stdout] 
[INFO] [stdout] ---- kpm::freak::visual_database::tests::test_query_from_keyframe_self_matches stdout ----
[INFO] [stdout] 
[INFO] [stdout] thread 'kpm::freak::visual_database::tests::test_query_from_keyframe_self_matches' (2701) panicked at src/kpm/freak/visual_database.rs:952:37:
[INFO] [stdout] load test image: IoError(Os { code: 2, kind: NotFound, message: "No such file or directory" })
[INFO] [stdout] stack backtrace:
[INFO] [stdout]    0:     0x5d76366b1a61 - <<std[70759c8f55707aa4]::sys::backtrace::BacktraceLock>::print::DisplayBacktrace as core[df12db4294e9bfd3]::fmt::Display>::fmt
[INFO] [stdout]    1:     0x5d76366c874a - core[df12db4294e9bfd3]::fmt::write
[INFO] [stdout]    2:     0x5d76366b634c - <alloc[2182bb758b4b3781]::vec::Vec<u8> as core[df12db4294e9bfd3]::io::write::Write>::write_fmt
[INFO] [stdout]    3:     0x5d763668c126 - std[70759c8f55707aa4]::panicking::default_hook::{closure#0}
[INFO] [stdout]    4:     0x5d76366a9109 - std[70759c8f55707aa4]::panicking::default_hook
[INFO] [stdout]    5:     0x5d7636593350 - test[9d35eded1c95d3be]::test_main_inner::<test[9d35eded1c95d3be]::test_main_static::{closure#0}>::{closure#0}
[INFO] [stdout]    6:     0x5d76366a9432 - std[70759c8f55707aa4]::panicking::panic_with_hook
[INFO] [stdout]    7:     0x5d763668c1d2 - std[70759c8f55707aa4]::panicking::panic_handler::{closure#0}
[INFO] [stdout]    8:     0x5d7636684c79 - std[70759c8f55707aa4]::sys::backtrace::__rust_end_short_backtrace::<std[70759c8f55707aa4]::panicking::panic_handler::{closure#0}, !>
[INFO] [stdout]    9:     0x5d763668cdcd - __rustc[8fa7c3cbc660c2b3]::rust_begin_unwind
[INFO] [stdout]   10:     0x5d76366c8e7c - core[df12db4294e9bfd3]::panicking::panic_fmt
[INFO] [stdout]   11:     0x5d76366c8c52 - core[df12db4294e9bfd3]::result::unwrap_failed
[INFO] [stdout]   12:     0x5d763648dd85 - webarkitlib_rs[50ae012d73ec3d97]::kpm::freak::visual_database::tests::load_grayscale
[INFO] [stdout]   13:     0x5d763648ecda - webarkitlib_rs[50ae012d73ec3d97]::kpm::freak::visual_database::tests::test_query_from_keyframe_self_matches
[INFO] [stdout]   14:     0x5d7636445ff9 - <webarkitlib_rs[50ae012d73ec3d97]::kpm::freak::visual_database::tests::test_query_from_keyframe_self_matches::{closure#0} as core[df12db4294e9bfd3]::ops::function::FnOnce<()>>::call_once
[INFO] [stdout]   15:     0x5d763658663b - test[9d35eded1c95d3be]::__rust_begin_short_backtrace::<core[df12db4294e9bfd3]::result::Result<(), alloc[2182bb758b4b3781]::string::String>, fn() -> core[df12db4294e9bfd3]::result::Result<(), alloc[2182bb758b4b3781]::string::String>>
[INFO] [stdout]   16:     0x5d7636593ca5 - test[9d35eded1c95d3be]::run_test::{closure#0}
[INFO] [stdout]   17:     0x5d763658d564 - std[70759c8f55707aa4]::sys::backtrace::__rust_begin_short_backtrace::<test[9d35eded1c95d3be]::run_test::{closure#1}, ()>
[INFO] [stdout]   18:     0x5d7636596e02 - <std[70759c8f55707aa4]::thread::lifecycle::spawn_unchecked<test[9d35eded1c95d3be]::run_test::{closure#1}, ()>::{closure#1} as core[df12db4294e9bfd3]::ops::function::FnOnce<()>>::call_once::{shim:vtable#0}
[INFO] [stdout]   19:     0x5d76366b0c99 - <std[70759c8f55707aa4]::sys::thread::unix::Thread>::new::thread_start
[INFO] [stdout]   20:     0x7ecadea0bdfa - <unknown>
[INFO] [stdout]   21:     0x7ecadea9f3d4 - clone
[INFO] [stdout]   22:                0x0 - <unknown>
[INFO] [stdout] 
[INFO] [stdout] ---- kpm::freak::visual_database::tests::test_visual_database_add_image_builds_index stdout ----
[INFO] [stdout] 
[INFO] [stdout] thread 'kpm::freak::visual_database::tests::test_visual_database_add_image_builds_index' (2703) panicked at src/kpm/freak/visual_database.rs:952:37:
[INFO] [stdout] load test image: IoError(Os { code: 2, kind: NotFound, message: "No such file or directory" })
[INFO] [stdout] stack backtrace:
[INFO] [stdout]    0:     0x5d76366b1a61 - <<std[70759c8f55707aa4]::sys::backtrace::BacktraceLock>::print::DisplayBacktrace as core[df12db4294e9bfd3]::fmt::Display>::fmt
[INFO] [stdout]    1:     0x5d76366c874a - core[df12db4294e9bfd3]::fmt::write
[INFO] [stdout]    2:     0x5d76366b634c - <alloc[2182bb758b4b3781]::vec::Vec<u8> as core[df12db4294e9bfd3]::io::write::Write>::write_fmt
[INFO] [stdout]    3:     0x5d763668c126 - std[70759c8f55707aa4]::panicking::default_hook::{closure#0}
[INFO] [stdout]    4:     0x5d76366a9109 - std[70759c8f55707aa4]::panicking::default_hook
[INFO] [stdout]    5:     0x5d7636593350 - test[9d35eded1c95d3be]::test_main_inner::<test[9d35eded1c95d3be]::test_main_static::{closure#0}>::{closure#0}
[INFO] [stdout]    6:     0x5d76366a9432 - std[70759c8f55707aa4]::panicking::panic_with_hook
[INFO] [stdout]    7:     0x5d763668c1d2 - std[70759c8f55707aa4]::panicking::panic_handler::{closure#0}
[INFO] [stdout]    8:     0x5d7636684c79 - std[70759c8f55707aa4]::sys::backtrace::__rust_end_short_backtrace::<std[70759c8f55707aa4]::panicking::panic_handler::{closure#0}, !>
[INFO] [stdout]    9:     0x5d763668cdcd - __rustc[8fa7c3cbc660c2b3]::rust_begin_unwind
[INFO] [stdout]   10:     0x5d76366c8e7c - core[df12db4294e9bfd3]::panicking::panic_fmt
[INFO] [stdout]   11:     0x5d76366c8c52 - core[df12db4294e9bfd3]::result::unwrap_failed
[INFO] [stdout]   12:     0x5d763648dd85 - webarkitlib_rs[50ae012d73ec3d97]::kpm::freak::visual_database::tests::load_grayscale
[INFO] [stdout]   13:     0x5d763648f205 - webarkitlib_rs[50ae012d73ec3d97]::kpm::freak::visual_database::tests::test_visual_database_add_image_builds_index
[INFO] [stdout]   14:     0x5d7636446019 - <webarkitlib_rs[50ae012d73ec3d97]::kpm::freak::visual_database::tests::test_visual_database_add_image_builds_index::{closure#0} as core[df12db4294e9bfd3]::ops::function::FnOnce<()>>::call_once
[INFO] [stdout]   15:     0x5d763658663b - test[9d35eded1c95d3be]::__rust_begin_short_backtrace::<core[df12db4294e9bfd3]::result::Result<(), alloc[2182bb758b4b3781]::string::String>, fn() -> core[df12db4294e9bfd3]::result::Result<(), alloc[2182bb758b4b3781]::string::String>>
[INFO] [stdout]   16:     0x5d7636593ca5 - test[9d35eded1c95d3be]::run_test::{closure#0}
[INFO] [stdout]   17:     0x5d763658d564 - std[70759c8f55707aa4]::sys::backtrace::__rust_begin_short_backtrace::<test[9d35eded1c95d3be]::run_test::{closure#1}, ()>
[INFO] [stdout]   18:     0x5d7636596e02 - <std[70759c8f55707aa4]::thread::lifecycle::spawn_unchecked<test[9d35eded1c95d3be]::run_test::{closure#1}, ()>::{closure#1} as core[df12db4294e9bfd3]::ops::function::FnOnce<()>>::call_once::{shim:vtable#0}
[INFO] [stdout]   19:     0x5d76366b0c99 - <std[70759c8f55707aa4]::sys::thread::unix::Thread>::new::thread_start
[INFO] [stdout]   20:     0x7ecadea0bdfa - <unknown>
[INFO] [stdout]   21:     0x7ecadea9f3d4 - clone
[INFO] [stdout]   22:                0x0 - <unknown>
[INFO] [stdout] 
[INFO] [stdout] ---- kpm::freak::visual_database::tests::test_visual_database_query_different_image_returns_no_match stdout ----
[INFO] [stdout] 
[INFO] [stdout] thread 'kpm::freak::visual_database::tests::test_visual_database_query_different_image_returns_no_match' (2708) panicked at src/kpm/freak/visual_database.rs:952:37:
[INFO] [stdout] load test image: IoError(Os { code: 2, kind: NotFound, message: "No such file or directory" })
[INFO] [stdout] stack backtrace:
[INFO] [stdout]    0:     0x5d76366b1a61 - <<std[70759c8f55707aa4]::sys::backtrace::BacktraceLock>::print::DisplayBacktrace as core[df12db4294e9bfd3]::fmt::Display>::fmt
[INFO] [stdout]    1:     0x5d76366c874a - core[df12db4294e9bfd3]::fmt::write
[INFO] [stdout]    2:     0x5d76366b634c - <alloc[2182bb758b4b3781]::vec::Vec<u8> as core[df12db4294e9bfd3]::io::write::Write>::write_fmt
[INFO] [stdout]    3:     0x5d763668c126 - std[70759c8f55707aa4]::panicking::default_hook::{closure#0}
[INFO] [stdout]    4:     0x5d76366a9109 - std[70759c8f55707aa4]::panicking::default_hook
[INFO] [stdout]    5:     0x5d7636593350 - test[9d35eded1c95d3be]::test_main_inner::<test[9d35eded1c95d3be]::test_main_static::{closure#0}>::{closure#0}
[INFO] [stdout]    6:     0x5d76366a9432 - std[70759c8f55707aa4]::panicking::panic_with_hook
[INFO] [stdout]    7:     0x5d763668c1d2 - std[70759c8f55707aa4]::panicking::panic_handler::{closure#0}
[INFO] [stdout]    8:     0x5d7636684c79 - std[70759c8f55707aa4]::sys::backtrace::__rust_end_short_backtrace::<std[70759c8f55707aa4]::panicking::panic_handler::{closure#0}, !>
[INFO] [stdout]    9:     0x5d763668cdcd - __rustc[8fa7c3cbc660c2b3]::rust_begin_unwind
[INFO] [stdout]   10:     0x5d76366c8e7c - core[df12db4294e9bfd3]::panicking::panic_fmt
[INFO] [stdout]   11:     0x5d76366c8c52 - core[df12db4294e9bfd3]::result::unwrap_failed
[INFO] [stdout]   12:     0x5d763648dd85 - webarkitlib_rs[50ae012d73ec3d97]::kpm::freak::visual_database::tests::load_grayscale
[INFO] [stdout]   13:     0x5d76364907d4 - webarkitlib_rs[50ae012d73ec3d97]::kpm::freak::visual_database::tests::test_visual_database_query_different_image_returns_no_match
[INFO] [stdout]   14:     0x5d76364460b9 - <webarkitlib_rs[50ae012d73ec3d97]::kpm::freak::visual_database::tests::test_visual_database_query_different_image_returns_no_match::{closure#0} as core[df12db4294e9bfd3]::ops::function::FnOnce<()>>::call_once
[INFO] [stdout]   15:     0x5d763658663b - test[9d35eded1c95d3be]::__rust_begin_short_backtrace::<core[df12db4294e9bfd3]::result::Result<(), alloc[2182bb758b4b3781]::string::String>, fn() -> core[df12db4294e9bfd3]::result::Result<(), alloc[2182bb758b4b3781]::string::String>>
[INFO] [stdout]   16:     0x5d7636593ca5 - test[9d35eded1c95d3be]::run_test::{closure#0}
[INFO] [stdout]   17:     0x5d763658d564 - std[70759c8f55707aa4]::sys::backtrace::__rust_begin_short_backtrace::<test[9d35eded1c95d3be]::run_test::{closure#1}, ()>
[INFO] [stdout]   18:     0x5d7636596e02 - <std[70759c8f55707aa4]::thread::lifecycle::spawn_unchecked<test[9d35eded1c95d3be]::run_test::{closure#1}, ()>::{closure#1} as core[df12db4294e9bfd3]::ops::function::FnOnce<()>>::call_once::{shim:vtable#0}
[INFO] [stdout]   19:     0x5d76366b0c99 - <std[70759c8f55707aa4]::sys::thread::unix::Thread>::new::thread_start
[INFO] [stdout]   20:     0x7ecadea0bdfa - <unknown>
[INFO] [stdout]   21:     0x7ecadea9f3d4 - clone
[INFO] [stdout]   22:                0x0 - <unknown>
[INFO] [stdout] 
[INFO] [stdout] ---- kpm::freak::visual_database::tests::test_visual_database_add_keyframe_preserves_caller_built_index stdout ----
[INFO] [stdout] 
[INFO] [stdout] thread 'kpm::freak::visual_database::tests::test_visual_database_add_keyframe_preserves_caller_built_index' (2705) panicked at src/kpm/freak/visual_database.rs:952:37:
[INFO] [stdout] load test image: IoError(Os { code: 2, kind: NotFound, message: "No such file or directory" })
[INFO] [stdout] stack backtrace:
[INFO] [stdout]    0:     0x5d76366b1a61 - <<std[70759c8f55707aa4]::sys::backtrace::BacktraceLock>::print::DisplayBacktrace as core[df12db4294e9bfd3]::fmt::Display>::fmt
[INFO] [stdout]    1:     0x5d76366c874a - core[df12db4294e9bfd3]::fmt::write
[INFO] [stdout]    2:     0x5d76366b634c - <alloc[2182bb758b4b3781]::vec::Vec<u8> as core[df12db4294e9bfd3]::io::write::Write>::write_fmt
[INFO] [stdout]    3:     0x5d763668c126 - std[70759c8f55707aa4]::panicking::default_hook::{closure#0}
[INFO] [stdout]    4:     0x5d76366a9109 - std[70759c8f55707aa4]::panicking::default_hook
[INFO] [stdout]    5:     0x5d7636593350 - test[9d35eded1c95d3be]::test_main_inner::<test[9d35eded1c95d3be]::test_main_static::{closure#0}>::{closure#0}
[INFO] [stdout]    6:     0x5d76366a9432 - std[70759c8f55707aa4]::panicking::panic_with_hook
[INFO] [stdout]    7:     0x5d763668c1d2 - std[70759c8f55707aa4]::panicking::panic_handler::{closure#0}
[INFO] [stdout]    8:     0x5d7636684c79 - std[70759c8f55707aa4]::sys::backtrace::__rust_end_short_backtrace::<std[70759c8f55707aa4]::panicking::panic_handler::{closure#0}, !>
[INFO] [stdout]    9:     0x5d763668cdcd - __rustc[8fa7c3cbc660c2b3]::rust_begin_unwind
[INFO] [stdout]   10:     0x5d76366c8e7c - core[df12db4294e9bfd3]::panicking::panic_fmt
[INFO] [stdout]   11:     0x5d76366c8c52 - core[df12db4294e9bfd3]::result::unwrap_failed
[INFO] [stdout]   12:     0x5d763648dd85 - webarkitlib_rs[50ae012d73ec3d97]::kpm::freak::visual_database::tests::load_grayscale
[INFO] [stdout]   13:     0x5d7636490c3b - webarkitlib_rs[50ae012d73ec3d97]::kpm::freak::visual_database::tests::test_visual_database_add_keyframe_preserves_caller_built_index
[INFO] [stdout]   14:     0x5d76364460d9 - <webarkitlib_rs[50ae012d73ec3d97]::kpm::freak::visual_database::tests::test_visual_database_add_keyframe_preserves_caller_built_index::{closure#0} as core[df12db4294e9bfd3]::ops::function::FnOnce<()>>::call_once
[INFO] [stdout]   15:     0x5d763658663b - test[9d35eded1c95d3be]::__rust_begin_short_backtrace::<core[df12db4294e9bfd3]::result::Result<(), alloc[2182bb758b4b3781]::string::String>, fn() -> core[df12db4294e9bfd3]::result::Result<(), alloc[2182bb758b4b3781]::string::String>>
[INFO] [stdout]   16:     0x5d7636593ca5 - test[9d35eded1c95d3be]::run_test::{closure#0}
[INFO] [stdout]   17:     0x5d763658d564 - std[70759c8f55707aa4]::sys::backtrace::__rust_begin_short_backtrace::<test[9d35eded1c95d3be]::run_test::{closure#1}, ()>
[INFO] [stdout]   18:     0x5d7636596e02 - <std[70759c8f55707aa4]::thread::lifecycle::spawn_unchecked<test[9d35eded1c95d3be]::run_test::{closure#1}, ()>::{closure#1} as core[df12db4294e9bfd3]::ops::function::FnOnce<()>>::call_once::{shim:vtable#0}
[INFO] [stdout]   19:     0x5d76366b0c99 - <std[70759c8f55707aa4]::sys::thread::unix::Thread>::new::thread_start
[INFO] [stdout]   20:     0x7ecadea0bdfa - <unknown>
[INFO] [stdout]   21:     0x7ecadea9f3d4 - clone
[INFO] [stdout]   22:                0x0 - <unknown>
[INFO] [stdout] 
[INFO] [stdout] ---- kpm::freak::visual_database::tests::test_visual_database_add_keyframe_builds_index_when_absent stdout ----
[INFO] [stdout] 
[INFO] [stdout] thread 'kpm::freak::visual_database::tests::test_visual_database_add_keyframe_builds_index_when_absent' (2704) panicked at src/kpm/freak/visual_database.rs:952:37:
[INFO] [stdout] load test image: IoError(Os { code: 2, kind: NotFound, message: "No such file or directory" })
[INFO] [stdout] stack backtrace:
[INFO] [stdout]    0:     0x5d76366b1a61 - <<std[70759c8f55707aa4]::sys::backtrace::BacktraceLock>::print::DisplayBacktrace as core[df12db4294e9bfd3]::fmt::Display>::fmt
[INFO] [stdout]    1:     0x5d76366c874a - core[df12db4294e9bfd3]::fmt::write
[INFO] [stdout]    2:     0x5d76366b634c - <alloc[2182bb758b4b3781]::vec::Vec<u8> as core[df12db4294e9bfd3]::io::write::Write>::write_fmt
[INFO] [stdout]    3:     0x5d763668c126 - std[70759c8f55707aa4]::panicking::default_hook::{closure#0}
[INFO] [stdout]    4:     0x5d76366a9109 - std[70759c8f55707aa4]::panicking::default_hook
[INFO] [stdout]    5:     0x5d7636593350 - test[9d35eded1c95d3be]::test_main_inner::<test[9d35eded1c95d3be]::test_main_static::{closure#0}>::{closure#0}
[INFO] [stdout]    6:     0x5d76366a9432 - std[70759c8f55707aa4]::panicking::panic_with_hook
[INFO] [stdout]    7:     0x5d763668c1d2 - std[70759c8f55707aa4]::panicking::panic_handler::{closure#0}
[INFO] [stdout]    8:     0x5d7636684c79 - std[70759c8f55707aa4]::sys::backtrace::__rust_end_short_backtrace::<std[70759c8f55707aa4]::panicking::panic_handler::{closure#0}, !>
[INFO] [stdout]    9:     0x5d763668cdcd - __rustc[8fa7c3cbc660c2b3]::rust_begin_unwind
[INFO] [stdout]   10:     0x5d76366c8e7c - core[df12db4294e9bfd3]::panicking::panic_fmt
[INFO] [stdout]   11:     0x5d76366c8c52 - core[df12db4294e9bfd3]::result::unwrap_failed
[INFO] [stdout]   12:     0x5d763648dd85 - webarkitlib_rs[50ae012d73ec3d97]::kpm::freak::visual_database::tests::load_grayscale
[INFO] [stdout]   13:     0x5d763649007b - webarkitlib_rs[50ae012d73ec3d97]::kpm::freak::visual_database::tests::test_visual_database_add_keyframe_builds_index_when_absent
[INFO] [stdout]   14:     0x5d7636446099 - <webarkitlib_rs[50ae012d73ec3d97]::kpm::freak::visual_database::tests::test_visual_database_add_keyframe_builds_index_when_absent::{closure#0} as core[df12db4294e9bfd3]::ops::function::FnOnce<()>>::call_once
[INFO] [stdout]   15:     0x5d763658663b - test[9d35eded1c95d3be]::__rust_begin_short_backtrace::<core[df12db4294e9bfd3]::result::Result<(), alloc[2182bb758b4b3781]::string::String>, fn() -> core[df12db4294e9bfd3]::result::Result<(), alloc[2182bb758b4b3781]::string::String>>
[INFO] [stdout]   16:     0x5d7636593ca5 - test[9d35eded1c95d3be]::run_test::{closure#0}
[INFO] [stdout]   17:     0x5d763658d564 - std[70759c8f55707aa4]::sys::backtrace::__rust_begin_short_backtrace::<test[9d35eded1c95d3be]::run_test::{closure#1}, ()>
[INFO] [stdout]   18:     0x5d7636596e02 - <std[70759c8f55707aa4]::thread::lifecycle::spawn_unchecked<test[9d35eded1c95d3be]::run_test::{closure#1}, ()>::{closure#1} as core[df12db4294e9bfd3]::ops::function::FnOnce<()>>::call_once::{shim:vtable#0}
[INFO] [stdout]   19:     0x5d76366b0c99 - <std[70759c8f55707aa4]::sys::thread::unix::Thread>::new::thread_start
[INFO] [stdout]   20:     0x7ecadea0bdfa - <unknown>
[INFO] [stdout]   21:     0x7ecadea9f3d4 - clone
[INFO] [stdout]   22:                0x0 - <unknown>
[INFO] [stdout] 
[INFO] [stdout] ---- kpm::rust_backend::tests::test_rust_freak_matcher_extract_features stdout ----
[INFO] [stdout] 
[INFO] [stdout] thread 'kpm::rust_backend::tests::test_rust_freak_matcher_extract_features' (2721) panicked at src/kpm/rust_backend.rs:582:37:
[INFO] [stdout] load test image: IoError(Os { code: 2, kind: NotFound, message: "No such file or directory" })
[INFO] [stdout] stack backtrace:
[INFO] [stdout]    0:     0x5d76366b1a61 - <<std[70759c8f55707aa4]::sys::backtrace::BacktraceLock>::print::DisplayBacktrace as core[df12db4294e9bfd3]::fmt::Display>::fmt
[INFO] [stdout]    1:     0x5d76366c874a - core[df12db4294e9bfd3]::fmt::write
[INFO] [stdout]    2:     0x5d76366b634c - <alloc[2182bb758b4b3781]::vec::Vec<u8> as core[df12db4294e9bfd3]::io::write::Write>::write_fmt
[INFO] [stdout]    3:     0x5d763668c126 - std[70759c8f55707aa4]::panicking::default_hook::{closure#0}
[INFO] [stdout]    4:     0x5d76366a9109 - std[70759c8f55707aa4]::panicking::default_hook
[INFO] [stdout]    5:     0x5d7636593350 - test[9d35eded1c95d3be]::test_main_inner::<test[9d35eded1c95d3be]::test_main_static::{closure#0}>::{closure#0}
[INFO] [stdout]    6:     0x5d76366a9432 - std[70759c8f55707aa4]::panicking::panic_with_hook
[INFO] [stdout]    7:     0x5d763668c1d2 - std[70759c8f55707aa4]::panicking::panic_handler::{closure#0}
[INFO] [stdout]    8:     0x5d7636684c79 - std[70759c8f55707aa4]::sys::backtrace::__rust_end_short_backtrace::<std[70759c8f55707aa4]::panicking::panic_handler::{closure#0}, !>
[INFO] [stdout]    9:     0x5d763668cdcd - __rustc[8fa7c3cbc660c2b3]::rust_begin_unwind
[INFO] [stdout]   10:     0x5d76366c8e7c - core[df12db4294e9bfd3]::panicking::panic_fmt
[INFO] [stdout]   11:     0x5d76366c8c52 - core[df12db4294e9bfd3]::result::unwrap_failed
[INFO] [stdout]   12:     0x5d76365200e5 - webarkitlib_rs[50ae012d73ec3d97]::kpm::rust_backend::tests::load_grayscale
[INFO] [stdout]   13:     0x5d7636520147 - webarkitlib_rs[50ae012d73ec3d97]::kpm::rust_backend::tests::test_rust_freak_matcher_extract_features
[INFO] [stdout]   14:     0x5d7636444d59 - <webarkitlib_rs[50ae012d73ec3d97]::kpm::rust_backend::tests::test_rust_freak_matcher_extract_features::{closure#0} as core[df12db4294e9bfd3]::ops::function::FnOnce<()>>::call_once
[INFO] [stdout]   15:     0x5d763658663b - test[9d35eded1c95d3be]::__rust_begin_short_backtrace::<core[df12db4294e9bfd3]::result::Result<(), alloc[2182bb758b4b3781]::string::String>, fn() -> core[df12db4294e9bfd3]::result::Result<(), alloc[2182bb758b4b3781]::string::String>>
[INFO] [stdout]   16:     0x5d7636593ca5 - test[9d35eded1c95d3be]::run_test::{closure#0}
[INFO] [stdout]   17:     0x5d763658d564 - std[70759c8f55707aa4]::sys::backtrace::__rust_begin_short_backtrace::<test[9d35eded1c95d3be]::run_test::{closure#1}, ()>
[INFO] [stdout]   18:     0x5d7636596e02 - <std[70759c8f55707aa4]::thread::lifecycle::spawn_unchecked<test[9d35eded1c95d3be]::run_test::{closure#1}, ()>::{closure#1} as core[df12db4294e9bfd3]::ops::function::FnOnce<()>>::call_once::{shim:vtable#0}
[INFO] [stdout]   19:     0x5d76366b0c99 - <std[70759c8f55707aa4]::sys::thread::unix::Thread>::new::thread_start
[INFO] [stdout]   20:     0x7ecadea0bdfa - <unknown>
[INFO] [stdout]   21:     0x7ecadea9f3d4 - clone
[INFO] [stdout]   22:                0x0 - <unknown>
[INFO] [stdout] 
[INFO] [stdout] ---- kpm::rust_backend::tests::test_rust_freak_matcher_add_freak_features stdout ----
[INFO] [stdout] 
[INFO] [stdout] thread 'kpm::rust_backend::tests::test_rust_freak_matcher_add_freak_features' (2720) panicked at src/kpm/rust_backend.rs:582:37:
[INFO] [stdout] load test image: IoError(Os { code: 2, kind: NotFound, message: "No such file or directory" })
[INFO] [stdout] stack backtrace:
[INFO] [stdout]    0:     0x5d76366b1a61 - <<std[70759c8f55707aa4]::sys::backtrace::BacktraceLock>::print::DisplayBacktrace as core[df12db4294e9bfd3]::fmt::Display>::fmt
[INFO] [stdout]    1:     0x5d76366c874a - core[df12db4294e9bfd3]::fmt::write
[INFO] [stdout]    2:     0x5d76366b634c - <alloc[2182bb758b4b3781]::vec::Vec<u8> as core[df12db4294e9bfd3]::io::write::Write>::write_fmt
[INFO] [stdout]    3:     0x5d763668c126 - std[70759c8f55707aa4]::panicking::default_hook::{closure#0}
[INFO] [stdout]    4:     0x5d76366a9109 - std[70759c8f55707aa4]::panicking::default_hook
[INFO] [stdout]    5:     0x5d7636593350 - test[9d35eded1c95d3be]::test_main_inner::<test[9d35eded1c95d3be]::test_main_static::{closure#0}>::{closure#0}
[INFO] [stdout]    6:     0x5d76366a9432 - std[70759c8f55707aa4]::panicking::panic_with_hook
[INFO] [stdout]    7:     0x5d763668c1d2 - std[70759c8f55707aa4]::panicking::panic_handler::{closure#0}
[INFO] [stdout]    8:     0x5d7636684c79 - std[70759c8f55707aa4]::sys::backtrace::__rust_end_short_backtrace::<std[70759c8f55707aa4]::panicking::panic_handler::{closure#0}, !>
[INFO] [stdout]    9:     0x5d763668cdcd - __rustc[8fa7c3cbc660c2b3]::rust_begin_unwind
[INFO] [stdout]   10:     0x5d76366c8e7c - core[df12db4294e9bfd3]::panicking::panic_fmt
[INFO] [stdout]   11:     0x5d76366c8c52 - core[df12db4294e9bfd3]::result::unwrap_failed
[INFO] [stdout]   12:     0x5d76365200e5 - webarkitlib_rs[50ae012d73ec3d97]::kpm::rust_backend::tests::load_grayscale
[INFO] [stdout]   13:     0x5d7636520457 - webarkitlib_rs[50ae012d73ec3d97]::kpm::rust_backend::tests::test_rust_freak_matcher_add_freak_features
[INFO] [stdout]   14:     0x5d7636444d79 - <webarkitlib_rs[50ae012d73ec3d97]::kpm::rust_backend::tests::test_rust_freak_matcher_add_freak_features::{closure#0} as core[df12db4294e9bfd3]::ops::function::FnOnce<()>>::call_once
[INFO] [stdout]   15:     0x5d763658663b - test[9d35eded1c95d3be]::__rust_begin_short_backtrace::<core[df12db4294e9bfd3]::result::Result<(), alloc[2182bb758b4b3781]::string::String>, fn() -> core[df12db4294e9bfd3]::result::Result<(), alloc[2182bb758b4b3781]::string::String>>
[INFO] [stdout]   16:     0x5d7636593ca5 - test[9d35eded1c95d3be]::run_test::{closure#0}
[INFO] [stdout]   17:     0x5d763658d564 - std[70759c8f55707aa4]::sys::backtrace::__rust_begin_short_backtrace::<test[9d35eded1c95d3be]::run_test::{closure#1}, ()>
[INFO] [stdout]   18:     0x5d7636596e02 - <std[70759c8f55707aa4]::thread::lifecycle::spawn_unchecked<test[9d35eded1c95d3be]::run_test::{closure#1}, ()>::{closure#1} as core[df12db4294e9bfd3]::ops::function::FnOnce<()>>::call_once::{shim:vtable#0}
[INFO] [stdout]   19:     0x5d76366b0c99 - <std[70759c8f55707aa4]::sys::thread::unix::Thread>::new::thread_start
[INFO] [stdout]   20:     0x7ecadea0bdfa - <unknown>
[INFO] [stdout]   21:     0x7ecadea9f3d4 - clone
[INFO] [stdout]   22:                0x0 - <unknown>
[INFO] [stdout] 
[INFO] [stdout] ---- kpm::rust_backend::tests::test_rust_freak_matcher_implements_backend stdout ----
[INFO] [stdout] 
[INFO] [stdout] thread 'kpm::rust_backend::tests::test_rust_freak_matcher_implements_backend' (2722) panicked at src/kpm/rust_backend.rs:582:37:
[INFO] [stdout] load test image: IoError(Os { code: 2, kind: NotFound, message: "No such file or directory" })
[INFO] [stdout] stack backtrace:
[INFO] [stdout]    0:     0x5d76366b1a61 - <<std[70759c8f55707aa4]::sys::backtrace::BacktraceLock>::print::DisplayBacktrace as core[df12db4294e9bfd3]::fmt::Display>::fmt
[INFO] [stdout]    1:     0x5d76366c874a - core[df12db4294e9bfd3]::fmt::write
[INFO] [stdout]    2:     0x5d76366b634c - <alloc[2182bb758b4b3781]::vec::Vec<u8> as core[df12db4294e9bfd3]::io::write::Write>::write_fmt
[INFO] [stdout]    3:     0x5d763668c126 - std[70759c8f55707aa4]::panicking::default_hook::{closure#0}
[INFO] [stdout]    4:     0x5d76366a9109 - std[70759c8f55707aa4]::panicking::default_hook
[INFO] [stdout]    5:     0x5d7636593350 - test[9d35eded1c95d3be]::test_main_inner::<test[9d35eded1c95d3be]::test_main_static::{closure#0}>::{closure#0}
[INFO] [stdout]    6:     0x5d76366a9432 - std[70759c8f55707aa4]::panicking::panic_with_hook
[INFO] [stdout]    7:     0x5d763668c1d2 - std[70759c8f55707aa4]::panicking::panic_handler::{closure#0}
[INFO] [stdout]    8:     0x5d7636684c79 - std[70759c8f55707aa4]::sys::backtrace::__rust_end_short_backtrace::<std[70759c8f55707aa4]::panicking::panic_handler::{closure#0}, !>
[INFO] [stdout]    9:     0x5d763668cdcd - __rustc[8fa7c3cbc660c2b3]::rust_begin_unwind
[INFO] [stdout]   10:     0x5d76366c8e7c - core[df12db4294e9bfd3]::panicking::panic_fmt
[INFO] [stdout]   11:     0x5d76366c8c52 - core[df12db4294e9bfd3]::result::unwrap_failed
[INFO] [stdout]   12:     0x5d76365200e5 - webarkitlib_rs[50ae012d73ec3d97]::kpm::rust_backend::tests::load_grayscale
[INFO] [stdout]   13:     0x5d7636520b67 - webarkitlib_rs[50ae012d73ec3d97]::kpm::rust_backend::tests::test_rust_freak_matcher_implements_backend
[INFO] [stdout]   14:     0x5d7636444d99 - <webarkitlib_rs[50ae012d73ec3d97]::kpm::rust_backend::tests::test_rust_freak_matcher_implements_backend::{closure#0} as core[df12db4294e9bfd3]::ops::function::FnOnce<()>>::call_once
[INFO] [stdout]   15:     0x5d763658663b - test[9d35eded1c95d3be]::__rust_begin_short_backtrace::<core[df12db4294e9bfd3]::result::Result<(), alloc[2182bb758b4b3781]::string::String>, fn() -> core[df12db4294e9bfd3]::result::Result<(), alloc[2182bb758b4b3781]::string::String>>
[INFO] [stdout]   16:     0x5d7636593ca5 - test[9d35eded1c95d3be]::run_test::{closure#0}
[INFO] [stdout]   17:     0x5d763658d564 - std[70759c8f55707aa4]::sys::backtrace::__rust_begin_short_backtrace::<test[9d35eded1c95d3be]::run_test::{closure#1}, ()>
[INFO] [stdout]   18:     0x5d7636596e02 - <std[70759c8f55707aa4]::thread::lifecycle::spawn_unchecked<test[9d35eded1c95d3be]::run_test::{closure#1}, ()>::{closure#1} as core[df12db4294e9bfd3]::ops::function::FnOnce<()>>::call_once::{shim:vtable#0}
[INFO] [stdout]   19:     0x5d76366b0c99 - <std[70759c8f55707aa4]::sys::thread::unix::Thread>::new::thread_start
[INFO] [stdout]   20:     0x7ecadea0bdfa - <unknown>
[INFO] [stdout]   21:     0x7ecadea9f3d4 - clone
[INFO] [stdout]   22:                0x0 - <unknown>
[INFO] [stdout] 
[INFO] [stdout] 
[INFO] [stdout] failures:
[INFO] [stdout]     ar::pattern::tests::test_ar_patt_save_and_load
[INFO] [stdout]     kpm::freak::descriptor::tests::test_freak_descriptor_empty_input
[INFO] [stdout]     kpm::freak::descriptor::tests::test_freak_descriptor_is_reproducible
[INFO] [stdout]     kpm::freak::descriptor::tests::test_freak_descriptor_length_multiple_keypoints
[INFO] [stdout]     kpm::freak::descriptor::tests::test_freak_descriptor_length_one_keypoint
[INFO] [stdout]     kpm::freak::descriptor::tests::test_freak_descriptor_padding_bytes_are_zero
[INFO] [stdout]     kpm::freak::detector::tests::test_dog_detector_finds_keypoints_on_real_image
[INFO] [stdout]     kpm::freak::detector::tests::test_dog_detector_keypoints_within_image_bounds
[INFO] [stdout]     kpm::freak::keyframe::tests::test_find_features_populates_keyframe
[INFO] [stdout]     kpm::freak::keyframe::tests::test_keyframe_build_index_is_idempotent
[INFO] [stdout]     kpm::freak::keyframe::tests::test_keyframe_build_index_populates_index
[INFO] [stdout]     kpm::freak::visual_database::tests::test_query_from_keyframe_self_matches
[INFO] [stdout]     kpm::freak::visual_database::tests::test_visual_database_add_and_query_same_image
[INFO] [stdout]     kpm::freak::visual_database::tests::test_visual_database_add_image_builds_index
[INFO] [stdout]     kpm::freak::visual_database::tests::test_visual_database_add_keyframe_builds_index_when_absent
[INFO] [stdout]     kpm::freak::visual_database::tests::test_visual_database_add_keyframe_preserves_caller_built_index
[INFO] [stdout]     kpm::freak::visual_database::tests::test_visual_database_add_same_id_returns_err
[INFO] [stdout]     kpm::freak::visual_database::tests::test_visual_database_erase_removes_keyframe
[INFO] [stdout]     kpm::freak::visual_database::tests::test_visual_database_query_different_image_returns_no_match
[INFO] [stdout]     kpm::ref_data_set::tests::test_load_from_bytes_matches_load
[INFO] [stdout]     kpm::rust_backend::tests::test_rust_freak_matcher_add_freak_features
[INFO] [stdout]     kpm::rust_backend::tests::test_rust_freak_matcher_extract_features
[INFO] [stdout]     kpm::rust_backend::tests::test_rust_freak_matcher_implements_backend
[INFO] [stdout] 
[INFO] [stdout] test result: FAILED. 409 passed; 23 failed; 2 ignored; 0 measured; 0 filtered out; finished in 0.27s
[INFO] [stdout] 
[INFO] running `Command { std: "docker" "inspect" "cc3a00a290435e6ee105cee050418d6e3b57bc599499504f584960e55725182d", kill_on_drop: false }`
[INFO] running `Command { std: "docker" "rm" "-f" "cc3a00a290435e6ee105cee050418d6e3b57bc599499504f584960e55725182d", kill_on_drop: false }`
[INFO] [stdout] cc3a00a290435e6ee105cee050418d6e3b57bc599499504f584960e55725182d
