[INFO] fetching crate web-image-meta 0.2.1...
[INFO] testing web-image-meta-0.2.1 against 1.100.0-beta.1+cargoflags=--release for beta-release-1.100-2
[INFO] extracting crate web-image-meta 0.2.1 into /workspace/builds/worker-7-tc2/source
[INFO] started tweaking crates.io crate web-image-meta 0.2.1
[INFO] removed 0 missing examples
[INFO] removed 0 missing tests
[INFO] finished tweaking crates.io crate web-image-meta 0.2.1
[INFO] tweaked toml for crates.io crate web-image-meta 0.2.1 written to /workspace/builds/worker-7-tc2/source/Cargo.toml
[INFO] validating manifest of crates.io crate web-image-meta 0.2.1 on toolchain 1.100.0-beta.1
[INFO] running `Command { std: CARGO_HOME="/workspace/cargo-home" RUSTUP_HOME="/workspace/rustup-home" "/workspace/cargo-home/bin/cargo" "+1.100.0-beta.1" "metadata" "--manifest-path" "Cargo.toml" "--no-deps", kill_on_drop: false }`
[INFO] crate crates.io crate web-image-meta 0.2.1 already has a lockfile, it will not be regenerated
[INFO] running `Command { std: CARGO_HOME="/workspace/cargo-home" RUSTUP_HOME="/workspace/rustup-home" "/workspace/cargo-home/bin/cargo" "+1.100.0-beta.1" "fetch" "--manifest-path" "Cargo.toml", kill_on_drop: false }`
[INFO] [stderr] warning: `package.homepage` is redundant with `package.repository`
[INFO] [stderr]   --> Cargo.toml:52:12
[INFO] [stderr]    |
[INFO] [stderr] 52 | homepage = "https://github.com/ideamans/rust-web-image-meta"
[INFO] [stderr]    |            ^^^^^^^^^^^^^^^^^^^^^^^^^^^^^^^^^^^^^^^^^^^^^^^^^
[INFO] [stderr] ...
[INFO] [stderr] 57 | repository = "https://github.com/ideamans/rust-web-image-meta"
[INFO] [stderr]    |              -------------------------------------------------
[INFO] [stderr]    |
[INFO] [stderr]    = note: `cargo::redundant_homepage` is set to `warn` by default
[INFO] [stderr] help: consider removing `package.homepage`
[INFO] [stderr] warning: `web-image-meta` (manifest) generated 1 warning
[INFO] running `Command { std: "docker" "create" "-v" "/var/lib/crater-agent-workspace/builds/worker-7-tc2/source:/opt/rustwide/workdir:ro,Z" "-v" "/var/lib/crater-agent-workspace/builds/worker-7-tc2/target:/opt/rustwide/target:rw,Z" "-v" "/var/lib/crater-agent-workspace/cargo-home:/opt/rustwide/cargo-home:ro,Z" "-v" "/var/lib/crater-agent-workspace/rustup-home:/opt/rustwide/rustup-home:ro,Z" "-m" "1610612736" "--network" "none" "ghcr.io/rust-lang/crates-build-env/linux@sha256:77db811e55d90add9212f6832c23229e3de5f1c1f9905e8cb07319ea15df73ac" "sleep" "infinity", kill_on_drop: false }`
[INFO] [stdout] 10236a849c7d246982a518f2a80e59c7ba5dc6c5dbe8ad7b22de9536a2233c6b
[INFO] running `Command { std: "docker" "start" "10236a849c7d246982a518f2a80e59c7ba5dc6c5dbe8ad7b22de9536a2233c6b", kill_on_drop: false }`
[INFO] running `Command { std: "docker" "inspect" "10236a849c7d246982a518f2a80e59c7ba5dc6c5dbe8ad7b22de9536a2233c6b", kill_on_drop: false }`
[INFO] running `Command { std: "docker" "exec" "-e" "SOURCE_DIR=/opt/rustwide/workdir" "-e" "CARGO_HOME=/opt/rustwide/cargo-home" "-e" "RUSTUP_HOME=/opt/rustwide/rustup-home" "-e" "CARGO_TARGET_DIR=/opt/rustwide/target" "-w" "/opt/rustwide/workdir" "--user" "0:0" "10236a849c7d246982a518f2a80e59c7ba5dc6c5dbe8ad7b22de9536a2233c6b" "/opt/rustwide/cargo-home/bin/cargo" "+1.100.0-beta.1" "metadata" "--no-deps" "--format-version=1", kill_on_drop: false }`
[INFO] running `Command { std: "docker" "inspect" "10236a849c7d246982a518f2a80e59c7ba5dc6c5dbe8ad7b22de9536a2233c6b", kill_on_drop: false }`
[INFO] running `Command { std: "docker" "exec" "-e" "SOURCE_DIR=/opt/rustwide/workdir" "-e" "CARGO_HOME=/opt/rustwide/cargo-home" "-e" "RUSTUP_HOME=/opt/rustwide/rustup-home" "-e" "CARGO_TARGET_DIR=/opt/rustwide/target" "-e" "CARGO_INCREMENTAL=0" "-e" "RUST_BACKTRACE=full" "-e" "RUSTFLAGS=--cap-lints=warn" "-e" "RUSTDOCFLAGS=--cap-lints=warn" "-w" "/opt/rustwide/workdir" "--user" "0:0" "10236a849c7d246982a518f2a80e59c7ba5dc6c5dbe8ad7b22de9536a2233c6b" "/opt/rustwide/cargo-home/bin/cargo" "+1.100.0-beta.1" "build" "--frozen" "--message-format=json" "--release", kill_on_drop: false }`
[INFO] [stderr] warning: `package.homepage` is redundant with `package.repository`
[INFO] [stderr]   --> Cargo.toml:52:12
[INFO] [stderr]    |
[INFO] [stderr] 52 | homepage = "https://github.com/ideamans/rust-web-image-meta"
[INFO] [stderr]    |            ^^^^^^^^^^^^^^^^^^^^^^^^^^^^^^^^^^^^^^^^^^^^^^^^^
[INFO] [stderr] ...
[INFO] [stderr] 57 | repository = "https://github.com/ideamans/rust-web-image-meta"
[INFO] [stderr]    |              -------------------------------------------------
[INFO] [stderr]    |
[INFO] [stderr]    = note: `cargo::redundant_homepage` is set to `warn` by default
[INFO] [stderr] help: consider removing `package.homepage`
[INFO] [stderr] warning: `web-image-meta` (manifest) generated 1 warning
[INFO] [stderr]    Compiling proc-macro2 v1.0.95
[INFO] [stderr]    Compiling unicode-ident v1.0.18
[INFO] [stderr]    Compiling rayon-core v1.12.1
[INFO] [stderr]    Compiling crc32fast v1.5.0
[INFO] [stderr]    Compiling simd-adler32 v0.3.7
[INFO] [stderr]    Compiling cfg-if v1.0.1
[INFO] [stderr]    Compiling mutate_once v0.1.1
[INFO] [stderr]    Compiling bitflags v1.3.2
[INFO] [stderr]    Compiling jpeg-encoder v0.6.1
[INFO] [stderr]    Compiling kamadak-exif v0.5.5
[INFO] [stderr]    Compiling miniz_oxide v0.8.9
[INFO] [stderr]    Compiling fdeflate v0.3.7
[INFO] [stderr]    Compiling quote v1.0.40
[INFO] [stderr]    Compiling rayon v1.10.0
[INFO] [stderr]    Compiling syn v2.0.104
[INFO] [stderr]    Compiling flate2 v1.1.2
[INFO] [stderr]    Compiling png v0.17.16
[INFO] [stderr]    Compiling thiserror-impl v1.0.69
[INFO] [stderr]    Compiling jpeg-decoder v0.3.2
[INFO] [stderr]    Compiling thiserror v1.0.69
[INFO] [stderr]    Compiling web-image-meta v0.2.1 (/opt/rustwide/workdir)
[INFO] [stderr] warning: unused dependency `kamadak-exif`
[INFO] [stderr]   --> Cargo.toml:13:15
[INFO] [stderr]    |
[INFO] [stderr] 13 | [dependencies.kamadak-exif]
[INFO] [stderr]    |               ^^^^^^^^^^^^^
[INFO] [stderr]    |
[INFO] [stderr]    = note: `cargo::unused_dependencies` is set to `warn` by default
[INFO] [stderr] help: consider removing the dependency on `kamadak-exif`
[INFO] [stderr] warning: unused dependency `thiserror`
[INFO] [stderr]   --> Cargo.toml:19:15
[INFO] [stderr]    |
[INFO] [stderr] 19 | [dependencies.thiserror]
[INFO] [stderr]    |               ^^^^^^^^^^
[INFO] [stderr]    |
[INFO] [stderr] help: consider removing the dependency on `thiserror`
[INFO] [stderr] warning: `web-image-meta` (manifest) generated 2 warnings
[INFO] [stderr]     Finished `release` profile [optimized] target(s) in 24.86s
[INFO] running `Command { std: "docker" "inspect" "10236a849c7d246982a518f2a80e59c7ba5dc6c5dbe8ad7b22de9536a2233c6b", kill_on_drop: false }`
[INFO] running `Command { std: "docker" "exec" "-e" "SOURCE_DIR=/opt/rustwide/workdir" "-e" "CARGO_HOME=/opt/rustwide/cargo-home" "-e" "RUSTUP_HOME=/opt/rustwide/rustup-home" "-e" "CARGO_TARGET_DIR=/opt/rustwide/target" "-e" "CARGO_INCREMENTAL=0" "-e" "RUST_BACKTRACE=full" "-e" "RUSTFLAGS=--cap-lints=warn" "-e" "RUSTDOCFLAGS=--cap-lints=warn" "-w" "/opt/rustwide/workdir" "--user" "0:0" "10236a849c7d246982a518f2a80e59c7ba5dc6c5dbe8ad7b22de9536a2233c6b" "/opt/rustwide/cargo-home/bin/cargo" "+1.100.0-beta.1" "test" "--frozen" "--no-run" "--message-format=json" "--release", kill_on_drop: false }`
[INFO] [stderr] warning: `package.homepage` is redundant with `package.repository`
[INFO] [stderr]   --> Cargo.toml:52:12
[INFO] [stderr]    |
[INFO] [stderr] 52 | homepage = "https://github.com/ideamans/rust-web-image-meta"
[INFO] [stderr]    |            ^^^^^^^^^^^^^^^^^^^^^^^^^^^^^^^^^^^^^^^^^^^^^^^^^
[INFO] [stderr] ...
[INFO] [stderr] 57 | repository = "https://github.com/ideamans/rust-web-image-meta"
[INFO] [stderr]    |              -------------------------------------------------
[INFO] [stderr]    |
[INFO] [stderr]    = note: `cargo::redundant_homepage` is set to `warn` by default
[INFO] [stderr] help: consider removing `package.homepage`
[INFO] [stderr] warning: `web-image-meta` (manifest) generated 1 warning
[INFO] [stderr]    Compiling libc v0.2.174
[INFO] [stderr]    Compiling getrandom v0.3.3
[INFO] [stderr]    Compiling rustix v1.0.8
[INFO] [stderr]    Compiling serde v1.0.219
[INFO] [stderr]    Compiling serde_derive v1.0.219
[INFO] [stderr]    Compiling bitflags v2.9.1
[INFO] [stderr]    Compiling serde_json v1.0.142
[INFO] [stderr]    Compiling linux-raw-sys v0.9.4
[INFO] [stderr]    Compiling ryu v1.0.20
[INFO] [stderr]    Compiling fastrand v2.3.0
[INFO] [stderr]    Compiling memchr v2.7.5
[INFO] [stderr]    Compiling itoa v1.0.15
[INFO] [stderr]    Compiling once_cell v1.21.3
[INFO] [stderr]    Compiling tempfile v3.20.0
[INFO] [stderr]    Compiling web-image-meta v0.2.1 (/opt/rustwide/workdir)
[INFO] [stderr] warning: unused dependency `kamadak-exif`
[INFO] [stderr]   --> Cargo.toml:13:15
[INFO] [stderr]    |
[INFO] [stderr] 13 | [dependencies.kamadak-exif]
[INFO] [stderr]    |               ^^^^^^^^^^^^^
[INFO] [stderr]    |
[INFO] [stderr]    = note: `cargo::unused_dependencies` is set to `warn` by default
[INFO] [stderr] help: consider removing the dependency on `kamadak-exif`
[INFO] [stderr] warning: unused dependency `thiserror`
[INFO] [stderr]   --> Cargo.toml:19:15
[INFO] [stderr]    |
[INFO] [stderr] 19 | [dependencies.thiserror]
[INFO] [stderr]    |               ^^^^^^^^^^
[INFO] [stderr]    |
[INFO] [stderr] help: consider removing the dependency on `thiserror`
[INFO] [stderr] warning: `web-image-meta` (manifest) generated 2 warnings
[INFO] [stderr]     Finished `release` profile [optimized] target(s) in 21.29s
[INFO] running `Command { std: "docker" "inspect" "10236a849c7d246982a518f2a80e59c7ba5dc6c5dbe8ad7b22de9536a2233c6b", kill_on_drop: false }`
[INFO] running `Command { std: "docker" "exec" "-e" "SOURCE_DIR=/opt/rustwide/workdir" "-e" "CARGO_HOME=/opt/rustwide/cargo-home" "-e" "RUSTUP_HOME=/opt/rustwide/rustup-home" "-e" "CARGO_TARGET_DIR=/opt/rustwide/target" "-e" "CARGO_INCREMENTAL=0" "-e" "RUST_BACKTRACE=full" "-e" "RUSTFLAGS=--cap-lints=warn" "-e" "RUSTDOCFLAGS=--cap-lints=warn" "-w" "/opt/rustwide/workdir" "--user" "0:0" "10236a849c7d246982a518f2a80e59c7ba5dc6c5dbe8ad7b22de9536a2233c6b" "/opt/rustwide/cargo-home/bin/cargo" "+1.100.0-beta.1" "test" "--frozen" "--release", kill_on_drop: false }`
[INFO] [stderr] warning: `package.homepage` is redundant with `package.repository`
[INFO] [stderr]   --> Cargo.toml:52:12
[INFO] [stderr]    |
[INFO] [stderr] 52 | homepage = "https://github.com/ideamans/rust-web-image-meta"
[INFO] [stderr]    |            ^^^^^^^^^^^^^^^^^^^^^^^^^^^^^^^^^^^^^^^^^^^^^^^^^
[INFO] [stderr] ...
[INFO] [stderr] 57 | repository = "https://github.com/ideamans/rust-web-image-meta"
[INFO] [stderr]    |              -------------------------------------------------
[INFO] [stderr]    |
[INFO] [stderr]    = note: `cargo::redundant_homepage` is set to `warn` by default
[INFO] [stderr] help: consider removing `package.homepage`
[INFO] [stderr] warning: `web-image-meta` (manifest) generated 1 warning
[INFO] [stderr] warning: unused dependency `kamadak-exif`
[INFO] [stderr]   --> Cargo.toml:13:15
[INFO] [stderr]    |
[INFO] [stderr] 13 | [dependencies.kamadak-exif]
[INFO] [stderr]    |               ^^^^^^^^^^^^^
[INFO] [stderr]    |
[INFO] [stderr]    = note: `cargo::unused_dependencies` is set to `warn` by default
[INFO] [stderr] help: consider removing the dependency on `kamadak-exif`
[INFO] [stderr] warning: unused dependency `thiserror`
[INFO] [stderr]   --> Cargo.toml:19:15
[INFO] [stderr]    |
[INFO] [stderr] 19 | [dependencies.thiserror]
[INFO] [stderr]    |               ^^^^^^^^^^
[INFO] [stderr]    |
[INFO] [stderr] help: consider removing the dependency on `thiserror`
[INFO] [stderr] warning: `web-image-meta` (manifest) generated 2 warnings
[INFO] [stderr]     Finished `release` profile [optimized] target(s) in 0.10s
[INFO] [stderr]      Running unittests src/lib.rs (/opt/rustwide/target/release/build/web-image-meta/24ce4cac8bf41da1/out/web_image_meta-24ce4cac8bf41da1)
[INFO] [stdout] 
[INFO] [stdout] running 2 tests
[INFO] [stdout] test png::tests::test_keyword_validation ... ok
[INFO] [stdout] test png::tests::test_png_signature_validation ... ok
[INFO] [stdout] 
[INFO] [stdout] test result: ok. 2 passed; 0 failed; 0 ignored; 0 measured; 0 filtered out; finished in 0.00s
[INFO] [stdout] 
[INFO] [stderr]      Running tests/jpeg_tests.rs (/opt/rustwide/target/release/build/web-image-meta/02e5d01fa06f6ba6/out/jpeg_tests-02e5d01fa06f6ba6)
[INFO] [stdout] 
[INFO] [stdout] running 29 tests
[INFO] [stdout] test test_clean_metadata_removes_exif_except_orientation ... FAILED
[INFO] [stdout] test test_cmyk_colorspace ... FAILED
[INFO] [stdout] test test_corrupted_jpeg_decode ... ok
[INFO] [stdout] test test_all_orientation_values ... FAILED
[INFO] [stdout] test test_dpi_metadata_handling ... FAILED
[INFO] [stdout] test test_clean_metadata_preserves_icc_profile ... FAILED
[INFO] [stdout] test test_estimate_edge_cases ... FAILED
[INFO] [stdout] test test_estimate_text_comment_comprehensive ... ok
[INFO] [stdout] test test_estimate_text_comment_with_actual_files ... FAILED
[INFO] [stdout] test test_empty_comment ... FAILED
[INFO] [stdout] test test_estimate_with_comment_replacement ... FAILED
[INFO] [stdout] test test_app14_adobe_preservation ... FAILED
[INFO] [stdout] test test_clean_metadata_removes_all_metadata_when_no_orientation ... FAILED
[INFO] [stdout] test test_critical_cases ... FAILED
[INFO] [stdout] test test_icc_profile_types ... FAILED
[INFO] [stdout] test test_invalid_jpeg_data ... ok
[INFO] [stdout] test test_read_comment_with_existing_comment ... FAILED
[INFO] [stdout] test test_metadata_types ... FAILED
[INFO] [stdout] test test_read_comment_without_comment ... FAILED
[INFO] [stdout] test test_estimate_text_comment ... ok
[INFO] [stdout] test test_estimate_text_comment_accuracy ... FAILED
[INFO] [stdout] test test_grayscale_handling ... FAILED
[INFO] [stdout] test test_progressive_jpeg ... FAILED
[INFO] [stdout] test test_valid_jpeg_decode ... FAILED
[INFO] [stdout] test test_various_quality_levels ... FAILED
[INFO] [stdout] test test_various_subsampling ... FAILED
[INFO] [stdout] test test_thumbnail_handling ... FAILED
[INFO] [stdout] test test_write_comment ... FAILED
[INFO] [stdout] test test_write_comment_replaces_existing ... FAILED
[INFO] [stdout] 
[INFO] [stdout] failures:
[INFO] [stdout] 
[INFO] [stdout] ---- test_clean_metadata_removes_exif_except_orientation stdout ----
[INFO] [stdout] 
[INFO] [stdout] thread 'test_clean_metadata_removes_exif_except_orientation' (845) panicked at tests/jpeg_tests.rs:8:44:
[INFO] [stdout] Failed to read test image: jpeg/orientation/orientation_6.jpg
[INFO] [stdout] stack backtrace:
[INFO] [stdout]    0:     0x5757bb5c9b71 - <<std[617be2ca0a6fd877]::sys::backtrace::BacktraceLock>::print::DisplayBacktrace as core[a373ad73a504971]::fmt::Display>::fmt
[INFO] [stdout]    1:     0x5757bb5de1ea - core[a373ad73a504971]::fmt::write
[INFO] [stdout]    2:     0x5757bb5cdddc - <alloc[2e1b2a31b91974c5]::vec::Vec<u8> as core[a373ad73a504971]::io::write::Write>::write_fmt
[INFO] [stdout]    3:     0x5757bb5a5886 - std[617be2ca0a6fd877]::panicking::default_hook::{closure#0}
[INFO] [stdout]    4:     0x5757bb5c1d79 - std[617be2ca0a6fd877]::panicking::default_hook
[INFO] [stdout]    5:     0x5757bb52bcc0 - test[aada8e7e76ba119b]::test_main_inner::{closure#0}
[INFO] [stdout]    6:     0x5757bb5c20a2 - std[617be2ca0a6fd877]::panicking::panic_with_hook
[INFO] [stdout]    7:     0x5757bb5a5932 - std[617be2ca0a6fd877]::panicking::panic_handler::{closure#0}
[INFO] [stdout]    8:     0x5757bb59e4b9 - std[617be2ca0a6fd877]::sys::backtrace::__rust_end_short_backtrace::<std[617be2ca0a6fd877]::panicking::panic_handler::{closure#0}, !>
[INFO] [stdout]    9:     0x5757bb5a653d - __rustc[ea4f61d10b84890b]::rust_begin_unwind
[INFO] [stdout]   10:     0x5757bb5de91c - core[a373ad73a504971]::panicking::panic_fmt
[INFO] [stdout]   11:     0x5757bb518c5f - jpeg_tests[f7869b06d2f4dac]::load_test_image::{closure#0}
[INFO] [stdout]   12:     0x5757bb519371 - jpeg_tests[f7869b06d2f4dac]::load_test_image
[INFO] [stdout]   13:     0x5757bb51eaa7 - <jpeg_tests[f7869b06d2f4dac]::test_clean_metadata_removes_exif_except_orientation::{closure#0} as core[a373ad73a504971]::ops::function::FnOnce<()>>::call_once
[INFO] [stdout]   14:     0x5757bb51f10b - test[aada8e7e76ba119b]::__rust_begin_short_backtrace::<core[a373ad73a504971]::result::Result<(), alloc[2e1b2a31b91974c5]::string::String>, fn() -> core[a373ad73a504971]::result::Result<(), alloc[2e1b2a31b91974c5]::string::String>>
[INFO] [stdout]   15:     0x5757bb52c2e5 - test[aada8e7e76ba119b]::run_test::{closure#0}
[INFO] [stdout]   16:     0x5757bb525bd4 - std[617be2ca0a6fd877]::sys::backtrace::__rust_begin_short_backtrace::<test[aada8e7e76ba119b]::run_test::{closure#1}, ()>
[INFO] [stdout]   17:     0x5757bb52f372 - <std[617be2ca0a6fd877]::thread::lifecycle::spawn_unchecked<test[aada8e7e76ba119b]::run_test::{closure#1}, ()>::{closure#1} as core[a373ad73a504971]::ops::function::FnOnce<()>>::call_once::{shim:vtable#0}
[INFO] [stdout]   18:     0x5757bb5c90af - <std[617be2ca0a6fd877]::sys::thread::unix::Thread>::new::thread_start
[INFO] [stdout]   19:     0x7b7ee7317dfa - <unknown>
[INFO] [stdout]   20:     0x7b7ee73ab3d4 - clone
[INFO] [stdout]   21:                0x0 - <unknown>
[INFO] [stdout] 
[INFO] [stdout] ---- test_cmyk_colorspace stdout ----
[INFO] [stdout] 
[INFO] [stdout] thread 'test_cmyk_colorspace' (846) panicked at tests/jpeg_tests.rs:8:44:
[INFO] [stdout] Failed to read test image: jpeg/colorspace/colorspace_cmyk.jpg
[INFO] [stdout] stack backtrace:
[INFO] [stdout]    0:     0x5757bb5c9b71 - <<std[617be2ca0a6fd877]::sys::backtrace::BacktraceLock>::print::DisplayBacktrace as core[a373ad73a504971]::fmt::Display>::fmt
[INFO] [stdout]    1:     0x5757bb5de1ea - core[a373ad73a504971]::fmt::write
[INFO] [stdout]    2:     0x5757bb5cdddc - <alloc[2e1b2a31b91974c5]::vec::Vec<u8> as core[a373ad73a504971]::io::write::Write>::write_fmt
[INFO] [stdout]    3:     0x5757bb5a5886 - std[617be2ca0a6fd877]::panicking::default_hook::{closure#0}
[INFO] [stdout]    4:     0x5757bb5c1d79 - std[617be2ca0a6fd877]::panicking::default_hook
[INFO] [stdout]    5:     0x5757bb52bcc0 - test[aada8e7e76ba119b]::test_main_inner::{closure#0}
[INFO] [stdout]    6:     0x5757bb5c20a2 - std[617be2ca0a6fd877]::panicking::panic_with_hook
[INFO] [stdout]    7:     0x5757bb5a5932 - std[617be2ca0a6fd877]::panicking::panic_handler::{closure#0}
[INFO] [stdout]    8:     0x5757bb59e4b9 - std[617be2ca0a6fd877]::sys::backtrace::__rust_end_short_backtrace::<std[617be2ca0a6fd877]::panicking::panic_handler::{closure#0}, !>
[INFO] [stdout]    9:     0x5757bb5a653d - __rustc[ea4f61d10b84890b]::rust_begin_unwind
[INFO] [stdout]   10:     0x5757bb5de91c - core[a373ad73a504971]::panicking::panic_fmt
[INFO] [stdout]   11:     0x5757bb518c5f - jpeg_tests[f7869b06d2f4dac]::load_test_image::{closure#0}
[INFO] [stdout]   12:     0x5757bb519371 - jpeg_tests[f7869b06d2f4dac]::load_test_image
[INFO] [stdout]   13:     0x5757bb51ab74 - <jpeg_tests[f7869b06d2f4dac]::test_cmyk_colorspace::{closure#0} as core[a373ad73a504971]::ops::function::FnOnce<()>>::call_once
[INFO] [stdout]   14:     0x5757bb51f10b - test[aada8e7e76ba119b]::__rust_begin_short_backtrace::<core[a373ad73a504971]::result::Result<(), alloc[2e1b2a31b91974c5]::string::String>, fn() -> core[a373ad73a504971]::result::Result<(), alloc[2e1b2a31b91974c5]::string::String>>
[INFO] [stdout]   15:     0x5757bb52c2e5 - test[aada8e7e76ba119b]::run_test::{closure#0}
[INFO] [stdout]   16:     0x5757bb525bd4 - std[617be2ca0a6fd877]::sys::backtrace::__rust_begin_short_backtrace::<test[aada8e7e76ba119b]::run_test::{closure#1}, ()>
[INFO] [stdout]   17:     0x5757bb52f372 - <std[617be2ca0a6fd877]::thread::lifecycle::spawn_unchecked<test[aada8e7e76ba119b]::run_test::{closure#1}, ()>::{closure#1} as core[a373ad73a504971]::ops::function::FnOnce<()>>::call_once::{shim:vtable#0}
[INFO] [stdout]   18:     0x5757bb5c90af - <std[617be2ca0a6fd877]::sys::thread::unix::Thread>::new::thread_start
[INFO] [stdout]   19:     0x7b7ee7317dfa - <unknown>
[INFO] [stdout]   20:     0x7b7ee73ab3d4 - clone
[INFO] [stdout]   21:                0x0 - <unknown>
[INFO] [stdout] 
[INFO] [stdout] ---- test_all_orientation_values stdout ----
[INFO] [stdout] 
[INFO] [stdout] thread 'test_all_orientation_values' (841) panicked at tests/jpeg_tests.rs:8:44:
[INFO] [stdout] Failed to read test image: jpeg/orientation/orientation_1.jpg
[INFO] [stdout] stack backtrace:
[INFO] [stdout]    0:     0x5757bb5c9b71 - <<std[617be2ca0a6fd877]::sys::backtrace::BacktraceLock>::print::DisplayBacktrace as core[a373ad73a504971]::fmt::Display>::fmt
[INFO] [stdout]    1:     0x5757bb5de1ea - core[a373ad73a504971]::fmt::write
[INFO] [stdout]    2:     0x5757bb5cdddc - <alloc[2e1b2a31b91974c5]::vec::Vec<u8> as core[a373ad73a504971]::io::write::Write>::write_fmt
[INFO] [stdout]    3:     0x5757bb5a5886 - std[617be2ca0a6fd877]::panicking::default_hook::{closure#0}
[INFO] [stdout]    4:     0x5757bb5c1d79 - std[617be2ca0a6fd877]::panicking::default_hook
[INFO] [stdout]    5:     0x5757bb52bcc0 - test[aada8e7e76ba119b]::test_main_inner::{closure#0}
[INFO] [stdout]    6:     0x5757bb5c20a2 - std[617be2ca0a6fd877]::panicking::panic_with_hook
[INFO] [stdout]    7:     0x5757bb5a5932 - std[617be2ca0a6fd877]::panicking::panic_handler::{closure#0}
[INFO] [stdout]    8:     0x5757bb59e4b9 - std[617be2ca0a6fd877]::sys::backtrace::__rust_end_short_backtrace::<std[617be2ca0a6fd877]::panicking::panic_handler::{closure#0}, !>
[INFO] [stdout]    9:     0x5757bb5a653d - __rustc[ea4f61d10b84890b]::rust_begin_unwind
[INFO] [stdout]   10:     0x5757bb5de91c - core[a373ad73a504971]::panicking::panic_fmt
[INFO] [stdout]   11:     0x5757bb518c5f - jpeg_tests[f7869b06d2f4dac]::load_test_image::{closure#0}
[INFO] [stdout]   12:     0x5757bb519371 - jpeg_tests[f7869b06d2f4dac]::load_test_image
[INFO] [stdout]   13:     0x5757bb51c562 - <jpeg_tests[f7869b06d2f4dac]::test_all_orientation_values::{closure#0} as core[a373ad73a504971]::ops::function::FnOnce<()>>::call_once
[INFO] [stdout]   14:     0x5757bb51f10b - test[aada8e7e76ba119b]::__rust_begin_short_backtrace::<core[a373ad73a504971]::result::Result<(), alloc[2e1b2a31b91974c5]::string::String>, fn() -> core[a373ad73a504971]::result::Result<(), alloc[2e1b2a31b91974c5]::string::String>>
[INFO] [stdout]   15:     0x5757bb52c2e5 - test[aada8e7e76ba119b]::run_test::{closure#0}
[INFO] [stdout]   16:     0x5757bb525bd4 - std[617be2ca0a6fd877]::sys::backtrace::__rust_begin_short_backtrace::<test[aada8e7e76ba119b]::run_test::{closure#1}, ()>
[INFO] [stdout]   17:     0x5757bb52f372 - <std[617be2ca0a6fd877]::thread::lifecycle::spawn_unchecked<test[aada8e7e76ba119b]::run_test::{closure#1}, ()>::{closure#1} as core[a373ad73a504971]::ops::function::FnOnce<()>>::call_once::{shim:vtable#0}
[INFO] [stdout]   18:     0x5757bb5c90af - <std[617be2ca0a6fd877]::sys::thread::unix::Thread>::new::thread_start
[INFO] [stdout]   19:     0x7b7ee7317dfa - <unknown>
[INFO] [stdout]   20:     0x7b7ee73ab3d4 - clone
[INFO] [stdout]   21:                0x0 - <unknown>
[INFO] [stdout] 
[INFO] [stdout] ---- test_dpi_metadata_handling stdout ----
[INFO] [stdout] 
[INFO] [stdout] thread 'test_dpi_metadata_handling' (849) panicked at tests/jpeg_tests.rs:8:44:
[INFO] [stdout] Failed to read test image: jpeg/dpi/dpi_exif_72dpi.jpg
[INFO] [stdout] stack backtrace:
[INFO] [stdout]    0:     0x5757bb5c9b71 - <<std[617be2ca0a6fd877]::sys::backtrace::BacktraceLock>::print::DisplayBacktrace as core[a373ad73a504971]::fmt::Display>::fmt
[INFO] [stdout]    1:     0x5757bb5de1ea - core[a373ad73a504971]::fmt::write
[INFO] [stdout]    2:     0x5757bb5cdddc - <alloc[2e1b2a31b91974c5]::vec::Vec<u8> as core[a373ad73a504971]::io::write::Write>::write_fmt
[INFO] [stdout]    3:     0x5757bb5a5886 - std[617be2ca0a6fd877]::panicking::default_hook::{closure#0}
[INFO] [stdout]    4:     0x5757bb5c1d79 - std[617be2ca0a6fd877]::panicking::default_hook
[INFO] [stdout]    5:     0x5757bb52bcc0 - test[aada8e7e76ba119b]::test_main_inner::{closure#0}
[INFO] [stdout]    6:     0x5757bb5c20a2 - std[617be2ca0a6fd877]::panicking::panic_with_hook
[INFO] [stdout]    7:     0x5757bb5a5932 - std[617be2ca0a6fd877]::panicking::panic_handler::{closure#0}
[INFO] [stdout]    8:     0x5757bb59e4b9 - std[617be2ca0a6fd877]::sys::backtrace::__rust_end_short_backtrace::<std[617be2ca0a6fd877]::panicking::panic_handler::{closure#0}, !>
[INFO] [stdout]    9:     0x5757bb5a653d - __rustc[ea4f61d10b84890b]::rust_begin_unwind
[INFO] [stdout]   10:     0x5757bb5de91c - core[a373ad73a504971]::panicking::panic_fmt
[INFO] [stdout]   11:     0x5757bb518c5f - jpeg_tests[f7869b06d2f4dac]::load_test_image::{closure#0}
[INFO] [stdout]   12:     0x5757bb519371 - jpeg_tests[f7869b06d2f4dac]::load_test_image
[INFO] [stdout]   13:     0x5757bb51c27a - <jpeg_tests[f7869b06d2f4dac]::test_dpi_metadata_handling::{closure#0} as core[a373ad73a504971]::ops::function::FnOnce<()>>::call_once
[INFO] [stdout]   14:     0x5757bb51f10b - test[aada8e7e76ba119b]::__rust_begin_short_backtrace::<core[a373ad73a504971]::result::Result<(), alloc[2e1b2a31b91974c5]::string::String>, fn() -> core[a373ad73a504971]::result::Result<(), alloc[2e1b2a31b91974c5]::string::String>>
[INFO] [stdout]   15:     0x5757bb52c2e5 - test[aada8e7e76ba119b]::run_test::{closure#0}
[INFO] [stdout]   16:     0x5757bb525bd4 - std[617be2ca0a6fd877]::sys::backtrace::__rust_begin_short_backtrace::<test[aada8e7e76ba119b]::run_test::{closure#1}, ()>
[INFO] [stdout]   17:     0x5757bb52f372 - <std[617be2ca0a6fd877]::thread::lifecycle::spawn_unchecked<test[aada8e7e76ba119b]::run_test::{closure#1}, ()>::{closure#1} as core[a373ad73a504971]::ops::function::FnOnce<()>>::call_once::{shim:vtable#0}
[INFO] [stdout]   18:     0x5757bb5c90af - <std[617be2ca0a6fd877]::sys::thread::unix::Thread>::new::thread_start
[INFO] [stdout]   19:     0x7b7ee7317dfa - <unknown>
[INFO] [stdout]   20:     0x7b7ee73ab3d4 - clone
[INFO] [stdout]   21:                0x0 - <unknown>
[INFO] [stdout] 
[INFO] [stdout] ---- test_clean_metadata_preserves_icc_profile stdout ----
[INFO] [stdout] 
[INFO] [stdout] thread 'test_clean_metadata_preserves_icc_profile' (843) panicked at tests/jpeg_tests.rs:8:44:
[INFO] [stdout] Failed to read test image: jpeg/icc/icc_srgb.jpg
[INFO] [stdout] stack backtrace:
[INFO] [stdout]    0:     0x5757bb5c9b71 - <<std[617be2ca0a6fd877]::sys::backtrace::BacktraceLock>::print::DisplayBacktrace as core[a373ad73a504971]::fmt::Display>::fmt
[INFO] [stdout]    1:     0x5757bb5de1ea - core[a373ad73a504971]::fmt::write
[INFO] [stdout]    2:     0x5757bb5cdddc - <alloc[2e1b2a31b91974c5]::vec::Vec<u8> as core[a373ad73a504971]::io::write::Write>::write_fmt
[INFO] [stdout]    3:     0x5757bb5a5886 - std[617be2ca0a6fd877]::panicking::default_hook::{closure#0}
[INFO] [stdout]    4:     0x5757bb5c1d79 - std[617be2ca0a6fd877]::panicking::default_hook
[INFO] [stdout]    5:     0x5757bb52bcc0 - test[aada8e7e76ba119b]::test_main_inner::{closure#0}
[INFO] [stdout]    6:     0x5757bb5c20a2 - std[617be2ca0a6fd877]::panicking::panic_with_hook
[INFO] [stdout]    7:     0x5757bb5a5932 - std[617be2ca0a6fd877]::panicking::panic_handler::{closure#0}
[INFO] [stdout]    8:     0x5757bb59e4b9 - std[617be2ca0a6fd877]::sys::backtrace::__rust_end_short_backtrace::<std[617be2ca0a6fd877]::panicking::panic_handler::{closure#0}, !>
[INFO] [stdout]    9:     0x5757bb5a653d - __rustc[ea4f61d10b84890b]::rust_begin_unwind
[INFO] [stdout]   10:     0x5757bb5de91c - core[a373ad73a504971]::panicking::panic_fmt
[INFO] [stdout]   11:     0x5757bb518c5f - jpeg_tests[f7869b06d2f4dac]::load_test_image::{closure#0}
[INFO] [stdout]   12:     0x5757bb519371 - jpeg_tests[f7869b06d2f4dac]::load_test_image
[INFO] [stdout]   13:     0x5757bb51e1d4 - <jpeg_tests[f7869b06d2f4dac]::test_clean_metadata_preserves_icc_profile::{closure#0} as core[a373ad73a504971]::ops::function::FnOnce<()>>::call_once
[INFO] [stdout]   14:     0x5757bb51f10b - test[aada8e7e76ba119b]::__rust_begin_short_backtrace::<core[a373ad73a504971]::result::Result<(), alloc[2e1b2a31b91974c5]::string::String>, fn() -> core[a373ad73a504971]::result::Result<(), alloc[2e1b2a31b91974c5]::string::String>>
[INFO] [stdout]   15:     0x5757bb52c2e5 - test[aada8e7e76ba119b]::run_test::{closure#0}
[INFO] [stdout]   16:     0x5757bb525bd4 - std[617be2ca0a6fd877]::sys::backtrace::__rust_begin_short_backtrace::<test[aada8e7e76ba119b]::run_test::{closure#1}, ()>
[INFO] [stdout]   17:     0x5757bb52f372 - <std[617be2ca0a6fd877]::thread::lifecycle::spawn_unchecked<test[aada8e7e76ba119b]::run_test::{closure#1}, ()>::{closure#1} as core[a373ad73a504971]::ops::function::FnOnce<()>>::call_once::{shim:vtable#0}
[INFO] [stdout]   18:     0x5757bb5c90af - <std[617be2ca0a6fd877]::sys::thread::unix::Thread>::new::thread_start
[INFO] [stdout]   19:     0x7b7ee7317dfa - <unknown>
[INFO] [stdout]   20:     0x7b7ee73ab3d4 - clone
[INFO] [stdout]   21:                0x0 - <unknown>
[INFO] [stdout] 
[INFO] [stdout] ---- test_estimate_edge_cases stdout ----
[INFO] [stdout] 
[INFO] [stdout] thread 'test_estimate_edge_cases' (851) panicked at tests/jpeg_tests.rs:8:44:
[INFO] [stdout] Failed to read test image: jpeg/metadata/metadata_none.jpg
[INFO] [stdout] stack backtrace:
[INFO] [stdout]    0:     0x5757bb5c9b71 - <<std[617be2ca0a6fd877]::sys::backtrace::BacktraceLock>::print::DisplayBacktrace as core[a373ad73a504971]::fmt::Display>::fmt
[INFO] [stdout]    1:     0x5757bb5de1ea - core[a373ad73a504971]::fmt::write
[INFO] [stdout]    2:     0x5757bb5cdddc - <alloc[2e1b2a31b91974c5]::vec::Vec<u8> as core[a373ad73a504971]::io::write::Write>::write_fmt
[INFO] [stdout]    3:     0x5757bb5a5886 - std[617be2ca0a6fd877]::panicking::default_hook::{closure#0}
[INFO] [stdout]    4:     0x5757bb5c1d79 - std[617be2ca0a6fd877]::panicking::default_hook
[INFO] [stdout]    5:     0x5757bb52bcc0 - test[aada8e7e76ba119b]::test_main_inner::{closure#0}
[INFO] [stdout]    6:     0x5757bb5c20a2 - std[617be2ca0a6fd877]::panicking::panic_with_hook
[INFO] [stdout]    7:     0x5757bb5a5932 - std[617be2ca0a6fd877]::panicking::panic_handler::{closure#0}
[INFO] [stdout]    8:     0x5757bb59e4b9 - std[617be2ca0a6fd877]::sys::backtrace::__rust_end_short_backtrace::<std[617be2ca0a6fd877]::panicking::panic_handler::{closure#0}, !>
[INFO] [stdout]    9:     0x5757bb5a653d - __rustc[ea4f61d10b84890b]::rust_begin_unwind
[INFO] [stdout]   10:     0x5757bb5de91c - core[a373ad73a504971]::panicking::panic_fmt
[INFO] [stdout]   11:     0x5757bb518c5f - jpeg_tests[f7869b06d2f4dac]::load_test_image::{closure#0}
[INFO] [stdout]   12:     0x5757bb519371 - jpeg_tests[f7869b06d2f4dac]::load_test_image
[INFO] [stdout]   13:     0x5757bb51bd34 - <jpeg_tests[f7869b06d2f4dac]::test_estimate_edge_cases::{closure#0} as core[a373ad73a504971]::ops::function::FnOnce<()>>::call_once
[INFO] [stdout]   14:     0x5757bb51f10b - test[aada8e7e76ba119b]::__rust_begin_short_backtrace::<core[a373ad73a504971]::result::Result<(), alloc[2e1b2a31b91974c5]::string::String>, fn() -> core[a373ad73a504971]::result::Result<(), alloc[2e1b2a31b91974c5]::string::String>>
[INFO] [stdout]   15:     0x5757bb52c2e5 - test[aada8e7e76ba119b]::run_test::{closure#0}
[INFO] [stdout]   16:     0x5757bb525bd4 - std[617be2ca0a6fd877]::sys::backtrace::__rust_begin_short_backtrace::<test[aada8e7e76ba119b]::run_test::{closure#1}, ()>
[INFO] [stdout]   17:     0x5757bb52f372 - <std[617be2ca0a6fd877]::thread::lifecycle::spawn_unchecked<test[aada8e7e76ba119b]::run_test::{closure#1}, ()>::{closure#1} as core[a373ad73a504971]::ops::function::FnOnce<()>>::call_once::{shim:vtable#0}
[INFO] [stdout]   18:     0x5757bb5c90af - <std[617be2ca0a6fd877]::sys::thread::unix::Thread>::new::thread_start
[INFO] [stdout]   19:     0x7b7ee7317dfa - <unknown>
[INFO] [stdout]   20:     0x7b7ee73ab3d4 - clone
[INFO] [stdout]   21:                0x0 - <unknown>
[INFO] [stdout] 
[INFO] [stdout] ---- test_estimate_text_comment_with_actual_files stdout ----
[INFO] [stdout] 
[INFO] [stdout] thread 'test_estimate_text_comment_with_actual_files' (855) panicked at tests/jpeg_tests.rs:8:44:
[INFO] [stdout] Failed to read test image: jpeg/metadata/metadata_none.jpg
[INFO] [stdout] stack backtrace:
[INFO] [stdout]    0:     0x5757bb5c9b71 - <<std[617be2ca0a6fd877]::sys::backtrace::BacktraceLock>::print::DisplayBacktrace as core[a373ad73a504971]::fmt::Display>::fmt
[INFO] [stdout]    1:     0x5757bb5de1ea - core[a373ad73a504971]::fmt::write
[INFO] [stdout]    2:     0x5757bb5cdddc - <alloc[2e1b2a31b91974c5]::vec::Vec<u8> as core[a373ad73a504971]::io::write::Write>::write_fmt
[INFO] [stdout]    3:     0x5757bb5a5886 - std[617be2ca0a6fd877]::panicking::default_hook::{closure#0}
[INFO] [stdout]    4:     0x5757bb5c1d79 - std[617be2ca0a6fd877]::panicking::default_hook
[INFO] [stdout]    5:     0x5757bb52bcc0 - test[aada8e7e76ba119b]::test_main_inner::{closure#0}
[INFO] [stdout]    6:     0x5757bb5c20a2 - std[617be2ca0a6fd877]::panicking::panic_with_hook
[INFO] [stdout]    7:     0x5757bb5a5932 - std[617be2ca0a6fd877]::panicking::panic_handler::{closure#0}
[INFO] [stdout]    8:     0x5757bb59e4b9 - std[617be2ca0a6fd877]::sys::backtrace::__rust_end_short_backtrace::<std[617be2ca0a6fd877]::panicking::panic_handler::{closure#0}, !>
[INFO] [stdout]    9:     0x5757bb5a653d - __rustc[ea4f61d10b84890b]::rust_begin_unwind
[INFO] [stdout]   10:     0x5757bb5de91c - core[a373ad73a504971]::panicking::panic_fmt
[INFO] [stdout]   11:     0x5757bb518c5f - jpeg_tests[f7869b06d2f4dac]::load_test_image::{closure#0}
[INFO] [stdout]   12:     0x5757bb519371 - jpeg_tests[f7869b06d2f4dac]::load_test_image
[INFO] [stdout]   13:     0x5757bb51e579 - <jpeg_tests[f7869b06d2f4dac]::test_estimate_text_comment_with_actual_files::{closure#0} as core[a373ad73a504971]::ops::function::FnOnce<()>>::call_once
[INFO] [stdout]   14:     0x5757bb51f10b - test[aada8e7e76ba119b]::__rust_begin_short_backtrace::<core[a373ad73a504971]::result::Result<(), alloc[2e1b2a31b91974c5]::string::String>, fn() -> core[a373ad73a504971]::result::Result<(), alloc[2e1b2a31b91974c5]::string::String>>
[INFO] [stdout]   15:     0x5757bb52c2e5 - test[aada8e7e76ba119b]::run_test::{closure#0}
[INFO] [stdout]   16:     0x5757bb525bd4 - std[617be2ca0a6fd877]::sys::backtrace::__rust_begin_short_backtrace::<test[aada8e7e76ba119b]::run_test::{closure#1}, ()>
[INFO] [stdout]   17:     0x5757bb52f372 - <std[617be2ca0a6fd877]::thread::lifecycle::spawn_unchecked<test[aada8e7e76ba119b]::run_test::{closure#1}, ()>::{closure#1} as core[a373ad73a504971]::ops::function::FnOnce<()>>::call_once::{shim:vtable#0}
[INFO] [stdout]   18:     0x5757bb5c90af - <std[617be2ca0a6fd877]::sys::thread::unix::Thread>::new::thread_start
[INFO] [stdout]   19:     0x7b7ee7317dfa - <unknown>
[INFO] [stdout]   20:     0x7b7ee73ab3d4 - clone
[INFO] [stdout]   21:                0x0 - <unknown>
[INFO] [stdout] 
[INFO] [stdout] ---- test_empty_comment stdout ----
[INFO] [stdout] 
[INFO] [stdout] thread 'test_empty_comment' (850) panicked at tests/jpeg_tests.rs:8:44:
[INFO] [stdout] Failed to read test image: jpeg/metadata/metadata_none.jpg
[INFO] [stdout] stack backtrace:
[INFO] [stdout]    0:     0x5757bb5c9b71 - <<std[617be2ca0a6fd877]::sys::backtrace::BacktraceLock>::print::DisplayBacktrace as core[a373ad73a504971]::fmt::Display>::fmt
[INFO] [stdout]    1:     0x5757bb5de1ea - core[a373ad73a504971]::fmt::write
[INFO] [stdout]    2:     0x5757bb5cdddc - <alloc[2e1b2a31b91974c5]::vec::Vec<u8> as core[a373ad73a504971]::io::write::Write>::write_fmt
[INFO] [stdout]    3:     0x5757bb5a5886 - std[617be2ca0a6fd877]::panicking::default_hook::{closure#0}
[INFO] [stdout]    4:     0x5757bb5c1d79 - std[617be2ca0a6fd877]::panicking::default_hook
[INFO] [stdout]    5:     0x5757bb52bcc0 - test[aada8e7e76ba119b]::test_main_inner::{closure#0}
[INFO] [stdout]    6:     0x5757bb5c20a2 - std[617be2ca0a6fd877]::panicking::panic_with_hook
[INFO] [stdout]    7:     0x5757bb5a5932 - std[617be2ca0a6fd877]::panicking::panic_handler::{closure#0}
[INFO] [stdout]    8:     0x5757bb59e4b9 - std[617be2ca0a6fd877]::sys::backtrace::__rust_end_short_backtrace::<std[617be2ca0a6fd877]::panicking::panic_handler::{closure#0}, !>
[INFO] [stdout]    9:     0x5757bb5a653d - __rustc[ea4f61d10b84890b]::rust_begin_unwind
[INFO] [stdout]   10:     0x5757bb5de91c - core[a373ad73a504971]::panicking::panic_fmt
[INFO] [stdout]   11:     0x5757bb518c5f - jpeg_tests[f7869b06d2f4dac]::load_test_image::{closure#0}
[INFO] [stdout]   12:     0x5757bb519371 - jpeg_tests[f7869b06d2f4dac]::load_test_image
[INFO] [stdout]   13:     0x5757bb519bb6 - <jpeg_tests[f7869b06d2f4dac]::test_empty_comment::{closure#0} as core[a373ad73a504971]::ops::function::FnOnce<()>>::call_once
[INFO] [stdout]   14:     0x5757bb51f10b - test[aada8e7e76ba119b]::__rust_begin_short_backtrace::<core[a373ad73a504971]::result::Result<(), alloc[2e1b2a31b91974c5]::string::String>, fn() -> core[a373ad73a504971]::result::Result<(), alloc[2e1b2a31b91974c5]::string::String>>
[INFO] [stdout]   15:     0x5757bb52c2e5 - test[aada8e7e76ba119b]::run_test::{closure#0}
[INFO] [stdout]   16:     0x5757bb525bd4 - std[617be2ca0a6fd877]::sys::backtrace::__rust_begin_short_backtrace::<test[aada8e7e76ba119b]::run_test::{closure#1}, ()>
[INFO] [stdout]   17:     0x5757bb52f372 - <std[617be2ca0a6fd877]::thread::lifecycle::spawn_unchecked<test[aada8e7e76ba119b]::run_test::{closure#1}, ()>::{closure#1} as core[a373ad73a504971]::ops::function::FnOnce<()>>::call_once::{shim:vtable#0}
[INFO] [stdout]   18:     0x5757bb5c90af - <std[617be2ca0a6fd877]::sys::thread::unix::Thread>::new::thread_start
[INFO] [stdout]   19:     0x7b7ee7317dfa - <unknown>
[INFO] [stdout]   20:     0x7b7ee73ab3d4 - clone
[INFO] [stdout]   21:                0x0 - <unknown>
[INFO] [stdout] 
[INFO] [stdout] ---- test_estimate_with_comment_replacement stdout ----
[INFO] [stdout] 
[INFO] [stdout] thread 'test_estimate_with_comment_replacement' (856) panicked at tests/jpeg_tests.rs:8:44:
[INFO] [stdout] Failed to read test image: jpeg/metadata/metadata_none.jpg
[INFO] [stdout] stack backtrace:
[INFO] [stdout]    0:     0x5757bb5c9b71 - <<std[617be2ca0a6fd877]::sys::backtrace::BacktraceLock>::print::DisplayBacktrace as core[a373ad73a504971]::fmt::Display>::fmt
[INFO] [stdout]    1:     0x5757bb5de1ea - core[a373ad73a504971]::fmt::write
[INFO] [stdout]    2:     0x5757bb5cdddc - <alloc[2e1b2a31b91974c5]::vec::Vec<u8> as core[a373ad73a504971]::io::write::Write>::write_fmt
[INFO] [stdout]    3:     0x5757bb5a5886 - std[617be2ca0a6fd877]::panicking::default_hook::{closure#0}
[INFO] [stdout]    4:     0x5757bb5c1d79 - std[617be2ca0a6fd877]::panicking::default_hook
[INFO] [stdout]    5:     0x5757bb52bcc0 - test[aada8e7e76ba119b]::test_main_inner::{closure#0}
[INFO] [stdout]    6:     0x5757bb5c20a2 - std[617be2ca0a6fd877]::panicking::panic_with_hook
[INFO] [stdout]    7:     0x5757bb5a5932 - std[617be2ca0a6fd877]::panicking::panic_handler::{closure#0}
[INFO] [stdout]    8:     0x5757bb59e4b9 - std[617be2ca0a6fd877]::sys::backtrace::__rust_end_short_backtrace::<std[617be2ca0a6fd877]::panicking::panic_handler::{closure#0}, !>
[INFO] [stdout]    9:     0x5757bb5a653d - __rustc[ea4f61d10b84890b]::rust_begin_unwind
[INFO] [stdout]   10:     0x5757bb5de91c - core[a373ad73a504971]::panicking::panic_fmt
[INFO] [stdout]   11:     0x5757bb518c5f - jpeg_tests[f7869b06d2f4dac]::load_test_image::{closure#0}
[INFO] [stdout]   12:     0x5757bb519371 - jpeg_tests[f7869b06d2f4dac]::load_test_image
[INFO] [stdout]   13:     0x5757bb51dbfa - <jpeg_tests[f7869b06d2f4dac]::test_estimate_with_comment_replacement::{closure#0} as core[a373ad73a504971]::ops::function::FnOnce<()>>::call_once
[INFO] [stdout]   14:     0x5757bb51f10b - test[aada8e7e76ba119b]::__rust_begin_short_backtrace::<core[a373ad73a504971]::result::Result<(), alloc[2e1b2a31b91974c5]::string::String>, fn() -> core[a373ad73a504971]::result::Result<(), alloc[2e1b2a31b91974c5]::string::String>>
[INFO] [stdout]   15:     0x5757bb52c2e5 - test[aada8e7e76ba119b]::run_test::{closure#0}
[INFO] [stdout]   16:     0x5757bb525bd4 - std[617be2ca0a6fd877]::sys::backtrace::__rust_begin_short_backtrace::<test[aada8e7e76ba119b]::run_test::{closure#1}, ()>
[INFO] [stdout]   17:     0x5757bb52f372 - <std[617be2ca0a6fd877]::thread::lifecycle::spawn_unchecked<test[aada8e7e76ba119b]::run_test::{closure#1}, ()>::{closure#1} as core[a373ad73a504971]::ops::function::FnOnce<()>>::call_once::{shim:vtable#0}
[INFO] [stdout]   18:     0x5757bb5c90af - <std[617be2ca0a6fd877]::sys::thread::unix::Thread>::new::thread_start
[INFO] [stdout]   19:     0x7b7ee7317dfa - <unknown>
[INFO] [stdout]   20:     0x7b7ee73ab3d4 - clone
[INFO] [stdout]   21:                0x0 - <unknown>
[INFO] [stdout] 
[INFO] [stdout] ---- test_app14_adobe_preservation stdout ----
[INFO] [stdout] 
[INFO] [stdout] thread 'test_app14_adobe_preservation' (842) panicked at tests/jpeg_tests.rs:8:44:
[INFO] [stdout] Failed to read test image: jpeg/colorspace/colorspace_cmyk.jpg
[INFO] [stdout] stack backtrace:
[INFO] [stdout]    0:     0x5757bb5c9b71 - <<std[617be2ca0a6fd877]::sys::backtrace::BacktraceLock>::print::DisplayBacktrace as core[a373ad73a504971]::fmt::Display>::fmt
[INFO] [stdout]    1:     0x5757bb5de1ea - core[a373ad73a504971]::fmt::write
[INFO] [stdout]    2:     0x5757bb5cdddc - <alloc[2e1b2a31b91974c5]::vec::Vec<u8> as core[a373ad73a504971]::io::write::Write>::write_fmt
[INFO] [stdout]    3:     0x5757bb5a5886 - std[617be2ca0a6fd877]::panicking::default_hook::{closure#0}
[INFO] [stdout]    4:     0x5757bb5c1d79 - std[617be2ca0a6fd877]::panicking::default_hook
[INFO] [stdout]    5:     0x5757bb52bcc0 - test[aada8e7e76ba119b]::test_main_inner::{closure#0}
[INFO] [stdout]    6:     0x5757bb5c20a2 - std[617be2ca0a6fd877]::panicking::panic_with_hook
[INFO] [stdout]    7:     0x5757bb5a5932 - std[617be2ca0a6fd877]::panicking::panic_handler::{closure#0}
[INFO] [stdout]    8:     0x5757bb59e4b9 - std[617be2ca0a6fd877]::sys::backtrace::__rust_end_short_backtrace::<std[617be2ca0a6fd877]::panicking::panic_handler::{closure#0}, !>
[INFO] [stdout]    9:     0x5757bb5a653d - __rustc[ea4f61d10b84890b]::rust_begin_unwind
[INFO] [stdout]   10:     0x5757bb5de91c - core[a373ad73a504971]::panicking::panic_fmt
[INFO] [stdout]   11:     0x5757bb518c5f - jpeg_tests[f7869b06d2f4dac]::load_test_image::{closure#0}
[INFO] [stdout]   12:     0x5757bb519371 - jpeg_tests[f7869b06d2f4dac]::load_test_image
[INFO] [stdout]   13:     0x5757bb51cf56 - <jpeg_tests[f7869b06d2f4dac]::test_app14_adobe_preservation::{closure#0} as core[a373ad73a504971]::ops::function::FnOnce<()>>::call_once
[INFO] [stdout]   14:     0x5757bb51f10b - test[aada8e7e76ba119b]::__rust_begin_short_backtrace::<core[a373ad73a504971]::result::Result<(), alloc[2e1b2a31b91974c5]::string::String>, fn() -> core[a373ad73a504971]::result::Result<(), alloc[2e1b2a31b91974c5]::string::String>>
[INFO] [stdout]   15:     0x5757bb52c2e5 - test[aada8e7e76ba119b]::run_test::{closure#0}
[INFO] [stdout]   16:     0x5757bb525bd4 - std[617be2ca0a6fd877]::sys::backtrace::__rust_begin_short_backtrace::<test[aada8e7e76ba119b]::run_test::{closure#1}, ()>
[INFO] [stdout]   17:     0x5757bb52f372 - <std[617be2ca0a6fd877]::thread::lifecycle::spawn_unchecked<test[aada8e7e76ba119b]::run_test::{closure#1}, ()>::{closure#1} as core[a373ad73a504971]::ops::function::FnOnce<()>>::call_once::{shim:vtable#0}
[INFO] [stdout]   18:     0x5757bb5c90af - <std[617be2ca0a6fd877]::sys::thread::unix::Thread>::new::thread_start
[INFO] [stdout]   19:     0x7b7ee7317dfa - <unknown>
[INFO] [stdout]   20:     0x7b7ee73ab3d4 - clone
[INFO] [stdout]   21:                0x0 - <unknown>
[INFO] [stdout] 
[INFO] [stdout] ---- test_clean_metadata_removes_all_metadata_when_no_orientation stdout ----
[INFO] [stdout] 
[INFO] [stdout] thread 'test_clean_metadata_removes_all_metadata_when_no_orientation' (844) panicked at tests/jpeg_tests.rs:8:44:
[INFO] [stdout] Failed to read test image: jpeg/metadata/metadata_full_exif.jpg
[INFO] [stdout] stack backtrace:
[INFO] [stdout]    0:     0x5757bb5c9b71 - <<std[617be2ca0a6fd877]::sys::backtrace::BacktraceLock>::print::DisplayBacktrace as core[a373ad73a504971]::fmt::Display>::fmt
[INFO] [stdout]    1:     0x5757bb5de1ea - core[a373ad73a504971]::fmt::write
[INFO] [stdout]    2:     0x5757bb5cdddc - <alloc[2e1b2a31b91974c5]::vec::Vec<u8> as core[a373ad73a504971]::io::write::Write>::write_fmt
[INFO] [stdout]    3:     0x5757bb5a5886 - std[617be2ca0a6fd877]::panicking::default_hook::{closure#0}
[INFO] [stdout]    4:     0x5757bb5c1d79 - std[617be2ca0a6fd877]::panicking::default_hook
[INFO] [stdout]    5:     0x5757bb52bcc0 - test[aada8e7e76ba119b]::test_main_inner::{closure#0}
[INFO] [stdout]    6:     0x5757bb5c20a2 - std[617be2ca0a6fd877]::panicking::panic_with_hook
[INFO] [stdout]    7:     0x5757bb5a5932 - std[617be2ca0a6fd877]::panicking::panic_handler::{closure#0}
[INFO] [stdout]    8:     0x5757bb59e4b9 - std[617be2ca0a6fd877]::sys::backtrace::__rust_end_short_backtrace::<std[617be2ca0a6fd877]::panicking::panic_handler::{closure#0}, !>
[INFO] [stdout]    9:     0x5757bb5a653d - __rustc[ea4f61d10b84890b]::rust_begin_unwind
[INFO] [stdout]   10:     0x5757bb5de91c - core[a373ad73a504971]::panicking::panic_fmt
[INFO] [stdout]   11:     0x5757bb518c5f - jpeg_tests[f7869b06d2f4dac]::load_test_image::{closure#0}
[INFO] [stdout]   12:     0x5757bb519371 - jpeg_tests[f7869b06d2f4dac]::load_test_image
[INFO] [stdout]   13:     0x5757bb51edc7 - <jpeg_tests[f7869b06d2f4dac]::test_clean_metadata_removes_all_metadata_when_no_orientation::{closure#0} as core[a373ad73a504971]::ops::function::FnOnce<()>>::call_once
[INFO] [stdout]   14:     0x5757bb51f10b - test[aada8e7e76ba119b]::__rust_begin_short_backtrace::<core[a373ad73a504971]::result::Result<(), alloc[2e1b2a31b91974c5]::string::String>, fn() -> core[a373ad73a504971]::result::Result<(), alloc[2e1b2a31b91974c5]::string::String>>
[INFO] [stdout]   15:     0x5757bb52c2e5 - test[aada8e7e76ba119b]::run_test::{closure#0}
[INFO] [stdout]   16:     0x5757bb525bd4 - std[617be2ca0a6fd877]::sys::backtrace::__rust_begin_short_backtrace::<test[aada8e7e76ba119b]::run_test::{closure#1}, ()>
[INFO] [stdout]   17:     0x5757bb52f372 - <std[617be2ca0a6fd877]::thread::lifecycle::spawn_unchecked<test[aada8e7e76ba119b]::run_test::{closure#1}, ()>::{closure#1} as core[a373ad73a504971]::ops::function::FnOnce<()>>::call_once::{shim:vtable#0}
[INFO] [stdout]   18:     0x5757bb5c90af - <std[617be2ca0a6fd877]::sys::thread::unix::Thread>::new::thread_start
[INFO] [stdout]   19:     0x7b7ee7317dfa - <unknown>
[INFO] [stdout]   20:     0x7b7ee73ab3d4 - clone
[INFO] [stdout]   21:                0x0 - <unknown>
[INFO] [stdout] 
[INFO] [stdout] ---- test_critical_cases stdout ----
[INFO] [stdout] 
[INFO] [stdout] thread 'test_critical_cases' (848) panicked at tests/jpeg_tests.rs:8:44:
[INFO] [stdout] Failed to read test image: jpeg/critical/critical_cmyk_lowquality.jpg
[INFO] [stdout] stack backtrace:
[INFO] [stdout]    0:     0x5757bb5c9b71 - <<std[617be2ca0a6fd877]::sys::backtrace::BacktraceLock>::print::DisplayBacktrace as core[a373ad73a504971]::fmt::Display>::fmt
[INFO] [stdout]    1:     0x5757bb5de1ea - core[a373ad73a504971]::fmt::write
[INFO] [stdout]    2:     0x5757bb5cdddc - <alloc[2e1b2a31b91974c5]::vec::Vec<u8> as core[a373ad73a504971]::io::write::Write>::write_fmt
[INFO] [stdout]    3:     0x5757bb5a5886 - std[617be2ca0a6fd877]::panicking::default_hook::{closure#0}
[INFO] [stdout]    4:     0x5757bb5c1d79 - std[617be2ca0a6fd877]::panicking::default_hook
[INFO] [stdout]    5:     0x5757bb52bcc0 - test[aada8e7e76ba119b]::test_main_inner::{closure#0}
[INFO] [stdout]    6:     0x5757bb5c20a2 - std[617be2ca0a6fd877]::panicking::panic_with_hook
[INFO] [stdout]    7:     0x5757bb5a5932 - std[617be2ca0a6fd877]::panicking::panic_handler::{closure#0}
[INFO] [stdout]    8:     0x5757bb59e4b9 - std[617be2ca0a6fd877]::sys::backtrace::__rust_end_short_backtrace::<std[617be2ca0a6fd877]::panicking::panic_handler::{closure#0}, !>
[INFO] [stdout]    9:     0x5757bb5a653d - __rustc[ea4f61d10b84890b]::rust_begin_unwind
[INFO] [stdout]   10:     0x5757bb5de91c - core[a373ad73a504971]::panicking::panic_fmt
[INFO] [stdout]   11:     0x5757bb518c5f - jpeg_tests[f7869b06d2f4dac]::load_test_image::{closure#0}
[INFO] [stdout]   12:     0x5757bb519371 - jpeg_tests[f7869b06d2f4dac]::load_test_image
[INFO] [stdout]   13:     0x5757bb51a43b - <jpeg_tests[f7869b06d2f4dac]::test_critical_cases::{closure#0} as core[a373ad73a504971]::ops::function::FnOnce<()>>::call_once
[INFO] [stdout]   14:     0x5757bb51f10b - test[aada8e7e76ba119b]::__rust_begin_short_backtrace::<core[a373ad73a504971]::result::Result<(), alloc[2e1b2a31b91974c5]::string::String>, fn() -> core[a373ad73a504971]::result::Result<(), alloc[2e1b2a31b91974c5]::string::String>>
[INFO] [stdout]   15:     0x5757bb52c2e5 - test[aada8e7e76ba119b]::run_test::{closure#0}
[INFO] [stdout]   16:     0x5757bb525bd4 - std[617be2ca0a6fd877]::sys::backtrace::__rust_begin_short_backtrace::<test[aada8e7e76ba119b]::run_test::{closure#1}, ()>
[INFO] [stdout]   17:     0x5757bb52f372 - <std[617be2ca0a6fd877]::thread::lifecycle::spawn_unchecked<test[aada8e7e76ba119b]::run_test::{closure#1}, ()>::{closure#1} as core[a373ad73a504971]::ops::function::FnOnce<()>>::call_once::{shim:vtable#0}
[INFO] [stdout]   18:     0x5757bb5c90af - <std[617be2ca0a6fd877]::sys::thread::unix::Thread>::new::thread_start
[INFO] [stdout]   19:     0x7b7ee7317dfa - <unknown>
[INFO] [stdout]   20:     0x7b7ee73ab3d4 - clone
[INFO] [stdout]   21:                0x0 - <unknown>
[INFO] [stdout] 
[INFO] [stdout] ---- test_icc_profile_types stdout ----
[INFO] [stdout] 
[INFO] [stdout] thread 'test_icc_profile_types' (858) panicked at tests/jpeg_tests.rs:8:44:
[INFO] [stdout] Failed to read test image: jpeg/icc/icc_applep3.jpg
[INFO] [stdout] stack backtrace:
[INFO] [stdout]    0:     0x5757bb5c9b71 - <<std[617be2ca0a6fd877]::sys::backtrace::BacktraceLock>::print::DisplayBacktrace as core[a373ad73a504971]::fmt::Display>::fmt
[INFO] [stdout]    1:     0x5757bb5de1ea - core[a373ad73a504971]::fmt::write
[INFO] [stdout]    2:     0x5757bb5cdddc - <alloc[2e1b2a31b91974c5]::vec::Vec<u8> as core[a373ad73a504971]::io::write::Write>::write_fmt
[INFO] [stdout]    3:     0x5757bb5a5886 - std[617be2ca0a6fd877]::panicking::default_hook::{closure#0}
[INFO] [stdout]    4:     0x5757bb5c1d79 - std[617be2ca0a6fd877]::panicking::default_hook
[INFO] [stdout]    5:     0x5757bb52bcc0 - test[aada8e7e76ba119b]::test_main_inner::{closure#0}
[INFO] [stdout]    6:     0x5757bb5c20a2 - std[617be2ca0a6fd877]::panicking::panic_with_hook
[INFO] [stdout]    7:     0x5757bb5a5932 - std[617be2ca0a6fd877]::panicking::panic_handler::{closure#0}
[INFO] [stdout]    8:     0x5757bb59e4b9 - std[617be2ca0a6fd877]::sys::backtrace::__rust_end_short_backtrace::<std[617be2ca0a6fd877]::panicking::panic_handler::{closure#0}, !>
[INFO] [stdout]    9:     0x5757bb5a653d - __rustc[ea4f61d10b84890b]::rust_begin_unwind
[INFO] [stdout]   10:     0x5757bb5de91c - core[a373ad73a504971]::panicking::panic_fmt
[INFO] [stdout]   11:     0x5757bb518c5f - jpeg_tests[f7869b06d2f4dac]::load_test_image::{closure#0}
[INFO] [stdout]   12:     0x5757bb519371 - jpeg_tests[f7869b06d2f4dac]::load_test_image
[INFO] [stdout]   13:     0x5757bb51aeaf - <jpeg_tests[f7869b06d2f4dac]::test_icc_profile_types::{closure#0} as core[a373ad73a504971]::ops::function::FnOnce<()>>::call_once
[INFO] [stdout]   14:     0x5757bb51f10b - test[aada8e7e76ba119b]::__rust_begin_short_backtrace::<core[a373ad73a504971]::result::Result<(), alloc[2e1b2a31b91974c5]::string::String>, fn() -> core[a373ad73a504971]::result::Result<(), alloc[2e1b2a31b91974c5]::string::String>>
[INFO] [stdout]   15:     0x5757bb52c2e5 - test[aada8e7e76ba119b]::run_test::{closure#0}
[INFO] [stdout]   16:     0x5757bb525bd4 - std[617be2ca0a6fd877]::sys::backtrace::__rust_begin_short_backtrace::<test[aada8e7e76ba119b]::run_test::{closure#1}, ()>
[INFO] [stdout]   17:     0x5757bb52f372 - <std[617be2ca0a6fd877]::thread::lifecycle::spawn_unchecked<test[aada8e7e76ba119b]::run_test::{closure#1}, ()>::{closure#1} as core[a373ad73a504971]::ops::function::FnOnce<()>>::call_once::{shim:vtable#0}
[INFO] [stdout]   18:     0x5757bb5c90af - <std[617be2ca0a6fd877]::sys::thread::unix::Thread>::new::thread_start
[INFO] [stdout]   19:     0x7b7ee7317dfa - <unknown>
[INFO] [stdout]   20:     0x7b7ee73ab3d4 - clone
[INFO] [stdout]   21:                0x0 - <unknown>
[INFO] [stdout] 
[INFO] [stdout] ---- test_read_comment_with_existing_comment stdout ----
[INFO] [stdout] 
[INFO] [stdout] thread 'test_read_comment_with_existing_comment' (862) panicked at tests/jpeg_tests.rs:8:44:
[INFO] [stdout] Failed to read test image: jpeg/metadata/metadata_none.jpg
[INFO] [stdout] stack backtrace:
[INFO] [stdout]    0:     0x5757bb5c9b71 - <<std[617be2ca0a6fd877]::sys::backtrace::BacktraceLock>::print::DisplayBacktrace as core[a373ad73a504971]::fmt::Display>::fmt
[INFO] [stdout]    1:     0x5757bb5de1ea - core[a373ad73a504971]::fmt::write
[INFO] [stdout]    2:     0x5757bb5cdddc - <alloc[2e1b2a31b91974c5]::vec::Vec<u8> as core[a373ad73a504971]::io::write::Write>::write_fmt
[INFO] [stdout]    3:     0x5757bb5a5886 - std[617be2ca0a6fd877]::panicking::default_hook::{closure#0}
[INFO] [stdout]    4:     0x5757bb5c1d79 - std[617be2ca0a6fd877]::panicking::default_hook
[INFO] [stdout]    5:     0x5757bb52bcc0 - test[aada8e7e76ba119b]::test_main_inner::{closure#0}
[INFO] [stdout]    6:     0x5757bb5c20a2 - std[617be2ca0a6fd877]::panicking::panic_with_hook
[INFO] [stdout]    7:     0x5757bb5a5932 - std[617be2ca0a6fd877]::panicking::panic_handler::{closure#0}
[INFO] [stdout]    8:     0x5757bb59e4b9 - std[617be2ca0a6fd877]::sys::backtrace::__rust_end_short_backtrace::<std[617be2ca0a6fd877]::panicking::panic_handler::{closure#0}, !>
[INFO] [stdout]    9:     0x5757bb5a653d - __rustc[ea4f61d10b84890b]::rust_begin_unwind
[INFO] [stdout]   10:     0x5757bb5de91c - core[a373ad73a504971]::panicking::panic_fmt
[INFO] [stdout]   11:     0x5757bb518c5f - jpeg_tests[f7869b06d2f4dac]::load_test_image::{closure#0}
[INFO] [stdout]   12:     0x5757bb519371 - jpeg_tests[f7869b06d2f4dac]::load_test_image
[INFO] [stdout]   13:     0x5757bb51de9a - <jpeg_tests[f7869b06d2f4dac]::test_read_comment_with_existing_comment::{closure#0} as core[a373ad73a504971]::ops::function::FnOnce<()>>::call_once
[INFO] [stdout]   14:     0x5757bb51f10b - test[aada8e7e76ba119b]::__rust_begin_short_backtrace::<core[a373ad73a504971]::result::Result<(), alloc[2e1b2a31b91974c5]::string::String>, fn() -> core[a373ad73a504971]::result::Result<(), alloc[2e1b2a31b91974c5]::string::String>>
[INFO] [stdout]   15:     0x5757bb52c2e5 - test[aada8e7e76ba119b]::run_test::{closure#0}
[INFO] [stdout]   16:     0x5757bb525bd4 - std[617be2ca0a6fd877]::sys::backtrace::__rust_begin_short_backtrace::<test[aada8e7e76ba119b]::run_test::{closure#1}, ()>
[INFO] [stdout]   17:     0x5757bb52f372 - <std[617be2ca0a6fd877]::thread::lifecycle::spawn_unchecked<test[aada8e7e76ba119b]::run_test::{closure#1}, ()>::{closure#1} as core[a373ad73a504971]::ops::function::FnOnce<()>>::call_once::{shim:vtable#0}
[INFO] [stdout]   18:     0x5757bb5c90af - <std[617be2ca0a6fd877]::sys::thread::unix::Thread>::new::thread_start
[INFO] [stdout]   19:     0x7b7ee7317dfa - <unknown>
[INFO] [stdout]   20:     0x7b7ee73ab3d4 - clone
[INFO] [stdout]   21:                0x0 - <unknown>
[INFO] [stdout] 
[INFO] [stdout] ---- test_metadata_types stdout ----
[INFO] [stdout] 
[INFO] [stdout] thread 'test_metadata_types' (860) panicked at tests/jpeg_tests.rs:8:44:
[INFO] [stdout] Failed to read test image: jpeg/metadata/metadata_basic_exif.jpg
[INFO] [stdout] stack backtrace:
[INFO] [stdout]    0:     0x5757bb5c9b71 - <<std[617be2ca0a6fd877]::sys::backtrace::BacktraceLock>::print::DisplayBacktrace as core[a373ad73a504971]::fmt::Display>::fmt
[INFO] [stdout]    1:     0x5757bb5de1ea - core[a373ad73a504971]::fmt::write
[INFO] [stdout]    2:     0x5757bb5cdddc - <alloc[2e1b2a31b91974c5]::vec::Vec<u8> as core[a373ad73a504971]::io::write::Write>::write_fmt
[INFO] [stdout]    3:     0x5757bb5a5886 - std[617be2ca0a6fd877]::panicking::default_hook::{closure#0}
[INFO] [stdout]    4:     0x5757bb5c1d79 - std[617be2ca0a6fd877]::panicking::default_hook
[INFO] [stdout]    5:     0x5757bb52bcc0 - test[aada8e7e76ba119b]::test_main_inner::{closure#0}
[INFO] [stdout]    6:     0x5757bb5c20a2 - std[617be2ca0a6fd877]::panicking::panic_with_hook
[INFO] [stdout]    7:     0x5757bb5a5932 - std[617be2ca0a6fd877]::panicking::panic_handler::{closure#0}
[INFO] [stdout]    8:     0x5757bb59e4b9 - std[617be2ca0a6fd877]::sys::backtrace::__rust_end_short_backtrace::<std[617be2ca0a6fd877]::panicking::panic_handler::{closure#0}, !>
[INFO] [stdout]    9:     0x5757bb5a653d - __rustc[ea4f61d10b84890b]::rust_begin_unwind
[INFO] [stdout]   10:     0x5757bb5de91c - core[a373ad73a504971]::panicking::panic_fmt
[INFO] [stdout]   11:     0x5757bb518c5f - jpeg_tests[f7869b06d2f4dac]::load_test_image::{closure#0}
[INFO] [stdout]   12:     0x5757bb519371 - jpeg_tests[f7869b06d2f4dac]::load_test_image
[INFO] [stdout]   13:     0x5757bb51a741 - <jpeg_tests[f7869b06d2f4dac]::test_metadata_types::{closure#0} as core[a373ad73a504971]::ops::function::FnOnce<()>>::call_once
[INFO] [stdout]   14:     0x5757bb51f10b - test[aada8e7e76ba119b]::__rust_begin_short_backtrace::<core[a373ad73a504971]::result::Result<(), alloc[2e1b2a31b91974c5]::string::String>, fn() -> core[a373ad73a504971]::result::Result<(), alloc[2e1b2a31b91974c5]::string::String>>
[INFO] [stdout]   15:     0x5757bb52c2e5 - test[aada8e7e76ba119b]::run_test::{closure#0}
[INFO] [stdout]   16:     0x5757bb525bd4 - std[617be2ca0a6fd877]::sys::backtrace::__rust_begin_short_backtrace::<test[aada8e7e76ba119b]::run_test::{closure#1}, ()>
[INFO] [stdout]   17:     0x5757bb52f372 - <std[617be2ca0a6fd877]::thread::lifecycle::spawn_unchecked<test[aada8e7e76ba119b]::run_test::{closure#1}, ()>::{closure#1} as core[a373ad73a504971]::ops::function::FnOnce<()>>::call_once::{shim:vtable#0}
[INFO] [stdout]   18:     0x5757bb5c90af - <std[617be2ca0a6fd877]::sys::thread::unix::Thread>::new::thread_start
[INFO] [stdout]   19:     0x7b7ee7317dfa - <unknown>
[INFO] [stdout]   20:     0x7b7ee73ab3d4 - clone
[INFO] [stdout]   21:                0x0 - <unknown>
[INFO] [stdout] 
[INFO] [stdout] ---- test_read_comment_without_comment stdout ----
[INFO] [stdout] 
[INFO] [stdout] thread 'test_read_comment_without_comment' (863) panicked at tests/jpeg_tests.rs:8:44:
[INFO] [stdout] Failed to read test image: jpeg/metadata/metadata_none.jpg
[INFO] [stdout] stack backtrace:
[INFO] [stdout]    0:     0x5757bb5c9b71 - <<std[617be2ca0a6fd877]::sys::backtrace::BacktraceLock>::print::DisplayBacktrace as core[a373ad73a504971]::fmt::Display>::fmt
[INFO] [stdout]    1:     0x5757bb5de1ea - core[a373ad73a504971]::fmt::write
[INFO] [stdout]    2:     0x5757bb5cdddc - <alloc[2e1b2a31b91974c5]::vec::Vec<u8> as core[a373ad73a504971]::io::write::Write>::write_fmt
[INFO] [stdout]    3:     0x5757bb5a5886 - std[617be2ca0a6fd877]::panicking::default_hook::{closure#0}
[INFO] [stdout]    4:     0x5757bb5c1d79 - std[617be2ca0a6fd877]::panicking::default_hook
[INFO] [stdout]    5:     0x5757bb52bcc0 - test[aada8e7e76ba119b]::test_main_inner::{closure#0}
[INFO] [stdout]    6:     0x5757bb5c20a2 - std[617be2ca0a6fd877]::panicking::panic_with_hook
[INFO] [stdout]    7:     0x5757bb5a5932 - std[617be2ca0a6fd877]::panicking::panic_handler::{closure#0}
[INFO] [stdout]    8:     0x5757bb59e4b9 - std[617be2ca0a6fd877]::sys::backtrace::__rust_end_short_backtrace::<std[617be2ca0a6fd877]::panicking::panic_handler::{closure#0}, !>
[INFO] [stdout]    9:     0x5757bb5a653d - __rustc[ea4f61d10b84890b]::rust_begin_unwind
[INFO] [stdout]   10:     0x5757bb5de91c - core[a373ad73a504971]::panicking::panic_fmt
[INFO] [stdout]   11:     0x5757bb518c5f - jpeg_tests[f7869b06d2f4dac]::load_test_image::{closure#0}
[INFO] [stdout]   12:     0x5757bb519371 - jpeg_tests[f7869b06d2f4dac]::load_test_image
[INFO] [stdout]   13:     0x5757bb51d2a2 - <jpeg_tests[f7869b06d2f4dac]::test_read_comment_without_comment::{closure#0} as core[a373ad73a504971]::ops::function::FnOnce<()>>::call_once
[INFO] [stdout]   14:     0x5757bb51f10b - test[aada8e7e76ba119b]::__rust_begin_short_backtrace::<core[a373ad73a504971]::result::Result<(), alloc[2e1b2a31b91974c5]::string::String>, fn() -> core[a373ad73a504971]::result::Result<(), alloc[2e1b2a31b91974c5]::string::String>>
[INFO] [stdout]   15:     0x5757bb52c2e5 - test[aada8e7e76ba119b]::run_test::{closure#0}
[INFO] [stdout]   16:     0x5757bb525bd4 - std[617be2ca0a6fd877]::sys::backtrace::__rust_begin_short_backtrace::<test[aada8e7e76ba119b]::run_test::{closure#1}, ()>
[INFO] [stdout]   17:     0x5757bb52f372 - <std[617be2ca0a6fd877]::thread::lifecycle::spawn_unchecked<test[aada8e7e76ba119b]::run_test::{closure#1}, ()>::{closure#1} as core[a373ad73a504971]::ops::function::FnOnce<()>>::call_once::{shim:vtable#0}
[INFO] [stdout]   18:     0x5757bb5c90af - <std[617be2ca0a6fd877]::sys::thread::unix::Thread>::new::thread_start
[INFO] [stdout]   19:     0x7b7ee7317dfa - <unknown>
[INFO] [stdout]   20:     0x7b7ee73ab3d4 - clone
[INFO] [stdout]   21:                0x0 - <unknown>
[INFO] [stdout] 
[INFO] [stdout] ---- test_estimate_text_comment_accuracy stdout ----
[INFO] [stdout] 
[INFO] [stdout] thread 'test_estimate_text_comment_accuracy' (853) panicked at tests/jpeg_tests.rs:8:44:
[INFO] [stdout] Failed to read test image: jpeg/metadata/metadata_none.jpg
[INFO] [stdout] stack backtrace:
[INFO] [stdout]    0:     0x5757bb5c9b71 - <<std[617be2ca0a6fd877]::sys::backtrace::BacktraceLock>::print::DisplayBacktrace as core[a373ad73a504971]::fmt::Display>::fmt
[INFO] [stdout]    1:     0x5757bb5de1ea - core[a373ad73a504971]::fmt::write
[INFO] [stdout]    2:     0x5757bb5cdddc - <alloc[2e1b2a31b91974c5]::vec::Vec<u8> as core[a373ad73a504971]::io::write::Write>::write_fmt
[INFO] [stdout]    3:     0x5757bb5a5886 - std[617be2ca0a6fd877]::panicking::default_hook::{closure#0}
[INFO] [stdout]    4:     0x5757bb5c1d79 - std[617be2ca0a6fd877]::panicking::default_hook
[INFO] [stdout]    5:     0x5757bb52bcc0 - test[aada8e7e76ba119b]::test_main_inner::{closure#0}
[INFO] [stdout]    6:     0x5757bb5c20a2 - std[617be2ca0a6fd877]::panicking::panic_with_hook
[INFO] [stdout]    7:     0x5757bb5a5932 - std[617be2ca0a6fd877]::panicking::panic_handler::{closure#0}
[INFO] [stdout]    8:     0x5757bb59e4b9 - std[617be2ca0a6fd877]::sys::backtrace::__rust_end_short_backtrace::<std[617be2ca0a6fd877]::panicking::panic_handler::{closure#0}, !>
[INFO] [stdout]    9:     0x5757bb5a653d - __rustc[ea4f61d10b84890b]::rust_begin_unwind
[INFO] [stdout]   10:     0x5757bb5de91c - core[a373ad73a504971]::panicking::panic_fmt
[INFO] [stdout]   11:     0x5757bb518c5f - jpeg_tests[f7869b06d2f4dac]::load_test_image::{closure#0}
[INFO] [stdout]   12:     0x5757bb519371 - jpeg_tests[f7869b06d2f4dac]::load_test_image
[INFO] [stdout]   13:     0x5757bb51d3d6 - <jpeg_tests[f7869b06d2f4dac]::test_estimate_text_comment_accuracy::{closure#0} as core[a373ad73a504971]::ops::function::FnOnce<()>>::call_once
[INFO] [stdout]   14:     0x5757bb51f10b - test[aada8e7e76ba119b]::__rust_begin_short_backtrace::<core[a373ad73a504971]::result::Result<(), alloc[2e1b2a31b91974c5]::string::String>, fn() -> core[a373ad73a504971]::result::Result<(), alloc[2e1b2a31b91974c5]::string::String>>
[INFO] [stdout]   15:     0x5757bb52c2e5 - test[aada8e7e76ba119b]::run_test::{closure#0}
[INFO] [stdout]   16:     0x5757bb525bd4 - std[617be2ca0a6fd877]::sys::backtrace::__rust_begin_short_backtrace::<test[aada8e7e76ba119b]::run_test::{closure#1}, ()>
[INFO] [stdout]   17:     0x5757bb52f372 - <std[617be2ca0a6fd877]::thread::lifecycle::spawn_unchecked<test[aada8e7e76ba119b]::run_test::{closure#1}, ()>::{closure#1} as core[a373ad73a504971]::ops::function::FnOnce<()>>::call_once::{shim:vtable#0}
[INFO] [stdout]   18:     0x5757bb5c90af - <std[617be2ca0a6fd877]::sys::thread::unix::Thread>::new::thread_start
[INFO] [stdout]   19:     0x7b7ee7317dfa - <unknown>
[INFO] [stdout]   20:     0x7b7ee73ab3d4 - clone
[INFO] [stdout]   21:                0x0 - <unknown>
[INFO] [stdout] 
[INFO] [stdout] ---- test_grayscale_handling stdout ----
[INFO] [stdout] 
[INFO] [stdout] thread 'test_grayscale_handling' (857) panicked at tests/jpeg_tests.rs:8:44:
[INFO] [stdout] Failed to read test image: jpeg/colorspace/colorspace_grayscale.jpg
[INFO] [stdout] stack backtrace:
[INFO] [stdout]    0:     0x5757bb5c9b71 - <<std[617be2ca0a6fd877]::sys::backtrace::BacktraceLock>::print::DisplayBacktrace as core[a373ad73a504971]::fmt::Display>::fmt
[INFO] [stdout]    1:     0x5757bb5de1ea - core[a373ad73a504971]::fmt::write
[INFO] [stdout]    2:     0x5757bb5cdddc - <alloc[2e1b2a31b91974c5]::vec::Vec<u8> as core[a373ad73a504971]::io::write::Write>::write_fmt
[INFO] [stdout]    3:     0x5757bb5a5886 - std[617be2ca0a6fd877]::panicking::default_hook::{closure#0}
[INFO] [stdout]    4:     0x5757bb5c1d79 - std[617be2ca0a6fd877]::panicking::default_hook
[INFO] [stdout]    5:     0x5757bb52bcc0 - test[aada8e7e76ba119b]::test_main_inner::{closure#0}
[INFO] [stdout]    6:     0x5757bb5c20a2 - std[617be2ca0a6fd877]::panicking::panic_with_hook
[INFO] [stdout]    7:     0x5757bb5a5932 - std[617be2ca0a6fd877]::panicking::panic_handler::{closure#0}
[INFO] [stdout]    8:     0x5757bb59e4b9 - std[617be2ca0a6fd877]::sys::backtrace::__rust_end_short_backtrace::<std[617be2ca0a6fd877]::panicking::panic_handler::{closure#0}, !>
[INFO] [stdout]    9:     0x5757bb5a653d - __rustc[ea4f61d10b84890b]::rust_begin_unwind
[INFO] [stdout]   10:     0x5757bb5de91c - core[a373ad73a504971]::panicking::panic_fmt
[INFO] [stdout]   11:     0x5757bb518c5f - jpeg_tests[f7869b06d2f4dac]::load_test_image::{closure#0}
[INFO] [stdout]   12:     0x5757bb519371 - jpeg_tests[f7869b06d2f4dac]::load_test_image
[INFO] [stdout]   13:     0x5757bb51b59d - <jpeg_tests[f7869b06d2f4dac]::test_grayscale_handling::{closure#0} as core[a373ad73a504971]::ops::function::FnOnce<()>>::call_once
[INFO] [stdout]   14:     0x5757bb51f10b - test[aada8e7e76ba119b]::__rust_begin_short_backtrace::<core[a373ad73a504971]::result::Result<(), alloc[2e1b2a31b91974c5]::string::String>, fn() -> core[a373ad73a504971]::result::Result<(), alloc[2e1b2a31b91974c5]::string::String>>
[INFO] [stdout]   15:     0x5757bb52c2e5 - test[aada8e7e76ba119b]::run_test::{closure#0}
[INFO] [stdout]   16:     0x5757bb525bd4 - std[617be2ca0a6fd877]::sys::backtrace::__rust_begin_short_backtrace::<test[aada8e7e76ba119b]::run_test::{closure#1}, ()>
[INFO] [stdout]   17:     0x5757bb52f372 - <std[617be2ca0a6fd877]::thread::lifecycle::spawn_unchecked<test[aada8e7e76ba119b]::run_test::{closure#1}, ()>::{closure#1} as core[a373ad73a504971]::ops::function::FnOnce<()>>::call_once::{shim:vtable#0}
[INFO] [stdout]   18:     0x5757bb5c90af - <std[617be2ca0a6fd877]::sys::thread::unix::Thread>::new::thread_start
[INFO] [stdout]   19:     0x7b7ee7317dfa - <unknown>
[INFO] [stdout]   20:     0x7b7ee73ab3d4 - clone
[INFO] [stdout]   21:                0x0 - <unknown>
[INFO] [stdout] 
[INFO] [stdout] ---- test_progressive_jpeg stdout ----
[INFO] [stdout] 
[INFO] [stdout] thread 'test_progressive_jpeg' (861) panicked at tests/jpeg_tests.rs:8:44:
[INFO] [stdout] Failed to read test image: jpeg/encoding/encoding_progressive.jpg
[INFO] [stdout] stack backtrace:
[INFO] [stdout]    0:     0x5757bb5c9b71 - <<std[617be2ca0a6fd877]::sys::backtrace::BacktraceLock>::print::DisplayBacktrace as core[a373ad73a504971]::fmt::Display>::fmt
[INFO] [stdout]    1:     0x5757bb5de1ea - core[a373ad73a504971]::fmt::write
[INFO] [stdout]    2:     0x5757bb5cdddc - <alloc[2e1b2a31b91974c5]::vec::Vec<u8> as core[a373ad73a504971]::io::write::Write>::write_fmt
[INFO] [stdout]    3:     0x5757bb5a5886 - std[617be2ca0a6fd877]::panicking::default_hook::{closure#0}
[INFO] [stdout]    4:     0x5757bb5c1d79 - std[617be2ca0a6fd877]::panicking::default_hook
[INFO] [stdout]    5:     0x5757bb52bcc0 - test[aada8e7e76ba119b]::test_main_inner::{closure#0}
[INFO] [stdout]    6:     0x5757bb5c20a2 - std[617be2ca0a6fd877]::panicking::panic_with_hook
[INFO] [stdout]    7:     0x5757bb5a5932 - std[617be2ca0a6fd877]::panicking::panic_handler::{closure#0}
[INFO] [stdout]    8:     0x5757bb59e4b9 - std[617be2ca0a6fd877]::sys::backtrace::__rust_end_short_backtrace::<std[617be2ca0a6fd877]::panicking::panic_handler::{closure#0}, !>
[INFO] [stdout]    9:     0x5757bb5a653d - __rustc[ea4f61d10b84890b]::rust_begin_unwind
[INFO] [stdout]   10:     0x5757bb5de91c - core[a373ad73a504971]::panicking::panic_fmt
[INFO] [stdout]   11:     0x5757bb518c5f - jpeg_tests[f7869b06d2f4dac]::load_test_image::{closure#0}
[INFO] [stdout]   12:     0x5757bb519371 - jpeg_tests[f7869b06d2f4dac]::load_test_image
[INFO] [stdout]   13:     0x5757bb51ace6 - <jpeg_tests[f7869b06d2f4dac]::test_progressive_jpeg::{closure#0} as core[a373ad73a504971]::ops::function::FnOnce<()>>::call_once
[INFO] [stdout]   14:     0x5757bb51f10b - test[aada8e7e76ba119b]::__rust_begin_short_backtrace::<core[a373ad73a504971]::result::Result<(), alloc[2e1b2a31b91974c5]::string::String>, fn() -> core[a373ad73a504971]::result::Result<(), alloc[2e1b2a31b91974c5]::string::String>>
[INFO] [stdout]   15:     0x5757bb52c2e5 - test[aada8e7e76ba119b]::run_test::{closure#0}
[INFO] [stdout]   16:     0x5757bb525bd4 - std[617be2ca0a6fd877]::sys::backtrace::__rust_begin_short_backtrace::<test[aada8e7e76ba119b]::run_test::{closure#1}, ()>
[INFO] [stdout]   17:     0x5757bb52f372 - <std[617be2ca0a6fd877]::thread::lifecycle::spawn_unchecked<test[aada8e7e76ba119b]::run_test::{closure#1}, ()>::{closure#1} as core[a373ad73a504971]::ops::function::FnOnce<()>>::call_once::{shim:vtable#0}
[INFO] [stdout]   18:     0x5757bb5c90af - <std[617be2ca0a6fd877]::sys::thread::unix::Thread>::new::thread_start
[INFO] [stdout]   19:     0x7b7ee7317dfa - <unknown>
[INFO] [stdout]   20:     0x7b7ee73ab3d4 - clone
[INFO] [stdout]   21:                0x0 - <unknown>
[INFO] [stdout] 
[INFO] [stdout] ---- test_valid_jpeg_decode stdout ----
[INFO] [stdout] 
[INFO] [stdout] thread 'test_valid_jpeg_decode' (865) panicked at tests/jpeg_tests.rs:8:44:
[INFO] [stdout] Failed to read test image: jpeg/metadata/metadata_none.jpg
[INFO] [stdout] stack backtrace:
[INFO] [stdout]    0:     0x5757bb5c9b71 - <<std[617be2ca0a6fd877]::sys::backtrace::BacktraceLock>::print::DisplayBacktrace as core[a373ad73a504971]::fmt::Display>::fmt
[INFO] [stdout]    1:     0x5757bb5de1ea - core[a373ad73a504971]::fmt::write
[INFO] [stdout]    2:     0x5757bb5cdddc - <alloc[2e1b2a31b91974c5]::vec::Vec<u8> as core[a373ad73a504971]::io::write::Write>::write_fmt
[INFO] [stdout]    3:     0x5757bb5a5886 - std[617be2ca0a6fd877]::panicking::default_hook::{closure#0}
[INFO] [stdout]    4:     0x5757bb5c1d79 - std[617be2ca0a6fd877]::panicking::default_hook
[INFO] [stdout]    5:     0x5757bb52bcc0 - test[aada8e7e76ba119b]::test_main_inner::{closure#0}
[INFO] [stdout]    6:     0x5757bb5c20a2 - std[617be2ca0a6fd877]::panicking::panic_with_hook
[INFO] [stdout]    7:     0x5757bb5a5932 - std[617be2ca0a6fd877]::panicking::panic_handler::{closure#0}
[INFO] [stdout]    8:     0x5757bb59e4b9 - std[617be2ca0a6fd877]::sys::backtrace::__rust_end_short_backtrace::<std[617be2ca0a6fd877]::panicking::panic_handler::{closure#0}, !>
[INFO] [stdout]    9:     0x5757bb5a653d - __rustc[ea4f61d10b84890b]::rust_begin_unwind
[INFO] [stdout]   10:     0x5757bb5de91c - core[a373ad73a504971]::panicking::panic_fmt
[INFO] [stdout]   11:     0x5757bb518c5f - jpeg_tests[f7869b06d2f4dac]::load_test_image::{closure#0}
[INFO] [stdout]   12:     0x5757bb519371 - jpeg_tests[f7869b06d2f4dac]::load_test_image
[INFO] [stdout]   13:     0x5757bb51b2a7 - <jpeg_tests[f7869b06d2f4dac]::test_valid_jpeg_decode::{closure#0} as core[a373ad73a504971]::ops::function::FnOnce<()>>::call_once
[INFO] [stdout]   14:     0x5757bb51f10b - test[aada8e7e76ba119b]::__rust_begin_short_backtrace::<core[a373ad73a504971]::result::Result<(), alloc[2e1b2a31b91974c5]::string::String>, fn() -> core[a373ad73a504971]::result::Result<(), alloc[2e1b2a31b91974c5]::string::String>>
[INFO] [stdout]   15:     0x5757bb52c2e5 - test[aada8e7e76ba119b]::run_test::{closure#0}
[INFO] [stdout]   16:     0x5757bb525bd4 - std[617be2ca0a6fd877]::sys::backtrace::__rust_begin_short_backtrace::<test[aada8e7e76ba119b]::run_test::{closure#1}, ()>
[INFO] [stdout]   17:     0x5757bb52f372 - <std[617be2ca0a6fd877]::thread::lifecycle::spawn_unchecked<test[aada8e7e76ba119b]::run_test::{closure#1}, ()>::{closure#1} as core[a373ad73a504971]::ops::function::FnOnce<()>>::call_once::{shim:vtable#0}
[INFO] [stdout]   18:     0x5757bb5c90af - <std[617be2ca0a6fd877]::sys::thread::unix::Thread>::new::thread_start
[INFO] [stdout]   19:     0x7b7ee7317dfa - <unknown>
[INFO] [stdout]   20:     0x7b7ee73ab3d4 - clone
[INFO] [stdout]   21:                0x0 - <unknown>
[INFO] [stdout] 
[INFO] [stdout] ---- test_various_quality_levels stdout ----
[INFO] [stdout] 
[INFO] [stdout] thread 'test_various_quality_levels' (866) panicked at tests/jpeg_tests.rs:8:44:
[INFO] [stdout] Failed to read test image: jpeg/quality/quality_20.jpg
[INFO] [stdout] stack backtrace:
[INFO] [stdout]    0:     0x5757bb5c9b71 - <<std[617be2ca0a6fd877]::sys::backtrace::BacktraceLock>::print::DisplayBacktrace as core[a373ad73a504971]::fmt::Display>::fmt
[INFO] [stdout]    1:     0x5757bb5de1ea - core[a373ad73a504971]::fmt::write
[INFO] [stdout]    2:     0x5757bb5cdddc - <alloc[2e1b2a31b91974c5]::vec::Vec<u8> as core[a373ad73a504971]::io::write::Write>::write_fmt
[INFO] [stdout]    3:     0x5757bb5a5886 - std[617be2ca0a6fd877]::panicking::default_hook::{closure#0}
[INFO] [stdout]    4:     0x5757bb5c1d79 - std[617be2ca0a6fd877]::panicking::default_hook
[INFO] [stdout]    5:     0x5757bb52bcc0 - test[aada8e7e76ba119b]::test_main_inner::{closure#0}
[INFO] [stdout]    6:     0x5757bb5c20a2 - std[617be2ca0a6fd877]::panicking::panic_with_hook
[INFO] [stdout]    7:     0x5757bb5a5932 - std[617be2ca0a6fd877]::panicking::panic_handler::{closure#0}
[INFO] [stdout]    8:     0x5757bb59e4b9 - std[617be2ca0a6fd877]::sys::backtrace::__rust_end_short_backtrace::<std[617be2ca0a6fd877]::panicking::panic_handler::{closure#0}, !>
[INFO] [stdout]    9:     0x5757bb5a653d - __rustc[ea4f61d10b84890b]::rust_begin_unwind
[INFO] [stdout]   10:     0x5757bb5de91c - core[a373ad73a504971]::panicking::panic_fmt
[INFO] [stdout]   11:     0x5757bb518c5f - jpeg_tests[f7869b06d2f4dac]::load_test_image::{closure#0}
[INFO] [stdout]   12:     0x5757bb519371 - jpeg_tests[f7869b06d2f4dac]::load_test_image
[INFO] [stdout]   13:     0x5757bb51cadd - <jpeg_tests[f7869b06d2f4dac]::test_various_quality_levels::{closure#0} as core[a373ad73a504971]::ops::function::FnOnce<()>>::call_once
[INFO] [stdout]   14:     0x5757bb51f10b - test[aada8e7e76ba119b]::__rust_begin_short_backtrace::<core[a373ad73a504971]::result::Result<(), alloc[2e1b2a31b91974c5]::string::String>, fn() -> core[a373ad73a504971]::result::Result<(), alloc[2e1b2a31b91974c5]::string::String>>
[INFO] [stdout]   15:     0x5757bb52c2e5 - test[aada8e7e76ba119b]::run_test::{closure#0}
[INFO] [stdout]   16:     0x5757bb525bd4 - std[617be2ca0a6fd877]::sys::backtrace::__rust_begin_short_backtrace::<test[aada8e7e76ba119b]::run_test::{closure#1}, ()>
[INFO] [stdout]   17:     0x5757bb52f372 - <std[617be2ca0a6fd877]::thread::lifecycle::spawn_unchecked<test[aada8e7e76ba119b]::run_test::{closure#1}, ()>::{closure#1} as core[a373ad73a504971]::ops::function::FnOnce<()>>::call_once::{shim:vtable#0}
[INFO] [stdout]   18:     0x5757bb5c90af - <std[617be2ca0a6fd877]::sys::thread::unix::Thread>::new::thread_start
[INFO] [stdout]   19:     0x7b7ee7317dfa - <unknown>
[INFO] [stdout]   20:     0x7b7ee73ab3d4 - clone
[INFO] [stdout]   21:                0x0 - <unknown>
[INFO] [stdout] 
[INFO] [stdout] ---- test_various_subsampling stdout ----
[INFO] [stdout] 
[INFO] [stdout] thread 'test_various_subsampling' (867) panicked at tests/jpeg_tests.rs:8:44:
[INFO] [stdout] Failed to read test image: jpeg/subsampling/subsampling_420.jpg
[INFO] [stdout] stack backtrace:
[INFO] [stdout]    0:     0x5757bb5c9b71 - <<std[617be2ca0a6fd877]::sys::backtrace::BacktraceLock>::print::DisplayBacktrace as core[a373ad73a504971]::fmt::Display>::fmt
[INFO] [stdout]    1:     0x5757bb5de1ea - core[a373ad73a504971]::fmt::write
[INFO] [stdout]    2:     0x5757bb5cdddc - <alloc[2e1b2a31b91974c5]::vec::Vec<u8> as core[a373ad73a504971]::io::write::Write>::write_fmt
[INFO] [stdout]    3:     0x5757bb5a5886 - std[617be2ca0a6fd877]::panicking::default_hook::{closure#0}
[INFO] [stdout]    4:     0x5757bb5c1d79 - std[617be2ca0a6fd877]::panicking::default_hook
[INFO] [stdout]    5:     0x5757bb52bcc0 - test[aada8e7e76ba119b]::test_main_inner::{closure#0}
[INFO] [stdout]    6:     0x5757bb5c20a2 - std[617be2ca0a6fd877]::panicking::panic_with_hook
[INFO] [stdout]    7:     0x5757bb5a5932 - std[617be2ca0a6fd877]::panicking::panic_handler::{closure#0}
[INFO] [stdout]    8:     0x5757bb59e4b9 - std[617be2ca0a6fd877]::sys::backtrace::__rust_end_short_backtrace::<std[617be2ca0a6fd877]::panicking::panic_handler::{closure#0}, !>
[INFO] [stdout]    9:     0x5757bb5a653d - __rustc[ea4f61d10b84890b]::rust_begin_unwind
[INFO] [stdout]   10:     0x5757bb5de91c - core[a373ad73a504971]::panicking::panic_fmt
[INFO] [stdout]   11:     0x5757bb518c5f - jpeg_tests[f7869b06d2f4dac]::load_test_image::{closure#0}
[INFO] [stdout]   12:     0x5757bb519371 - jpeg_tests[f7869b06d2f4dac]::load_test_image
[INFO] [stdout]   13:     0x5757bb51bf26 - <jpeg_tests[f7869b06d2f4dac]::test_various_subsampling::{closure#0} as core[a373ad73a504971]::ops::function::FnOnce<()>>::call_once
[INFO] [stdout]   14:     0x5757bb51f10b - test[aada8e7e76ba119b]::__rust_begin_short_backtrace::<core[a373ad73a504971]::result::Result<(), alloc[2e1b2a31b91974c5]::string::String>, fn() -> core[a373ad73a504971]::result::Result<(), alloc[2e1b2a31b91974c5]::string::String>>
[INFO] [stdout]   15:     0x5757bb52c2e5 - test[aada8e7e76ba119b]::run_test::{closure#0}
[INFO] [stdout]   16:     0x5757bb525bd4 - std[617be2ca0a6fd877]::sys::backtrace::__rust_begin_short_backtrace::<test[aada8e7e76ba119b]::run_test::{closure#1}, ()>
[INFO] [stdout]   17:     0x5757bb52f372 - <std[617be2ca0a6fd877]::thread::lifecycle::spawn_unchecked<test[aada8e7e76ba119b]::run_test::{closure#1}, ()>::{closure#1} as core[a373ad73a504971]::ops::function::FnOnce<()>>::call_once::{shim:vtable#0}
[INFO] [stdout]   18:     0x5757bb5c90af - <std[617be2ca0a6fd877]::sys::thread::unix::Thread>::new::thread_start
[INFO] [stdout]   19:     0x7b7ee7317dfa - <unknown>
[INFO] [stdout]   20:     0x7b7ee73ab3d4 - clone
[INFO] [stdout]   21:                0x0 - <unknown>
[INFO] [stdout] 
[INFO] [stdout] ---- test_thumbnail_handling stdout ----
[INFO] [stdout] 
[INFO] [stdout] thread 'test_thumbnail_handling' (864) panicked at tests/jpeg_tests.rs:8:44:
[INFO] [stdout] Failed to read test image: jpeg/thumbnail/thumbnail_embedded.jpg
[INFO] [stdout] stack backtrace:
[INFO] [stdout]    0:     0x5757bb5c9b71 - <<std[617be2ca0a6fd877]::sys::backtrace::BacktraceLock>::print::DisplayBacktrace as core[a373ad73a504971]::fmt::Display>::fmt
[INFO] [stdout]    1:     0x5757bb5de1ea - core[a373ad73a504971]::fmt::write
[INFO] [stdout]    2:     0x5757bb5cdddc - <alloc[2e1b2a31b91974c5]::vec::Vec<u8> as core[a373ad73a504971]::io::write::Write>::write_fmt
[INFO] [stdout]    3:     0x5757bb5a5886 - std[617be2ca0a6fd877]::panicking::default_hook::{closure#0}
[INFO] [stdout]    4:     0x5757bb5c1d79 - std[617be2ca0a6fd877]::panicking::default_hook
[INFO] [stdout]    5:     0x5757bb52bcc0 - test[aada8e7e76ba119b]::test_main_inner::{closure#0}
[INFO] [stdout]    6:     0x5757bb5c20a2 - std[617be2ca0a6fd877]::panicking::panic_with_hook
[INFO] [stdout]    7:     0x5757bb5a5932 - std[617be2ca0a6fd877]::panicking::panic_handler::{closure#0}
[INFO] [stdout]    8:     0x5757bb59e4b9 - std[617be2ca0a6fd877]::sys::backtrace::__rust_end_short_backtrace::<std[617be2ca0a6fd877]::panicking::panic_handler::{closure#0}, !>
[INFO] [stdout]    9:     0x5757bb5a653d - __rustc[ea4f61d10b84890b]::rust_begin_unwind
[INFO] [stdout]   10:     0x5757bb5de91c - core[a373ad73a504971]::panicking::panic_fmt
[INFO] [stdout]   11:     0x5757bb518c5f - jpeg_tests[f7869b06d2f4dac]::load_test_image::{closure#0}
[INFO] [stdout]   12:     0x5757bb519371 - jpeg_tests[f7869b06d2f4dac]::load_test_image
[INFO] [stdout]   13:     0x5757bb51b9ba - <jpeg_tests[f7869b06d2f4dac]::test_thumbnail_handling::{closure#0} as core[a373ad73a504971]::ops::function::FnOnce<()>>::call_once
[INFO] [stdout]   14:     0x5757bb51f10b - test[aada8e7e76ba119b]::__rust_begin_short_backtrace::<core[a373ad73a504971]::result::Result<(), alloc[2e1b2a31b91974c5]::string::String>, fn() -> core[a373ad73a504971]::result::Result<(), alloc[2e1b2a31b91974c5]::string::String>>
[INFO] [stdout]   15:     0x5757bb52c2e5 - test[aada8e7e76ba119b]::run_test::{closure#0}
[INFO] [stdout]   16:     0x5757bb525bd4 - std[617be2ca0a6fd877]::sys::backtrace::__rust_begin_short_backtrace::<test[aada8e7e76ba119b]::run_test::{closure#1}, ()>
[INFO] [stdout]   17:     0x5757bb52f372 - <std[617be2ca0a6fd877]::thread::lifecycle::spawn_unchecked<test[aada8e7e76ba119b]::run_test::{closure#1}, ()>::{closure#1} as core[a373ad73a504971]::ops::function::FnOnce<()>>::call_once::{shim:vtable#0}
[INFO] [stdout]   18:     0x5757bb5c90af - <std[617be2ca0a6fd877]::sys::thread::unix::Thread>::new::thread_start
[INFO] [stdout]   19:     0x7b7ee7317dfa - <unknown>
[INFO] [stdout]   20:     0x7b7ee73ab3d4 - clone
[INFO] [stdout]   21:                0x0 - <unknown>
[INFO] [stdout] 
[INFO] [stdout] ---- test_write_comment stdout ----
[INFO] [stdout] 
[INFO] [stdout] thread 'test_write_comment' (868) panicked at tests/jpeg_tests.rs:8:44:
[INFO] [stdout] Failed to read test image: jpeg/metadata/metadata_none.jpg
[INFO] [stdout] stack backtrace:
[INFO] [stdout]    0:     0x5757bb5c9b71 - <<std[617be2ca0a6fd877]::sys::backtrace::BacktraceLock>::print::DisplayBacktrace as core[a373ad73a504971]::fmt::Display>::fmt
[INFO] [stdout]    1:     0x5757bb5de1ea - core[a373ad73a504971]::fmt::write
[INFO] [stdout]    2:     0x5757bb5cdddc - <alloc[2e1b2a31b91974c5]::vec::Vec<u8> as core[a373ad73a504971]::io::write::Write>::write_fmt
[INFO] [stdout]    3:     0x5757bb5a5886 - std[617be2ca0a6fd877]::panicking::default_hook::{closure#0}
[INFO] [stdout]    4:     0x5757bb5c1d79 - std[617be2ca0a6fd877]::panicking::default_hook
[INFO] [stdout]    5:     0x5757bb52bcc0 - test[aada8e7e76ba119b]::test_main_inner::{closure#0}
[INFO] [stdout]    6:     0x5757bb5c20a2 - std[617be2ca0a6fd877]::panicking::panic_with_hook
[INFO] [stdout]    7:     0x5757bb5a5932 - std[617be2ca0a6fd877]::panicking::panic_handler::{closure#0}
[INFO] [stdout]    8:     0x5757bb59e4b9 - std[617be2ca0a6fd877]::sys::backtrace::__rust_end_short_backtrace::<std[617be2ca0a6fd877]::panicking::panic_handler::{closure#0}, !>
[INFO] [stdout]    9:     0x5757bb5a653d - __rustc[ea4f61d10b84890b]::rust_begin_unwind
[INFO] [stdout]   10:     0x5757bb5de91c - core[a373ad73a504971]::panicking::panic_fmt
[INFO] [stdout]   11:     0x5757bb518c5f - jpeg_tests[f7869b06d2f4dac]::load_test_image::{closure#0}
[INFO] [stdout]   12:     0x5757bb519371 - jpeg_tests[f7869b06d2f4dac]::load_test_image
[INFO] [stdout]   13:     0x5757bb519ded - <jpeg_tests[f7869b06d2f4dac]::test_write_comment::{closure#0} as core[a373ad73a504971]::ops::function::FnOnce<()>>::call_once
[INFO] [stdout]   14:     0x5757bb51f10b - test[aada8e7e76ba119b]::__rust_begin_short_backtrace::<core[a373ad73a504971]::result::Result<(), alloc[2e1b2a31b91974c5]::string::String>, fn() -> core[a373ad73a504971]::result::Result<(), alloc[2e1b2a31b91974c5]::string::String>>
[INFO] [stdout]   15:     0x5757bb52c2e5 - test[aada8e7e76ba119b]::run_test::{closure#0}
[INFO] [stdout]   16:     0x5757bb525bd4 - std[617be2ca0a6fd877]::sys::backtrace::__rust_begin_short_backtrace::<test[aada8e7e76ba119b]::run_test::{closure#1}, ()>
[INFO] [stdout]   17:     0x5757bb52f372 - <std[617be2ca0a6fd877]::thread::lifecycle::spawn_unchecked<test[aada8e7e76ba119b]::run_test::{closure#1}, ()>::{closure#1} as core[a373ad73a504971]::ops::function::FnOnce<()>>::call_once::{shim:vtable#0}
[INFO] [stdout]   18:     0x5757bb5c90af - <std[617be2ca0a6fd877]::sys::thread::unix::Thread>::new::thread_start
[INFO] [stdout]   19:     0x7b7ee7317dfa - <unknown>
[INFO] [stdout]   20:     0x7b7ee73ab3d4 - clone
[INFO] [stdout]   21:                0x0 - <unknown>
[INFO] [stdout] 
[INFO] [stdout] ---- test_write_comment_replaces_existing stdout ----
[INFO] [stdout] 
[INFO] [stdout] thread 'test_write_comment_replaces_existing' (869) panicked at tests/jpeg_tests.rs:8:44:
[INFO] [stdout] Failed to read test image: jpeg/metadata/metadata_none.jpg
[INFO] [stdout] stack backtrace:
[INFO] [stdout]    0:     0x5757bb5c9b71 - <<std[617be2ca0a6fd877]::sys::backtrace::BacktraceLock>::print::DisplayBacktrace as core[a373ad73a504971]::fmt::Display>::fmt
[INFO] [stdout]    1:     0x5757bb5de1ea - core[a373ad73a504971]::fmt::write
[INFO] [stdout]    2:     0x5757bb5cdddc - <alloc[2e1b2a31b91974c5]::vec::Vec<u8> as core[a373ad73a504971]::io::write::Write>::write_fmt
[INFO] [stdout]    3:     0x5757bb5a5886 - std[617be2ca0a6fd877]::panicking::default_hook::{closure#0}
[INFO] [stdout]    4:     0x5757bb5c1d79 - std[617be2ca0a6fd877]::panicking::default_hook
[INFO] [stdout]    5:     0x5757bb52bcc0 - test[aada8e7e76ba119b]::test_main_inner::{closure#0}
[INFO] [stdout]    6:     0x5757bb5c20a2 - std[617be2ca0a6fd877]::panicking::panic_with_hook
[INFO] [stdout]    7:     0x5757bb5a5932 - std[617be2ca0a6fd877]::panicking::panic_handler::{closure#0}
[INFO] [stdout]    8:     0x5757bb59e4b9 - std[617be2ca0a6fd877]::sys::backtrace::__rust_end_short_backtrace::<std[617be2ca0a6fd877]::panicking::panic_handler::{closure#0}, !>
[INFO] [stdout]    9:     0x5757bb5a653d - __rustc[ea4f61d10b84890b]::rust_begin_unwind
[INFO] [stdout]   10:     0x5757bb5de91c - core[a373ad73a504971]::panicking::panic_fmt
[INFO] [stdout]   11:     0x5757bb518c5f - jpeg_tests[f7869b06d2f4dac]::load_test_image::{closure#0}
[INFO] [stdout]   12:     0x5757bb519371 - jpeg_tests[f7869b06d2f4dac]::load_test_image
[INFO] [stdout]   13:     0x5757bb51d55d - <jpeg_tests[f7869b06d2f4dac]::test_write_comment_replaces_existing::{closure#0} as core[a373ad73a504971]::ops::function::FnOnce<()>>::call_once
[INFO] [stdout]   14:     0x5757bb51f10b - test[aada8e7e76ba119b]::__rust_begin_short_backtrace::<core[a373ad73a504971]::result::Result<(), alloc[2e1b2a31b91974c5]::string::String>, fn() -> core[a373ad73a504971]::result::Result<(), alloc[2e1b2a31b91974c5]::string::String>>
[INFO] [stdout]   15:     0x5757bb52c2e5 - test[aada8e7e76ba119b]::run_test::{closure#0}
[INFO] [stdout]   16:     0x5757bb525bd4 - std[617be2ca0a6fd877]::sys::backtrace::__rust_begin_short_backtrace::<test[aada8e7e76ba119b]::run_test::{closure#1}, ()>
[INFO] [stdout]   17:     0x5757bb52f372 - <std[617be2ca0a6fd877]::thread::lifecycle::spawn_unchecked<test[aada8e7e76ba119b]::run_test::{closure#1}, ()>::{closure#1} as core[a373ad73a504971]::ops::function::FnOnce<()>>::call_once::{shim:vtable#0}
[INFO] [stdout]   18:     0x5757bb5c90af - <std[617be2ca0a6fd877]::sys::thread::unix::Thread>::new::thread_start
[INFO] [stdout]   19:     0x7b7ee7317dfa - <unknown>
[INFO] [stdout]   20:     0x7b7ee73ab3d4 - clone
[INFO] [stdout]   21:                0x0 - <unknown>
[INFO] [stdout] 
[INFO] [stderr] error: test failed, to rerun pass `--test jpeg_tests`
[INFO] [stdout] 
[INFO] [stdout] failures:
[INFO] [stdout]     test_all_orientation_values
[INFO] [stdout]     test_app14_adobe_preservation
[INFO] [stdout]     test_clean_metadata_preserves_icc_profile
[INFO] [stdout]     test_clean_metadata_removes_all_metadata_when_no_orientation
[INFO] [stdout]     test_clean_metadata_removes_exif_except_orientation
[INFO] [stdout]     test_cmyk_colorspace
[INFO] [stdout]     test_critical_cases
[INFO] [stdout]     test_dpi_metadata_handling
[INFO] [stdout]     test_empty_comment
[INFO] [stdout]     test_estimate_edge_cases
[INFO] [stdout]     test_estimate_text_comment_accuracy
[INFO] [stdout]     test_estimate_text_comment_with_actual_files
[INFO] [stdout]     test_estimate_with_comment_replacement
[INFO] [stdout]     test_grayscale_handling
[INFO] [stdout]     test_icc_profile_types
[INFO] [stdout]     test_metadata_types
[INFO] [stdout]     test_progressive_jpeg
[INFO] [stdout]     test_read_comment_with_existing_comment
[INFO] [stdout]     test_read_comment_without_comment
[INFO] [stdout]     test_thumbnail_handling
[INFO] [stdout]     test_valid_jpeg_decode
[INFO] [stdout]     test_various_quality_levels
[INFO] [stdout]     test_various_subsampling
[INFO] [stdout]     test_write_comment
[INFO] [stdout]     test_write_comment_replaces_existing
[INFO] [stdout] 
[INFO] [stdout] test result: FAILED. 4 passed; 25 failed; 0 ignored; 0 measured; 0 filtered out; finished in 0.02s
[INFO] [stdout] 
[INFO] running `Command { std: "docker" "inspect" "10236a849c7d246982a518f2a80e59c7ba5dc6c5dbe8ad7b22de9536a2233c6b", kill_on_drop: false }`
[INFO] running `Command { std: "docker" "rm" "-f" "10236a849c7d246982a518f2a80e59c7ba5dc6c5dbe8ad7b22de9536a2233c6b", kill_on_drop: false }`
[INFO] [stdout] 10236a849c7d246982a518f2a80e59c7ba5dc6c5dbe8ad7b22de9536a2233c6b
