[INFO] fetching crate weavatrix-search 0.3.1...
[INFO] testing weavatrix-search-0.3.1 against 1.99.0-beta.8+cargoflags=--release for beta-release-1.100-2
[INFO] extracting crate weavatrix-search 0.3.1 into /workspace/builds/worker-7-tc1/source
[INFO] started tweaking crates.io crate weavatrix-search 0.3.1
[INFO] removed 0 missing tests
[INFO] finished tweaking crates.io crate weavatrix-search 0.3.1
[INFO] tweaked toml for crates.io crate weavatrix-search 0.3.1 written to /workspace/builds/worker-7-tc1/source/Cargo.toml
[INFO] validating manifest of crates.io crate weavatrix-search 0.3.1 on toolchain 1.99.0-beta.8
[INFO] running `Command { std: CARGO_HOME="/workspace/cargo-home" RUSTUP_HOME="/workspace/rustup-home" "/workspace/cargo-home/bin/cargo" "+1.99.0-beta.8" "metadata" "--manifest-path" "Cargo.toml" "--no-deps", kill_on_drop: false }`
[INFO] crate crates.io crate weavatrix-search 0.3.1 already has a lockfile, it will not be regenerated
[INFO] running `Command { std: CARGO_HOME="/workspace/cargo-home" RUSTUP_HOME="/workspace/rustup-home" "/workspace/cargo-home/bin/cargo" "+1.99.0-beta.8" "fetch" "--manifest-path" "Cargo.toml", kill_on_drop: false }`
[INFO] [stderr]     Updating crates.io index
[INFO] [stderr]  Downloading crates ...
[INFO] [stderr]   Downloaded kqueue v1.2.0
[INFO] [stderr]   Downloaded xz4rust v0.2.2
[INFO] [stderr]   Downloaded alloc-stdlib v0.2.4
[INFO] [stderr]   Downloaded inotify v0.11.4
[INFO] [stderr]   Downloaded banzai v0.3.1
[INFO] [stderr]   Downloaded ruzstd v0.8.3
[INFO] [stderr]   Downloaded weavatrix-scan v0.4.2
[INFO] [stderr]   Downloaded brotli-decompressor v5.0.3
[INFO] [stderr]   Downloaded brotli v8.0.4
[INFO] running `Command { std: "docker" "create" "-v" "/var/lib/crater-agent-workspace/builds/worker-7-tc1/source:/opt/rustwide/workdir:ro,Z" "-v" "/var/lib/crater-agent-workspace/builds/worker-7-tc1/target:/opt/rustwide/target:rw,Z" "-v" "/var/lib/crater-agent-workspace/cargo-home:/opt/rustwide/cargo-home:ro,Z" "-v" "/var/lib/crater-agent-workspace/rustup-home:/opt/rustwide/rustup-home:ro,Z" "-m" "1610612736" "--network" "none" "ghcr.io/rust-lang/crates-build-env/linux@sha256:77db811e55d90add9212f6832c23229e3de5f1c1f9905e8cb07319ea15df73ac" "sleep" "infinity", kill_on_drop: false }`
[INFO] [stdout] 82af67f0c5c3ce6ea529d1fa73464ae11f5633afbb2ba7b204f72c5f9093c23e
[INFO] running `Command { std: "docker" "start" "82af67f0c5c3ce6ea529d1fa73464ae11f5633afbb2ba7b204f72c5f9093c23e", kill_on_drop: false }`
[INFO] running `Command { std: "docker" "inspect" "82af67f0c5c3ce6ea529d1fa73464ae11f5633afbb2ba7b204f72c5f9093c23e", kill_on_drop: false }`
[INFO] running `Command { std: "docker" "exec" "-e" "SOURCE_DIR=/opt/rustwide/workdir" "-e" "CARGO_HOME=/opt/rustwide/cargo-home" "-e" "RUSTUP_HOME=/opt/rustwide/rustup-home" "-e" "CARGO_TARGET_DIR=/opt/rustwide/target" "-w" "/opt/rustwide/workdir" "--user" "0:0" "82af67f0c5c3ce6ea529d1fa73464ae11f5633afbb2ba7b204f72c5f9093c23e" "/opt/rustwide/cargo-home/bin/cargo" "+1.99.0-beta.8" "metadata" "--no-deps" "--format-version=1", kill_on_drop: false }`
[INFO] running `Command { std: "docker" "inspect" "82af67f0c5c3ce6ea529d1fa73464ae11f5633afbb2ba7b204f72c5f9093c23e", kill_on_drop: false }`
[INFO] running `Command { std: "docker" "exec" "-e" "SOURCE_DIR=/opt/rustwide/workdir" "-e" "CARGO_HOME=/opt/rustwide/cargo-home" "-e" "RUSTUP_HOME=/opt/rustwide/rustup-home" "-e" "CARGO_TARGET_DIR=/opt/rustwide/target" "-e" "CARGO_INCREMENTAL=0" "-e" "RUST_BACKTRACE=full" "-e" "RUSTFLAGS=--cap-lints=warn" "-e" "RUSTDOCFLAGS=--cap-lints=warn" "-w" "/opt/rustwide/workdir" "--user" "0:0" "82af67f0c5c3ce6ea529d1fa73464ae11f5633afbb2ba7b204f72c5f9093c23e" "/opt/rustwide/cargo-home/bin/cargo" "+1.99.0-beta.8" "build" "--frozen" "--message-format=json" "--release", kill_on_drop: false }`
[INFO] [stderr]    Compiling inotify-sys v0.1.8
[INFO] [stderr]    Compiling bitflags v2.13.1
[INFO] [stderr]    Compiling memchr v2.8.3
[INFO] [stderr]    Compiling mio v1.2.2
[INFO] [stderr]    Compiling miniz_oxide v0.8.9
[INFO] [stderr]    Compiling alloc-no-stdlib v2.0.4
[INFO] [stderr]    Compiling crc-catalog v2.5.0
[INFO] [stderr]    Compiling filetime v0.2.29
[INFO] [stderr]    Compiling alloc-stdlib v0.2.4
[INFO] [stderr]    Compiling crc v3.4.0
[INFO] [stderr]    Compiling typed-path v0.12.3
[INFO] [stderr]    Compiling notify-types v2.1.0
[INFO] [stderr]    Compiling tinyvec v1.12.0
[INFO] [stderr]    Compiling inotify v0.11.4
[INFO] [stderr]    Compiling twox-hash v2.1.3
[INFO] [stderr]    Compiling lzma-rs v0.3.0
[INFO] [stderr]    Compiling lz4_flex v0.14.0
[INFO] [stderr]    Compiling aho-corasick v1.1.4
[INFO] [stderr]    Compiling notify v8.2.0
[INFO] [stderr]    Compiling flate2 v1.1.9
[INFO] [stderr]    Compiling weavatrix-scan v0.4.2
[INFO] [stderr]    Compiling bzip2-rs v0.1.2
[INFO] [stderr]    Compiling brotli-decompressor v5.0.3
[INFO] [stderr]    Compiling tar v0.4.46
[INFO] [stderr]    Compiling regex-automata v0.4.16
[INFO] [stderr]    Compiling zip v8.6.0
[INFO] [stderr]    Compiling xz4rust v0.2.2
[INFO] [stderr]    Compiling ruzstd v0.8.3
[INFO] [stderr]    Compiling weavatrix-search v0.3.1 (/opt/rustwide/workdir)
[INFO] [stderr]     Finished `release` profile [optimized] target(s) in 1m 48s
[INFO] running `Command { std: "docker" "inspect" "82af67f0c5c3ce6ea529d1fa73464ae11f5633afbb2ba7b204f72c5f9093c23e", kill_on_drop: false }`
[INFO] running `Command { std: "docker" "exec" "-e" "SOURCE_DIR=/opt/rustwide/workdir" "-e" "CARGO_HOME=/opt/rustwide/cargo-home" "-e" "RUSTUP_HOME=/opt/rustwide/rustup-home" "-e" "CARGO_TARGET_DIR=/opt/rustwide/target" "-e" "CARGO_INCREMENTAL=0" "-e" "RUST_BACKTRACE=full" "-e" "RUSTFLAGS=--cap-lints=warn" "-e" "RUSTDOCFLAGS=--cap-lints=warn" "-w" "/opt/rustwide/workdir" "--user" "0:0" "82af67f0c5c3ce6ea529d1fa73464ae11f5633afbb2ba7b204f72c5f9093c23e" "/opt/rustwide/cargo-home/bin/cargo" "+1.99.0-beta.8" "test" "--frozen" "--no-run" "--message-format=json" "--release", kill_on_drop: false }`
[INFO] [stderr]    Compiling serde_core v1.0.229
[INFO] [stderr]    Compiling brotli v8.0.4
[INFO] [stderr]    Compiling banzai v0.3.1
[INFO] [stderr]    Compiling serde_json v1.0.151
[INFO] [stderr]    Compiling weavatrix-search v0.3.1 (/opt/rustwide/workdir)
[INFO] [stderr]     Finished `release` profile [optimized] target(s) in 37.99s
[INFO] running `Command { std: "docker" "inspect" "82af67f0c5c3ce6ea529d1fa73464ae11f5633afbb2ba7b204f72c5f9093c23e", kill_on_drop: false }`
[INFO] running `Command { std: "docker" "exec" "-e" "SOURCE_DIR=/opt/rustwide/workdir" "-e" "CARGO_HOME=/opt/rustwide/cargo-home" "-e" "RUSTUP_HOME=/opt/rustwide/rustup-home" "-e" "CARGO_TARGET_DIR=/opt/rustwide/target" "-e" "CARGO_INCREMENTAL=0" "-e" "RUST_BACKTRACE=full" "-e" "RUSTFLAGS=--cap-lints=warn" "-e" "RUSTDOCFLAGS=--cap-lints=warn" "-w" "/opt/rustwide/workdir" "--user" "0:0" "82af67f0c5c3ce6ea529d1fa73464ae11f5633afbb2ba7b204f72c5f9093c23e" "/opt/rustwide/cargo-home/bin/cargo" "+1.99.0-beta.8" "test" "--frozen" "--release", kill_on_drop: false }`
[INFO] [stderr]     Finished `release` profile [optimized] target(s) in 0.11s
[INFO] [stderr]      Running unittests src/lib.rs (/opt/rustwide/target/release/deps/weavatrix_search-dbafb155945768c7)
[INFO] [stderr]      Running unittests src/bin/weavatrix-search/main.rs (/opt/rustwide/target/release/deps/weavatrix_search-68a55aaee55ccf3b)
[INFO] [stdout] 
[INFO] [stdout] running 0 tests
[INFO] [stdout] 
[INFO] [stdout] test result: ok. 0 passed; 0 failed; 0 ignored; 0 measured; 0 filtered out; finished in 0.00s
[INFO] [stdout] 
[INFO] [stdout] 
[INFO] [stdout] running 0 tests
[INFO] [stdout] 
[INFO] [stdout] test result: ok. 0 passed; 0 failed; 0 ignored; 0 measured; 0 filtered out; finished in 0.00s
[INFO] [stdout] 
[INFO] [stderr]      Running tests/index.rs (/opt/rustwide/target/release/deps/index-368489026f5482b5)
[INFO] [stdout] 
[INFO] [stdout] running 12 tests
[INFO] [stdout] test persistence::all_file_evidence_disables_index_prefilter_without_losing_metrics ... ok
[INFO] [stdout] test updates::full_rebuild_counts_only_content_changes_as_updates ... ok
[INFO] [stdout] test updates::failed_incremental_limit_check_leaves_snapshot_unchanged ... ok
[INFO] [stdout] test persistence::index_prefilter_never_changes_regex_case_or_utf16_results ... ok
[INFO] [stdout] test updates::index_resource_limits_are_enforced ... ok
[INFO] [stdout] test persistence::persistent_index_round_trips_and_preserves_filesystem_results ... ok
[INFO] [stdout] test cli::cli_builds_reuses_and_reports_a_persistent_index ... ok
[INFO] [stdout] test persistence::index_checksum_rejects_corruption ... FAILED
[INFO] [stdout] test updates::incremental_update_adds_replaces_and_removes_without_full_discovery ... ok
[INFO] [stdout] test live::live_index_applies_hosted_events_and_persists_the_new_generation ... ok
[INFO] [stdout] test updates::rebuild_excludes_an_index_stored_inside_the_repository ... ok
[INFO] [stderr] error: test failed, to rerun pass `--test index`
[INFO] [stdout] test live::live_index_observes_native_filesystem_changes ... ok
[INFO] [stdout] 
[INFO] [stdout] failures:
[INFO] [stdout] 
[INFO] [stdout] ---- persistence::index_checksum_rejects_corruption stdout ----
[INFO] [stdout] 
[INFO] [stdout] thread 'persistence::index_checksum_rejects_corruption' (968) panicked at tests/index_cases/persistence.rs:101:5:
[INFO] [stdout] failed to read <reader>: failed to fill whole buffer
[INFO] [stdout] stack backtrace:
[INFO] [stdout]    0:     0x5e4bc8c47411 - <<std[70759c8f55707aa4]::sys::backtrace::BacktraceLock>::print::DisplayBacktrace as core[df12db4294e9bfd3]::fmt::Display>::fmt
[INFO] [stdout]    1:     0x5e4bc8c5d41a - core[df12db4294e9bfd3]::fmt::write
[INFO] [stdout]    2:     0x5e4bc8c4bd2c - <alloc[2182bb758b4b3781]::vec::Vec<u8> as core[df12db4294e9bfd3]::io::write::Write>::write_fmt
[INFO] [stdout]    3:     0x5e4bc8c203d6 - std[70759c8f55707aa4]::panicking::default_hook::{closure#0}
[INFO] [stdout]    4:     0x5e4bc8c3ded9 - std[70759c8f55707aa4]::panicking::default_hook
[INFO] [stdout]    5:     0x5e4bc899aeb0 - test[9d35eded1c95d3be]::test_main_inner::<test[9d35eded1c95d3be]::test_main_static::{closure#0}>::{closure#0}
[INFO] [stdout]    6:     0x5e4bc8c3e202 - std[70759c8f55707aa4]::panicking::panic_with_hook
[INFO] [stdout]    7:     0x5e4bc8c20482 - std[70759c8f55707aa4]::panicking::panic_handler::{closure#0}
[INFO] [stdout]    8:     0x5e4bc8c18e29 - std[70759c8f55707aa4]::sys::backtrace::__rust_end_short_backtrace::<std[70759c8f55707aa4]::panicking::panic_handler::{closure#0}, !>
[INFO] [stdout]    9:     0x5e4bc8c2116d - __rustc[8fa7c3cbc660c2b3]::rust_begin_unwind
[INFO] [stdout]   10:     0x5e4bc8c5dbfc - core[df12db4294e9bfd3]::panicking::panic_fmt
[INFO] [stdout]   11:     0x5e4bc89819d6 - index[32024f858ac1b7bd]::persistence::index_checksum_rejects_corruption
[INFO] [stdout]   12:     0x5e4bc898dfc9 - <index[32024f858ac1b7bd]::persistence::index_checksum_rejects_corruption::{closure#0} as core[df12db4294e9bfd3]::ops::function::FnOnce<()>>::call_once
[INFO] [stdout]   13:     0x5e4bc898e19b - test[9d35eded1c95d3be]::__rust_begin_short_backtrace::<core[df12db4294e9bfd3]::result::Result<(), alloc[2182bb758b4b3781]::string::String>, fn() -> core[df12db4294e9bfd3]::result::Result<(), alloc[2182bb758b4b3781]::string::String>>
[INFO] [stdout]   14:     0x5e4bc899b805 - test[9d35eded1c95d3be]::run_test::{closure#0}
[INFO] [stdout]   15:     0x5e4bc89950c4 - std[70759c8f55707aa4]::sys::backtrace::__rust_begin_short_backtrace::<test[9d35eded1c95d3be]::run_test::{closure#1}, ()>
[INFO] [stdout]   16:     0x5e4bc899e962 - <std[70759c8f55707aa4]::thread::lifecycle::spawn_unchecked<test[9d35eded1c95d3be]::run_test::{closure#1}, ()>::{closure#1} as core[df12db4294e9bfd3]::ops::function::FnOnce<()>>::call_once::{shim:vtable#0}
[INFO] [stdout]   17:     0x5e4bc8c46459 - <std[70759c8f55707aa4]::sys::thread::unix::Thread>::new::thread_start
[INFO] [stdout]   18:     0x70f5e93b1dfa - <unknown>
[INFO] [stdout]   19:     0x70f5e94453d4 - clone
[INFO] [stdout]   20:                0x0 - <unknown>
[INFO] [stdout] 
[INFO] [stdout] 
[INFO] [stdout] failures:
[INFO] [stdout]     persistence::index_checksum_rejects_corruption
[INFO] [stdout] 
[INFO] [stdout] test result: FAILED. 11 passed; 1 failed; 0 ignored; 0 measured; 0 filtered out; finished in 0.06s
[INFO] [stdout] 
[INFO] running `Command { std: "docker" "inspect" "82af67f0c5c3ce6ea529d1fa73464ae11f5633afbb2ba7b204f72c5f9093c23e", kill_on_drop: false }`
[INFO] running `Command { std: "docker" "rm" "-f" "82af67f0c5c3ce6ea529d1fa73464ae11f5633afbb2ba7b204f72c5f9093c23e", kill_on_drop: false }`
[INFO] [stdout] 82af67f0c5c3ce6ea529d1fa73464ae11f5633afbb2ba7b204f72c5f9093c23e
