[INFO] fetching crate weavatrix-graph 0.6.3...
[INFO] testing weavatrix-graph-0.6.3 against 1.99.0-beta.8+cargoflags=--release for beta-release-1.100-2
[INFO] extracting crate weavatrix-graph 0.6.3 into /workspace/builds/worker-6-tc1/source
[INFO] removed /workspace/builds/worker-6-tc1/source/.cargo/config.toml
[INFO] started tweaking crates.io crate weavatrix-graph 0.6.3
[INFO] removed 0 missing examples
[INFO] removed 0 missing tests
[INFO] finished tweaking crates.io crate weavatrix-graph 0.6.3
[INFO] tweaked toml for crates.io crate weavatrix-graph 0.6.3 written to /workspace/builds/worker-6-tc1/source/Cargo.toml
[INFO] validating manifest of crates.io crate weavatrix-graph 0.6.3 on toolchain 1.99.0-beta.8
[INFO] running `Command { std: CARGO_HOME="/workspace/cargo-home" RUSTUP_HOME="/workspace/rustup-home" "/workspace/cargo-home/bin/cargo" "+1.99.0-beta.8" "metadata" "--manifest-path" "Cargo.toml" "--no-deps", kill_on_drop: false }`
[INFO] crate crates.io crate weavatrix-graph 0.6.3 already has a lockfile, it will not be regenerated
[INFO] running `Command { std: CARGO_HOME="/workspace/cargo-home" RUSTUP_HOME="/workspace/rustup-home" "/workspace/cargo-home/bin/cargo" "+1.99.0-beta.8" "fetch" "--manifest-path" "Cargo.toml", kill_on_drop: false }`
[INFO] [stderr]     Updating crates.io index
[INFO] [stderr]  Downloading crates ...
[INFO] [stderr]   Downloaded linereader v0.4.0
[INFO] [stderr]   Downloaded fast-float2 v0.2.3
[INFO] [stderr]   Downloaded delegate v0.13.5
[INFO] [stderr]   Downloaded atoi v3.1.0
[INFO] [stderr]   Downloaded biconnected-components v0.5.0
[INFO] [stderr]   Downloaded graph_builder v0.4.2
[INFO] [stderr]   Downloaded rustworkx-core v0.18.0
[INFO] [stderr]   Downloaded weavatrix-scan v0.3.0
[INFO] [stderr]   Downloaded graaf v0.112.0
[INFO] running `Command { std: "docker" "create" "-v" "/var/lib/crater-agent-workspace/builds/worker-6-tc1/source:/opt/rustwide/workdir:ro,Z" "-v" "/var/lib/crater-agent-workspace/builds/worker-6-tc1/target:/opt/rustwide/target:rw,Z" "-v" "/var/lib/crater-agent-workspace/cargo-home:/opt/rustwide/cargo-home:ro,Z" "-v" "/var/lib/crater-agent-workspace/rustup-home:/opt/rustwide/rustup-home:ro,Z" "-m" "1610612736" "--network" "none" "ghcr.io/rust-lang/crates-build-env/linux@sha256:77db811e55d90add9212f6832c23229e3de5f1c1f9905e8cb07319ea15df73ac" "sleep" "infinity", kill_on_drop: false }`
[INFO] [stdout] 81ea7cadd460f00b0166c4c98154100a592f6b225d1c598834052ae8de4f259e
[INFO] running `Command { std: "docker" "start" "81ea7cadd460f00b0166c4c98154100a592f6b225d1c598834052ae8de4f259e", kill_on_drop: false }`
[INFO] running `Command { std: "docker" "inspect" "81ea7cadd460f00b0166c4c98154100a592f6b225d1c598834052ae8de4f259e", kill_on_drop: false }`
[INFO] running `Command { std: "docker" "exec" "-e" "SOURCE_DIR=/opt/rustwide/workdir" "-e" "CARGO_HOME=/opt/rustwide/cargo-home" "-e" "RUSTUP_HOME=/opt/rustwide/rustup-home" "-e" "CARGO_TARGET_DIR=/opt/rustwide/target" "-w" "/opt/rustwide/workdir" "--user" "0:0" "81ea7cadd460f00b0166c4c98154100a592f6b225d1c598834052ae8de4f259e" "/opt/rustwide/cargo-home/bin/cargo" "+1.99.0-beta.8" "metadata" "--no-deps" "--format-version=1", kill_on_drop: false }`
[INFO] running `Command { std: "docker" "inspect" "81ea7cadd460f00b0166c4c98154100a592f6b225d1c598834052ae8de4f259e", kill_on_drop: false }`
[INFO] running `Command { std: "docker" "exec" "-e" "SOURCE_DIR=/opt/rustwide/workdir" "-e" "CARGO_HOME=/opt/rustwide/cargo-home" "-e" "RUSTUP_HOME=/opt/rustwide/rustup-home" "-e" "CARGO_TARGET_DIR=/opt/rustwide/target" "-e" "CARGO_INCREMENTAL=0" "-e" "RUST_BACKTRACE=full" "-e" "RUSTFLAGS=--cap-lints=warn" "-e" "RUSTDOCFLAGS=--cap-lints=warn" "-w" "/opt/rustwide/workdir" "--user" "0:0" "81ea7cadd460f00b0166c4c98154100a592f6b225d1c598834052ae8de4f259e" "/opt/rustwide/cargo-home/bin/cargo" "+1.99.0-beta.8" "build" "--frozen" "--message-format=json" "--release", kill_on_drop: false }`
[INFO] [stderr]    Compiling proc-macro2 v1.0.107
[INFO] [stderr]    Compiling quote v1.0.47
[INFO] [stderr]    Compiling serde v1.0.229
[INFO] [stderr]    Compiling syn v3.0.3
[INFO] [stderr]    Compiling serde_derive v1.0.229
[INFO] [stderr]    Compiling weavatrix-graph v0.6.3 (/opt/rustwide/workdir)
[INFO] [stderr]     Finished `release` profile [optimized] target(s) in 20.82s
[INFO] running `Command { std: "docker" "inspect" "81ea7cadd460f00b0166c4c98154100a592f6b225d1c598834052ae8de4f259e", kill_on_drop: false }`
[INFO] running `Command { std: "docker" "exec" "-e" "SOURCE_DIR=/opt/rustwide/workdir" "-e" "CARGO_HOME=/opt/rustwide/cargo-home" "-e" "RUSTUP_HOME=/opt/rustwide/rustup-home" "-e" "CARGO_TARGET_DIR=/opt/rustwide/target" "-e" "CARGO_INCREMENTAL=0" "-e" "RUST_BACKTRACE=full" "-e" "RUSTFLAGS=--cap-lints=warn" "-e" "RUSTDOCFLAGS=--cap-lints=warn" "-w" "/opt/rustwide/workdir" "--user" "0:0" "81ea7cadd460f00b0166c4c98154100a592f6b225d1c598834052ae8de4f259e" "/opt/rustwide/cargo-home/bin/cargo" "+1.99.0-beta.8" "test" "--frozen" "--no-run" "--message-format=json" "--release", kill_on_drop: false }`
[INFO] [stderr]    Compiling crossbeam-utils v0.8.22
[INFO] [stderr]    Compiling num-traits v0.2.19
[INFO] [stderr]    Compiling either v1.16.0
[INFO] [stderr]    Compiling allocator-api2 v0.2.21
[INFO] [stderr]    Compiling getrandom v0.4.3
[INFO] [stderr]    Compiling syn v3.0.3
[INFO] [stderr]    Compiling getrandom v0.3.4
[INFO] [stderr]    Compiling zerocopy v0.8.55
[INFO] [stderr]    Compiling rand_core v0.9.5
[INFO] [stderr]    Compiling smallvec v1.15.2
[INFO] [stderr]    Compiling bitflags v2.13.1
[INFO] [stderr]    Compiling foldhash v0.1.5
[INFO] [stderr]    Compiling rustix v1.1.4
[INFO] [stderr]    Compiling parking_lot_core v0.9.12
[INFO] [stderr]    Compiling chacha20 v0.10.1
[INFO] [stderr]    Compiling crossbeam-epoch v0.9.20
[INFO] [stderr]    Compiling fixedbitset v0.5.7
[INFO] [stderr]    Compiling thiserror v2.0.19
[INFO] [stderr]    Compiling rand v0.10.2
[INFO] [stderr]    Compiling crossbeam-deque v0.8.7
[INFO] [stderr]    Compiling rayon-core v1.13.0
[INFO] [stderr]    Compiling itertools v0.14.0
[INFO] [stderr]    Compiling num-integer v0.1.46
[INFO] [stderr]    Compiling num-complex v0.4.6
[INFO] [stderr]    Compiling num-bigint v0.4.8
[INFO] [stderr]    Compiling num-iter v0.1.46
[INFO] [stderr]    Compiling rayon v1.12.0
[INFO] [stderr]    Compiling syn v2.0.119
[INFO] [stderr]    Compiling thiserror-impl v2.0.19
[INFO] [stderr]    Compiling tempfile v3.27.0
[INFO] [stderr]    Compiling serde_derive v1.0.229
[INFO] [stderr]    Compiling num-rational v0.4.2
[INFO] [stderr]    Compiling wait-timeout v0.2.1
[INFO] [stderr]    Compiling arrayvec v0.7.8
[INFO] [stderr]    Compiling bit-vec v0.8.0
[INFO] [stderr]    Compiling quick-error v1.2.3
[INFO] [stderr]    Compiling graph_builder v0.4.2
[INFO] [stderr]    Compiling atomic v0.6.1
[INFO] [stderr]    Compiling bit-set v0.8.0
[INFO] [stderr]    Compiling dashmap v6.2.1
[INFO] [stderr]    Compiling rusty-fork v0.3.1
[INFO] [stderr]    Compiling hashbrown v0.17.1
[INFO] [stderr]    Compiling hashbrown v0.15.5
[INFO] [stderr]    Compiling ppv-lite86 v0.2.21
[INFO] [stderr]    Compiling ndarray v0.17.2
[INFO] [stderr]    Compiling rayon-cond v0.4.0
[INFO] [stderr]    Compiling num-format v0.4.4
[INFO] [stderr]    Compiling rand_chacha v0.9.0
[INFO] [stderr]    Compiling serde v1.0.229
[INFO] [stderr]    Compiling indexmap v2.14.0
[INFO] [stderr]    Compiling num v0.4.3
[INFO] [stderr]    Compiling fxhash v0.2.1
[INFO] [stderr]    Compiling rand_distr v0.6.0
[INFO] [stderr]    Compiling atoi v3.1.0
[INFO] [stderr]    Compiling delegate v0.13.5
[INFO] [stderr]    Compiling linereader v0.4.0
[INFO] [stderr]    Compiling parking_lot v0.12.5
[INFO] [stderr]    Compiling rand_xorshift v0.4.0
[INFO] [stderr]    Compiling rand v0.9.5
[INFO] [stderr]    Compiling rand_pcg v0.10.2
[INFO] [stderr]    Compiling memmap2 v0.9.11
[INFO] [stderr]    Compiling num_cpus v1.17.0
[INFO] [stderr]    Compiling page_size v0.6.0
[INFO] [stderr]    Compiling unarray v0.1.4
[INFO] [stderr]    Compiling fast-float2 v0.2.3
[INFO] [stderr]    Compiling byte-slice-cast v1.2.3
[INFO] [stderr]    Compiling graaf v0.112.0
[INFO] [stderr]    Compiling weavatrix-scan v0.3.0
[INFO] [stderr]    Compiling weavatrix-graph v0.6.3 (/opt/rustwide/workdir)
[INFO] [stderr]    Compiling proptest v1.11.0
[INFO] [stderr]    Compiling petgraph v0.8.3
[INFO] [stderr]    Compiling priority-queue v2.7.0
[INFO] [stderr]    Compiling biconnected-components v0.5.0
[INFO] [stderr]    Compiling rustworkx-core v0.18.0
[INFO] [stderr]     Finished `release` profile [optimized] target(s) in 4m 16s
[INFO] running `Command { std: "docker" "inspect" "81ea7cadd460f00b0166c4c98154100a592f6b225d1c598834052ae8de4f259e", kill_on_drop: false }`
[INFO] running `Command { std: "docker" "exec" "-e" "SOURCE_DIR=/opt/rustwide/workdir" "-e" "CARGO_HOME=/opt/rustwide/cargo-home" "-e" "RUSTUP_HOME=/opt/rustwide/rustup-home" "-e" "CARGO_TARGET_DIR=/opt/rustwide/target" "-e" "CARGO_INCREMENTAL=0" "-e" "RUST_BACKTRACE=full" "-e" "RUSTFLAGS=--cap-lints=warn" "-e" "RUSTDOCFLAGS=--cap-lints=warn" "-w" "/opt/rustwide/workdir" "--user" "0:0" "81ea7cadd460f00b0166c4c98154100a592f6b225d1c598834052ae8de4f259e" "/opt/rustwide/cargo-home/bin/cargo" "+1.99.0-beta.8" "test" "--frozen" "--release", kill_on_drop: false }`
[INFO] [stderr]     Finished `release` profile [optimized] target(s) in 0.24s
[INFO] [stderr]      Running unittests src/lib.rs (/opt/rustwide/target/release/deps/weavatrix_graph-b4af477204116124)
[INFO] [stdout] 
[INFO] [stdout] running 2 tests
[INFO] [stdout] test graph::index::tests::dangling_endpoints_are_reported_by_side ... ok
[INFO] [stdout] test graph::index::tests::canonical_order_matches_the_pre_sorted_path ... ok
[INFO] [stderr]      Running tests/advanced_paths.rs (/opt/rustwide/target/release/deps/advanced_paths-12da931940bd640c)
[INFO] [stdout] 
[INFO] [stdout] test result: ok. 2 passed; 0 failed; 0 ignored; 0 measured; 0 filtered out; finished in 0.01s
[INFO] [stdout] 
[INFO] [stdout] 
[INFO] [stdout] running 3 tests
[INFO] [stdout] test bellman_ford_handles_negative_edges_and_reconstructs_paths ... ok
[INFO] [stdout] test astar_finds_the_weighted_path_and_honors_direction_and_filtering ... ok
[INFO] [stdout] test bellman_ford_rejects_only_reachable_negative_cycles_and_overflow ... ok
[INFO] [stdout] 
[INFO] [stdout] test result: ok. 3 passed; 0 failed; 0 ignored; 0 measured; 0 filtered out; finished in 0.00s
[INFO] [stdout] 
[INFO] [stderr]      Running tests/advanced_paths_competitor.rs (/opt/rustwide/target/release/deps/advanced_paths_competitor-fc8a6da65f6dfecf)
[INFO] [stdout] 
[INFO] [stdout] running 2 tests
[INFO] [stdout] test bellman_ford_matches_petgraph_with_cycles_and_negative_weights ... ok
[INFO] [stdout] test advanced_shortest_paths_match_petgraph_on_seeded_dags ... ok
[INFO] [stdout] 
[INFO] [stdout] test result: ok. 2 passed; 0 failed; 0 ignored; 0 measured; 0 filtered out; finished in 0.28s
[INFO] [stdout] 
[INFO] [stderr]      Running tests/algorithms.rs (/opt/rustwide/target/release/deps/algorithms-783cc65fc6827c62)
[INFO] [stdout] 
[INFO] [stdout] running 6 tests
[INFO] [stdout] test direction_and_edge_filters_limit_traversal ... ok
[INFO] [stdout] test dijkstra_supports_weights_filters_and_overflow_safe_relaxation ... ok
[INFO] [stdout] test breadth_depth_reachability_and_shortest_path_are_deterministic ... ok
[INFO] [stdout] test dinic_reports_edge_flows_and_the_min_cut_source_partition ... ok
[INFO] [stdout] test missing_or_stale_indices_are_safe ... ok
[INFO] [stderr]      Running tests/algorithms_competitor.rs (/opt/rustwide/target/release/deps/algorithms_competitor-021e5b4a72b6805f)
[INFO] [stdout] test components_cycles_and_topological_order_share_one_view_contract ... ok
[INFO] [stdout] 
[INFO] [stdout] test result: ok. 6 passed; 0 failed; 0 ignored; 0 measured; 0 filtered out; finished in 0.01s
[INFO] [stdout] 
[INFO] [stdout] 
[INFO] [stdout] running 1 test
[INFO] [stdout] test algorithms_match_petgraph_across_deterministic_random_graphs ... ok
[INFO] [stdout] 
[INFO] [stdout] test result: ok. 1 passed; 0 failed; 0 ignored; 0 measured; 0 filtered out; finished in 0.43s
[INFO] [stdout] 
[INFO] [stderr]      Running tests/analysis_algorithms.rs (/opt/rustwide/target/release/deps/analysis_algorithms-76719c2ea2c68765)
[INFO] [stdout] 
[INFO] [stdout] running 3 tests
[INFO] [stdout] test dag_transitive_results_are_canonical_and_reject_cycles ... ok
[INFO] [stdout] test page_rank_is_normalized_deterministic_and_filterable ... ok
[INFO] [stdout] test dominators_model_control_flow_and_ignore_unreachable_nodes ... ok
[INFO] [stdout] 
[INFO] [stdout] test result: ok. 3 passed; 0 failed; 0 ignored; 0 measured; 0 filtered out; finished in 0.00s
[INFO] [stdout] 
[INFO] [stderr]      Running tests/analysis_algorithms_competitor.rs (/opt/rustwide/target/release/deps/analysis_algorithms_competitor-e69266306ca5f431)
[INFO] [stdout] 
[INFO] [stdout] running 2 tests
[INFO] [stdout] test page_rank_matches_an_independent_standard_reference ... ok
[INFO] [stdout] test dominators_and_transitive_results_match_petgraph_on_seeded_graphs ... ok
[INFO] [stdout] 
[INFO] [stdout] test result: ok. 2 passed; 0 failed; 0 ignored; 0 measured; 0 filtered out; finished in 0.02s
[INFO] [stdout] 
[INFO] [stderr]      Running tests/architecture.rs (/opt/rustwide/target/release/deps/architecture-3382dfc51814f6c9)
[INFO] [stdout] 
[INFO] [stdout] running 6 tests
[INFO] [stdout] test dependency_declarations_are_not_duplicated ... ok
[INFO] [stdout] test canonical_kind_strings_are_unique_within_each_contract ... ok
[INFO] [stdout] test foundation_modules_use_facades_with_focused_leaf_files ... ok
[INFO] [stdout] test behavior_modules_use_facades_with_focused_leaf_files ... ok
[INFO] [stdout] test module_layout_uses_one_source_form ... ok
[INFO] [stdout] test rust_sources_stay_small_and_focused ... ok
[INFO] [stderr]      Running tests/biconnected.rs (/opt/rustwide/target/release/deps/biconnected-ee153414ad0bc2fd)
[INFO] [stdout] 
[INFO] [stdout] test result: ok. 6 passed; 0 failed; 0 ignored; 0 measured; 0 filtered out; finished in 0.06s
[INFO] [stdout] 
[INFO] [stdout] 
[INFO] [stdout] running 5 tests
[INFO] [stdout] test separates_cycles_bridge_and_cut_vertices_canonically ... ok
[INFO] [stdout] test seeded_blocks_match_an_exhaustive_definition_reference ... ok
[INFO] [stdout] test keeps_parallel_edges_together_and_self_loops_separate ... ok
[INFO] [stdout] test filtering_is_single_pass_and_changes_the_induced_blocks ... ok
[INFO] [stdout] test iterative_search_handles_a_deep_repository_chain ... ok
[INFO] [stdout] 
[INFO] [stdout] test result: ok. 5 passed; 0 failed; 0 ignored; 0 measured; 0 filtered out; finished in 0.12s
[INFO] [stdout] 
[INFO] [stderr]      Running tests/boundary.rs (/opt/rustwide/target/release/deps/boundary-4e36d42902a193a7)
[INFO] [stdout] 
[INFO] [stdout] running 2 tests
[INFO] [stdout] test runtime_dependencies_are_serde_plus_optional_rayon ... FAILED
[INFO] [stdout] test library_has_no_process_network_or_unscoped_unsafe_path ... ok
[INFO] [stdout] 
[INFO] [stdout] failures:
[INFO] [stdout] 
[INFO] [stdout] ---- runtime_dependencies_are_serde_plus_optional_rayon stdout ----
[INFO] [stdout] 
[INFO] [stdout] thread 'runtime_dependencies_are_serde_plus_optional_rayon' (3001) panicked at tests/boundary.rs:47:10:
[INFO] [stdout] called `Option::unwrap()` on a `None` value
[INFO] [stdout] stack backtrace:
[INFO] [stdout]    0:     0x653eec4d10d1 - <<std[70759c8f55707aa4]::sys::backtrace::BacktraceLock>::print::DisplayBacktrace as core[df12db4294e9bfd3]::fmt::Display>::fmt
[INFO] [stdout]    1:     0x653eec4e563a - core[df12db4294e9bfd3]::fmt::write
[INFO] [stdout]    2:     0x653eec4d585c - <alloc[2182bb758b4b3781]::vec::Vec<u8> as core[df12db4294e9bfd3]::io::write::Write>::write_fmt
[INFO] [stdout]    3:     0x653eec4acb46 - std[70759c8f55707aa4]::panicking::default_hook::{closure#0}
[INFO] [stdout]    4:     0x653eec4c92b9 - std[70759c8f55707aa4]::panicking::default_hook
[INFO] [stdout]    5:     0x653eec464af0 - test[9d35eded1c95d3be]::test_main_inner::<test[9d35eded1c95d3be]::test_main_static::{closure#0}>::{closure#0}
[INFO] [stdout]    6:     0x653eec4c9472 - std[70759c8f55707aa4]::panicking::panic_with_hook
[INFO] [stdout]    7:     0x653eec4acc24 - std[70759c8f55707aa4]::panicking::panic_handler::{closure#0}
[INFO] [stdout]    8:     0x653eec4a5749 - std[70759c8f55707aa4]::sys::backtrace::__rust_end_short_backtrace::<std[70759c8f55707aa4]::panicking::panic_handler::{closure#0}, !>
[INFO] [stdout]    9:     0x653eec4ad7ed - __rustc[8fa7c3cbc660c2b3]::rust_begin_unwind
[INFO] [stdout]   10:     0x653eec4e5d6c - core[df12db4294e9bfd3]::panicking::panic_fmt
[INFO] [stdout]   11:     0x653eec4e5d32 - core[df12db4294e9bfd3]::panicking::panic
[INFO] [stdout]   12:     0x653eec4e5ae9 - core[df12db4294e9bfd3]::option::unwrap_failed
[INFO] [stdout]   13:     0x653eec45463b - <boundary[1973bf16a9e14c60]::runtime_dependencies_are_serde_plus_optional_rayon::{closure#0} as core[df12db4294e9bfd3]::ops::function::FnOnce<()>>::call_once
[INFO] [stdout]   14:     0x653eec457ddb - test[9d35eded1c95d3be]::__rust_begin_short_backtrace::<core[df12db4294e9bfd3]::result::Result<(), alloc[2182bb758b4b3781]::string::String>, fn() -> core[df12db4294e9bfd3]::result::Result<(), alloc[2182bb758b4b3781]::string::String>>
[INFO] [stdout]   15:     0x653eec465445 - test[9d35eded1c95d3be]::run_test::{closure#0}
[INFO] [stdout]   16:     0x653eec45ed04 - std[70759c8f55707aa4]::sys::backtrace::__rust_begin_short_backtrace::<test[9d35eded1c95d3be]::run_test::{closure#1}, ()>
[INFO] [stdout]   17:     0x653eec4685a2 - <std[70759c8f55707aa4]::thread::lifecycle::spawn_unchecked<test[9d35eded1c95d3be]::run_test::{closure#1}, ()>::{closure#1} as core[df12db4294e9bfd3]::ops::function::FnOnce<()>>::call_once::{shim:vtable#0}
[INFO] [stdout]   18:     0x653eec4d0639 - <std[70759c8f55707aa4]::sys::thread::unix::Thread>::new::thread_start
[INFO] [stdout]   19:     0x7244f5e2ddfa - <unknown>
[INFO] [stdout]   20:     0x7244f5ec13d4 - clone
[INFO] [stdout]   21:                0x0 - <unknown>
[INFO] [stdout] 
[INFO] [stdout] 
[INFO] [stdout] failures:
[INFO] [stdout]     runtime_dependencies_are_serde_plus_optional_rayon
[INFO] [stdout] 
[INFO] [stdout] test result: FAILED. 1 passed; 1 failed; 0 ignored; 0 measured; 0 filtered out; finished in 0.01s
[INFO] [stdout] 
[INFO] [stderr] error: test failed, to rerun pass `--test boundary`
[INFO] running `Command { std: "docker" "inspect" "81ea7cadd460f00b0166c4c98154100a592f6b225d1c598834052ae8de4f259e", kill_on_drop: false }`
[INFO] running `Command { std: "docker" "rm" "-f" "81ea7cadd460f00b0166c4c98154100a592f6b225d1c598834052ae8de4f259e", kill_on_drop: false }`
[INFO] [stdout] 81ea7cadd460f00b0166c4c98154100a592f6b225d1c598834052ae8de4f259e
