[INFO] fetching crate weathr 1.4.0...
[INFO] testing weathr-1.4.0 against 1.100.0-beta.1+cargoflags=--release for beta-release-1.100-2
[INFO] extracting crate weathr 1.4.0 into /workspace/builds/worker-4-tc2/source
[INFO] started tweaking crates.io crate weathr 1.4.0
[INFO] removed 0 missing tests
[INFO] finished tweaking crates.io crate weathr 1.4.0
[INFO] tweaked toml for crates.io crate weathr 1.4.0 written to /workspace/builds/worker-4-tc2/source/Cargo.toml
[INFO] validating manifest of crates.io crate weathr 1.4.0 on toolchain 1.100.0-beta.1
[INFO] running `Command { std: CARGO_HOME="/workspace/cargo-home" RUSTUP_HOME="/workspace/rustup-home" "/workspace/cargo-home/bin/cargo" "+1.100.0-beta.1" "metadata" "--manifest-path" "Cargo.toml" "--no-deps", kill_on_drop: false }`
[INFO] crate crates.io crate weathr 1.4.0 already has a lockfile, it will not be regenerated
[INFO] running `Command { std: CARGO_HOME="/workspace/cargo-home" RUSTUP_HOME="/workspace/rustup-home" "/workspace/cargo-home/bin/cargo" "+1.100.0-beta.1" "fetch" "--manifest-path" "Cargo.toml", kill_on_drop: false }`
[INFO] [stderr] warning: `package.homepage` is redundant with `package.repository`
[INFO] [stderr]   --> Cargo.toml:65:12
[INFO] [stderr]    |
[INFO] [stderr] 65 | homepage = "https://github.com/veirt/weathr"
[INFO] [stderr]    |            ^^^^^^^^^^^^^^^^^^^^^^^^^^^^^^^^^
[INFO] [stderr] ...
[INFO] [stderr] 70 | repository = "https://github.com/veirt/weathr"
[INFO] [stderr]    |              ---------------------------------
[INFO] [stderr]    |
[INFO] [stderr]    = note: `cargo::redundant_homepage` is set to `warn` by default
[INFO] [stderr] help: consider removing `package.homepage`
[INFO] [stderr] warning: `weathr` (manifest) generated 1 warning
[INFO] running `Command { std: "docker" "create" "-v" "/var/lib/crater-agent-workspace/builds/worker-4-tc2/source:/opt/rustwide/workdir:ro,Z" "-v" "/var/lib/crater-agent-workspace/builds/worker-4-tc2/target:/opt/rustwide/target:rw,Z" "-v" "/var/lib/crater-agent-workspace/cargo-home:/opt/rustwide/cargo-home:ro,Z" "-v" "/var/lib/crater-agent-workspace/rustup-home:/opt/rustwide/rustup-home:ro,Z" "-m" "1610612736" "--network" "none" "ghcr.io/rust-lang/crates-build-env/linux@sha256:77db811e55d90add9212f6832c23229e3de5f1c1f9905e8cb07319ea15df73ac" "sleep" "infinity", kill_on_drop: false }`
[INFO] [stdout] 5add669b23423fb3156c5cb6cc56d06cbf083cbef10d7bd012e9ea68a9307244
[INFO] running `Command { std: "docker" "start" "5add669b23423fb3156c5cb6cc56d06cbf083cbef10d7bd012e9ea68a9307244", kill_on_drop: false }`
[INFO] running `Command { std: "docker" "inspect" "5add669b23423fb3156c5cb6cc56d06cbf083cbef10d7bd012e9ea68a9307244", kill_on_drop: false }`
[INFO] running `Command { std: "docker" "exec" "-e" "SOURCE_DIR=/opt/rustwide/workdir" "-e" "CARGO_HOME=/opt/rustwide/cargo-home" "-e" "RUSTUP_HOME=/opt/rustwide/rustup-home" "-e" "CARGO_TARGET_DIR=/opt/rustwide/target" "-w" "/opt/rustwide/workdir" "--user" "0:0" "5add669b23423fb3156c5cb6cc56d06cbf083cbef10d7bd012e9ea68a9307244" "/opt/rustwide/cargo-home/bin/cargo" "+1.100.0-beta.1" "metadata" "--no-deps" "--format-version=1", kill_on_drop: false }`
[INFO] running `Command { std: "docker" "inspect" "5add669b23423fb3156c5cb6cc56d06cbf083cbef10d7bd012e9ea68a9307244", kill_on_drop: false }`
[INFO] running `Command { std: "docker" "exec" "-e" "SOURCE_DIR=/opt/rustwide/workdir" "-e" "CARGO_HOME=/opt/rustwide/cargo-home" "-e" "RUSTUP_HOME=/opt/rustwide/rustup-home" "-e" "CARGO_TARGET_DIR=/opt/rustwide/target" "-e" "CARGO_INCREMENTAL=0" "-e" "RUST_BACKTRACE=full" "-e" "RUSTFLAGS=--cap-lints=warn" "-e" "RUSTDOCFLAGS=--cap-lints=warn" "-w" "/opt/rustwide/workdir" "--user" "0:0" "5add669b23423fb3156c5cb6cc56d06cbf083cbef10d7bd012e9ea68a9307244" "/opt/rustwide/cargo-home/bin/cargo" "+1.100.0-beta.1" "build" "--frozen" "--message-format=json" "--release", kill_on_drop: false }`
[INFO] [stderr] warning: `package.homepage` is redundant with `package.repository`
[INFO] [stderr]   --> Cargo.toml:65:12
[INFO] [stderr]    |
[INFO] [stderr] 65 | homepage = "https://github.com/veirt/weathr"
[INFO] [stderr]    |            ^^^^^^^^^^^^^^^^^^^^^^^^^^^^^^^^^
[INFO] [stderr] ...
[INFO] [stderr] 70 | repository = "https://github.com/veirt/weathr"
[INFO] [stderr]    |              ---------------------------------
[INFO] [stderr]    |
[INFO] [stderr]    = note: `cargo::redundant_homepage` is set to `warn` by default
[INFO] [stderr] help: consider removing `package.homepage`
[INFO] [stderr] warning: `weathr` (manifest) generated 1 warning
[INFO] [stderr]    Compiling proc-macro2 v1.0.106
[INFO] [stderr]    Compiling unicode-ident v1.0.23
[INFO] [stderr]    Compiling quote v1.0.44
[INFO] [stderr]    Compiling libc v0.2.181
[INFO] [stderr]    Compiling shlex v1.3.0
[INFO] [stderr]    Compiling log v0.4.29
[INFO] [stderr]    Compiling stable_deref_trait v1.2.1
[INFO] [stderr]    Compiling find-msvc-tools v0.1.9
[INFO] [stderr]    Compiling pin-project-lite v0.2.16
[INFO] [stderr]    Compiling bytes v1.11.1
[INFO] [stderr]    Compiling futures-core v0.3.31
[INFO] [stderr]    Compiling fs_extra v1.3.0
[INFO] [stderr]    Compiling dunce v1.0.5
[INFO] [stderr]    Compiling smallvec v1.15.1
[INFO] [stderr]    Compiling once_cell v1.21.3
[INFO] [stderr]    Compiling itoa v1.0.17
[INFO] [stderr]    Compiling zeroize v1.8.2
[INFO] [stderr]    Compiling aws-lc-rs v1.15.4
[INFO] [stderr]    Compiling cfg-if v1.0.4
[INFO] [stderr]    Compiling litemap v0.8.1
[INFO] [stderr]    Compiling writeable v0.6.2
[INFO] [stderr]    Compiling serde_core v1.0.228
[INFO] [stderr]    Compiling pin-utils v0.1.0
[INFO] [stderr]    Compiling icu_properties_data v2.1.2
[INFO] [stderr]    Compiling icu_normalizer_data v2.1.1
[INFO] [stderr]    Compiling tracing-core v0.1.36
[INFO] [stderr]    Compiling httparse v1.10.1
[INFO] [stderr]    Compiling rustls-pki-types v1.14.0
[INFO] [stderr]    Compiling untrusted v0.9.0
[INFO] [stderr]    Compiling futures-task v0.3.31
[INFO] [stderr]    Compiling rustls v0.23.36
[INFO] [stderr]    Compiling equivalent v1.0.2
[INFO] [stderr]    Compiling futures-sink v0.3.31
[INFO] [stderr]    Compiling hashbrown v0.16.1
[INFO] [stderr]    Compiling fnv v1.0.7
[INFO] [stderr]    Compiling try-lock v0.2.5
[INFO] [stderr]    Compiling futures-util v0.3.31
[INFO] [stderr]    Compiling utf8parse v0.2.2
[INFO] [stderr]    Compiling tower-service v0.3.3
[INFO] [stderr]    Compiling atomic-waker v1.1.2
[INFO] [stderr]    Compiling tracing v0.1.44
[INFO] [stderr]    Compiling subtle v2.6.1
[INFO] [stderr]    Compiling percent-encoding v2.3.2
[INFO] [stderr]    Compiling slab v0.4.12
[INFO] [stderr]    Compiling anstyle-parse v0.2.7
[INFO] [stderr]    Compiling want v0.3.1
[INFO] [stderr]    Compiling futures-channel v0.3.31
[INFO] [stderr]    Compiling parking_lot_core v0.9.12
[INFO] [stderr]    Compiling anstyle v1.0.13
[INFO] [stderr]    Compiling zmij v1.0.20
[INFO] [stderr]    Compiling signal-hook v0.3.18
[INFO] [stderr]    Compiling is_terminal_polyfill v1.70.2
[INFO] [stderr]    Compiling unicode-segmentation v1.12.0
[INFO] [stderr]    Compiling bitflags v2.10.0
[INFO] [stderr]    Compiling autocfg v1.5.0
[INFO] [stderr]    Compiling colorchoice v1.0.4
[INFO] [stderr]    Compiling anstyle-query v1.1.5
[INFO] [stderr]    Compiling sync_wrapper v1.0.2
[INFO] [stderr]    Compiling ipnet v2.11.0
[INFO] [stderr]    Compiling serde v1.0.228
[INFO] [stderr]    Compiling anstream v0.6.21
[INFO] [stderr]    Compiling utf8_iter v1.0.4
[INFO] [stderr]    Compiling scopeguard v1.2.0
[INFO] [stderr]    Compiling tower-layer v0.3.3
[INFO] [stderr]    Compiling rand_core v0.10.0
[INFO] [stderr]    Compiling rustix v1.1.3
[INFO] [stderr]    Compiling getrandom v0.4.1
[INFO] [stderr]    Compiling strsim v0.11.1
[INFO] [stderr]    Compiling num-traits v0.2.19
[INFO] [stderr]    Compiling http v1.4.0
[INFO] [stderr]    Compiling serde_json v1.0.149
[INFO] [stderr]    Compiling syn v2.0.114
[INFO] [stderr]    Compiling convert_case v0.10.0
[INFO] [stderr]    Compiling base64 v0.22.1
[INFO] [stderr]    Compiling openssl-probe v0.2.1
[INFO] [stderr]    Compiling clap_lex v0.7.7
[INFO] [stderr]    Compiling heck v0.5.0
[INFO] [stderr]    Compiling rustls-native-certs v0.8.3
[INFO] [stderr]    Compiling errno v0.3.14
[INFO] [stderr]    Compiling mio v1.1.1
[INFO] [stderr]    Compiling socket2 v0.6.2
[INFO] [stderr]    Compiling indexmap v2.13.0
[INFO] [stderr]    Compiling clap_builder v4.5.57
[INFO] [stderr]    Compiling signal-hook-registry v1.4.8
[INFO] [stderr]    Compiling lock_api v0.4.14
[INFO] [stderr]    Compiling jobserver v0.1.34
[INFO] [stderr]    Compiling form_urlencoded v1.2.2
[INFO] [stderr]    Compiling http-body v1.0.1
[INFO] [stderr]    Compiling winnow v0.7.14
[INFO] [stderr]    Compiling linux-raw-sys v0.11.0
[INFO] [stderr]    Compiling iri-string v0.7.10
[INFO] [stderr]    Compiling litrs v1.0.0
[INFO] [stderr]    Compiling option-ext v0.2.0
[INFO] [stderr]    Compiling memchr v2.8.0
[INFO] [stderr]    Compiling cc v1.2.55
[INFO] [stderr]    Compiling thiserror v2.0.18
[INFO] [stderr]    Compiling cpufeatures v0.3.0
[INFO] [stderr]    Compiling chacha20 v0.10.0
[INFO] [stderr]    Compiling signal-hook-mio v0.2.5
[INFO] [stderr]    Compiling dirs-sys v0.5.0
[INFO] [stderr]    Compiling http-body-util v0.1.3
[INFO] [stderr]    Compiling parking_lot v0.12.5
[INFO] [stderr]    Compiling encoding_rs v0.8.35
[INFO] [stderr]    Compiling mime v0.3.17
[INFO] [stderr]    Compiling iana-time-zone v0.1.65
[INFO] [stderr]    Compiling document-features v0.2.12
[INFO] [stderr]    Compiling toml_writer v1.0.6+spec-1.1.0
[INFO] [stderr]    Compiling rand v0.10.0
[INFO] [stderr]    Compiling dirs v6.0.0
[INFO] [stderr]    Compiling cmake v0.1.57
[INFO] [stderr]    Compiling serde_spanned v1.0.4
[INFO] [stderr]    Compiling toml_datetime v0.7.5+spec-1.1.0
[INFO] [stderr]    Compiling aws-lc-sys v0.37.1
[INFO] [stderr]    Compiling chrono v0.4.43
[INFO] [stderr]    Compiling toml_parser v1.0.7+spec-1.1.0
[INFO] [stderr]    Compiling toml v0.9.12+spec-1.1.0
[INFO] [stderr]    Compiling synstructure v0.13.2
[INFO] [stderr]    Compiling zerovec-derive v0.11.2
[INFO] [stderr]    Compiling displaydoc v0.2.5
[INFO] [stderr]    Compiling tokio-macros v2.6.0
[INFO] [stderr]    Compiling zerofrom-derive v0.1.6
[INFO] [stderr]    Compiling yoke-derive v0.8.1
[INFO] [stderr]    Compiling clap_derive v4.5.55
[INFO] [stderr]    Compiling derive_more-impl v2.1.1
[INFO] [stderr]    Compiling serde_derive v1.0.228
[INFO] [stderr]    Compiling thiserror-impl v2.0.18
[INFO] [stderr]    Compiling async-trait v0.1.89
[INFO] [stderr]    Compiling tokio v1.49.0
[INFO] [stderr]    Compiling zerofrom v0.1.6
[INFO] [stderr]    Compiling yoke v0.8.1
[INFO] [stderr]    Compiling derive_more v2.1.1
[INFO] [stderr]    Compiling crossterm v0.29.0
[INFO] [stderr]    Compiling zerovec v0.11.5
[INFO] [stderr]    Compiling zerotrie v0.2.3
[INFO] [stderr]    Compiling tinystr v0.8.2
[INFO] [stderr]    Compiling potential_utf v0.1.4
[INFO] [stderr]    Compiling clap v4.5.57
[INFO] [stderr]    Compiling clap_complete v4.5.66
[INFO] [stderr]    Compiling icu_collections v2.1.1
[INFO] [stderr]    Compiling icu_locale_core v2.1.1
[INFO] [stderr]    Compiling icu_provider v2.1.1
[INFO] [stderr]    Compiling icu_properties v2.1.2
[INFO] [stderr]    Compiling icu_normalizer v2.1.1
[INFO] [stderr]    Compiling idna_adapter v1.2.1
[INFO] [stderr]    Compiling idna v1.1.0
[INFO] [stderr]    Compiling url v2.5.8
[INFO] [stderr]    Compiling tokio-util v0.7.18
[INFO] [stderr]    Compiling tower v0.5.3
[INFO] [stderr]    Compiling h2 v0.4.13
[INFO] [stderr]    Compiling tower-http v0.6.8
[INFO] [stderr]    Compiling hyper v1.8.1
[INFO] [stderr]    Compiling hyper-util v0.1.20
[INFO] [stderr]    Compiling rustls-webpki v0.103.9
[INFO] [stderr]    Compiling tokio-rustls v0.26.4
[INFO] [stderr]    Compiling rustls-platform-verifier v0.6.2
[INFO] [stderr]    Compiling hyper-rustls v0.27.7
[INFO] [stderr]    Compiling reqwest v0.13.2
[INFO] [stderr]    Compiling weathr v1.4.0 (/opt/rustwide/workdir)
[INFO] [stderr]     Finished `release` profile [optimized] target(s) in 2m 35s
[INFO] running `Command { std: "docker" "inspect" "5add669b23423fb3156c5cb6cc56d06cbf083cbef10d7bd012e9ea68a9307244", kill_on_drop: false }`
[INFO] running `Command { std: "docker" "exec" "-e" "SOURCE_DIR=/opt/rustwide/workdir" "-e" "CARGO_HOME=/opt/rustwide/cargo-home" "-e" "RUSTUP_HOME=/opt/rustwide/rustup-home" "-e" "CARGO_TARGET_DIR=/opt/rustwide/target" "-e" "CARGO_INCREMENTAL=0" "-e" "RUST_BACKTRACE=full" "-e" "RUSTFLAGS=--cap-lints=warn" "-e" "RUSTDOCFLAGS=--cap-lints=warn" "-w" "/opt/rustwide/workdir" "--user" "0:0" "5add669b23423fb3156c5cb6cc56d06cbf083cbef10d7bd012e9ea68a9307244" "/opt/rustwide/cargo-home/bin/cargo" "+1.100.0-beta.1" "test" "--frozen" "--no-run" "--message-format=json" "--release", kill_on_drop: false }`
[INFO] [stderr] warning: `package.homepage` is redundant with `package.repository`
[INFO] [stderr]   --> Cargo.toml:65:12
[INFO] [stderr]    |
[INFO] [stderr] 65 | homepage = "https://github.com/veirt/weathr"
[INFO] [stderr]    |            ^^^^^^^^^^^^^^^^^^^^^^^^^^^^^^^^^
[INFO] [stderr] ...
[INFO] [stderr] 70 | repository = "https://github.com/veirt/weathr"
[INFO] [stderr]    |              ---------------------------------
[INFO] [stderr]    |
[INFO] [stderr]    = note: `cargo::redundant_homepage` is set to `warn` by default
[INFO] [stderr] help: consider removing `package.homepage`
[INFO] [stderr] warning: `weathr` (manifest) generated 1 warning
[INFO] [stderr]    Compiling weathr v1.4.0 (/opt/rustwide/workdir)
[INFO] [stderr]     Finished `release` profile [optimized] target(s) in 1m 08s
[INFO] running `Command { std: "docker" "inspect" "5add669b23423fb3156c5cb6cc56d06cbf083cbef10d7bd012e9ea68a9307244", kill_on_drop: false }`
[INFO] running `Command { std: "docker" "exec" "-e" "SOURCE_DIR=/opt/rustwide/workdir" "-e" "CARGO_HOME=/opt/rustwide/cargo-home" "-e" "RUSTUP_HOME=/opt/rustwide/rustup-home" "-e" "CARGO_TARGET_DIR=/opt/rustwide/target" "-e" "CARGO_INCREMENTAL=0" "-e" "RUST_BACKTRACE=full" "-e" "RUSTFLAGS=--cap-lints=warn" "-e" "RUSTDOCFLAGS=--cap-lints=warn" "-w" "/opt/rustwide/workdir" "--user" "0:0" "5add669b23423fb3156c5cb6cc56d06cbf083cbef10d7bd012e9ea68a9307244" "/opt/rustwide/cargo-home/bin/cargo" "+1.100.0-beta.1" "test" "--frozen" "--release", kill_on_drop: false }`
[INFO] [stderr] warning: `package.homepage` is redundant with `package.repository`
[INFO] [stderr]   --> Cargo.toml:65:12
[INFO] [stderr]    |
[INFO] [stderr] 65 | homepage = "https://github.com/veirt/weathr"
[INFO] [stderr]    |            ^^^^^^^^^^^^^^^^^^^^^^^^^^^^^^^^^
[INFO] [stderr] ...
[INFO] [stderr] 70 | repository = "https://github.com/veirt/weathr"
[INFO] [stderr]    |              ---------------------------------
[INFO] [stderr]    |
[INFO] [stderr]    = note: `cargo::redundant_homepage` is set to `warn` by default
[INFO] [stderr] help: consider removing `package.homepage`
[INFO] [stderr] warning: `weathr` (manifest) generated 1 warning
[INFO] [stderr]     Finished `release` profile [optimized] target(s) in 0.29s
[INFO] [stderr]      Running unittests src/lib.rs (/opt/rustwide/target/release/build/weathr/e45366e738dd51c5/out/weathr-e45366e738dd51c5)
[INFO] [stdout] 
[INFO] [stdout] running 40 tests
[INFO] [stdout] test config::tests::test_config_deserialize_valid ... ok
[INFO] [stdout] test config::tests::test_city_name_language_explicit_auto ... ok
[INFO] [stdout] test config::tests::test_config_load_from_path_file_not_found ... ok
[INFO] [stdout] test config::tests::test_config_load_from_path_invalid_toml ... ok
[INFO] [stdout] test config::tests::test_city_name_language_explicit_en ... ok
[INFO] [stdout] test config::tests::test_config_deserialize_negative_coordinates ... ok
[INFO] [stdout] test config::tests::test_config_missing_longitude ... ok
[INFO] [stdout] test config::tests::test_config_load_from_path_success ... ok
[INFO] [stdout] test config::tests::test_city_name_language_explicit_ru ... ok
[INFO] [stdout] test config::tests::test_config_missing_latitude ... ok
[INFO] [stdout] test config::tests::test_city_name_language_default ... ok
[INFO] [stdout] test config::tests::test_env_var_invalid_latitude ... ok
[INFO] [stdout] test config::tests::test_env_var_invalid_longitude ... ok
[INFO] [stdout] test config::tests::test_env_var_longitude_override ... ok
[INFO] [stdout] test config::tests::test_env_var_latitude_override ... ok
[INFO] [stdout] test config::tests::test_env_var_overrides_config_file_values ... ok
[INFO] [stdout] test config::tests::test_location_boundary_values ... ok
[INFO] [stdout] test config::tests::test_location_city_field ... ok
[INFO] [stdout] test config::tests::test_location_zero_coordinates ... ok
[INFO] [stdout] test config::tests::test_validation_invalid_latitude_high ... ok
[INFO] [stdout] test config::tests::test_config_units_default ... ok
[INFO] [stdout] test config::tests::test_validation_invalid_longitude_high ... ok
[INFO] [stdout] test config::tests::test_location_display_default ... ok
[INFO] [stdout] test config::tests::test_env_var_both_override ... ok
[INFO] [stdout] test render::capabilities::tests::test_adjust_color_basic ... ok
[INFO] [stdout] test render::capabilities::tests::test_adjust_color_truecolor ... ok
[INFO] [stdout] test config::tests::test_validation_invalid_latitude_low ... ok
[INFO] [stdout] test render::capabilities::tests::test_adjust_color_none ... ok
[INFO] [stdout] test config::tests::test_validation_invalid_longitude_low ... ok
[INFO] [stdout] test config::tests::test_validation_valid_config ... ok
[INFO] [stdout] test render::capabilities::tests::test_adjust_color_ansi256 ... ok
[INFO] [stdout] test config::tests::test_location_city_field_default_none ... ok
[INFO] [stdout] test weather::normalizer::tests::test_normalize_response ... ok
[INFO] [stdout] test config::tests::test_location_display_city ... ok
[INFO] [stdout] test weather::open_meteo::tests::test_unit_conversion_params ... ok
[INFO] [stdout] test config::tests::test_location_display_coordinates ... ok
[INFO] [stdout] test config::tests::test_location_display_mixed ... ok
[INFO] [stdout] test weather::normalizer::tests::test_wmo_code_mapping ... ok
[INFO] [stdout] test config::tests::test_config_units_custom ... ok
[INFO] [stdout] test weather::client::tests::test_cache_invalidation ... ok
[INFO] [stdout] 
[INFO] [stdout] test result: ok. 40 passed; 0 failed; 0 ignored; 0 measured; 0 filtered out; finished in 0.81s
[INFO] [stdout] 
[INFO] [stderr]      Running unittests src/main.rs (/opt/rustwide/target/release/build/weathr/047ada0085055507/out/weathr-047ada0085055507)
[INFO] [stdout] 
[INFO] [stdout] running 51 tests
[INFO] [stdout] test app_state::tests::test_display_city_mode_with_city ... ok
[INFO] [stdout] test app_state::tests::test_display_mixed_mode_without_city_falls_back ... ok
[INFO] [stdout] test app_state::tests::test_sydney_coordinates ... ok
[INFO] [stdout] test config::tests::test_city_name_language_default ... ok
[INFO] [stdout] test app_state::tests::test_london_coordinates ... ok
[INFO] [stdout] test config::tests::test_city_name_language_explicit_auto ... ok
[INFO] [stdout] test app_state::tests::test_display_mixed_mode_with_city ... ok
[INFO] [stdout] test config::tests::test_config_load_from_path_success ... ok
[INFO] [stdout] test config::tests::test_config_load_from_path_invalid_toml ... ok
[INFO] [stdout] test config::tests::test_config_missing_latitude ... ok
[INFO] [stdout] test config::tests::test_city_name_language_explicit_en ... ok
[INFO] [stdout] test app_state::tests::test_tokyo_coordinates ... ok
[INFO] [stdout] test config::tests::test_config_deserialize_valid ... ok
[INFO] [stdout] test config::tests::test_env_var_invalid_longitude ... ok
[INFO] [stdout] test config::tests::test_env_var_both_override ... ok
[INFO] [stdout] test config::tests::test_env_var_latitude_override ... ok
[INFO] [stdout] test config::tests::test_location_boundary_values ... ok
[INFO] [stdout] test config::tests::test_env_var_longitude_override ... ok
[INFO] [stdout] test app_state::tests::test_new_york_coordinates ... ok
[INFO] [stdout] test config::tests::test_config_load_from_path_file_not_found ... ok
[INFO] [stdout] test config::tests::test_location_city_field_default_none ... ok
[INFO] [stdout] test app_state::tests::test_equator_prime_meridian ... ok
[INFO] [stdout] test config::tests::test_location_display_city ... ok
[INFO] [stdout] test config::tests::test_location_display_coordinates ... ok
[INFO] [stdout] test app_state::tests::test_sao_paulo_coordinates ... ok
[INFO] [stdout] test config::tests::test_location_display_default ... ok
[INFO] [stdout] test config::tests::test_location_display_mixed ... ok
[INFO] [stdout] test config::tests::test_location_zero_coordinates ... ok
[INFO] [stdout] test config::tests::test_validation_invalid_latitude_low ... ok
[INFO] [stdout] test config::tests::test_validation_invalid_longitude_high ... ok
[INFO] [stdout] test app_state::tests::test_display_coordinates_mode ... ok
[INFO] [stdout] test config::tests::test_config_units_default ... ok
[INFO] [stdout] test config::tests::test_validation_invalid_longitude_low ... ok
[INFO] [stdout] test config::tests::test_env_var_overrides_config_file_values ... ok
[INFO] [stdout] test config::tests::test_config_deserialize_negative_coordinates ... ok
[INFO] [stdout] test app_state::tests::test_display_city_mode_without_city_falls_back ... ok
[INFO] [stdout] test render::capabilities::tests::test_adjust_color_ansi256 ... ok
[INFO] [stdout] test render::capabilities::tests::test_adjust_color_basic ... ok
[INFO] [stdout] test weather::normalizer::tests::test_wmo_code_mapping ... ok
[INFO] [stdout] test weather::open_meteo::tests::test_unit_conversion_params ... ok
[INFO] [stdout] test render::capabilities::tests::test_adjust_color_none ... ok
[INFO] [stdout] test config::tests::test_validation_invalid_latitude_high ... ok
[INFO] [stdout] test config::tests::test_validation_valid_config ... ok
[INFO] [stdout] test render::capabilities::tests::test_adjust_color_truecolor ... ok
[INFO] [stdout] test config::tests::test_config_missing_longitude ... ok
[INFO] [stdout] test config::tests::test_location_city_field ... ok
[INFO] [stdout] test config::tests::test_city_name_language_explicit_ru ... ok
[INFO] [stdout] test weather::normalizer::tests::test_normalize_response ... ok
[INFO] [stdout] test config::tests::test_config_units_custom ... ok
[INFO] [stdout] test config::tests::test_env_var_invalid_latitude ... ok
[INFO] [stdout] test weather::client::tests::test_cache_invalidation ... ok
[INFO] [stdout] 
[INFO] [stdout] test result: ok. 51 passed; 0 failed; 0 ignored; 0 measured; 0 filtered out; finished in 0.05s
[INFO] [stdout] 
[INFO] [stderr]      Running tests/config_integration_test.rs (/opt/rustwide/target/release/build/weathr/8e6272b08e0f8591/out/config_integration_test-8e6272b08e0f8591)
[INFO] [stdout] 
[INFO] [stdout] running 10 tests
[INFO] [stdout] test test_config_integration_city_and_display ... ok
[INFO] [stdout] test test_config_integration_display_mixed ... ok
[INFO] [stdout] test test_config_integration_city_name_language ... ok
[INFO] [stdout] test test_config_integration_display_defaults_to_coordinates ... ok
[INFO] [stdout] test test_config_integration_missing_fields ... ok
[INFO] [stdout] test test_config_integration_city_name_language_defaults_to_auto ... ok
[INFO] [stdout] test test_config_integration_malformed_toml ... ok
[INFO] [stdout] test test_config_integration_extra_whitespace ... ok
[INFO] [stdout] test test_config_integration_realistic_coordinates ... ok
[INFO] [stdout] test test_config_integration_load_valid_file ... ok
[INFO] [stdout] 
[INFO] [stdout] test result: ok. 10 passed; 0 failed; 0 ignored; 0 measured; 0 filtered out; finished in 0.01s
[INFO] [stdout] 
[INFO] [stderr]      Running tests/error_test.rs (/opt/rustwide/target/release/build/weathr/8b5622cc946c6bad/out/error_test-8b5622cc946c6bad)
[INFO] [stdout] 
[INFO] [stdout] running 7 tests
[INFO] [stdout] test test_config_error_display ... ok
[INFO] [stdout] test test_config_error_kind ... ok
[INFO] [stdout] test test_network_error_user_friendly_message ... ok
[INFO] [stdout] test test_network_error_is_retryable ... ok
[INFO] [stdout] test test_geolocation_error_user_friendly_message ... ok
[INFO] [stdout] test test_geolocation_error_all_network_variants ... ok
[INFO] [stdout] test test_terminal_error_user_friendly_message ... ok
[INFO] [stdout] 
[INFO] [stdout] test result: ok. 7 passed; 0 failed; 0 ignored; 0 measured; 0 filtered out; finished in 0.00s
[INFO] [stdout] 
[INFO] [stderr]      Running tests/weather_client_integration_test.rs (/opt/rustwide/target/release/build/weathr/041503c1faa7510e/out/weather_client_integration_test-041503c1faa7510e)
[INFO] [stdout] 
[INFO] [stdout] running 3 tests
[INFO] [stdout] test test_weather_client_integration_cache_behavior ... FAILED
[INFO] [stdout] test test_weather_client_integration_realistic_weather_ranges ... FAILED
[INFO] [stdout] test test_weather_client_integration_cache_invalidation ... FAILED
[INFO] [stdout] 
[INFO] [stdout] failures:
[INFO] [stdout] 
[INFO] [stdout] ---- test_weather_client_integration_cache_behavior stdout ----
[INFO] [stdout] 
[INFO] [stdout] thread 'test_weather_client_integration_cache_behavior' (4516) panicked at tests/weather_client_integration_test.rs:21:10:
[INFO] [stdout] First fetch should succeed: Network(Other(reqwest::Error { kind: Request, url: "https://api.open-meteo.com/v1/forecast?latitude=52.52&longitude=13.41&current=temperature_2m,relative_humidity_2m,apparent_temperature,is_day,precipitation,weather_code,cloud_cover,surface_pressure,wind_speed_10m,wind_direction_10m,visibility&temperature_unit=celsius&wind_speed_unit=kmh&precipitation_unit=mm&timezone=auto", source: hyper_util::client::legacy::Error(Connect, ConnectError("dns error", Custom { kind: Uncategorized, error: "failed to lookup address information: Temporary failure in name resolution" })) }))
[INFO] [stdout] stack backtrace:
[INFO] [stdout]    0:     0x616a7b8e2a06 - <unknown>
[INFO] [stdout]    1:     0x616a7b70d20a - <unknown>
[INFO] [stdout]    2:     0x616a7b8e8a9c - <unknown>
[INFO] [stdout]    3:     0x616a7b8be052 - <unknown>
[INFO] [stdout]    4:     0x616a7b8da281 - <unknown>
[INFO] [stdout]    5:     0x616a7b8da6c2 - <unknown>
[INFO] [stdout]    6:     0x616a7b8be102 - <unknown>
[INFO] [stdout]    7:     0x616a7b8b6b69 - <unknown>
[INFO] [stdout]    8:     0x616a7b8beedd - <unknown>
[INFO] [stdout]    9:     0x616a7b70d92c - <unknown>
[INFO] [stdout]   10:     0x616a7b70d702 - <unknown>
[INFO] [stdout]   11:     0x616a7b95fd55 - <unknown>
[INFO] [stdout]   12:     0x616a7b9581df - <unknown>
[INFO] [stdout]   13:     0x616a7b9678cf - <unknown>
[INFO] [stdout]   14:     0x616a7b8ea71b - <unknown>
[INFO] [stdout]   15:     0x616a7b8f85c4 - <unknown>
[INFO] [stdout]   16:     0x616a7b8f1cf4 - <unknown>
[INFO] [stdout]   17:     0x616a7b8fc382 - <unknown>
[INFO] [stdout]   18:     0x616a7b8e18a4 - <unknown>
[INFO] [stdout]   19:     0x761c4035ddfa - <unknown>
[INFO] [stdout]   20:     0x761c403f13d4 - clone
[INFO] [stdout]   21:                0x0 - <unknown>
[INFO] [stdout] 
[INFO] [stdout] ---- test_weather_client_integration_realistic_weather_ranges stdout ----
[INFO] [stdout] 
[INFO] [stdout] thread 'test_weather_client_integration_realistic_weather_ranges' (4518) panicked at tests/weather_client_integration_test.rs:81:10:
[INFO] [stdout] Should fetch weather: Network(Other(reqwest::Error { kind: Request, url: "https://api.open-meteo.com/v1/forecast?latitude=0&longitude=0&current=temperature_2m,relative_humidity_2m,apparent_temperature,is_day,precipitation,weather_code,cloud_cover,surface_pressure,wind_speed_10m,wind_direction_10m,visibility&temperature_unit=celsius&wind_speed_unit=kmh&precipitation_unit=mm&timezone=auto", source: hyper_util::client::legacy::Error(Connect, ConnectError("dns error", Custom { kind: Uncategorized, error: "failed to lookup address information: Temporary failure in name resolution" })) }))
[INFO] [stdout] stack backtrace:
[INFO] [stdout]    0:     0x616a7b8e2a06 - <unknown>
[INFO] [stdout]    1:     0x616a7b70d20a - <unknown>
[INFO] [stdout]    2:     0x616a7b8e8a9c - <unknown>
[INFO] [stdout]    3:     0x616a7b8be052 - <unknown>
[INFO] [stdout]    4:     0x616a7b8da281 - <unknown>
[INFO] [stdout]    5:     0x616a7b8da6c2 - <unknown>
[INFO] [stdout]    6:     0x616a7b8be102 - <unknown>
[INFO] [stdout]    7:     0x616a7b8b6b69 - <unknown>
[INFO] [stdout]    8:     0x616a7b8beedd - <unknown>
[INFO] [stdout]    9:     0x616a7b70d92c - <unknown>
[INFO] [stdout]   10:     0x616a7b70d702 - <unknown>
[INFO] [stdout]   11:     0x616a7b960af6 - <unknown>
[INFO] [stdout]   12:     0x616a7b9581df - <unknown>
[INFO] [stdout]   13:     0x616a7b967baf - <unknown>
[INFO] [stdout]   14:     0x616a7b8ea71b - <unknown>
[INFO] [stdout]   15:     0x616a7b8f85c4 - <unknown>
[INFO] [stdout]   16:     0x616a7b8f1cf4 - <unknown>
[INFO] [stdout]   17:     0x616a7b8fc382 - <unknown>
[INFO] [stdout]   18:     0x616a7b8e18a4 - <unknown>
[INFO] [stdout]   19:     0x761c4035ddfa - <unknown>
[INFO] [stdout]   20:     0x761c403f13d4 - clone
[INFO] [stdout]   21:                0x0 - <unknown>
[INFO] [stdout] 
[INFO] [stdout] ---- test_weather_client_integration_cache_invalidation stdout ----
[INFO] [stdout] 
[INFO] [stdout] thread 'test_weather_client_integration_cache_invalidation' (4517) panicked at tests/weather_client_integration_test.rs:50:10:
[INFO] [stdout] First fetch should succeed: Network(Other(reqwest::Error { kind: Request, url: "https://api.open-meteo.com/v1/forecast?latitude=52.52&longitude=13.41&current=temperature_2m,relative_humidity_2m,apparent_temperature,is_day,precipitation,weather_code,cloud_cover,surface_pressure,wind_speed_10m,wind_direction_10m,visibility&temperature_unit=celsius&wind_speed_unit=kmh&precipitation_unit=mm&timezone=auto", source: hyper_util::client::legacy::Error(Connect, ConnectError("dns error", Custom { kind: Uncategorized, error: "failed to lookup address information: Temporary failure in name resolution" })) }))
[INFO] [stdout] stack backtrace:
[INFO] [stdout]    0:     0x616a7b8e2a06 - <unknown>
[INFO] [stdout]    1:     0x616a7b70d20a - <unknown>
[INFO] [stdout]    2:     0x616a7b8e8a9c - <unknown>
[INFO] [stdout]    3:     0x616a7b8be052 - <unknown>
[INFO] [stdout]    4:     0x616a7b8da281 - <unknown>
[INFO] [stdout]    5:     0x616a7b8da6c2 - <unknown>
[INFO] [stdout]    6:     0x616a7b8be102 - <unknown>
[INFO] [stdout]    7:     0x616a7b8b6b69 - <unknown>
[INFO] [stdout]    8:     0x616a7b8beedd - <unknown>
[INFO] [stdout]    9:     0x616a7b70d92c - <unknown>
[INFO] [stdout]   10:     0x616a7b70d702 - <unknown>
[INFO] [stdout]   11:     0x616a7b9604fa - <unknown>
[INFO] [stdout]   12:     0x616a7b9581df - <unknown>
[INFO] [stdout]   13:     0x616a7b967a3f - <unknown>
[INFO] [stdout]   14:     0x616a7b8ea71b - <unknown>
[INFO] [stdout]   15:     0x616a7b8f85c4 - <unknown>
[INFO] [stdout]   16:     0x616a7b8f1cf4 - <unknown>
[INFO] [stdout]   17:     0x616a7b8fc382 - <unknown>
[INFO] [stdout]   18:     0x616a7b8e18a4 - <unknown>
[INFO] [stdout]   19:     0x761c4035ddfa - <unknown>
[INFO] [stdout]   20:     0x761c403f13d4 - clone
[INFO] [stdout]   21:                0x0 - <unknown>
[INFO] [stdout] 
[INFO] [stdout] 
[INFO] [stdout] failures:
[INFO] [stdout]     test_weather_client_integration_cache_behavior
[INFO] [stdout]     test_weather_client_integration_cache_invalidation
[INFO] [stdout]     test_weather_client_integration_realistic_weather_ranges
[INFO] [stdout] 
[INFO] [stdout] test result: FAILED. 0 passed; 3 failed; 0 ignored; 0 measured; 0 filtered out; finished in 0.05s
[INFO] [stdout] 
[INFO] [stderr] error: test failed, to rerun pass `--test weather_client_integration_test`
[INFO] running `Command { std: "docker" "inspect" "5add669b23423fb3156c5cb6cc56d06cbf083cbef10d7bd012e9ea68a9307244", kill_on_drop: false }`
[INFO] running `Command { std: "docker" "rm" "-f" "5add669b23423fb3156c5cb6cc56d06cbf083cbef10d7bd012e9ea68a9307244", kill_on_drop: false }`
[INFO] [stdout] 5add669b23423fb3156c5cb6cc56d06cbf083cbef10d7bd012e9ea68a9307244
