[INFO] fetching crate wdotool-core 0.5.3...
[INFO] testing wdotool-core-0.5.3 against 1.99.0-beta.8+cargoflags=--release for beta-release-1.100-2
[INFO] extracting crate wdotool-core 0.5.3 into /workspace/builds/worker-6-tc1/source
[INFO] started tweaking crates.io crate wdotool-core 0.5.3
[INFO] finished tweaking crates.io crate wdotool-core 0.5.3
[INFO] tweaked toml for crates.io crate wdotool-core 0.5.3 written to /workspace/builds/worker-6-tc1/source/Cargo.toml
[INFO] validating manifest of crates.io crate wdotool-core 0.5.3 on toolchain 1.99.0-beta.8
[INFO] running `Command { std: CARGO_HOME="/workspace/cargo-home" RUSTUP_HOME="/workspace/rustup-home" "/workspace/cargo-home/bin/cargo" "+1.99.0-beta.8" "metadata" "--manifest-path" "Cargo.toml" "--no-deps", kill_on_drop: false }`
[INFO] crate crates.io crate wdotool-core 0.5.3 already has a lockfile, it will not be regenerated
[INFO] running `Command { std: CARGO_HOME="/workspace/cargo-home" RUSTUP_HOME="/workspace/rustup-home" "/workspace/cargo-home/bin/cargo" "+1.99.0-beta.8" "fetch" "--manifest-path" "Cargo.toml", kill_on_drop: false }`
[INFO] [stderr]     Updating crates.io index
[INFO] [stderr]  Downloading crates ...
[INFO] [stderr]   Downloaded zvariant_derive v5.10.0
[INFO] [stderr]   Downloaded zvariant v5.10.0
[INFO] [stderr]   Downloaded zvariant_utils v3.3.0
[INFO] [stderr]   Downloaded input-linux-sys v0.9.0
[INFO] [stderr]   Downloaded toml_edit v0.25.11+spec-1.1.0
[INFO] [stderr]   Downloaded zbus_names v4.3.1
[INFO] [stderr]   Downloaded input-linux v0.7.1
[INFO] [stderr]   Downloaded zbus_macros v5.14.0
[INFO] [stderr]   Downloaded evdev v0.13.2
[INFO] [stderr]   Downloaded reis v0.6.1
[INFO] [stderr]   Downloaded ashpd v0.13.10
[INFO] [stderr]   Downloaded wayland-protocols v0.32.12
[INFO] [stderr]   Downloaded zbus v5.14.0
[INFO] [stderr]   Downloaded winnow v1.0.2
[INFO] [stderr]   Downloaded quick-xml v0.39.2
[INFO] running `Command { std: "docker" "create" "-v" "/var/lib/crater-agent-workspace/builds/worker-6-tc1/source:/opt/rustwide/workdir:ro,Z" "-v" "/var/lib/crater-agent-workspace/builds/worker-6-tc1/target:/opt/rustwide/target:rw,Z" "-v" "/var/lib/crater-agent-workspace/cargo-home:/opt/rustwide/cargo-home:ro,Z" "-v" "/var/lib/crater-agent-workspace/rustup-home:/opt/rustwide/rustup-home:ro,Z" "-m" "1610612736" "--network" "none" "ghcr.io/rust-lang/crates-build-env/linux@sha256:77db811e55d90add9212f6832c23229e3de5f1c1f9905e8cb07319ea15df73ac" "sleep" "infinity", kill_on_drop: false }`
[INFO] [stdout] 92ab02f94c9778374e3bad11adbaf513516dcd0e08d0cf462c0fe5b177e46214
[INFO] running `Command { std: "docker" "start" "92ab02f94c9778374e3bad11adbaf513516dcd0e08d0cf462c0fe5b177e46214", kill_on_drop: false }`
[INFO] running `Command { std: "docker" "inspect" "92ab02f94c9778374e3bad11adbaf513516dcd0e08d0cf462c0fe5b177e46214", kill_on_drop: false }`
[INFO] running `Command { std: "docker" "exec" "-e" "SOURCE_DIR=/opt/rustwide/workdir" "-e" "CARGO_HOME=/opt/rustwide/cargo-home" "-e" "RUSTUP_HOME=/opt/rustwide/rustup-home" "-e" "CARGO_TARGET_DIR=/opt/rustwide/target" "-w" "/opt/rustwide/workdir" "--user" "0:0" "92ab02f94c9778374e3bad11adbaf513516dcd0e08d0cf462c0fe5b177e46214" "/opt/rustwide/cargo-home/bin/cargo" "+1.99.0-beta.8" "metadata" "--no-deps" "--format-version=1", kill_on_drop: false }`
[INFO] running `Command { std: "docker" "inspect" "92ab02f94c9778374e3bad11adbaf513516dcd0e08d0cf462c0fe5b177e46214", kill_on_drop: false }`
[INFO] running `Command { std: "docker" "exec" "-e" "SOURCE_DIR=/opt/rustwide/workdir" "-e" "CARGO_HOME=/opt/rustwide/cargo-home" "-e" "RUSTUP_HOME=/opt/rustwide/rustup-home" "-e" "CARGO_TARGET_DIR=/opt/rustwide/target" "-e" "CARGO_INCREMENTAL=0" "-e" "RUST_BACKTRACE=full" "-e" "RUSTFLAGS=--cap-lints=warn" "-e" "RUSTDOCFLAGS=--cap-lints=warn" "-w" "/opt/rustwide/workdir" "--user" "0:0" "92ab02f94c9778374e3bad11adbaf513516dcd0e08d0cf462c0fe5b177e46214" "/opt/rustwide/cargo-home/bin/cargo" "+1.99.0-beta.8" "build" "--frozen" "--message-format=json" "--release", kill_on_drop: false }`
[INFO] [stderr]    Compiling libc v0.2.185
[INFO] [stderr]    Compiling bitflags v2.11.1
[INFO] [stderr]    Compiling winnow v1.0.2
[INFO] [stderr]    Compiling rustix v1.1.4
[INFO] [stderr]    Compiling hashbrown v0.17.0
[INFO] [stderr]    Compiling linux-raw-sys v0.12.1
[INFO] [stderr]    Compiling winnow v0.7.15
[INFO] [stderr]    Compiling serde v1.0.228
[INFO] [stderr]    Compiling proc-macro2 v1.0.106
[INFO] [stderr]    Compiling unicode-ident v1.0.24
[INFO] [stderr]    Compiling wayland-sys v0.31.11
[INFO] [stderr]    Compiling syn v2.0.117
[INFO] [stderr]    Compiling cc v1.2.60
[INFO] [stderr]    Compiling quote v1.0.45
[INFO] [stderr]    Compiling futures-io v0.3.32
[INFO] [stderr]    Compiling futures-sink v0.3.32
[INFO] [stderr]    Compiling quick-xml v0.39.2
[INFO] [stderr]    Compiling concurrent-queue v2.5.0
[INFO] [stderr]    Compiling wayland-client v0.31.14
[INFO] [stderr]    Compiling futures-channel v0.3.32
[INFO] [stderr]    Compiling downcast-rs v1.2.1
[INFO] [stderr]    Compiling endi v1.1.1
[INFO] [stderr]    Compiling event-listener v5.4.1
[INFO] [stderr]    Compiling nix v0.29.0
[INFO] [stderr]    Compiling fastrand v2.4.1
[INFO] [stderr]    Compiling uuid v1.23.1
[INFO] [stderr]    Compiling ordered-stream v0.2.0
[INFO] [stderr]    Compiling serde_json v1.0.149
[INFO] [stderr]    Compiling event-listener-strategy v0.5.4
[INFO] [stderr]    Compiling async-broadcast v0.7.2
[INFO] [stderr]    Compiling futures-lite v2.6.1
[INFO] [stderr]    Compiling indexmap v2.14.0
[INFO] [stderr]    Compiling wayland-scanner v0.31.10
[INFO] [stderr]    Compiling toml_parser v1.1.2+spec-1.1.0
[INFO] [stderr]    Compiling wayland-backend v0.3.15
[INFO] [stderr]    Compiling toml_edit v0.25.11+spec-1.1.0
[INFO] [stderr]    Compiling errno v0.3.14
[INFO] [stderr]    Compiling mio v1.2.0
[INFO] [stderr]    Compiling socket2 v0.6.3
[INFO] [stderr]    Compiling getrandom v0.4.2
[INFO] [stderr]    Compiling memmap2 v0.9.10
[INFO] [stderr]    Compiling signal-hook-registry v1.4.8
[INFO] [stderr]    Compiling xkbcommon v0.9.0
[INFO] [stderr]    Compiling input-linux-sys v0.9.0
[INFO] [stderr]    Compiling input-linux v0.7.1
[INFO] [stderr]    Compiling proc-macro-crate v3.5.0
[INFO] [stderr]    Compiling serde_derive v1.0.228
[INFO] [stderr]    Compiling enumflags2_derive v0.7.12
[INFO] [stderr]    Compiling futures-macro v0.3.32
[INFO] [stderr]    Compiling tokio-macros v2.7.0
[INFO] [stderr]    Compiling tracing-attributes v0.1.31
[INFO] [stderr]    Compiling async-trait v0.1.89
[INFO] [stderr]    Compiling serde_repr v0.1.20
[INFO] [stderr]    Compiling async-recursion v1.1.1
[INFO] [stderr]    Compiling thiserror-impl v2.0.18
[INFO] [stderr]    Compiling tokio v1.52.1
[INFO] [stderr]    Compiling futures-util v0.3.32
[INFO] [stderr]    Compiling tracing v0.1.44
[INFO] [stderr]    Compiling thiserror v2.0.18
[INFO] [stderr]    Compiling tempfile v3.27.0
[INFO] [stderr]    Compiling enumflags2 v0.7.12
[INFO] [stderr]    Compiling zvariant_utils v3.3.0
[INFO] [stderr]    Compiling futures-executor v0.3.32
[INFO] [stderr]    Compiling futures v0.3.32
[INFO] [stderr]    Compiling zvariant_derive v5.10.0
[INFO] [stderr]    Compiling wayland-protocols v0.32.12
[INFO] [stderr]    Compiling zvariant v5.10.0
[INFO] [stderr]    Compiling reis v0.6.1
[INFO] [stderr]    Compiling zbus_names v4.3.1
[INFO] [stderr]    Compiling zbus_macros v5.14.0
[INFO] [stderr]    Compiling wayland-protocols-wlr v0.3.12
[INFO] [stderr]    Compiling wayland-protocols-misc v0.3.12
[INFO] [stderr]    Compiling zbus v5.14.0
[INFO] [stderr]    Compiling ashpd v0.13.10
[INFO] [stderr]    Compiling wdotool-core v0.5.3 (/opt/rustwide/workdir)
[INFO] [stderr]     Finished `release` profile [optimized] target(s) in 2m 12s
[INFO] running `Command { std: "docker" "inspect" "92ab02f94c9778374e3bad11adbaf513516dcd0e08d0cf462c0fe5b177e46214", kill_on_drop: false }`
[INFO] running `Command { std: "docker" "exec" "-e" "SOURCE_DIR=/opt/rustwide/workdir" "-e" "CARGO_HOME=/opt/rustwide/cargo-home" "-e" "RUSTUP_HOME=/opt/rustwide/rustup-home" "-e" "CARGO_TARGET_DIR=/opt/rustwide/target" "-e" "CARGO_INCREMENTAL=0" "-e" "RUST_BACKTRACE=full" "-e" "RUSTFLAGS=--cap-lints=warn" "-e" "RUSTDOCFLAGS=--cap-lints=warn" "-w" "/opt/rustwide/workdir" "--user" "0:0" "92ab02f94c9778374e3bad11adbaf513516dcd0e08d0cf462c0fe5b177e46214" "/opt/rustwide/cargo-home/bin/cargo" "+1.99.0-beta.8" "test" "--frozen" "--no-run" "--message-format=json" "--release", kill_on_drop: false }`
[INFO] [stderr]    Compiling wdotool-core v0.5.3 (/opt/rustwide/workdir)
[INFO] [stderr]     Finished `release` profile [optimized] target(s) in 13.93s
[INFO] running `Command { std: "docker" "inspect" "92ab02f94c9778374e3bad11adbaf513516dcd0e08d0cf462c0fe5b177e46214", kill_on_drop: false }`
[INFO] running `Command { std: "docker" "exec" "-e" "SOURCE_DIR=/opt/rustwide/workdir" "-e" "CARGO_HOME=/opt/rustwide/cargo-home" "-e" "RUSTUP_HOME=/opt/rustwide/rustup-home" "-e" "CARGO_TARGET_DIR=/opt/rustwide/target" "-e" "CARGO_INCREMENTAL=0" "-e" "RUST_BACKTRACE=full" "-e" "RUSTFLAGS=--cap-lints=warn" "-e" "RUSTDOCFLAGS=--cap-lints=warn" "-w" "/opt/rustwide/workdir" "--user" "0:0" "92ab02f94c9778374e3bad11adbaf513516dcd0e08d0cf462c0fe5b177e46214" "/opt/rustwide/cargo-home/bin/cargo" "+1.99.0-beta.8" "test" "--frozen" "--release", kill_on_drop: false }`
[INFO] [stderr]     Finished `release` profile [optimized] target(s) in 0.14s
[INFO] [stderr]      Running unittests src/lib.rs (/opt/rustwide/target/release/deps/wdotool_core-5d7e800fdce9fbfb)
[INFO] [stdout] 
[INFO] [stdout] running 41 tests
[INFO] [stdout] test backend::kde::tests::js_string_literal_is_valid_json ... ok
[INFO] [stdout] test backend::detector::tests::libei_failure_not_detected_for_other_error_kinds ... ok
[INFO] [stdout] test backend::kde::tests::action_scripts_json_encode_the_target_id ... ok
[INFO] [stdout] test backend::mock::tests::records_each_call_in_order ... ok
[INFO] [stdout] test backend::detector::tests::priority_on_gnome_prefers_gnome_ext_then_falls_back_to_libei ... ok
[INFO] [stdout] test backend::mock::tests::returns_canned_active_window ... ok
[INFO] [stdout] test backend::wlr_protocols::tests::text_keymap_control_chars_use_semantic_keysyms ... ok
[INFO] [stdout] test backend::wlr_protocols::tests::keysym_unicode_codepoint_accepts_u_hex_and_bare_char ... ok
[INFO] [stdout] test backend::uinput::tests::mouse_button_codes_match_linux_input_event_codes ... ok
[INFO] [stdout] test backend::wlr_protocols::tests::text_keymap_maps_each_char_to_own_keycode ... ok
[INFO] [stdout] test backend::wlr_protocols::tests::text_keymap_minimum_is_eight ... ok
[INFO] [stdout] test capabilities::tests::fallback_chain_uses_canonical_backend_labels ... ok
[INFO] [stdout] test capabilities::tests::report_json_round_trips_through_serde ... ok
[INFO] [stdout] test keysym::tests::parses_bare_key ... ok
[INFO] [stdout] test capabilities::tests::report_shape_matches_schema_v1 ... ok
[INFO] [stdout] test capabilities::tests::type_unicode_is_full_only_on_wlr_protocols ... ok
[INFO] [stdout] test backend::detector::tests::priority_prefers_wlr_protocols_on_sway ... ok
[INFO] [stdout] test keysym::tests::parses_simple_chain ... ok
[INFO] [stdout] test portal_token::tests::load_returns_none_for_malformed_json ... ok
[INFO] [stdout] test keysym::tests::super_aliases ... ok
[INFO] [stdout] test keysym::tests::rejects_unknown_modifier ... ok
[INFO] [stdout] test keysym::tests::rejects_empty ... ok
[INFO] [stdout] test backend::kde::tests::list_and_active_scripts_embed_request_id_and_bridge_addr ... ok
[INFO] [stdout] test backend::detector::tests::priority_on_kde_prefers_kde_dbus ... ok
[INFO] [stdout] test backend::kde::tests::request_id_renders_as_bare_number_for_int32_wire_signature ... ok
[INFO] [stdout] test backend::libei::tests::timeout_falls_back_on_garbage ... ok
[INFO] [stdout] test backend::libei::tests::timeout_parses_valid_value ... ok
[INFO] [stdout] test backend::detector::tests::desktop_is_handles_colon_list ... ok
[INFO] [stdout] test backend::detector::tests::libei_failure_detected_on_direct_libei_error ... ok
[INFO] [stdout] test backend::mock::tests::fail_with_makes_every_method_error ... ok
[INFO] [stdout] test backend::detector::tests::libei_failure_not_detected_for_unrelated_kde_error ... ok
[INFO] [stdout] test backend::detector::tests::libei_failure_detected_when_gnome_wraps_libei_error ... ok
[INFO] [stdout] test backend::libei::tests::timeout_default_when_unset ... ok
[INFO] [stdout] test portal_token::tests::save_then_load_round_trips ... ok
[INFO] [stdout] test portal_token::tests::load_returns_none_for_unknown_schema_version ... ok
[INFO] [stdout] test portal_token::tests::load_returns_none_for_missing_file ... ok
[INFO] [stdout] test backend::detector::tests::libei_failure_detected_when_kde_wraps_libei_error ... ok
[INFO] [stdout] test portal_token::tests::save_creates_parent_dir_with_mode_0700 ... ok
[INFO] [stdout] test portal_token::tests::save_overwrites_existing_cache_atomically ... ok
[INFO] [stdout] test portal_token::tests::save_writes_file_with_mode_0600 ... ok
[INFO] [stderr] error: test failed, to rerun pass `--lib`
[INFO] [stdout] test portal_token::tests::save_propagates_eacces_when_parent_unwritable ... FAILED
[INFO] [stdout] 
[INFO] [stdout] failures:
[INFO] [stdout] 
[INFO] [stdout] ---- portal_token::tests::save_propagates_eacces_when_parent_unwritable stdout ----
[INFO] [stdout] 
[INFO] [stdout] thread 'portal_token::tests::save_propagates_eacces_when_parent_unwritable' (1819) panicked at src/portal_token.rs:306:50:
[INFO] [stdout] called `Result::unwrap_err()` on an `Ok` value: ()
[INFO] [stdout] stack backtrace:
[INFO] [stdout]    0:     0x566301fe1631 - <<std[70759c8f55707aa4]::sys::backtrace::BacktraceLock>::print::DisplayBacktrace as core[df12db4294e9bfd3]::fmt::Display>::fmt
[INFO] [stdout]    1:     0x566301ff6f8a - core[df12db4294e9bfd3]::fmt::write
[INFO] [stdout]    2:     0x566301fe5fbc - <alloc[2182bb758b4b3781]::vec::Vec<u8> as core[df12db4294e9bfd3]::io::write::Write>::write_fmt
[INFO] [stdout]    3:     0x566301fbb116 - std[70759c8f55707aa4]::panicking::default_hook::{closure#0}
[INFO] [stdout]    4:     0x566301fd8999 - std[70759c8f55707aa4]::panicking::default_hook
[INFO] [stdout]    5:     0x566301f51580 - test[9d35eded1c95d3be]::test_main_inner::<test[9d35eded1c95d3be]::test_main_static::{closure#0}>::{closure#0}
[INFO] [stdout]    6:     0x566301fd8b52 - std[70759c8f55707aa4]::panicking::panic_with_hook
[INFO] [stdout]    7:     0x566301fbb1c2 - std[70759c8f55707aa4]::panicking::panic_handler::{closure#0}
[INFO] [stdout]    8:     0x566301fb3b99 - std[70759c8f55707aa4]::sys::backtrace::__rust_end_short_backtrace::<std[70759c8f55707aa4]::panicking::panic_handler::{closure#0}, !>
[INFO] [stdout]    9:     0x566301fbbf6d - __rustc[8fa7c3cbc660c2b3]::rust_begin_unwind
[INFO] [stdout]   10:     0x566301ff76ec - core[df12db4294e9bfd3]::panicking::panic_fmt
[INFO] [stdout]   11:     0x566301ff74c2 - core[df12db4294e9bfd3]::result::unwrap_failed
[INFO] [stdout]   12:     0x566301f3c4a4 - wdotool_core[869a02e704a93348]::portal_token::tests::save_propagates_eacces_when_parent_unwritable
[INFO] [stdout]   13:     0x566301f31e19 - <wdotool_core[869a02e704a93348]::portal_token::tests::save_propagates_eacces_when_parent_unwritable::{closure#0} as core[df12db4294e9bfd3]::ops::function::FnOnce<()>>::call_once
[INFO] [stdout]   14:     0x566301f4486b - test[9d35eded1c95d3be]::__rust_begin_short_backtrace::<core[df12db4294e9bfd3]::result::Result<(), alloc[2182bb758b4b3781]::string::String>, fn() -> core[df12db4294e9bfd3]::result::Result<(), alloc[2182bb758b4b3781]::string::String>>
[INFO] [stdout]   15:     0x566301f51ed5 - test[9d35eded1c95d3be]::run_test::{closure#0}
[INFO] [stdout]   16:     0x566301f4b794 - std[70759c8f55707aa4]::sys::backtrace::__rust_begin_short_backtrace::<test[9d35eded1c95d3be]::run_test::{closure#1}, ()>
[INFO] [stdout]   17:     0x566301f55032 - <std[70759c8f55707aa4]::thread::lifecycle::spawn_unchecked<test[9d35eded1c95d3be]::run_test::{closure#1}, ()>::{closure#1} as core[df12db4294e9bfd3]::ops::function::FnOnce<()>>::call_once::{shim:vtable#0}
[INFO] [stdout]   18:     0x566301fe0979 - <std[70759c8f55707aa4]::sys::thread::unix::Thread>::new::thread_start
[INFO] [stdout]   19:     0x7419ea64adfa - <unknown>
[INFO] [stdout]   20:     0x7419ea6de3d4 - clone
[INFO] [stdout]   21:                0x0 - <unknown>
[INFO] [stdout] 
[INFO] [stdout] 
[INFO] [stdout] failures:
[INFO] [stdout]     portal_token::tests::save_propagates_eacces_when_parent_unwritable
[INFO] [stdout] 
[INFO] [stdout] test result: FAILED. 40 passed; 1 failed; 0 ignored; 0 measured; 0 filtered out; finished in 0.06s
[INFO] [stdout] 
[INFO] running `Command { std: "docker" "inspect" "92ab02f94c9778374e3bad11adbaf513516dcd0e08d0cf462c0fe5b177e46214", kill_on_drop: false }`
[INFO] running `Command { std: "docker" "rm" "-f" "92ab02f94c9778374e3bad11adbaf513516dcd0e08d0cf462c0fe5b177e46214", kill_on_drop: false }`
[INFO] [stdout] 92ab02f94c9778374e3bad11adbaf513516dcd0e08d0cf462c0fe5b177e46214
