[INFO] fetching crate wdg-base32 0.6.1...
[INFO] testing wdg-base32-0.6.1 against 1.100.0-beta.1+cargoflags=--release for beta-release-1.100-2
[INFO] extracting crate wdg-base32 0.6.1 into /workspace/builds/worker-4-tc2/source
[INFO] started tweaking crates.io crate wdg-base32 0.6.1
[INFO] finished tweaking crates.io crate wdg-base32 0.6.1
[INFO] tweaked toml for crates.io crate wdg-base32 0.6.1 written to /workspace/builds/worker-4-tc2/source/Cargo.toml
[INFO] validating manifest of crates.io crate wdg-base32 0.6.1 on toolchain 1.100.0-beta.1
[INFO] running `Command { std: CARGO_HOME="/workspace/cargo-home" RUSTUP_HOME="/workspace/rustup-home" "/workspace/cargo-home/bin/cargo" "+1.100.0-beta.1" "metadata" "--manifest-path" "Cargo.toml" "--no-deps", kill_on_drop: false }`
[INFO] running `Command { std: CARGO_HOME="/workspace/cargo-home" RUSTUP_HOME="/workspace/rustup-home" "/workspace/cargo-home/bin/cargo" "+1.100.0-beta.1" "generate-lockfile" "--manifest-path" "Cargo.toml", kill_on_drop: false }`
[INFO] [stderr]     Updating crates.io index
[INFO] [stderr]      Locking 1 package to highest compatible version
[INFO] [stderr]       Adding wdg-converter v0.1.9 (available: v0.4.0)
[INFO] running `Command { std: CARGO_HOME="/workspace/cargo-home" RUSTUP_HOME="/workspace/rustup-home" "/workspace/cargo-home/bin/cargo" "+1.100.0-beta.1" "fetch" "--manifest-path" "Cargo.toml", kill_on_drop: false }`
[INFO] [stderr] warning: Cargo.toml: `package.edition` is unspecified, defaulting to `2015` while the latest is `2024`
[INFO] [stderr] warning: `wdg-base32` (manifest) generated 1 warning
[INFO] running `Command { std: "docker" "create" "-v" "/var/lib/crater-agent-workspace/builds/worker-4-tc2/source:/opt/rustwide/workdir:ro,Z" "-v" "/var/lib/crater-agent-workspace/builds/worker-4-tc2/target:/opt/rustwide/target:rw,Z" "-v" "/var/lib/crater-agent-workspace/cargo-home:/opt/rustwide/cargo-home:ro,Z" "-v" "/var/lib/crater-agent-workspace/rustup-home:/opt/rustwide/rustup-home:ro,Z" "-m" "1610612736" "--network" "none" "ghcr.io/rust-lang/crates-build-env/linux@sha256:77db811e55d90add9212f6832c23229e3de5f1c1f9905e8cb07319ea15df73ac" "sleep" "infinity", kill_on_drop: false }`
[INFO] [stdout] 4b2d2a3f775b157b54b5f6b8110d8a167d23389d0f39dbb259c21b2c6ac04744
[INFO] running `Command { std: "docker" "start" "4b2d2a3f775b157b54b5f6b8110d8a167d23389d0f39dbb259c21b2c6ac04744", kill_on_drop: false }`
[INFO] running `Command { std: "docker" "inspect" "4b2d2a3f775b157b54b5f6b8110d8a167d23389d0f39dbb259c21b2c6ac04744", kill_on_drop: false }`
[INFO] running `Command { std: "docker" "exec" "-e" "SOURCE_DIR=/opt/rustwide/workdir" "-e" "CARGO_HOME=/opt/rustwide/cargo-home" "-e" "RUSTUP_HOME=/opt/rustwide/rustup-home" "-e" "CARGO_TARGET_DIR=/opt/rustwide/target" "-w" "/opt/rustwide/workdir" "--user" "0:0" "4b2d2a3f775b157b54b5f6b8110d8a167d23389d0f39dbb259c21b2c6ac04744" "/opt/rustwide/cargo-home/bin/cargo" "+1.100.0-beta.1" "metadata" "--no-deps" "--format-version=1", kill_on_drop: false }`
[INFO] running `Command { std: "docker" "inspect" "4b2d2a3f775b157b54b5f6b8110d8a167d23389d0f39dbb259c21b2c6ac04744", kill_on_drop: false }`
[INFO] running `Command { std: "docker" "exec" "-e" "SOURCE_DIR=/opt/rustwide/workdir" "-e" "CARGO_HOME=/opt/rustwide/cargo-home" "-e" "RUSTUP_HOME=/opt/rustwide/rustup-home" "-e" "CARGO_TARGET_DIR=/opt/rustwide/target" "-e" "CARGO_INCREMENTAL=0" "-e" "RUST_BACKTRACE=full" "-e" "RUSTFLAGS=--cap-lints=warn" "-e" "RUSTDOCFLAGS=--cap-lints=warn" "-w" "/opt/rustwide/workdir" "--user" "0:0" "4b2d2a3f775b157b54b5f6b8110d8a167d23389d0f39dbb259c21b2c6ac04744" "/opt/rustwide/cargo-home/bin/cargo" "+1.100.0-beta.1" "build" "--frozen" "--message-format=json" "--release", kill_on_drop: false }`
[INFO] [stderr] warning: Cargo.toml: `package.edition` is unspecified, defaulting to `2015` while the latest is `2024`
[INFO] [stderr] warning: `wdg-base32` (manifest) generated 1 warning
[INFO] [stderr]    Compiling wdg-converter v0.1.9
[INFO] [stderr]    Compiling wdg-base32 v0.6.1 (/opt/rustwide/workdir)
[INFO] [stdout] warning: unused import: `CS`
[INFO] [stdout]  --> src/lib.rs:3:29
[INFO] [stdout]   |
[INFO] [stdout] 3 | use wdg_converter::{CCPP,CL,CS,C8CP,C8L};
[INFO] [stdout]   |                             ^^
[INFO] [stdout]   |
[INFO] [stdout]   = note: `#[warn(unused_imports)]` (part of `#[warn(unused)]`) on by default
[INFO] [stdout] 
[INFO] [stdout] 
[INFO] [stderr]     Finished `release` profile [optimized] target(s) in 2.41s
[INFO] running `Command { std: "docker" "inspect" "4b2d2a3f775b157b54b5f6b8110d8a167d23389d0f39dbb259c21b2c6ac04744", kill_on_drop: false }`
[INFO] running `Command { std: "docker" "exec" "-e" "SOURCE_DIR=/opt/rustwide/workdir" "-e" "CARGO_HOME=/opt/rustwide/cargo-home" "-e" "RUSTUP_HOME=/opt/rustwide/rustup-home" "-e" "CARGO_TARGET_DIR=/opt/rustwide/target" "-e" "CARGO_INCREMENTAL=0" "-e" "RUST_BACKTRACE=full" "-e" "RUSTFLAGS=--cap-lints=warn" "-e" "RUSTDOCFLAGS=--cap-lints=warn" "-w" "/opt/rustwide/workdir" "--user" "0:0" "4b2d2a3f775b157b54b5f6b8110d8a167d23389d0f39dbb259c21b2c6ac04744" "/opt/rustwide/cargo-home/bin/cargo" "+1.100.0-beta.1" "test" "--frozen" "--no-run" "--message-format=json" "--release", kill_on_drop: false }`
[INFO] [stderr] warning: Cargo.toml: `package.edition` is unspecified, defaulting to `2015` while the latest is `2024`
[INFO] [stderr] warning: `wdg-base32` (manifest) generated 1 warning
[INFO] [stderr]    Compiling wdg-base32 v0.6.1 (/opt/rustwide/workdir)
[INFO] [stdout] warning: unused import: `CS`
[INFO] [stdout]  --> src/lib.rs:3:29
[INFO] [stdout]   |
[INFO] [stdout] 3 | use wdg_converter::{CCPP,CL,CS,C8CP,C8L};
[INFO] [stdout]   |                             ^^
[INFO] [stdout]   |
[INFO] [stdout]   = note: `#[warn(unused_imports)]` (part of `#[warn(unused)]`) on by default
[INFO] [stdout] 
[INFO] [stdout] 
[INFO] [stdout] warning: unused import: `CS`
[INFO] [stdout]  --> src/lib.rs:3:29
[INFO] [stdout]   |
[INFO] [stdout] 3 | use wdg_converter::{CCPP,CL,CS,C8CP,C8L};
[INFO] [stdout]   |                             ^^
[INFO] [stdout]   |
[INFO] [stdout]   = note: `#[warn(unused_imports)]` (part of `#[warn(unused)]`) on by default
[INFO] [stdout] 
[INFO] [stdout] 
[INFO] [stdout] warning: unused import: `wdg_base32::B32`
[INFO] [stdout]  --> tests/vec_u8_b32/mod.rs:1:5
[INFO] [stdout]   |
[INFO] [stdout] 1 | use wdg_base32::B32;
[INFO] [stdout]   |     ^^^^^^^^^^^^^^^
[INFO] [stdout]   |
[INFO] [stdout]   = note: `#[warn(unused_imports)]` (part of `#[warn(unused)]`) on by default
[INFO] [stdout] 
[INFO] [stdout] 
[INFO] [stdout] warning: unused import: `wdg_base32::B32Encode`
[INFO] [stdout]  --> tests/vec_u8_b32/mod.rs:2:5
[INFO] [stdout]   |
[INFO] [stdout] 2 | use wdg_base32::B32Encode;
[INFO] [stdout]   |     ^^^^^^^^^^^^^^^^^^^^^
[INFO] [stdout] 
[INFO] [stdout] 
[INFO] [stdout] warning: unused import: `wdg_base32::B32Decode`
[INFO] [stdout]  --> tests/vec_u8_b32/mod.rs:3:5
[INFO] [stdout]   |
[INFO] [stdout] 3 | use wdg_base32::B32Decode;
[INFO] [stdout]   |     ^^^^^^^^^^^^^^^^^^^^^
[INFO] [stdout] 
[INFO] [stdout] 
[INFO] [stdout] warning: unused import: `wdg_base32::B32DecodeError`
[INFO] [stdout]  --> tests/vec_u8_b32/mod.rs:4:5
[INFO] [stdout]   |
[INFO] [stdout] 4 | use wdg_base32::B32DecodeError;
[INFO] [stdout]   |     ^^^^^^^^^^^^^^^^^^^^^^^^^^
[INFO] [stdout] 
[INFO] [stdout] 
[INFO] [stdout] warning: unused import: `wdg_base32::B32`
[INFO] [stdout]  --> tests/vec_u16_b32/mod.rs:1:5
[INFO] [stdout]   |
[INFO] [stdout] 1 | use wdg_base32::B32;
[INFO] [stdout]   |     ^^^^^^^^^^^^^^^
[INFO] [stdout] 
[INFO] [stdout] 
[INFO] [stdout] warning: unused import: `wdg_base32::B32Encode`
[INFO] [stdout]  --> tests/vec_u16_b32/mod.rs:2:5
[INFO] [stdout]   |
[INFO] [stdout] 2 | use wdg_base32::B32Encode;
[INFO] [stdout]   |     ^^^^^^^^^^^^^^^^^^^^^
[INFO] [stdout] 
[INFO] [stdout] 
[INFO] [stdout] warning: unused import: `wdg_base32::B32Decode`
[INFO] [stdout]  --> tests/vec_u16_b32/mod.rs:3:5
[INFO] [stdout]   |
[INFO] [stdout] 3 | use wdg_base32::B32Decode;
[INFO] [stdout]   |     ^^^^^^^^^^^^^^^^^^^^^
[INFO] [stdout] 
[INFO] [stdout] 
[INFO] [stdout] warning: unused import: `wdg_base32::B32DecodeError`
[INFO] [stdout]  --> tests/vec_u16_b32/mod.rs:4:5
[INFO] [stdout]   |
[INFO] [stdout] 4 | use wdg_base32::B32DecodeError;
[INFO] [stdout]   |     ^^^^^^^^^^^^^^^^^^^^^^^^^^
[INFO] [stdout] 
[INFO] [stdout] 
[INFO] [stderr]     Finished `release` profile [optimized] target(s) in 9.54s
[INFO] running `Command { std: "docker" "inspect" "4b2d2a3f775b157b54b5f6b8110d8a167d23389d0f39dbb259c21b2c6ac04744", kill_on_drop: false }`
[INFO] running `Command { std: "docker" "exec" "-e" "SOURCE_DIR=/opt/rustwide/workdir" "-e" "CARGO_HOME=/opt/rustwide/cargo-home" "-e" "RUSTUP_HOME=/opt/rustwide/rustup-home" "-e" "CARGO_TARGET_DIR=/opt/rustwide/target" "-e" "CARGO_INCREMENTAL=0" "-e" "RUST_BACKTRACE=full" "-e" "RUSTFLAGS=--cap-lints=warn" "-e" "RUSTDOCFLAGS=--cap-lints=warn" "-w" "/opt/rustwide/workdir" "--user" "0:0" "4b2d2a3f775b157b54b5f6b8110d8a167d23389d0f39dbb259c21b2c6ac04744" "/opt/rustwide/cargo-home/bin/cargo" "+1.100.0-beta.1" "test" "--frozen" "--release", kill_on_drop: false }`
[INFO] [stderr] warning: Cargo.toml: `package.edition` is unspecified, defaulting to `2015` while the latest is `2024`
[INFO] [stderr] warning: `wdg-base32` (manifest) generated 1 warning
[INFO] [stderr] warning: unused import: `CS`
[INFO] [stderr]  --> src/lib.rs:3:29
[INFO] [stderr]   |
[INFO] [stderr] 3 | use wdg_converter::{CCPP,CL,CS,C8CP,C8L};
[INFO] [stderr]   |                             ^^
[INFO] [stderr]   |
[INFO] [stderr]   = note: `#[warn(unused_imports)]` (part of `#[warn(unused)]`) on by default
[INFO] [stderr] 
[INFO] [stderr] warning: `wdg-base32` (lib) generated 1 warning (run `cargo fix --lib -p wdg-base32` to apply 1 suggestion)
[INFO] [stderr] warning: unused import: `wdg_base32::B32`
[INFO] [stderr]  --> tests/vec_u8_b32/mod.rs:1:5
[INFO] [stderr]   |
[INFO] [stderr] 1 | use wdg_base32::B32;
[INFO] [stderr]   |     ^^^^^^^^^^^^^^^
[INFO] [stderr]   |
[INFO] [stderr]   = note: `#[warn(unused_imports)]` (part of `#[warn(unused)]`) on by default
[INFO] [stderr] 
[INFO] [stderr] warning: unused import: `wdg_base32::B32Encode`
[INFO] [stderr]  --> tests/vec_u8_b32/mod.rs:2:5
[INFO] [stderr]   |
[INFO] [stderr] 2 | use wdg_base32::B32Encode;
[INFO] [stderr]   |     ^^^^^^^^^^^^^^^^^^^^^
[INFO] [stderr] 
[INFO] [stderr] warning: unused import: `wdg_base32::B32Decode`
[INFO] [stderr]  --> tests/vec_u8_b32/mod.rs:3:5
[INFO] [stderr]   |
[INFO] [stderr] 3 | use wdg_base32::B32Decode;
[INFO] [stderr]   |     ^^^^^^^^^^^^^^^^^^^^^
[INFO] [stderr] 
[INFO] [stderr] warning: unused import: `wdg_base32::B32DecodeError`
[INFO] [stderr]  --> tests/vec_u8_b32/mod.rs:4:5
[INFO] [stderr]   |
[INFO] [stderr] 4 | use wdg_base32::B32DecodeError;
[INFO] [stderr]   |     ^^^^^^^^^^^^^^^^^^^^^^^^^^
[INFO] [stderr] 
[INFO] [stderr] warning: unused import: `wdg_base32::B32`
[INFO] [stderr]  --> tests/vec_u16_b32/mod.rs:1:5
[INFO] [stderr]   |
[INFO] [stderr] 1 | use wdg_base32::B32;
[INFO] [stderr]   |     ^^^^^^^^^^^^^^^
[INFO] [stderr] 
[INFO] [stderr] warning: unused import: `wdg_base32::B32Encode`
[INFO] [stderr]  --> tests/vec_u16_b32/mod.rs:2:5
[INFO] [stderr]   |
[INFO] [stderr] 2 | use wdg_base32::B32Encode;
[INFO] [stderr]   |     ^^^^^^^^^^^^^^^^^^^^^
[INFO] [stderr] 
[INFO] [stderr] warning: unused import: `wdg_base32::B32Decode`
[INFO] [stderr]  --> tests/vec_u16_b32/mod.rs:3:5
[INFO] [stderr]   |
[INFO] [stderr] 3 | use wdg_base32::B32Decode;
[INFO] [stderr]   |     ^^^^^^^^^^^^^^^^^^^^^
[INFO] [stderr] 
[INFO] [stderr] warning: unused import: `wdg_base32::B32DecodeError`
[INFO] [stderr]  --> tests/vec_u16_b32/mod.rs:4:5
[INFO] [stderr]   |
[INFO] [stderr] 4 | use wdg_base32::B32DecodeError;
[INFO] [stderr]   |     ^^^^^^^^^^^^^^^^^^^^^^^^^^
[INFO] [stderr] 
[INFO] [stderr] warning: `wdg-base32` (test "integration_test") generated 8 warnings (run `cargo fix --test "integration_test" -p wdg-base32` to apply 8 suggestions)
[INFO] [stderr] warning: `wdg-base32` (lib test) generated 1 warning (1 duplicate)
[INFO] [stderr]     Finished `release` profile [optimized] target(s) in 0.03s
[INFO] [stderr]      Running unittests src/lib.rs (/opt/rustwide/target/release/build/wdg-base32/9ece3bcd09d1474c/out/wdg_base32-9ece3bcd09d1474c)
[INFO] [stdout] 
[INFO] [stderr]      Running tests/integration_test.rs (/opt/rustwide/target/release/build/wdg-base32/fecc9fb92fadd8bd/out/integration_test-fecc9fb92fadd8bd)
[INFO] [stdout] running 0 tests
[INFO] [stdout] 
[INFO] [stdout] test result: ok. 0 passed; 0 failed; 0 ignored; 0 measured; 0 filtered out; finished in 0.00s
[INFO] [stdout] 
[INFO] [stdout] 
[INFO] [stdout] running 54 tests
[INFO] [stdout] test i16_b32::decode ... ok
[INFO] [stdout] test i64_b32::unsafe_decode ... ok
[INFO] [stdout] test i8_b32::decode ... FAILED
[INFO] [stdout] test i8_b32::encode ... ok
[INFO] [stdout] test string_b32::decode ... ok
[INFO] [stdout] test i32_b32::unsafe_decode ... ok
[INFO] [stdout] test i8_b32::validation ... ok
[INFO] [stdout] test i64_b32::encode ... ok
[INFO] [stdout] test i64_b32::decode ... ok
[INFO] [stdout] test i16_b32::validation ... ok
[INFO] [stdout] test i64_b32::validation ... ok
[INFO] [stdout] test i8_b32::unsafe_decode ... ok
[INFO] [stdout] test i16_b32::unsafe_decode ... ok
[INFO] [stdout] test i32_b32::decode ... ok
[INFO] [stdout] test i32_b32::encode ... ok
[INFO] [stdout] test i16_b32::encode ... ok
[INFO] [stdout] test i32_b32::validation ... ok
[INFO] [stdout] test string_b32::encode ... ok
[INFO] [stdout] test u16_b32::unsafe_decode ... ok
[INFO] [stdout] test string_b32::validation ... ok
[INFO] [stdout] test u64_b32::unsafe_decode ... ok
[INFO] [stdout] test u32_b32::validation ... ok
[INFO] [stdout] test u32_b32::decode ... ok
[INFO] [stdout] test u16_b32::encode ... ok
[INFO] [stdout] test u8_b32::validation ... ok
[INFO] [stdout] test vec_i16_b32::decode ... ok
[INFO] [stdout] test vec_i32_b32::decode ... ok
[INFO] [stdout] test u32_b32::encode ... ok
[INFO] [stdout] test vec_i16_b32::encode ... ok
[INFO] [stdout] test u8_b32::encode ... ok
[INFO] [stdout] test u8_b32::unsafe_decode ... ok
[INFO] [stdout] test u16_b32::validation ... ok
[INFO] [stdout] test u16_b32::decode ... ok
[INFO] [stdout] test u32_b32::unsafe_decode ... ok
[INFO] [stdout] test u64_b32::encode ... ok
[INFO] [stdout] test vec_u16_b32::decode ... ok
[INFO] [stdout] test u64_b32::decode ... ok
[INFO] [stdout] test u8_b32::decode ... FAILED
[INFO] [stdout] test vec_i32_b32::encode ... ok
[INFO] [stdout] test vec_i64_b32::decode ... ok
[INFO] [stdout] test vec_u32_b32::decode ... ok
[INFO] [stdout] test vec_u8_b32::validation ... ok
[INFO] [stdout] test u64_b32::validation ... ok
[INFO] [stdout] test vec_u64_b32::encode ... ok
[INFO] [stdout] test vec_u8_b32::encode ... ok
[INFO] [stdout] test vec_i8_b32::encode ... ok
[INFO] [stdout] test vec_u8_b32::decode ... ok
[INFO] [stdout] test vec_i8_b32::decode ... ok
[INFO] [stdout] test string_b32::unsafe_decode ... ok
[INFO] [stdout] test vec_u16_b32::encode ... ok
[INFO] [stdout] test vec_u64_b32::decode ... ok
[INFO] [stdout] test vec_i64_b32::encode ... ok
[INFO] [stdout] test vec_u32_b32::encode ... ok
[INFO] [stdout] test vec_u8_b32::unsafe_decode ... ok
[INFO] [stdout] 
[INFO] [stdout] failures:
[INFO] [stdout] 
[INFO] [stdout] ---- u8_b32::decode stdout ----
[INFO] [stdout] 
[INFO] [stdout] thread 'u8_b32::decode' (237) panicked at tests/u8_b32/mod.rs:209:5:
[INFO] [stdout] assertion `left == right` failed
[INFO] [stdout]   left: 248
[INFO] [stdout]  right: 128
[INFO] [stdout] stack backtrace:
[INFO] [stdout]    0:     0x5858e292bb81 - <<std[617be2ca0a6fd877]::sys::backtrace::BacktraceLock>::print::DisplayBacktrace as core[a373ad73a504971]::fmt::Display>::fmt
[INFO] [stdout]    1:     0x5858e293fa7a - core[a373ad73a504971]::fmt::write
[INFO] [stdout]    2:     0x5858e292fd9c - <alloc[2e1b2a31b91974c5]::vec::Vec<u8> as core[a373ad73a504971]::io::write::Write>::write_fmt
[INFO] [stdout]    3:     0x5858e2907fe6 - std[617be2ca0a6fd877]::panicking::default_hook::{closure#0}
[INFO] [stdout]    4:     0x5858e2924219 - std[617be2ca0a6fd877]::panicking::default_hook
[INFO] [stdout]    5:     0x5858e28bcc50 - test[aada8e7e76ba119b]::test_main_inner::{closure#0}
[INFO] [stdout]    6:     0x5858e29243d2 - std[617be2ca0a6fd877]::panicking::panic_with_hook
[INFO] [stdout]    7:     0x5858e2908092 - std[617be2ca0a6fd877]::panicking::panic_handler::{closure#0}
[INFO] [stdout]    8:     0x5858e2900da9 - std[617be2ca0a6fd877]::sys::backtrace::__rust_end_short_backtrace::<std[617be2ca0a6fd877]::panicking::panic_handler::{closure#0}, !>
[INFO] [stdout]    9:     0x5858e2908c9d - __rustc[ea4f61d10b84890b]::rust_begin_unwind
[INFO] [stdout]   10:     0x5858e29401ac - core[a373ad73a504971]::panicking::panic_fmt
[INFO] [stdout]   11:     0x5858e29400c3 - core[a373ad73a504971]::panicking::assert_failed_inner
[INFO] [stdout]   12:     0x5858e28a7a75 - core[a373ad73a504971]::panicking::assert_failed::<u8, u8>
[INFO] [stdout]   13:     0x5858e28a172c - integration_test[fef06056477bba07]::u8_b32::decode
[INFO] [stdout]   14:     0x5858e28a2b79 - <integration_test[fef06056477bba07]::u8_b32::decode::{closure#0} as core[a373ad73a504971]::ops::function::FnOnce<()>>::call_once
[INFO] [stdout]   15:     0x5858e28b009b - test[aada8e7e76ba119b]::__rust_begin_short_backtrace::<core[a373ad73a504971]::result::Result<(), alloc[2e1b2a31b91974c5]::string::String>, fn() -> core[a373ad73a504971]::result::Result<(), alloc[2e1b2a31b91974c5]::string::String>>
[INFO] [stdout]   16:     0x5858e28bd275 - test[aada8e7e76ba119b]::run_test::{closure#0}
[INFO] [stdout]   17:     0x5858e28b6b64 - std[617be2ca0a6fd877]::sys::backtrace::__rust_begin_short_backtrace::<test[aada8e7e76ba119b]::run_test::{closure#1}, ()>
[INFO] [stdout]   18:     0x5858e28c0302 - <std[617be2ca0a6fd877]::thread::lifecycle::spawn_unchecked<test[aada8e7e76ba119b]::run_test::{closure#1}, ()>::{closure#1} as core[a373ad73a504971]::ops::function::FnOnce<()>>::call_once::{shim:vtable#0}
[INFO] [stdout]   19:     0x5858e292b3df - <std[617be2ca0a6fd877]::sys::thread::unix::Thread>::new::thread_start
[INFO] [stdout]   20:     0x74c072c8fdfa - <unknown>
[INFO] [stdout]   21:     0x74c072d233d4 - clone
[INFO] [stdout]   22:                0x0 - <unknown>
[INFO] [stdout] 
[INFO] [stdout] 
[INFO] [stdout] failures:
[INFO] [stdout]     i8_b32::decode
[INFO] [stdout]     u8_b32::decode
[INFO] [stdout] 
[INFO] [stdout] test result: FAILED. 52 passed; 2 failed; 0 ignored; 0 measured; 0 filtered out; finished in 0.08s
[INFO] [stdout] 
[INFO] [stderr] error: test failed, to rerun pass `--test integration_test`
[INFO] running `Command { std: "docker" "inspect" "4b2d2a3f775b157b54b5f6b8110d8a167d23389d0f39dbb259c21b2c6ac04744", kill_on_drop: false }`
[INFO] running `Command { std: "docker" "rm" "-f" "4b2d2a3f775b157b54b5f6b8110d8a167d23389d0f39dbb259c21b2c6ac04744", kill_on_drop: false }`
[INFO] [stdout] 4b2d2a3f775b157b54b5f6b8110d8a167d23389d0f39dbb259c21b2c6ac04744
