[INFO] fetching crate waydroid-tray 0.4.0...
[INFO] testing waydroid-tray-0.4.0 against 1.100.0-beta.1+cargoflags=--release for beta-release-1.100-2
[INFO] extracting crate waydroid-tray 0.4.0 into /workspace/builds/worker-3-tc2/source
[INFO] started tweaking crates.io crate waydroid-tray 0.4.0
[INFO] removed 0 missing tests
[INFO] finished tweaking crates.io crate waydroid-tray 0.4.0
[INFO] tweaked toml for crates.io crate waydroid-tray 0.4.0 written to /workspace/builds/worker-3-tc2/source/Cargo.toml
[INFO] validating manifest of crates.io crate waydroid-tray 0.4.0 on toolchain 1.100.0-beta.1
[INFO] running `Command { std: CARGO_HOME="/workspace/cargo-home" RUSTUP_HOME="/workspace/rustup-home" "/workspace/cargo-home/bin/cargo" "+1.100.0-beta.1" "metadata" "--manifest-path" "Cargo.toml" "--no-deps", kill_on_drop: false }`
[INFO] crate crates.io crate waydroid-tray 0.4.0 already has a lockfile, it will not be regenerated
[INFO] running `Command { std: CARGO_HOME="/workspace/cargo-home" RUSTUP_HOME="/workspace/rustup-home" "/workspace/cargo-home/bin/cargo" "+1.100.0-beta.1" "fetch" "--manifest-path" "Cargo.toml", kill_on_drop: false }`
[INFO] running `Command { std: "docker" "create" "-v" "/var/lib/crater-agent-workspace/builds/worker-3-tc2/source:/opt/rustwide/workdir:ro,Z" "-v" "/var/lib/crater-agent-workspace/builds/worker-3-tc2/target:/opt/rustwide/target:rw,Z" "-v" "/var/lib/crater-agent-workspace/cargo-home:/opt/rustwide/cargo-home:ro,Z" "-v" "/var/lib/crater-agent-workspace/rustup-home:/opt/rustwide/rustup-home:ro,Z" "-m" "1610612736" "--network" "none" "ghcr.io/rust-lang/crates-build-env/linux@sha256:77db811e55d90add9212f6832c23229e3de5f1c1f9905e8cb07319ea15df73ac" "sleep" "infinity", kill_on_drop: false }`
[INFO] [stdout] bbdd9288c3f4593f3f7e54372550a57ee6177dacf9867adbf3c0e8c4251b6000
[INFO] running `Command { std: "docker" "start" "bbdd9288c3f4593f3f7e54372550a57ee6177dacf9867adbf3c0e8c4251b6000", kill_on_drop: false }`
[INFO] running `Command { std: "docker" "inspect" "bbdd9288c3f4593f3f7e54372550a57ee6177dacf9867adbf3c0e8c4251b6000", kill_on_drop: false }`
[INFO] running `Command { std: "docker" "exec" "-e" "SOURCE_DIR=/opt/rustwide/workdir" "-e" "CARGO_HOME=/opt/rustwide/cargo-home" "-e" "RUSTUP_HOME=/opt/rustwide/rustup-home" "-e" "CARGO_TARGET_DIR=/opt/rustwide/target" "-w" "/opt/rustwide/workdir" "--user" "0:0" "bbdd9288c3f4593f3f7e54372550a57ee6177dacf9867adbf3c0e8c4251b6000" "/opt/rustwide/cargo-home/bin/cargo" "+1.100.0-beta.1" "metadata" "--no-deps" "--format-version=1", kill_on_drop: false }`
[INFO] running `Command { std: "docker" "inspect" "bbdd9288c3f4593f3f7e54372550a57ee6177dacf9867adbf3c0e8c4251b6000", kill_on_drop: false }`
[INFO] running `Command { std: "docker" "exec" "-e" "SOURCE_DIR=/opt/rustwide/workdir" "-e" "CARGO_HOME=/opt/rustwide/cargo-home" "-e" "RUSTUP_HOME=/opt/rustwide/rustup-home" "-e" "CARGO_TARGET_DIR=/opt/rustwide/target" "-e" "CARGO_INCREMENTAL=0" "-e" "RUST_BACKTRACE=full" "-e" "RUSTFLAGS=--cap-lints=warn" "-e" "RUSTDOCFLAGS=--cap-lints=warn" "-w" "/opt/rustwide/workdir" "--user" "0:0" "bbdd9288c3f4593f3f7e54372550a57ee6177dacf9867adbf3c0e8c4251b6000" "/opt/rustwide/cargo-home/bin/cargo" "+1.100.0-beta.1" "build" "--frozen" "--message-format=json" "--release", kill_on_drop: false }`
[INFO] [stderr]    Compiling unicode-ident v1.0.24
[INFO] [stderr]    Compiling serde_core v1.0.229
[INFO] [stderr]    Compiling winnow v1.0.4
[INFO] [stderr]    Compiling equivalent v1.0.2
[INFO] [stderr]    Compiling hashbrown v0.17.1
[INFO] [stderr]    Compiling serde v1.0.229
[INFO] [stderr]    Compiling pin-project-lite v0.2.17
[INFO] [stderr]    Compiling toml_datetime v1.1.1+spec-1.1.0
[INFO] [stderr]    Compiling libc v0.2.189
[INFO] [stderr]    Compiling proc-macro2 v1.0.107
[INFO] [stderr]    Compiling quote v1.0.47
[INFO] [stderr]    Compiling futures-core v0.3.34
[INFO] [stderr]    Compiling parking v2.2.1
[INFO] [stderr]    Compiling syn v3.0.5
[INFO] [stderr]    Compiling syn v2.0.119
[INFO] [stderr]    Compiling indexmap v2.14.2
[INFO] [stderr]    Compiling toml_parser v1.1.3+spec-1.1.0
[INFO] [stderr]    Compiling toml_edit v0.25.15+spec-1.1.0
[INFO] [stderr]    Compiling endi v1.1.1
[INFO] [stderr]    Compiling errno v0.3.14
[INFO] [stderr]    Compiling event-listener v5.4.2
[INFO] [stderr]    Compiling once_cell v1.21.4
[INFO] [stderr]    Compiling rustix v1.1.4
[INFO] [stderr]    Compiling tracing-core v0.1.36
[INFO] [stderr]    Compiling event-listener-strategy v0.5.4
[INFO] [stderr]    Compiling signal-hook-registry v1.4.8
[INFO] [stderr]    Compiling proc-macro-crate v3.5.0
[INFO] [stderr]    Compiling socket2 v0.6.5
[INFO] [stderr]    Compiling mio v1.2.3
[INFO] [stderr]    Compiling fastrand v2.5.0
[INFO] [stderr]    Compiling bytes v1.12.1
[INFO] [stderr]    Compiling linux-raw-sys v0.12.1
[INFO] [stderr]    Compiling bitflags v2.13.2
[INFO] [stderr]    Compiling futures-io v0.3.34
[INFO] [stderr]    Compiling uuid v1.26.1
[INFO] [stderr]    Compiling futures-lite v2.6.1
[INFO] [stderr]    Compiling async-broadcast v0.7.2
[INFO] [stderr]    Compiling ordered-stream v0.2.0
[INFO] [stderr]    Compiling slab v0.4.12
[INFO] [stderr]    Compiling futures-task v0.3.34
[INFO] [stderr]    Compiling hex v0.4.3
[INFO] [stderr]    Compiling pastey v0.2.3
[INFO] [stderr]    Compiling enumflags2_derive v0.7.12
[INFO] [stderr]    Compiling tracing-attributes v0.1.31
[INFO] [stderr]    Compiling async-recursion v1.1.1
[INFO] [stderr]    Compiling serde_derive v1.0.229
[INFO] [stderr]    Compiling tokio-macros v2.7.2
[INFO] [stderr]    Compiling futures-macro v0.3.34
[INFO] [stderr]    Compiling serde_repr v0.1.21
[INFO] [stderr]    Compiling async-trait v0.1.92
[INFO] [stderr]    Compiling tokio v1.53.1
[INFO] [stderr]    Compiling futures-util v0.3.34
[INFO] [stderr]    Compiling tracing v0.1.44
[INFO] [stderr]    Compiling zvariant_utils v4.2.0
[INFO] [stderr]    Compiling zcheapstr v1.1.0
[INFO] [stderr]    Compiling enumflags2 v0.7.12
[INFO] [stderr]    Compiling zvariant_derive v5.15.0
[INFO] [stderr]    Compiling zvariant v5.15.0
[INFO] [stderr]    Compiling zbus_names v4.3.4
[INFO] [stderr]    Compiling zbus_macros v5.19.0
[INFO] [stderr]    Compiling zbus v5.19.0
[INFO] [stderr]    Compiling ksni v0.3.6
[INFO] [stderr]    Compiling waydroid-tray v0.4.0 (/opt/rustwide/workdir)
[INFO] [stderr]     Finished `release` profile [optimized] target(s) in 2m 44s
[INFO] running `Command { std: "docker" "inspect" "bbdd9288c3f4593f3f7e54372550a57ee6177dacf9867adbf3c0e8c4251b6000", kill_on_drop: false }`
[INFO] running `Command { std: "docker" "exec" "-e" "SOURCE_DIR=/opt/rustwide/workdir" "-e" "CARGO_HOME=/opt/rustwide/cargo-home" "-e" "RUSTUP_HOME=/opt/rustwide/rustup-home" "-e" "CARGO_TARGET_DIR=/opt/rustwide/target" "-e" "CARGO_INCREMENTAL=0" "-e" "RUST_BACKTRACE=full" "-e" "RUSTFLAGS=--cap-lints=warn" "-e" "RUSTDOCFLAGS=--cap-lints=warn" "-w" "/opt/rustwide/workdir" "--user" "0:0" "bbdd9288c3f4593f3f7e54372550a57ee6177dacf9867adbf3c0e8c4251b6000" "/opt/rustwide/cargo-home/bin/cargo" "+1.100.0-beta.1" "test" "--frozen" "--no-run" "--message-format=json" "--release", kill_on_drop: false }`
[INFO] [stderr]    Compiling waydroid-tray v0.4.0 (/opt/rustwide/workdir)
[INFO] [stderr]     Finished `release` profile [optimized] target(s) in 53.71s
[INFO] running `Command { std: "docker" "inspect" "bbdd9288c3f4593f3f7e54372550a57ee6177dacf9867adbf3c0e8c4251b6000", kill_on_drop: false }`
[INFO] running `Command { std: "docker" "exec" "-e" "SOURCE_DIR=/opt/rustwide/workdir" "-e" "CARGO_HOME=/opt/rustwide/cargo-home" "-e" "RUSTUP_HOME=/opt/rustwide/rustup-home" "-e" "CARGO_TARGET_DIR=/opt/rustwide/target" "-e" "CARGO_INCREMENTAL=0" "-e" "RUST_BACKTRACE=full" "-e" "RUSTFLAGS=--cap-lints=warn" "-e" "RUSTDOCFLAGS=--cap-lints=warn" "-w" "/opt/rustwide/workdir" "--user" "0:0" "bbdd9288c3f4593f3f7e54372550a57ee6177dacf9867adbf3c0e8c4251b6000" "/opt/rustwide/cargo-home/bin/cargo" "+1.100.0-beta.1" "test" "--frozen" "--release", kill_on_drop: false }`
[INFO] [stderr]     Finished `release` profile [optimized] target(s) in 0.34s
[INFO] [stderr]      Running unittests src/main.rs (/opt/rustwide/target/release/build/waydroid-tray/fe268499d188bf7a/out/waydroid_tray-fe268499d188bf7a)
[INFO] [stdout] 
[INFO] [stdout] running 30 tests
[INFO] [stdout] test apps::tests::ignores_fields_outside_the_desktop_entry_group ... ok
[INFO] [stdout] test apps::tests::hides_apps_marked_no_display ... ok
[INFO] [stdout] test apps::tests::lists_visible_apps ... ok
[INFO] [stdout] test apps::tests::reads_fields_from_the_desktop_entry_group ... ok
[INFO] [stdout] test apps::tests::reads_an_icon_file ... ok
[INFO] [stdout] test config::tests::ignores_unknown_keys ... ok
[INFO] [stdout] test apps::tests::wont_read_an_icon_through_a_symlink ... ok
[INFO] [stdout] test apps::tests::drops_icons_anywhere_else ... ok
[INFO] [stdout] test apps::tests::sorts_apps_by_name_ignoring_case ... ok
[INFO] [stdout] test apps::tests::keeps_icons_in_waydroids_icon_directory ... ok
[INFO] [stdout] test apps::tests::wont_read_a_device_or_fifo ... ok
[INFO] [stdout] test apps::tests::skips_files_whose_package_isnt_a_package_name ... ok
[INFO] [stdout] test apps::tests::wont_read_an_oversized_icon ... ok
[INFO] [stdout] test config::tests::malformed_lines_are_ignored ... ok
[INFO] [stdout] test install::tests::exec_path_is_quoted ... ok
[INFO] [stdout] test install::tests::exec_path_escapes_specifiers_only ... ok
[INFO] [stdout] test notify::tests::markup_in_the_body_is_shown_as_text ... ok
[INFO] [stdout] test install::tests::exec_path_refuses_what_systemd_would ... ok
[INFO] [stdout] test config::tests::round_trip ... ok
[INFO] [stdout] test config::tests::toggle_writes_through_and_publishes_auto_stop ... ok
[INFO] [stdout] test tests::a_running_session_has_no_deadline ... ok
[INFO] [stdout] test tests::since_boot_outlasts_this_process ... ok
[INFO] [stdout] test tests::a_clock_that_jumps_backwards_does_not_panic ... ok
[INFO] [stdout] test tests::the_deadline_counts_down_while_frozen ... ok
[INFO] [stdout] test state::tests::stopped_with_session_manager_up_is_starting ... ok
[INFO] [stdout] test state::tests::other_states_are_unchanged_by_the_session_manager ... ok
[INFO] [stdout] test tests::a_session_frozen_across_a_suspend_is_due_on_resume ... ok
[INFO] [stdout] test config::tests::missing_file_is_default ... ok
[INFO] [stdout] test tests::the_lock_is_not_opened_through_a_symlink ... ok
[INFO] [stdout] test tests::the_lock_needs_an_absolute_runtime_dir ... ok
[INFO] [stdout] 
[INFO] [stdout] test result: ok. 30 passed; 0 failed; 0 ignored; 0 measured; 0 filtered out; finished in 0.04s
[INFO] [stdout] 
[INFO] [stderr]      Running tests/harness/main.rs (/opt/rustwide/target/release/build/waydroid-tray/9eabc230d8161ef8/out/harness-9eabc230d8161ef8)
[INFO] [stdout] 
[INFO] [stdout] running 33 tests
[INFO] [stdout] test auto_stop::idle_toggle_arms_the_timer_and_persists ... FAILED
[INFO] [stdout] test command_errors::session_start_exiting_zero_early_is_notified ... FAILED
[INFO] [stdout] test auto_stop::a_stop_that_leaves_it_frozen_waits_out_the_timeout_again ... FAILED
[INFO] [stdout] test auto_stop::arming_the_toggle_restarts_the_clock ... FAILED
[INFO] [stdout] test command_errors::failed_command_is_notified_with_stderr ... FAILED
[INFO] [stdout] test auto_stop::running_session_is_never_idle_stopped ... FAILED
[INFO] [stdout] test command_errors::successful_command_is_not_notified ... FAILED
[INFO] [stdout] test auto_stop::frozen_session_stays_up_while_the_toggle_is_off ... FAILED
[INFO] [stdout] test auto_stop::frozen_session_stops_once_idle ... FAILED
[INFO] [stdout] test container_service::stop_container_service_stops_the_unit_through_systemd ... FAILED
[INFO] [stdout] test container_service::refused_container_service_stop_is_notified ... FAILED
[INFO] [stdout] test container_service::stop_container_service_is_offered_once_the_session_is_down ... FAILED
[INFO] [stdout] test command_errors::lasting_session_start_is_not_notified ... FAILED
[INFO] [stdout] test freeze::freeze_when_running ... FAILED
[INFO] [stdout] test hide_icon::hidden_while_stopped_when_enabled ... FAILED
[INFO] [stdout] test freeze::freeze_error_is_notified ... FAILED
[INFO] [stdout] test freeze::unfreeze_when_frozen ... FAILED
[INFO] [stdout] test install::install_starts_the_tray_in_a_session_without_wayland_display ... FAILED
[INFO] [stdout] test middle_click::middle_click_starts_a_stopped_session ... FAILED
[INFO] [stdout] test install::install_writes_the_setup_and_uninstall_removes_it ... FAILED
[INFO] [stdout] test session_state::frozen_session_shows_frozen ... FAILED
[INFO] [stdout] test middle_click::middle_click_stops_a_running_session ... FAILED
[INFO] [stdout] test session_state::failed_stop_leaves_it_stuck ... FAILED
[INFO] [stdout] test session_state::no_get_session_calls_while_stopped ... FAILED
[INFO] [stdout] test install::install_outside_a_desktop_session_leaves_the_tray_for_next_login ... FAILED
[INFO] [stdout] test session_state::session_stop_is_immediate ... FAILED
[INFO] [stdout] test session_state::session_start_is_picked_up_without_polling ... FAILED
[INFO] [stdout] test session_state::starting_session_can_be_stopped ... FAILED
[INFO] [stdout] test flags::version_flag_prints_the_package_version ... ok
[INFO] [stdout] test start_at_login::start_at_login_leaves_a_running_session_alone ... FAILED
[INFO] [stdout] test flags::help_flag_lists_both_flags ... ok
[INFO] [stdout] test start_at_login::start_at_login_starts_a_stopped_session ... FAILED
[INFO] [stdout] test hide_icon::hide_toggle_applies_and_persists ... FAILED
[INFO] [stderr] error: test failed, to rerun pass `--test harness`
[INFO] [stdout] 
[INFO] [stdout] failures:
[INFO] [stdout] 
[INFO] [stdout] ---- auto_stop::idle_toggle_arms_the_timer_and_persists stdout ----
[INFO] [stdout] 
[INFO] [stdout] thread 'auto_stop::idle_toggle_arms_the_timer_and_persists' (1083) panicked at tests/harness/harness.rs:348:10:
[INFO] [stdout] run busd (install it with `cargo install busd`): Os { code: 2, kind: NotFound, message: "No such file or directory" }
[INFO] [stdout] stack backtrace:
[INFO] [stdout]    0:     0x5d122a7c8367 - <unknown>
[INFO] [stdout]    1:     0x5d122a7ac94a - <unknown>
[INFO] [stdout]    2:     0x5d122a7c791b - <unknown>
[INFO] [stdout]    3:     0x5d122a7c73ff - <unknown>
[INFO] [stdout]    4:     0x5d122a7c702a - <unknown>
[INFO] [stdout]    5:     0x5d122a7c6b65 - <unknown>
[INFO] [stdout]    6:     0x5d122a7ed9e1 - <unknown>
[INFO] [stdout]    7:     0x5d122a7ed999 - <unknown>
[INFO] [stdout]    8:     0x5d122a7ede9c - <unknown>
[INFO] [stdout]    9:     0x5d122a7ac7db - <unknown>
[INFO] [stdout]   10:     0x5d122a7b0c21 - <unknown>
[INFO] [stdout]   11:     0x5d122a796af0 - <unknown>
[INFO] [stdout]   12:     0x5d122a747b0c - <unknown>
[INFO] [stdout]   13:     0x5d122a776766 - <unknown>
[INFO] [stdout]   14:     0x5d122a6f61b2 - <unknown>
[INFO] [stdout]   15:     0x5d122a7aa104 - <unknown>
[INFO] [stdout]   16:     0x5d122a80bb1b - <unknown>
[INFO] [stdout]   17:     0x5d122a807ae1 - <unknown>
[INFO] [stdout]   18:     0x5d122a8072cc - <unknown>
[INFO] [stdout]   19:     0x5d122a824fbc - <unknown>
[INFO] [stdout]   20:     0x5d122a7efac4 - <unknown>
[INFO] [stdout]   21:     0x7e81e526cdfa - <unknown>
[INFO] [stdout]   22:     0x7e81e53003d4 - clone
[INFO] [stdout]   23:                0x0 - <unknown>
[INFO] [stdout] 
[INFO] [stdout] ---- command_errors::session_start_exiting_zero_early_is_notified stdout ----
[INFO] [stdout] 
[INFO] [stdout] thread 'command_errors::session_start_exiting_zero_early_is_notified' (1088) panicked at tests/harness/harness.rs:348:10:
[INFO] [stdout] run busd (install it with `cargo install busd`): Os { code: 2, kind: NotFound, message: "No such file or directory" }
[INFO] [stdout] stack backtrace:
[INFO] [stdout]    0:     0x5d122a7c8367 - <unknown>
[INFO] [stdout]    1:     0x5d122a7ac94a - <unknown>
[INFO] [stdout]    2:     0x5d122a7c791b - <unknown>
[INFO] [stdout]    3:     0x5d122a7c73ff - <unknown>
[INFO] [stdout]    4:     0x5d122a7c702a - <unknown>
[INFO] [stdout]    5:     0x5d122a7c6b65 - <unknown>
[INFO] [stdout]    6:     0x5d122a7ed9e1 - <unknown>
[INFO] [stdout]    7:     0x5d122a7ed999 - <unknown>
[INFO] [stdout]    8:     0x5d122a7ede9c - <unknown>
[INFO] [stdout]    9:     0x5d122a7ac7db - <unknown>
[INFO] [stdout]   10:     0x5d122a7b0c21 - <unknown>
[INFO] [stdout]   11:     0x5d122a796af0 - <unknown>
[INFO] [stdout]   12:     0x5d122a747b0c - <unknown>
[INFO] [stdout]   13:     0x5d122a76e2ac - <unknown>
[INFO] [stdout]   14:     0x5d122a6f61b2 - <unknown>
[INFO] [stdout]   15:     0x5d122a7a7414 - <unknown>
[INFO] [stdout]   16:     0x5d122a80bb1b - <unknown>
[INFO] [stdout]   17:     0x5d122a807ae1 - <unknown>
[INFO] [stdout]   18:     0x5d122a8072cc - <unknown>
[INFO] [stdout]   19:     0x5d122a824fbc - <unknown>
[INFO] [stdout]   20:     0x5d122a7efac4 - <unknown>
[INFO] [stdout]   21:     0x7e81e526cdfa - <unknown>
[INFO] [stdout]   22:     0x7e81e53003d4 - clone
[INFO] [stdout]   23:                0x0 - <unknown>
[INFO] [stdout] 
[INFO] [stdout] ---- auto_stop::a_stop_that_leaves_it_frozen_waits_out_the_timeout_again stdout ----
[INFO] [stdout] 
[INFO] [stdout] thread 'auto_stop::a_stop_that_leaves_it_frozen_waits_out_the_timeout_again' (1079) panicked at tests/harness/harness.rs:348:10:
[INFO] [stdout] run busd (install it with `cargo install busd`): Os { code: 2, kind: NotFound, message: "No such file or directory" }
[INFO] [stdout] stack backtrace:
[INFO] [stdout]    0:     0x5d122a7c8367 - <unknown>
[INFO] [stdout]    1:     0x5d122a7ac94a - <unknown>
[INFO] [stdout]    2:     0x5d122a7c791b - <unknown>
[INFO] [stdout]    3:     0x5d122a7c73ff - <unknown>
[INFO] [stdout]    4:     0x5d122a7c702a - <unknown>
[INFO] [stdout]    5:     0x5d122a7c6b65 - <unknown>
[INFO] [stdout]    6:     0x5d122a7ed9e1 - <unknown>
[INFO] [stdout]    7:     0x5d122a7ed999 - <unknown>
[INFO] [stdout]    8:     0x5d122a7ede9c - <unknown>
[INFO] [stdout]    9:     0x5d122a7ac7db - <unknown>
[INFO] [stdout]   10:     0x5d122a7b0c21 - <unknown>
[INFO] [stdout]   11:     0x5d122a796af0 - <unknown>
[INFO] [stdout]   12:     0x5d122a747b0c - <unknown>
[INFO] [stdout]   13:     0x5d122a777305 - <unknown>
[INFO] [stdout]   14:     0x5d122a6f61b2 - <unknown>
[INFO] [stdout]   15:     0x5d122a7aa624 - <unknown>
[INFO] [stdout]   16:     0x5d122a80bb1b - <unknown>
[INFO] [stdout]   17:     0x5d122a807ae1 - <unknown>
[INFO] [stdout]   18:     0x5d122a8072cc - <unknown>
[INFO] [stdout]   19:     0x5d122a824fbc - <unknown>
[INFO] [stdout]   20:     0x5d122a7efac4 - <unknown>
[INFO] [stdout]   21:     0x7e81e526cdfa - <unknown>
[INFO] [stdout]   22:     0x7e81e53003d4 - clone
[INFO] [stdout]   23:                0x0 - <unknown>
[INFO] [stdout] 
[INFO] [stdout] ---- auto_stop::arming_the_toggle_restarts_the_clock stdout ----
[INFO] [stdout] 
[INFO] [stdout] thread 'auto_stop::arming_the_toggle_restarts_the_clock' (1080) panicked at tests/harness/harness.rs:348:10:
[INFO] [stdout] run busd (install it with `cargo install busd`): Os { code: 2, kind: NotFound, message: "No such file or directory" }
[INFO] [stdout] stack backtrace:
[INFO] [stdout]    0:     0x5d122a7c8367 - <unknown>
[INFO] [stdout]    1:     0x5d122a7ac94a - <unknown>
[INFO] [stdout]    2:     0x5d122a7c791b - <unknown>
[INFO] [stdout]    3:     0x5d122a7c73ff - <unknown>
[INFO] [stdout]    4:     0x5d122a7c702a - <unknown>
[INFO] [stdout]    5:     0x5d122a7c6b65 - <unknown>
[INFO] [stdout]    6:     0x5d122a7ed9e1 - <unknown>
[INFO] [stdout]    7:     0x5d122a7ed999 - <unknown>
[INFO] [stdout]    8:     0x5d122a7ede9c - <unknown>
[INFO] [stdout]    9:     0x5d122a7ac7db - <unknown>
[INFO] [stdout]   10:     0x5d122a7b0c21 - <unknown>
[INFO] [stdout]   11:     0x5d122a796af0 - <unknown>
[INFO] [stdout]   12:     0x5d122a747b0c - <unknown>
[INFO] [stdout]   13:     0x5d122a775a6b - <unknown>
[INFO] [stdout]   14:     0x5d122a6f61b2 - <unknown>
[INFO] [stdout]   15:     0x5d122a7a9be4 - <unknown>
[INFO] [stdout]   16:     0x5d122a80bb1b - <unknown>
[INFO] [stdout]   17:     0x5d122a807ae1 - <unknown>
[INFO] [stdout]   18:     0x5d122a8072cc - <unknown>
[INFO] [stdout]   19:     0x5d122a824fbc - <unknown>
[INFO] [stdout]   20:     0x5d122a7efac4 - <unknown>
[INFO] [stdout]   21:     0x7e81e526cdfa - <unknown>
[INFO] [stdout]   22:     0x7e81e53003d4 - clone
[INFO] [stdout]   23:                0x0 - <unknown>
[INFO] [stdout] 
[INFO] [stdout] ---- command_errors::failed_command_is_notified_with_stderr stdout ----
[INFO] [stdout] 
[INFO] [stdout] thread 'command_errors::failed_command_is_notified_with_stderr' (1085) panicked at tests/harness/harness.rs:348:10:
[INFO] [stdout] run busd (install it with `cargo install busd`): Os { code: 2, kind: NotFound, message: "No such file or directory" }
[INFO] [stdout] stack backtrace:
[INFO] [stdout]    0:     0x5d122a7c8367 - <unknown>
[INFO] [stdout]    1:     0x5d122a7ac94a - <unknown>
[INFO] [stdout]    2:     0x5d122a7c791b - <unknown>
[INFO] [stdout]    3:     0x5d122a7c73ff - <unknown>
[INFO] [stdout]    4:     0x5d122a7c702a - <unknown>
[INFO] [stdout]    5:     0x5d122a7c6b65 - <unknown>
[INFO] [stdout]    6:     0x5d122a7ed9e1 - <unknown>
[INFO] [stdout]    7:     0x5d122a7ed999 - <unknown>
[INFO] [stdout]    8:     0x5d122a7ede9c - <unknown>
[INFO] [stdout]    9:     0x5d122a7ac7db - <unknown>
[INFO] [stdout]   10:     0x5d122a7b0c21 - <unknown>
[INFO] [stdout]   11:     0x5d122a796af0 - <unknown>
[INFO] [stdout]   12:     0x5d122a747b0c - <unknown>
[INFO] [stdout]   13:     0x5d122a76d8ec - <unknown>
[INFO] [stdout]   14:     0x5d122a6f61b2 - <unknown>
[INFO] [stdout]   15:     0x5d122a7a7184 - <unknown>
[INFO] [stdout]   16:     0x5d122a80bb1b - <unknown>
[INFO] [stdout]   17:     0x5d122a807ae1 - <unknown>
[INFO] [stdout]   18:     0x5d122a8072cc - <unknown>
[INFO] [stdout]   19:     0x5d122a824fbc - <unknown>
[INFO] [stdout]   20:     0x5d122a7efac4 - <unknown>
[INFO] [stdout]   21:     0x7e81e526cdfa - <unknown>
[INFO] [stdout]   22:     0x7e81e53003d4 - clone
[INFO] [stdout]   23:                0x0 - <unknown>
[INFO] [stdout] 
[INFO] [stdout] ---- auto_stop::running_session_is_never_idle_stopped stdout ----
[INFO] [stdout] 
[INFO] [stdout] thread 'auto_stop::running_session_is_never_idle_stopped' (1084) panicked at tests/harness/harness.rs:348:10:
[INFO] [stdout] run busd (install it with `cargo install busd`): Os { code: 2, kind: NotFound, message: "No such file or directory" }
[INFO] [stdout] stack backtrace:
[INFO] [stdout]    0:     0x5d122a7c8367 - <unknown>
[INFO] [stdout]    1:     0x5d122a7ac94a - <unknown>
[INFO] [stdout]    2:     0x5d122a7c791b - <unknown>
[INFO] [stdout]    3:     0x5d122a7c73ff - <unknown>
[INFO] [stdout]    4:     0x5d122a7c702a - <unknown>
[INFO] [stdout]    5:     0x5d122a7c6b65 - <unknown>
[INFO] [stdout]    6:     0x5d122a7ed9e1 - <unknown>
[INFO] [stdout]    7:     0x5d122a7ed999 - <unknown>
[INFO] [stdout]    8:     0x5d122a7ede9c - <unknown>
[INFO] [stdout]    9:     0x5d122a7ac7db - <unknown>
[INFO] [stdout]   10:     0x5d122a7b0c21 - <unknown>
[INFO] [stdout]   11:     0x5d122a796af0 - <unknown>
[INFO] [stdout]   12:     0x5d122a747b0c - <unknown>
[INFO] [stdout]   13:     0x5d122a7763c7 - <unknown>
[INFO] [stdout]   14:     0x5d122a6f61b2 - <unknown>
[INFO] [stdout]   15:     0x5d122a7a9e74 - <unknown>
[INFO] [stdout]   16:     0x5d122a80bb1b - <unknown>
[INFO] [stdout]   17:     0x5d122a807ae1 - <unknown>
[INFO] [stdout]   18:     0x5d122a8072cc - <unknown>
[INFO] [stdout]   19:     0x5d122a824fbc - <unknown>
[INFO] [stdout]   20:     0x5d122a7efac4 - <unknown>
[INFO] [stdout]   21:     0x7e81e526cdfa - <unknown>
[INFO] [stdout]   22:     0x7e81e53003d4 - clone
[INFO] [stdout]   23:                0x0 - <unknown>
[INFO] [stdout] 
[INFO] [stdout] ---- command_errors::successful_command_is_not_notified stdout ----
[INFO] [stdout] 
[INFO] [stdout] thread 'command_errors::successful_command_is_not_notified' (1090) panicked at tests/harness/harness.rs:348:10:
[INFO] [stdout] run busd (install it with `cargo install busd`): Os { code: 2, kind: NotFound, message: "No such file or directory" }
[INFO] [stdout] stack backtrace:
[INFO] [stdout]    0:     0x5d122a7c8367 - <unknown>
[INFO] [stdout]    1:     0x5d122a7ac94a - <unknown>
[INFO] [stdout]    2:     0x5d122a7c791b - <unknown>
[INFO] [stdout]    3:     0x5d122a7c73ff - <unknown>
[INFO] [stdout]    4:     0x5d122a7c702a - <unknown>
[INFO] [stdout]    5:     0x5d122a7c6b65 - <unknown>
[INFO] [stdout]    6:     0x5d122a7ed9e1 - <unknown>
[INFO] [stdout]    7:     0x5d122a7ed999 - <unknown>
[INFO] [stdout]    8:     0x5d122a7ede9c - <unknown>
[INFO] [stdout]    9:     0x5d122a7ac7db - <unknown>
[INFO] [stdout]   10:     0x5d122a7b0c21 - <unknown>
[INFO] [stdout]   11:     0x5d122a796af0 - <unknown>
[INFO] [stdout]   12:     0x5d122a747b0c - <unknown>
[INFO] [stdout]   13:     0x5d122a76c795 - <unknown>
[INFO] [stdout]   14:     0x5d122a6f61b2 - <unknown>
[INFO] [stdout]   15:     0x5d122a7a6c64 - <unknown>
[INFO] [stdout]   16:     0x5d122a80bb1b - <unknown>
[INFO] [stdout]   17:     0x5d122a807ae1 - <unknown>
[INFO] [stdout]   18:     0x5d122a8072cc - <unknown>
[INFO] [stdout]   19:     0x5d122a824fbc - <unknown>
[INFO] [stdout]   20:     0x5d122a7efac4 - <unknown>
[INFO] [stdout]   21:     0x7e81e526cdfa - <unknown>
[INFO] [stdout]   22:     0x7e81e53003d4 - clone
[INFO] [stdout]   23:                0x0 - <unknown>
[INFO] [stdout] 
[INFO] [stdout] ---- auto_stop::frozen_session_stays_up_while_the_toggle_is_off stdout ----
[INFO] [stdout] 
[INFO] [stdout] thread 'auto_stop::frozen_session_stays_up_while_the_toggle_is_off' (1081) panicked at tests/harness/harness.rs:348:10:
[INFO] [stdout] run busd (install it with `cargo install busd`): Os { code: 2, kind: NotFound, message: "No such file or directory" }
[INFO] [stdout] stack backtrace:
[INFO] [stdout]    0:     0x5d122a7c8367 - <unknown>
[INFO] [stdout]    1:     0x5d122a7ac94a - <unknown>
[INFO] [stdout]    2:     0x5d122a7c791b - <unknown>
[INFO] [stdout]    3:     0x5d122a7c73ff - <unknown>
[INFO] [stdout]    4:     0x5d122a7c702a - <unknown>
[INFO] [stdout]    5:     0x5d122a7c6b65 - <unknown>
[INFO] [stdout]    6:     0x5d122a7ed9e1 - <unknown>
[INFO] [stdout]    7:     0x5d122a7ed999 - <unknown>
[INFO] [stdout]    8:     0x5d122a7ede9c - <unknown>
[INFO] [stdout]    9:     0x5d122a7ac7db - <unknown>
[INFO] [stdout]   10:     0x5d122a7b0c21 - <unknown>
[INFO] [stdout]   11:     0x5d122a796af0 - <unknown>
[INFO] [stdout]   12:     0x5d122a747b0c - <unknown>
[INFO] [stdout]   13:     0x5d122a776f87 - <unknown>
[INFO] [stdout]   14:     0x5d122a6f61b2 - <unknown>
[INFO] [stdout]   15:     0x5d122a7aa394 - <unknown>
[INFO] [stdout]   16:     0x5d122a80bb1b - <unknown>
[INFO] [stdout]   17:     0x5d122a807ae1 - <unknown>
[INFO] [stdout]   18:     0x5d122a8072cc - <unknown>
[INFO] [stdout]   19:     0x5d122a824fbc - <unknown>
[INFO] [stdout]   20:     0x5d122a7efac4 - <unknown>
[INFO] [stdout]   21:     0x7e81e526cdfa - <unknown>
[INFO] [stdout]   22:     0x7e81e53003d4 - clone
[INFO] [stdout]   23:                0x0 - <unknown>
[INFO] [stdout] 
[INFO] [stdout] ---- auto_stop::frozen_session_stops_once_idle stdout ----
[INFO] [stdout] 
[INFO] [stdout] thread 'auto_stop::frozen_session_stops_once_idle' (1082) panicked at tests/harness/harness.rs:348:10:
[INFO] [stdout] run busd (install it with `cargo install busd`): Os { code: 2, kind: NotFound, message: "No such file or directory" }
[INFO] [stdout] stack backtrace:
[INFO] [stdout]    0:     0x5d122a7c8367 - <unknown>
[INFO] [stdout]    1:     0x5d122a7ac94a - <unknown>
[INFO] [stdout]    2:     0x5d122a7c791b - <unknown>
[INFO] [stdout]    3:     0x5d122a7c73ff - <unknown>
[INFO] [stdout]    4:     0x5d122a7c702a - <unknown>
[INFO] [stdout]    5:     0x5d122a7c6b65 - <unknown>
[INFO] [stdout]    6:     0x5d122a7ed9e1 - <unknown>
[INFO] [stdout]    7:     0x5d122a7ed999 - <unknown>
[INFO] [stdout]    8:     0x5d122a7ede9c - <unknown>
[INFO] [stdout]    9:     0x5d122a7ac7db - <unknown>
[INFO] [stdout]   10:     0x5d122a7b0c21 - <unknown>
[INFO] [stdout]   11:     0x5d122a796af0 - <unknown>
[INFO] [stdout]   12:     0x5d122a747b0c - <unknown>
[INFO] [stdout]   13:     0x5d122a775426 - <unknown>
[INFO] [stdout]   14:     0x5d122a6f61b2 - <unknown>
[INFO] [stdout]   15:     0x5d122a7a9954 - <unknown>
[INFO] [stdout]   16:     0x5d122a80bb1b - <unknown>
[INFO] [stdout]   17:     0x5d122a807ae1 - <unknown>
[INFO] [stdout]   18:     0x5d122a8072cc - <unknown>
[INFO] [stdout]   19:     0x5d122a824fbc - <unknown>
[INFO] [stdout]   20:     0x5d122a7efac4 - <unknown>
[INFO] [stdout]   21:     0x7e81e526cdfa - <unknown>
[INFO] [stdout]   22:     0x7e81e53003d4 - clone
[INFO] [stdout]   23:                0x0 - <unknown>
[INFO] [stdout] 
[INFO] [stdout] ---- container_service::stop_container_service_stops_the_unit_through_systemd stdout ----
[INFO] [stdout] 
[INFO] [stdout] thread 'container_service::stop_container_service_stops_the_unit_through_systemd' (1103) panicked at tests/harness/harness.rs:348:10:
[INFO] [stdout] run busd (install it with `cargo install busd`): Os { code: 2, kind: NotFound, message: "No such file or directory" }
[INFO] [stdout] stack backtrace:
[INFO] [stdout]    0:     0x5d122a7c8367 - <unknown>
[INFO] [stdout]    1:     0x5d122a7ac94a - <unknown>
[INFO] [stdout]    2:     0x5d122a7c791b - <unknown>
[INFO] [stdout]    3:     0x5d122a7c73ff - <unknown>
[INFO] [stdout]    4:     0x5d122a7c702a - <unknown>
[INFO] [stdout]    5:     0x5d122a7c6b65 - <unknown>
[INFO] [stdout]    6:     0x5d122a7ed9e1 - <unknown>
[INFO] [stdout]    7:     0x5d122a7ed999 - <unknown>
[INFO] [stdout]    8:     0x5d122a7ede9c - <unknown>
[INFO] [stdout]    9:     0x5d122a7ac7db - <unknown>
[INFO] [stdout]   10:     0x5d122a7b0c21 - <unknown>
[INFO] [stdout]   11:     0x5d122a796af0 - <unknown>
[INFO] [stdout]   12:     0x5d122a747b0c - <unknown>
[INFO] [stdout]   13:     0x5d122a77026c - <unknown>
[INFO] [stdout]   14:     0x5d122a6f61b2 - <unknown>
[INFO] [stdout]   15:     0x5d122a7a7e54 - <unknown>
[INFO] [stdout]   16:     0x5d122a80bb1b - <unknown>
[INFO] [stdout]   17:     0x5d122a807ae1 - <unknown>
[INFO] [stdout]   18:     0x5d122a8072cc - <unknown>
[INFO] [stdout]   19:     0x5d122a824fbc - <unknown>
[INFO] [stdout]   20:     0x5d122a7efac4 - <unknown>
[INFO] [stdout]   21:     0x7e81e526cdfa - <unknown>
[INFO] [stdout]   22:     0x7e81e53003d4 - clone
[INFO] [stdout]   23:                0x0 - <unknown>
[INFO] [stdout] 
[INFO] [stdout] ---- container_service::refused_container_service_stop_is_notified stdout ----
[INFO] [stdout] 
[INFO] [stdout] thread 'container_service::refused_container_service_stop_is_notified' (1094) panicked at tests/harness/harness.rs:348:10:
[INFO] [stdout] run busd (install it with `cargo install busd`): Os { code: 2, kind: NotFound, message: "No such file or directory" }
[INFO] [stdout] stack backtrace:
[INFO] [stdout]    0:     0x5d122a7c8367 - <unknown>
[INFO] [stdout]    1:     0x5d122a7ac94a - <unknown>
[INFO] [stdout]    2:     0x5d122a7c791b - <unknown>
[INFO] [stdout]    3:     0x5d122a7c73ff - <unknown>
[INFO] [stdout]    4:     0x5d122a7c702a - <unknown>
[INFO] [stdout]    5:     0x5d122a7c6b65 - <unknown>
[INFO] [stdout]    6:     0x5d122a7ed9e1 - <unknown>
[INFO] [stdout]    7:     0x5d122a7ed999 - <unknown>
[INFO] [stdout]    8:     0x5d122a7ede9c - <unknown>
[INFO] [stdout]    9:     0x5d122a7ac7db - <unknown>
[INFO] [stdout]   10:     0x5d122a7b0c21 - <unknown>
[INFO] [stdout]   11:     0x5d122a796af0 - <unknown>
[INFO] [stdout]   12:     0x5d122a747b0c - <unknown>
[INFO] [stdout]   13:     0x5d122a76f5ec - <unknown>
[INFO] [stdout]   14:     0x5d122a6f61b2 - <unknown>
[INFO] [stdout]   15:     0x5d122a7a7bc4 - <unknown>
[INFO] [stdout]   16:     0x5d122a80bb1b - <unknown>
[INFO] [stdout]   17:     0x5d122a807ae1 - <unknown>
[INFO] [stdout]   18:     0x5d122a8072cc - <unknown>
[INFO] [stdout]   19:     0x5d122a824fbc - <unknown>
[INFO] [stdout]   20:     0x5d122a7efac4 - <unknown>
[INFO] [stdout]   21:     0x7e81e526cdfa - <unknown>
[INFO] [stdout]   22:     0x7e81e53003d4 - clone
[INFO] [stdout]   23:                0x0 - <unknown>
[INFO] [stdout] 
[INFO] [stdout] ---- container_service::stop_container_service_is_offered_once_the_session_is_down stdout ----
[INFO] [stdout] 
[INFO] [stdout] thread 'container_service::stop_container_service_is_offered_once_the_session_is_down' (1095) panicked at tests/harness/harness.rs:348:10:
[INFO] [stdout] run busd (install it with `cargo install busd`): Os { code: 2, kind: NotFound, message: "No such file or directory" }
[INFO] [stdout] stack backtrace:
[INFO] [stdout]    0:     0x5d122a7c8367 - <unknown>
[INFO] [stdout]    1:     0x5d122a7ac94a - <unknown>
[INFO] [stdout]    2:     0x5d122a7c791b - <unknown>
[INFO] [stdout]    3:     0x5d122a7c73ff - <unknown>
[INFO] [stdout]    4:     0x5d122a7c702a - <unknown>
[INFO] [stdout]    5:     0x5d122a7c6b65 - <unknown>
[INFO] [stdout]    6:     0x5d122a7ed9e1 - <unknown>
[INFO] [stdout]    7:     0x5d122a7ed999 - <unknown>
[INFO] [stdout]    8:     0x5d122a7ede9c - <unknown>
[INFO] [stdout]    9:     0x5d122a7ac7db - <unknown>
[INFO] [stdout]   10:     0x5d122a7b0c21 - <unknown>
[INFO] [stdout]   11:     0x5d122a796af0 - <unknown>
[INFO] [stdout]   12:     0x5d122a747b0c - <unknown>
[INFO] [stdout]   13:     0x5d122a770d51 - <unknown>
[INFO] [stdout]   14:     0x5d122a6f61b2 - <unknown>
[INFO] [stdout]   15:     0x5d122a7a80e4 - <unknown>
[INFO] [stdout]   16:     0x5d122a80bb1b - <unknown>
[INFO] [stdout]   17:     0x5d122a807ae1 - <unknown>
[INFO] [stdout]   18:     0x5d122a8072cc - <unknown>
[INFO] [stdout]   19:     0x5d122a824fbc - <unknown>
[INFO] [stdout]   20:     0x5d122a7efac4 - <unknown>
[INFO] [stdout]   21:     0x7e81e526cdfa - <unknown>
[INFO] [stdout]   22:     0x7e81e53003d4 - clone
[INFO] [stdout]   23:                0x0 - <unknown>
[INFO] [stdout] 
[INFO] [stdout] ---- command_errors::lasting_session_start_is_not_notified stdout ----
[INFO] [stdout] 
[INFO] [stdout] thread 'command_errors::lasting_session_start_is_not_notified' (1086) panicked at tests/harness/harness.rs:348:10:
[INFO] [stdout] run busd (install it with `cargo install busd`): Os { code: 2, kind: NotFound, message: "No such file or directory" }
[INFO] [stdout] stack backtrace:
[INFO] [stdout]    0:     0x5d122a7c8367 - <unknown>
[INFO] [stdout]    1:     0x5d122a7ac94a - <unknown>
[INFO] [stdout]    2:     0x5d122a7c791b - <unknown>
[INFO] [stdout]    3:     0x5d122a7c73ff - <unknown>
[INFO] [stdout]    4:     0x5d122a7c702a - <unknown>
[INFO] [stdout]    5:     0x5d122a7c6b65 - <unknown>
[INFO] [stdout]    6:     0x5d122a7ed9e1 - <unknown>
[INFO] [stdout]    7:     0x5d122a7ed999 - <unknown>
[INFO] [stdout]    8:     0x5d122a7ede9c - <unknown>
[INFO] [stdout]    9:     0x5d122a7ac7db - <unknown>
[INFO] [stdout]   10:     0x5d122a7b0c21 - <unknown>
[INFO] [stdout]   11:     0x5d122a796af0 - <unknown>
[INFO] [stdout]   12:     0x5d122a747b0c - <unknown>
[INFO] [stdout]   13:     0x5d122a76d025 - <unknown>
[INFO] [stdout]   14:     0x5d122a6f61b2 - <unknown>
[INFO] [stdout]   15:     0x5d122a7a6ef4 - <unknown>
[INFO] [stdout]   16:     0x5d122a80bb1b - <unknown>
[INFO] [stdout]   17:     0x5d122a807ae1 - <unknown>
[INFO] [stdout]   18:     0x5d122a8072cc - <unknown>
[INFO] [stdout]   19:     0x5d122a824fbc - <unknown>
[INFO] [stdout]   20:     0x5d122a7efac4 - <unknown>
[INFO] [stdout]   21:     0x7e81e526cdfa - <unknown>
[INFO] [stdout]   22:     0x7e81e53003d4 - clone
[INFO] [stdout]   23:                0x0 - <unknown>
[INFO] [stdout] 
[INFO] [stdout] ---- freeze::freeze_when_running stdout ----
[INFO] [stdout] 
[INFO] [stdout] thread 'freeze::freeze_when_running' (1108) panicked at tests/harness/harness.rs:348:10:
[INFO] [stdout] run busd (install it with `cargo install busd`): Os { code: 2, kind: NotFound, message: "No such file or directory" }
[INFO] [stdout] stack backtrace:
[INFO] [stdout]    0:     0x5d122a7c8367 - <unknown>
[INFO] [stdout]    1:     0x5d122a7ac94a - <unknown>
[INFO] [stdout]    2:     0x5d122a7c791b - <unknown>
[INFO] [stdout]    3:     0x5d122a7c73ff - <unknown>
[INFO] [stdout]    4:     0x5d122a7c702a - <unknown>
[INFO] [stdout]    5:     0x5d122a7c6b65 - <unknown>
[INFO] [stdout]    6:     0x5d122a7ed9e1 - <unknown>
[INFO] [stdout]    7:     0x5d122a7ed999 - <unknown>
[INFO] [stdout]    8:     0x5d122a7ede9c - <unknown>
[INFO] [stdout]    9:     0x5d122a7ac7db - <unknown>
[INFO] [stdout]   10:     0x5d122a7b0c21 - <unknown>
[INFO] [stdout]   11:     0x5d122a796af0 - <unknown>
[INFO] [stdout]   12:     0x5d122a747b0c - <unknown>
[INFO] [stdout]   13:     0x5d122a771e52 - <unknown>
[INFO] [stdout]   14:     0x5d122a6f61b2 - <unknown>
[INFO] [stdout]   15:     0x5d122a7a8874 - <unknown>
[INFO] [stdout]   16:     0x5d122a80bb1b - <unknown>
[INFO] [stdout]   17:     0x5d122a807ae1 - <unknown>
[INFO] [stdout]   18:     0x5d122a8072cc - <unknown>
[INFO] [stdout]   19:     0x5d122a824fbc - <unknown>
[INFO] [stdout]   20:     0x5d122a7efac4 - <unknown>
[INFO] [stdout]   21:     0x7e81e526cdfa - <unknown>
[INFO] [stdout]   22:     0x7e81e53003d4 - clone
[INFO] [stdout]   23:                0x0 - <unknown>
[INFO] [stdout] 
[INFO] [stdout] ---- hide_icon::hidden_while_stopped_when_enabled stdout ----
[INFO] [stdout] 
[INFO] [stdout] thread 'hide_icon::hidden_while_stopped_when_enabled' (1111) panicked at tests/harness/harness.rs:348:10:
[INFO] [stdout] run busd (install it with `cargo install busd`): Os { code: 2, kind: NotFound, message: "No such file or directory" }
[INFO] [stdout] stack backtrace:
[INFO] [stdout]    0:     0x5d122a7c8367 - <unknown>
[INFO] [stdout]    1:     0x5d122a7ac94a - <unknown>
[INFO] [stdout]    2:     0x5d122a7c791b - <unknown>
[INFO] [stdout]    3:     0x5d122a7c73ff - <unknown>
[INFO] [stdout]    4:     0x5d122a7c702a - <unknown>
[INFO] [stdout]    5:     0x5d122a7c6b65 - <unknown>
[INFO] [stdout]    6:     0x5d122a7ed9e1 - <unknown>
[INFO] [stdout]    7:     0x5d122a7ed999 - <unknown>
[INFO] [stdout]    8:     0x5d122a7ede9c - <unknown>
[INFO] [stdout]    9:     0x5d122a7ac7db - <unknown>
[INFO] [stdout]   10:     0x5d122a7b0c21 - <unknown>
[INFO] [stdout]   11:     0x5d122a796af0 - <unknown>
[INFO] [stdout]   12:     0x5d122a747b0c - <unknown>
[INFO] [stdout]   13:     0x5d122a778381 - <unknown>
[INFO] [stdout]   14:     0x5d122a6f61b2 - <unknown>
[INFO] [stdout]   15:     0x5d122a7aab44 - <unknown>
[INFO] [stdout]   16:     0x5d122a80bb1b - <unknown>
[INFO] [stdout]   17:     0x5d122a807ae1 - <unknown>
[INFO] [stdout]   18:     0x5d122a8072cc - <unknown>
[INFO] [stdout]   19:     0x5d122a824fbc - <unknown>
[INFO] [stdout]   20:     0x5d122a7efac4 - <unknown>
[INFO] [stdout]   21:     0x7e81e526cdfa - <unknown>
[INFO] [stdout]   22:     0x7e81e53003d4 - clone
[INFO] [stdout]   23:                0x0 - <unknown>
[INFO] [stdout] 
[INFO] [stdout] ---- freeze::freeze_error_is_notified stdout ----
[INFO] [stdout] 
[INFO] [stdout] thread 'freeze::freeze_error_is_notified' (1107) panicked at tests/harness/harness.rs:348:10:
[INFO] [stdout] run busd (install it with `cargo install busd`): Os { code: 2, kind: NotFound, message: "No such file or directory" }
[INFO] [stdout] stack backtrace:
[INFO] [stdout]    0:     0x5d122a7c8367 - <unknown>
[INFO] [stdout]    1:     0x5d122a7ac94a - <unknown>
[INFO] [stdout]    2:     0x5d122a7c791b - <unknown>
[INFO] [stdout]    3:     0x5d122a7c73ff - <unknown>
[INFO] [stdout]    4:     0x5d122a7c702a - <unknown>
[INFO] [stdout]    5:     0x5d122a7c6b65 - <unknown>
[INFO] [stdout]    6:     0x5d122a7ed9e1 - <unknown>
[INFO] [stdout]    7:     0x5d122a7ed999 - <unknown>
[INFO] [stdout]    8:     0x5d122a7ede9c - <unknown>
[INFO] [stdout]    9:     0x5d122a7ac7db - <unknown>
[INFO] [stdout]   10:     0x5d122a7b0c21 - <unknown>
[INFO] [stdout]   11:     0x5d122a796af0 - <unknown>
[INFO] [stdout]   12:     0x5d122a747b0c - <unknown>
[INFO] [stdout]   13:     0x5d122a772cec - <unknown>
[INFO] [stdout]   14:     0x5d122a6f61b2 - <unknown>
[INFO] [stdout]   15:     0x5d122a7a8d94 - <unknown>
[INFO] [stdout]   16:     0x5d122a80bb1b - <unknown>
[INFO] [stdout]   17:     0x5d122a807ae1 - <unknown>
[INFO] [stdout]   18:     0x5d122a8072cc - <unknown>
[INFO] [stdout]   19:     0x5d122a824fbc - <unknown>
[INFO] [stdout]   20:     0x5d122a7efac4 - <unknown>
[INFO] [stdout]   21:     0x7e81e526cdfa - <unknown>
[INFO] [stdout]   22:     0x7e81e53003d4 - clone
[INFO] [stdout]   23:                0x0 - <unknown>
[INFO] [stdout] 
[INFO] [stdout] ---- freeze::unfreeze_when_frozen stdout ----
[INFO] [stdout] 
[INFO] [stdout] thread 'freeze::unfreeze_when_frozen' (1110) panicked at tests/harness/harness.rs:348:10:
[INFO] [stdout] run busd (install it with `cargo install busd`): Os { code: 2, kind: NotFound, message: "No such file or directory" }
[INFO] [stdout] stack backtrace:
[INFO] [stdout]    0:     0x5d122a7c8367 - <unknown>
[INFO] [stdout]    1:     0x5d122a7ac94a - <unknown>
[INFO] [stdout]    2:     0x5d122a7c791b - <unknown>
[INFO] [stdout]    3:     0x5d122a7c73ff - <unknown>
[INFO] [stdout]    4:     0x5d122a7c702a - <unknown>
[INFO] [stdout]    5:     0x5d122a7c6b65 - <unknown>
[INFO] [stdout]    6:     0x5d122a7ed9e1 - <unknown>
[INFO] [stdout]    7:     0x5d122a7ed999 - <unknown>
[INFO] [stdout]    8:     0x5d122a7ede9c - <unknown>
[INFO] [stdout]    9:     0x5d122a7ac7db - <unknown>
[INFO] [stdout]   10:     0x5d122a7b0c21 - <unknown>
[INFO] [stdout]   11:     0x5d122a796af0 - <unknown>
[INFO] [stdout]   12:     0x5d122a747b0c - <unknown>
[INFO] [stdout]   13:     0x5d122a7725cc - <unknown>
[INFO] [stdout]   14:     0x5d122a6f61b2 - <unknown>
[INFO] [stdout]   15:     0x5d122a7a8b04 - <unknown>
[INFO] [stdout]   16:     0x5d122a80bb1b - <unknown>
[INFO] [stdout]   17:     0x5d122a807ae1 - <unknown>
[INFO] [stdout]   18:     0x5d122a8072cc - <unknown>
[INFO] [stdout]   19:     0x5d122a824fbc - <unknown>
[INFO] [stdout]   20:     0x5d122a7efac4 - <unknown>
[INFO] [stdout]   21:     0x7e81e526cdfa - <unknown>
[INFO] [stdout]   22:     0x7e81e53003d4 - clone
[INFO] [stdout]   23:                0x0 - <unknown>
[INFO] [stdout] 
[INFO] [stdout] ---- install::install_starts_the_tray_in_a_session_without_wayland_display stdout ----
[INFO] [stdout] 
[INFO] [stdout] thread 'install::install_starts_the_tray_in_a_session_without_wayland_display' (1120) panicked at tests/harness/harness.rs:348:10:
[INFO] [stdout] run busd (install it with `cargo install busd`): Os { code: 2, kind: NotFound, message: "No such file or directory" }
[INFO] [stdout] stack backtrace:
[INFO] [stdout]    0:     0x5d122a7c8367 - <unknown>
[INFO] [stdout]    1:     0x5d122a7ac94a - <unknown>
[INFO] [stdout]    2:     0x5d122a7c791b - <unknown>
[INFO] [stdout]    3:     0x5d122a7c73ff - <unknown>
[INFO] [stdout]    4:     0x5d122a7c702a - <unknown>
[INFO] [stdout]    5:     0x5d122a7c6b65 - <unknown>
[INFO] [stdout]    6:     0x5d122a7ed9e1 - <unknown>
[INFO] [stdout]    7:     0x5d122a7ed999 - <unknown>
[INFO] [stdout]    8:     0x5d122a7ede9c - <unknown>
[INFO] [stdout]    9:     0x5d122a7ac7db - <unknown>
[INFO] [stdout]   10:     0x5d122a7b0c21 - <unknown>
[INFO] [stdout]   11:     0x5d122a796af0 - <unknown>
[INFO] [stdout]   12:     0x5d122a747b0c - <unknown>
[INFO] [stdout]   13:     0x5d122a774c86 - <unknown>
[INFO] [stdout]   14:     0x5d122a6f61b2 - <unknown>
[INFO] [stdout]   15:     0x5d122a7a92b4 - <unknown>
[INFO] [stdout]   16:     0x5d122a80bb1b - <unknown>
[INFO] [stdout]   17:     0x5d122a807ae1 - <unknown>
[INFO] [stdout]   18:     0x5d122a8072cc - <unknown>
[INFO] [stdout]   19:     0x5d122a824fbc - <unknown>
[INFO] [stdout]   20:     0x5d122a7efac4 - <unknown>
[INFO] [stdout]   21:     0x7e81e526cdfa - <unknown>
[INFO] [stdout]   22:     0x7e81e53003d4 - clone
[INFO] [stdout]   23:                0x0 - <unknown>
[INFO] [stdout] 
[INFO] [stdout] ---- middle_click::middle_click_starts_a_stopped_session stdout ----
[INFO] [stdout] 
[INFO] [stdout] thread 'middle_click::middle_click_starts_a_stopped_session' (1122) panicked at tests/harness/harness.rs:348:10:
[INFO] [stdout] run busd (install it with `cargo install busd`): Os { code: 2, kind: NotFound, message: "No such file or directory" }
[INFO] [stdout] stack backtrace:
[INFO] [stdout]    0:     0x5d122a7c8367 - <unknown>
[INFO] [stdout]    1:     0x5d122a7ac94a - <unknown>
[INFO] [stdout]    2:     0x5d122a7c791b - <unknown>
[INFO] [stdout]    3:     0x5d122a7c73ff - <unknown>
[INFO] [stdout]    4:     0x5d122a7c702a - <unknown>
[INFO] [stdout]    5:     0x5d122a7c6b65 - <unknown>
[INFO] [stdout]    6:     0x5d122a7ed9e1 - <unknown>
[INFO] [stdout]    7:     0x5d122a7ed999 - <unknown>
[INFO] [stdout]    8:     0x5d122a7ede9c - <unknown>
[INFO] [stdout]    9:     0x5d122a7ac7db - <unknown>
[INFO] [stdout]   10:     0x5d122a7b0c21 - <unknown>
[INFO] [stdout]   11:     0x5d122a796af0 - <unknown>
[INFO] [stdout]   12:     0x5d122a747b0c - <unknown>
[INFO] [stdout]   13:     0x5d122a768711 - <unknown>
[INFO] [stdout]   14:     0x5d122a6f61b2 - <unknown>
[INFO] [stdout]   15:     0x5d122a7a5a74 - <unknown>
[INFO] [stdout]   16:     0x5d122a80bb1b - <unknown>
[INFO] [stdout]   17:     0x5d122a807ae1 - <unknown>
[INFO] [stdout]   18:     0x5d122a8072cc - <unknown>
[INFO] [stdout]   19:     0x5d122a824fbc - <unknown>
[INFO] [stdout]   20:     0x5d122a7efac4 - <unknown>
[INFO] [stdout]   21:     0x7e81e526cdfa - <unknown>
[INFO] [stdout]   22:     0x7e81e53003d4 - clone
[INFO] [stdout]   23:                0x0 - <unknown>
[INFO] [stdout] 
[INFO] [stdout] ---- install::install_writes_the_setup_and_uninstall_removes_it stdout ----
[INFO] [stdout] 
[INFO] [stdout] thread 'install::install_writes_the_setup_and_uninstall_removes_it' (1121) panicked at tests/harness/harness.rs:348:10:
[INFO] [stdout] run busd (install it with `cargo install busd`): Os { code: 2, kind: NotFound, message: "No such file or directory" }
[INFO] [stdout] stack backtrace:
[INFO] [stdout]    0:     0x5d122a7c8367 - <unknown>
[INFO] [stdout]    1:     0x5d122a7ac94a - <unknown>
[INFO] [stdout]    2:     0x5d122a7c791b - <unknown>
[INFO] [stdout]    3:     0x5d122a7c73ff - <unknown>
[INFO] [stdout]    4:     0x5d122a7c702a - <unknown>
[INFO] [stdout]    5:     0x5d122a7c6b65 - <unknown>
[INFO] [stdout]    6:     0x5d122a7ed9e1 - <unknown>
[INFO] [stdout]    7:     0x5d122a7ed999 - <unknown>
[INFO] [stdout]    8:     0x5d122a7ede9c - <unknown>
[INFO] [stdout]    9:     0x5d122a7ac7db - <unknown>
[INFO] [stdout]   10:     0x5d122a7b0c21 - <unknown>
[INFO] [stdout]   11:     0x5d122a796af0 - <unknown>
[INFO] [stdout]   12:     0x5d122a747b0c - <unknown>
[INFO] [stdout]   13:     0x5d122a77395e - <unknown>
[INFO] [stdout]   14:     0x5d122a6f61b2 - <unknown>
[INFO] [stdout]   15:     0x5d122a7a9024 - <unknown>
[INFO] [stdout]   16:     0x5d122a80bb1b - <unknown>
[INFO] [stdout]   17:     0x5d122a807ae1 - <unknown>
[INFO] [stdout]   18:     0x5d122a8072cc - <unknown>
[INFO] [stdout]   19:     0x5d122a824fbc - <unknown>
[INFO] [stdout]   20:     0x5d122a7efac4 - <unknown>
[INFO] [stdout]   21:     0x7e81e526cdfa - <unknown>
[INFO] [stdout]   22:     0x7e81e53003d4 - clone
[INFO] [stdout]   23:                0x0 - <unknown>
[INFO] [stdout] 
[INFO] [stdout] ---- session_state::frozen_session_shows_frozen stdout ----
[INFO] [stdout] 
[INFO] [stdout] thread 'session_state::frozen_session_shows_frozen' (1129) panicked at tests/harness/harness.rs:348:10:
[INFO] [stdout] run busd (install it with `cargo install busd`): Os { code: 2, kind: NotFound, message: "No such file or directory" }
[INFO] [stdout] stack backtrace:
[INFO] [stdout]    0:     0x5d122a7c8367 - <unknown>
[INFO] [stdout]    1:     0x5d122a7ac94a - <unknown>
[INFO] [stdout]    2:     0x5d122a7c791b - <unknown>
[INFO] [stdout]    3:     0x5d122a7c73ff - <unknown>
[INFO] [stdout]    4:     0x5d122a7c702a - <unknown>
[INFO] [stdout]    5:     0x5d122a7c6b65 - <unknown>
[INFO] [stdout]    6:     0x5d122a7ed9e1 - <unknown>
[INFO] [stdout]    7:     0x5d122a7ed999 - <unknown>
[INFO] [stdout]    8:     0x5d122a7ede9c - <unknown>
[INFO] [stdout]    9:     0x5d122a7ac7db - <unknown>
[INFO] [stdout]   10:     0x5d122a7b0c21 - <unknown>
[INFO] [stdout]   11:     0x5d122a796af0 - <unknown>
[INFO] [stdout]   12:     0x5d122a747b0c - <unknown>
[INFO] [stdout]   13:     0x5d122a76a744 - <unknown>
[INFO] [stdout]   14:     0x5d122a6f61b2 - <unknown>
[INFO] [stdout]   15:     0x5d122a7a6224 - <unknown>
[INFO] [stdout]   16:     0x5d122a80bb1b - <unknown>
[INFO] [stdout]   17:     0x5d122a807ae1 - <unknown>
[INFO] [stdout]   18:     0x5d122a8072cc - <unknown>
[INFO] [stdout]   19:     0x5d122a824fbc - <unknown>
[INFO] [stdout]   20:     0x5d122a7efac4 - <unknown>
[INFO] [stdout]   21:     0x7e81e526cdfa - <unknown>
[INFO] [stdout]   22:     0x7e81e53003d4 - clone
[INFO] [stdout]   23:                0x0 - <unknown>
[INFO] [stdout] 
[INFO] [stdout] ---- middle_click::middle_click_stops_a_running_session stdout ----
[INFO] [stdout] 
[INFO] [stdout] thread 'middle_click::middle_click_stops_a_running_session' (1127) panicked at tests/harness/harness.rs:348:10:
[INFO] [stdout] run busd (install it with `cargo install busd`): Os { code: 2, kind: NotFound, message: "No such file or directory" }
[INFO] [stdout] stack backtrace:
[INFO] [stdout]    0:     0x5d122a7c8367 - <unknown>
[INFO] [stdout]    1:     0x5d122a7ac94a - <unknown>
[INFO] [stdout]    2:     0x5d122a7c791b - <unknown>
[INFO] [stdout]    3:     0x5d122a7c73ff - <unknown>
[INFO] [stdout]    4:     0x5d122a7c702a - <unknown>
[INFO] [stdout]    5:     0x5d122a7c6b65 - <unknown>
[INFO] [stdout]    6:     0x5d122a7ed9e1 - <unknown>
[INFO] [stdout]    7:     0x5d122a7ed999 - <unknown>
[INFO] [stdout]    8:     0x5d122a7ede9c - <unknown>
[INFO] [stdout]    9:     0x5d122a7ac7db - <unknown>
[INFO] [stdout]   10:     0x5d122a7b0c21 - <unknown>
[INFO] [stdout]   11:     0x5d122a796af0 - <unknown>
[INFO] [stdout]   12:     0x5d122a747b0c - <unknown>
[INFO] [stdout]   13:     0x5d122a768061 - <unknown>
[INFO] [stdout]   14:     0x5d122a6f61b2 - <unknown>
[INFO] [stdout]   15:     0x5d122a7a57e4 - <unknown>
[INFO] [stdout]   16:     0x5d122a80bb1b - <unknown>
[INFO] [stdout]   17:     0x5d122a807ae1 - <unknown>
[INFO] [stdout]   18:     0x5d122a8072cc - <unknown>
[INFO] [stdout]   19:     0x5d122a824fbc - <unknown>
[INFO] [stdout]   20:     0x5d122a7efac4 - <unknown>
[INFO] [stdout]   21:     0x7e81e526cdfa - <unknown>
[INFO] [stdout]   22:     0x7e81e53003d4 - clone
[INFO] [stdout]   23:                0x0 - <unknown>
[INFO] [stdout] 
[INFO] [stdout] ---- session_state::failed_stop_leaves_it_stuck stdout ----
[INFO] [stdout] 
[INFO] [stdout] thread 'session_state::failed_stop_leaves_it_stuck' (1128) panicked at tests/harness/harness.rs:348:10:
[INFO] [stdout] run busd (install it with `cargo install busd`): Os { code: 2, kind: NotFound, message: "No such file or directory" }
[INFO] [stdout] stack backtrace:
[INFO] [stdout]    0:     0x5d122a7c8367 - <unknown>
[INFO] [stdout]    1:     0x5d122a7ac94a - <unknown>
[INFO] [stdout]    2:     0x5d122a7c791b - <unknown>
[INFO] [stdout]    3:     0x5d122a7c73ff - <unknown>
[INFO] [stdout]    4:     0x5d122a7c702a - <unknown>
[INFO] [stdout]    5:     0x5d122a7c6b65 - <unknown>
[INFO] [stdout]    6:     0x5d122a7ed9e1 - <unknown>
[INFO] [stdout]    7:     0x5d122a7ed999 - <unknown>
[INFO] [stdout]    8:     0x5d122a7ede9c - <unknown>
[INFO] [stdout]    9:     0x5d122a7ac7db - <unknown>
[INFO] [stdout]   10:     0x5d122a7b0c21 - <unknown>
[INFO] [stdout]   11:     0x5d122a796af0 - <unknown>
[INFO] [stdout]   12:     0x5d122a747b0c - <unknown>
[INFO] [stdout]   13:     0x5d122a769596 - <unknown>
[INFO] [stdout]   14:     0x5d122a6f61b2 - <unknown>
[INFO] [stdout]   15:     0x5d122a7a5f94 - <unknown>
[INFO] [stdout]   16:     0x5d122a80bb1b - <unknown>
[INFO] [stdout]   17:     0x5d122a807ae1 - <unknown>
[INFO] [stdout]   18:     0x5d122a8072cc - <unknown>
[INFO] [stdout]   19:     0x5d122a824fbc - <unknown>
[INFO] [stdout]   20:     0x5d122a7efac4 - <unknown>
[INFO] [stdout]   21:     0x7e81e526cdfa - <unknown>
[INFO] [stdout]   22:     0x7e81e53003d4 - clone
[INFO] [stdout]   23:                0x0 - <unknown>
[INFO] [stdout] 
[INFO] [stdout] ---- session_state::no_get_session_calls_while_stopped stdout ----
[INFO] [stdout] 
[INFO] [stdout] thread 'session_state::no_get_session_calls_while_stopped' (1133) panicked at tests/harness/harness.rs:348:10:
[INFO] [stdout] run busd (install it with `cargo install busd`): Os { code: 2, kind: NotFound, message: "No such file or directory" }
[INFO] [stdout] stack backtrace:
[INFO] [stdout]    0:     0x5d122a7c8367 - <unknown>
[INFO] [stdout]    1:     0x5d122a7ac94a - <unknown>
[INFO] [stdout]    2:     0x5d122a7c791b - <unknown>
[INFO] [stdout]    3:     0x5d122a7c73ff - <unknown>
[INFO] [stdout]    4:     0x5d122a7c702a - <unknown>
[INFO] [stdout]    5:     0x5d122a7c6b65 - <unknown>
[INFO] [stdout]    6:     0x5d122a7ed9e1 - <unknown>
[INFO] [stdout]    7:     0x5d122a7ed999 - <unknown>
[INFO] [stdout]    8:     0x5d122a7ede9c - <unknown>
[INFO] [stdout]    9:     0x5d122a7ac7db - <unknown>
[INFO] [stdout]   10:     0x5d122a7b0c21 - <unknown>
[INFO] [stdout]   11:     0x5d122a796af0 - <unknown>
[INFO] [stdout]   12:     0x5d122a747b0c - <unknown>
[INFO] [stdout]   13:     0x5d122a76ba49 - <unknown>
[INFO] [stdout]   14:     0x5d122a6f61b2 - <unknown>
[INFO] [stdout]   15:     0x5d122a7a6744 - <unknown>
[INFO] [stdout]   16:     0x5d122a80bb1b - <unknown>
[INFO] [stdout]   17:     0x5d122a807ae1 - <unknown>
[INFO] [stdout]   18:     0x5d122a8072cc - <unknown>
[INFO] [stdout]   19:     0x5d122a824fbc - <unknown>
[INFO] [stdout]   20:     0x5d122a7efac4 - <unknown>
[INFO] [stdout]   21:     0x7e81e526cdfa - <unknown>
[INFO] [stdout]   22:     0x7e81e53003d4 - clone
[INFO] [stdout]   23:                0x0 - <unknown>
[INFO] [stdout] 
[INFO] [stdout] ---- install::install_outside_a_desktop_session_leaves_the_tray_for_next_login stdout ----
[INFO] [stdout] 
[INFO] [stdout] thread 'install::install_outside_a_desktop_session_leaves_the_tray_for_next_login' (1119) panicked at tests/harness/harness.rs:348:10:
[INFO] [stdout] run busd (install it with `cargo install busd`): Os { code: 2, kind: NotFound, message: "No such file or directory" }
[INFO] [stdout] stack backtrace:
[INFO] [stdout]    0:     0x5d122a7c8367 - <unknown>
[INFO] [stdout]    1:     0x5d122a7ac94a - <unknown>
[INFO] [stdout]    2:     0x5d122a7c791b - <unknown>
[INFO] [stdout]    3:     0x5d122a7c73ff - <unknown>
[INFO] [stdout]    4:     0x5d122a7c702a - <unknown>
[INFO] [stdout]    5:     0x5d122a7c6b65 - <unknown>
[INFO] [stdout]    6:     0x5d122a7ed9e1 - <unknown>
[INFO] [stdout]    7:     0x5d122a7ed999 - <unknown>
[INFO] [stdout]    8:     0x5d122a7ede9c - <unknown>
[INFO] [stdout]    9:     0x5d122a7ac7db - <unknown>
[INFO] [stdout]   10:     0x5d122a7b0c21 - <unknown>
[INFO] [stdout]   11:     0x5d122a796af0 - <unknown>
[INFO] [stdout]   12:     0x5d122a747b0c - <unknown>
[INFO] [stdout]   13:     0x5d122a775104 - <unknown>
[INFO] [stdout]   14:     0x5d122a6f61b2 - <unknown>
[INFO] [stdout]   15:     0x5d122a7a9604 - <unknown>
[INFO] [stdout]   16:     0x5d122a80bb1b - <unknown>
[INFO] [stdout]   17:     0x5d122a807ae1 - <unknown>
[INFO] [stdout]   18:     0x5d122a8072cc - <unknown>
[INFO] [stdout]   19:     0x5d122a824fbc - <unknown>
[INFO] [stdout]   20:     0x5d122a7efac4 - <unknown>
[INFO] [stdout]   21:     0x7e81e526cdfa - <unknown>
[INFO] [stdout]   22:     0x7e81e53003d4 - clone
[INFO] [stdout]   23:                0x0 - <unknown>
[INFO] [stdout] 
[INFO] [stdout] ---- session_state::session_stop_is_immediate stdout ----
[INFO] [stdout] 
[INFO] [stdout] thread 'session_state::session_stop_is_immediate' (1137) panicked at tests/harness/harness.rs:348:10:
[INFO] [stdout] run busd (install it with `cargo install busd`): Os { code: 2, kind: NotFound, message: "No such file or directory" }
[INFO] [stdout] stack backtrace:
[INFO] [stdout]    0:     0x5d122a7c8367 - <unknown>
[INFO] [stdout]    1:     0x5d122a7ac94a - <unknown>
[INFO] [stdout]    2:     0x5d122a7c791b - <unknown>
[INFO] [stdout]    3:     0x5d122a7c73ff - <unknown>
[INFO] [stdout]    4:     0x5d122a7c702a - <unknown>
[INFO] [stdout]    5:     0x5d122a7c6b65 - <unknown>
[INFO] [stdout]    6:     0x5d122a7ed9e1 - <unknown>
[INFO] [stdout]    7:     0x5d122a7ed999 - <unknown>
[INFO] [stdout]    8:     0x5d122a7ede9c - <unknown>
[INFO] [stdout]    9:     0x5d122a7ac7db - <unknown>
[INFO] [stdout]   10:     0x5d122a7b0c21 - <unknown>
[INFO] [stdout]   11:     0x5d122a796af0 - <unknown>
[INFO] [stdout]   12:     0x5d122a747b0c - <unknown>
[INFO] [stdout]   13:     0x5d122a768d70 - <unknown>
[INFO] [stdout]   14:     0x5d122a6f61b2 - <unknown>
[INFO] [stdout]   15:     0x5d122a7a5d04 - <unknown>
[INFO] [stdout]   16:     0x5d122a80bb1b - <unknown>
[INFO] [stdout]   17:     0x5d122a807ae1 - <unknown>
[INFO] [stdout]   18:     0x5d122a8072cc - <unknown>
[INFO] [stdout]   19:     0x5d122a824fbc - <unknown>
[INFO] [stdout]   20:     0x5d122a7efac4 - <unknown>
[INFO] [stdout]   21:     0x7e81e526cdfa - <unknown>
[INFO] [stdout]   22:     0x7e81e53003d4 - clone
[INFO] [stdout]   23:                0x0 - <unknown>
[INFO] [stdout] 
[INFO] [stdout] ---- session_state::session_start_is_picked_up_without_polling stdout ----
[INFO] [stdout] 
[INFO] [stdout] thread 'session_state::session_start_is_picked_up_without_polling' (1135) panicked at tests/harness/harness.rs:348:10:
[INFO] [stdout] run busd (install it with `cargo install busd`): Os { code: 2, kind: NotFound, message: "No such file or directory" }
[INFO] [stdout] stack backtrace:
[INFO] [stdout]    0:     0x5d122a7c8367 - <unknown>
[INFO] [stdout]    1:     0x5d122a7ac94a - <unknown>
[INFO] [stdout]    2:     0x5d122a7c791b - <unknown>
[INFO] [stdout]    3:     0x5d122a7c73ff - <unknown>
[INFO] [stdout]    4:     0x5d122a7c702a - <unknown>
[INFO] [stdout]    5:     0x5d122a7c6b65 - <unknown>
[INFO] [stdout]    6:     0x5d122a7ed9e1 - <unknown>
[INFO] [stdout]    7:     0x5d122a7ed999 - <unknown>
[INFO] [stdout]    8:     0x5d122a7ede9c - <unknown>
[INFO] [stdout]    9:     0x5d122a7ac7db - <unknown>
[INFO] [stdout]   10:     0x5d122a7b0c21 - <unknown>
[INFO] [stdout]   11:     0x5d122a796af0 - <unknown>
[INFO] [stdout]   12:     0x5d122a747b0c - <unknown>
[INFO] [stdout]   13:     0x5d122a76bfe0 - <unknown>
[INFO] [stdout]   14:     0x5d122a6f61b2 - <unknown>
[INFO] [stdout]   15:     0x5d122a7a69d4 - <unknown>
[INFO] [stdout]   16:     0x5d122a80bb1b - <unknown>
[INFO] [stdout]   17:     0x5d122a807ae1 - <unknown>
[INFO] [stdout]   18:     0x5d122a8072cc - <unknown>
[INFO] [stdout]   19:     0x5d122a824fbc - <unknown>
[INFO] [stdout]   20:     0x5d122a7efac4 - <unknown>
[INFO] [stdout]   21:     0x7e81e526cdfa - <unknown>
[INFO] [stdout]   22:     0x7e81e53003d4 - clone
[INFO] [stdout]   23:                0x0 - <unknown>
[INFO] [stdout] 
[INFO] [stdout] ---- session_state::starting_session_can_be_stopped stdout ----
[INFO] [stdout] 
[INFO] [stdout] thread 'session_state::starting_session_can_be_stopped' (1138) panicked at tests/harness/harness.rs:348:10:
[INFO] [stdout] run busd (install it with `cargo install busd`): Os { code: 2, kind: NotFound, message: "No such file or directory" }
[INFO] [stdout] stack backtrace:
[INFO] [stdout]    0:     0x5d122a7c8367 - <unknown>
[INFO] [stdout]    1:     0x5d122a7ac94a - <unknown>
[INFO] [stdout]    2:     0x5d122a7c791b - <unknown>
[INFO] [stdout]    3:     0x5d122a7c73ff - <unknown>
[INFO] [stdout]    4:     0x5d122a7c702a - <unknown>
[INFO] [stdout]    5:     0x5d122a7c6b65 - <unknown>
[INFO] [stdout]    6:     0x5d122a7ed9e1 - <unknown>
[INFO] [stdout]    7:     0x5d122a7ed999 - <unknown>
[INFO] [stdout]    8:     0x5d122a7ede9c - <unknown>
[INFO] [stdout]    9:     0x5d122a7ac7db - <unknown>
[INFO] [stdout]   10:     0x5d122a7b0c21 - <unknown>
[INFO] [stdout]   11:     0x5d122a796af0 - <unknown>
[INFO] [stdout]   12:     0x5d122a747b0c - <unknown>
[INFO] [stdout]   13:     0x5d122a76a9f5 - <unknown>
[INFO] [stdout]   14:     0x5d122a6f61b2 - <unknown>
[INFO] [stdout]   15:     0x5d122a7a64b4 - <unknown>
[INFO] [stdout]   16:     0x5d122a80bb1b - <unknown>
[INFO] [stdout]   17:     0x5d122a807ae1 - <unknown>
[INFO] [stdout]   18:     0x5d122a8072cc - <unknown>
[INFO] [stdout]   19:     0x5d122a824fbc - <unknown>
[INFO] [stdout]   20:     0x5d122a7efac4 - <unknown>
[INFO] [stdout]   21:     0x7e81e526cdfa - <unknown>
[INFO] [stdout]   22:     0x7e81e53003d4 - clone
[INFO] [stdout]   23:                0x0 - <unknown>
[INFO] [stdout] 
[INFO] [stdout] ---- start_at_login::start_at_login_leaves_a_running_session_alone stdout ----
[INFO] [stdout] 
[INFO] [stdout] thread 'start_at_login::start_at_login_leaves_a_running_session_alone' (1142) panicked at tests/harness/harness.rs:348:10:
[INFO] [stdout] run busd (install it with `cargo install busd`): Os { code: 2, kind: NotFound, message: "No such file or directory" }
[INFO] [stdout] stack backtrace:
[INFO] [stdout]    0:     0x5d122a7c8367 - <unknown>
[INFO] [stdout]    1:     0x5d122a7ac94a - <unknown>
[INFO] [stdout]    2:     0x5d122a7c791b - <unknown>
[INFO] [stdout]    3:     0x5d122a7c73ff - <unknown>
[INFO] [stdout]    4:     0x5d122a7c702a - <unknown>
[INFO] [stdout]    5:     0x5d122a7c6b65 - <unknown>
[INFO] [stdout]    6:     0x5d122a7ed9e1 - <unknown>
[INFO] [stdout]    7:     0x5d122a7ed999 - <unknown>
[INFO] [stdout]    8:     0x5d122a7ede9c - <unknown>
[INFO] [stdout]    9:     0x5d122a7ac7db - <unknown>
[INFO] [stdout]   10:     0x5d122a7b0c21 - <unknown>
[INFO] [stdout]   11:     0x5d122a796af0 - <unknown>
[INFO] [stdout]   12:     0x5d122a747b0c - <unknown>
[INFO] [stdout]   13:     0x5d122a76f257 - <unknown>
[INFO] [stdout]   14:     0x5d122a6f61b2 - <unknown>
[INFO] [stdout]   15:     0x5d122a7a7934 - <unknown>
[INFO] [stdout]   16:     0x5d122a80bb1b - <unknown>
[INFO] [stdout]   17:     0x5d122a807ae1 - <unknown>
[INFO] [stdout]   18:     0x5d122a8072cc - <unknown>
[INFO] [stdout]   19:     0x5d122a824fbc - <unknown>
[INFO] [stdout]   20:     0x5d122a7efac4 - <unknown>
[INFO] [stdout]   21:     0x7e81e526cdfa - <unknown>
[INFO] [stdout]   22:     0x7e81e53003d4 - clone
[INFO] [stdout]   23:                0x0 - <unknown>
[INFO] [stdout] 
[INFO] [stdout] ---- start_at_login::start_at_login_starts_a_stopped_session stdout ----
[INFO] [stdout] 
[INFO] [stdout] thread 'start_at_login::start_at_login_starts_a_stopped_session' (1143) panicked at tests/harness/harness.rs:348:10:
[INFO] [stdout] run busd (install it with `cargo install busd`): Os { code: 2, kind: NotFound, message: "No such file or directory" }
[INFO] [stdout] stack backtrace:
[INFO] [stdout]    0:     0x5d122a7c8367 - <unknown>
[INFO] [stdout]    1:     0x5d122a7ac94a - <unknown>
[INFO] [stdout]    2:     0x5d122a7c791b - <unknown>
[INFO] [stdout]    3:     0x5d122a7c73ff - <unknown>
[INFO] [stdout]    4:     0x5d122a7c702a - <unknown>
[INFO] [stdout]    5:     0x5d122a7c6b65 - <unknown>
[INFO] [stdout]    6:     0x5d122a7ed9e1 - <unknown>
[INFO] [stdout]    7:     0x5d122a7ed999 - <unknown>
[INFO] [stdout]    8:     0x5d122a7ede9c - <unknown>
[INFO] [stdout]    9:     0x5d122a7ac7db - <unknown>
[INFO] [stdout]   10:     0x5d122a7b0c21 - <unknown>
[INFO] [stdout]   11:     0x5d122a796af0 - <unknown>
[INFO] [stdout]   12:     0x5d122a747b0c - <unknown>
[INFO] [stdout]   13:     0x5d122a76ec75 - <unknown>
[INFO] [stdout]   14:     0x5d122a6f61b2 - <unknown>
[INFO] [stdout]   15:     0x5d122a7a76a4 - <unknown>
[INFO] [stdout]   16:     0x5d122a80bb1b - <unknown>
[INFO] [stdout]   17:     0x5d122a807ae1 - <unknown>
[INFO] [stdout]   18:     0x5d122a8072cc - <unknown>
[INFO] [stdout]   19:     0x5d122a824fbc - <unknown>
[INFO] [stdout]   20:     0x5d122a7efac4 - <unknown>
[INFO] [stdout]   21:     0x7e81e526cdfa - <unknown>
[INFO] [stdout]   22:     0x7e81e53003d4 - clone
[INFO] [stdout]   23:                0x0 - <unknown>
[INFO] [stdout] 
[INFO] [stdout] ---- hide_icon::hide_toggle_applies_and_persists stdout ----
[INFO] [stdout] 
[INFO] [stdout] thread 'hide_icon::hide_toggle_applies_and_persists' (1114) panicked at tests/harness/harness.rs:348:10:
[INFO] [stdout] run busd (install it with `cargo install busd`): Os { code: 2, kind: NotFound, message: "No such file or directory" }
[INFO] [stdout] stack backtrace:
[INFO] [stdout]    0:     0x5d122a7c8367 - <unknown>
[INFO] [stdout]    1:     0x5d122a7ac94a - <unknown>
[INFO] [stdout]    2:     0x5d122a7c791b - <unknown>
[INFO] [stdout]    3:     0x5d122a7c73ff - <unknown>
[INFO] [stdout]    4:     0x5d122a7c702a - <unknown>
[INFO] [stdout]    5:     0x5d122a7c6b65 - <unknown>
[INFO] [stdout]    6:     0x5d122a7ed9e1 - <unknown>
[INFO] [stdout]    7:     0x5d122a7ed999 - <unknown>
[INFO] [stdout]    8:     0x5d122a7ede9c - <unknown>
[INFO] [stdout]    9:     0x5d122a7ac7db - <unknown>
[INFO] [stdout]   10:     0x5d122a7b0c21 - <unknown>
[INFO] [stdout]   11:     0x5d122a796af0 - <unknown>
[INFO] [stdout]   12:     0x5d122a747b0c - <unknown>
[INFO] [stdout]   13:     0x5d122a777e44 - <unknown>
[INFO] [stdout]   14:     0x5d122a6f61b2 - <unknown>
[INFO] [stdout]   15:     0x5d122a7aa8b4 - <unknown>
[INFO] [stdout]   16:     0x5d122a80bb1b - <unknown>
[INFO] [stdout]   17:     0x5d122a807ae1 - <unknown>
[INFO] [stdout]   18:     0x5d122a8072cc - <unknown>
[INFO] [stdout]   19:     0x5d122a824fbc - <unknown>
[INFO] [stdout]   20:     0x5d122a7efac4 - <unknown>
[INFO] [stdout]   21:     0x7e81e526cdfa - <unknown>
[INFO] [stdout]   22:     0x7e81e53003d4 - clone
[INFO] [stdout]   23:                0x0 - <unknown>
[INFO] [stdout] 
[INFO] [stdout] 
[INFO] [stdout] failures:
[INFO] [stdout]     auto_stop::a_stop_that_leaves_it_frozen_waits_out_the_timeout_again
[INFO] [stdout]     auto_stop::arming_the_toggle_restarts_the_clock
[INFO] [stdout]     auto_stop::frozen_session_stays_up_while_the_toggle_is_off
[INFO] [stdout]     auto_stop::frozen_session_stops_once_idle
[INFO] [stdout]     auto_stop::idle_toggle_arms_the_timer_and_persists
[INFO] [stdout]     auto_stop::running_session_is_never_idle_stopped
[INFO] [stdout]     command_errors::failed_command_is_notified_with_stderr
[INFO] [stdout]     command_errors::lasting_session_start_is_not_notified
[INFO] [stdout]     command_errors::session_start_exiting_zero_early_is_notified
[INFO] [stdout]     command_errors::successful_command_is_not_notified
[INFO] [stdout]     container_service::refused_container_service_stop_is_notified
[INFO] [stdout]     container_service::stop_container_service_is_offered_once_the_session_is_down
[INFO] [stdout]     container_service::stop_container_service_stops_the_unit_through_systemd
[INFO] [stdout]     freeze::freeze_error_is_notified
[INFO] [stdout]     freeze::freeze_when_running
[INFO] [stdout]     freeze::unfreeze_when_frozen
[INFO] [stdout]     hide_icon::hidden_while_stopped_when_enabled
[INFO] [stdout]     hide_icon::hide_toggle_applies_and_persists
[INFO] [stdout]     install::install_outside_a_desktop_session_leaves_the_tray_for_next_login
[INFO] [stdout]     install::install_starts_the_tray_in_a_session_without_wayland_display
[INFO] [stdout]     install::install_writes_the_setup_and_uninstall_removes_it
[INFO] [stdout]     middle_click::middle_click_starts_a_stopped_session
[INFO] [stdout]     middle_click::middle_click_stops_a_running_session
[INFO] [stdout]     session_state::failed_stop_leaves_it_stuck
[INFO] [stdout]     session_state::frozen_session_shows_frozen
[INFO] [stdout]     session_state::no_get_session_calls_while_stopped
[INFO] [stdout]     session_state::session_start_is_picked_up_without_polling
[INFO] [stdout]     session_state::session_stop_is_immediate
[INFO] [stdout]     session_state::starting_session_can_be_stopped
[INFO] [stdout]     start_at_login::start_at_login_leaves_a_running_session_alone
[INFO] [stdout]     start_at_login::start_at_login_starts_a_stopped_session
[INFO] [stdout] 
[INFO] [stdout] test result: FAILED. 2 passed; 31 failed; 0 ignored; 0 measured; 0 filtered out; finished in 0.04s
[INFO] [stdout] 
[INFO] running `Command { std: "docker" "inspect" "bbdd9288c3f4593f3f7e54372550a57ee6177dacf9867adbf3c0e8c4251b6000", kill_on_drop: false }`
[INFO] running `Command { std: "docker" "rm" "-f" "bbdd9288c3f4593f3f7e54372550a57ee6177dacf9867adbf3c0e8c4251b6000", kill_on_drop: false }`
[INFO] [stdout] bbdd9288c3f4593f3f7e54372550a57ee6177dacf9867adbf3c0e8c4251b6000
