[INFO] fetching crate wayback-rs 0.7.0...
[INFO] testing wayback-rs-0.7.0 against 1.100.0-beta.1+cargoflags=--release for beta-release-1.100-2
[INFO] extracting crate wayback-rs 0.7.0 into /workspace/builds/worker-2-tc2/source
[INFO] started tweaking crates.io crate wayback-rs 0.7.0
[INFO] removed 0 missing tests
[INFO] finished tweaking crates.io crate wayback-rs 0.7.0
[INFO] tweaked toml for crates.io crate wayback-rs 0.7.0 written to /workspace/builds/worker-2-tc2/source/Cargo.toml
[INFO] validating manifest of crates.io crate wayback-rs 0.7.0 on toolchain 1.100.0-beta.1
[INFO] running `Command { std: CARGO_HOME="/workspace/cargo-home" RUSTUP_HOME="/workspace/rustup-home" "/workspace/cargo-home/bin/cargo" "+1.100.0-beta.1" "metadata" "--manifest-path" "Cargo.toml" "--no-deps", kill_on_drop: false }`
[INFO] crate crates.io crate wayback-rs 0.7.0 already has a lockfile, it will not be regenerated
[INFO] running `Command { std: CARGO_HOME="/workspace/cargo-home" RUSTUP_HOME="/workspace/rustup-home" "/workspace/cargo-home/bin/cargo" "+1.100.0-beta.1" "fetch" "--manifest-path" "Cargo.toml", kill_on_drop: false }`
[INFO] [stderr] warning: `package.homepage` is redundant with `package.repository`
[INFO] [stderr]   --> Cargo.toml:88:12
[INFO] [stderr]    |
[INFO] [stderr] 88 | homepage = "https://github.com/travisbrown/wayback-rs"
[INFO] [stderr]    |            ^^^^^^^^^^^^^^^^^^^^^^^^^^^^^^^^^^^^^^^^^^^
[INFO] [stderr] ...
[INFO] [stderr] 93 | repository = "https://github.com/travisbrown/wayback-rs"
[INFO] [stderr]    |              -------------------------------------------
[INFO] [stderr]    |
[INFO] [stderr]    = note: `cargo::redundant_homepage` is set to `warn` by default
[INFO] [stderr] help: consider removing `package.homepage`
[INFO] [stderr] warning: `wayback-rs` (manifest) generated 1 warning
[INFO] running `Command { std: "docker" "create" "-v" "/var/lib/crater-agent-workspace/builds/worker-2-tc2/source:/opt/rustwide/workdir:ro,Z" "-v" "/var/lib/crater-agent-workspace/builds/worker-2-tc2/target:/opt/rustwide/target:rw,Z" "-v" "/var/lib/crater-agent-workspace/cargo-home:/opt/rustwide/cargo-home:ro,Z" "-v" "/var/lib/crater-agent-workspace/rustup-home:/opt/rustwide/rustup-home:ro,Z" "-m" "1610612736" "--network" "none" "ghcr.io/rust-lang/crates-build-env/linux@sha256:77db811e55d90add9212f6832c23229e3de5f1c1f9905e8cb07319ea15df73ac" "sleep" "infinity", kill_on_drop: false }`
[INFO] [stdout] 2a23b0b66f34023e06a0858e2f86891f1815e618765ba2ffe6d81c430209bf0e
[INFO] running `Command { std: "docker" "start" "2a23b0b66f34023e06a0858e2f86891f1815e618765ba2ffe6d81c430209bf0e", kill_on_drop: false }`
[INFO] running `Command { std: "docker" "inspect" "2a23b0b66f34023e06a0858e2f86891f1815e618765ba2ffe6d81c430209bf0e", kill_on_drop: false }`
[INFO] running `Command { std: "docker" "exec" "-e" "SOURCE_DIR=/opt/rustwide/workdir" "-e" "CARGO_HOME=/opt/rustwide/cargo-home" "-e" "RUSTUP_HOME=/opt/rustwide/rustup-home" "-e" "CARGO_TARGET_DIR=/opt/rustwide/target" "-w" "/opt/rustwide/workdir" "--user" "0:0" "2a23b0b66f34023e06a0858e2f86891f1815e618765ba2ffe6d81c430209bf0e" "/opt/rustwide/cargo-home/bin/cargo" "+1.100.0-beta.1" "metadata" "--no-deps" "--format-version=1", kill_on_drop: false }`
[INFO] running `Command { std: "docker" "inspect" "2a23b0b66f34023e06a0858e2f86891f1815e618765ba2ffe6d81c430209bf0e", kill_on_drop: false }`
[INFO] running `Command { std: "docker" "exec" "-e" "SOURCE_DIR=/opt/rustwide/workdir" "-e" "CARGO_HOME=/opt/rustwide/cargo-home" "-e" "RUSTUP_HOME=/opt/rustwide/rustup-home" "-e" "CARGO_TARGET_DIR=/opt/rustwide/target" "-e" "CARGO_INCREMENTAL=0" "-e" "RUST_BACKTRACE=full" "-e" "RUSTFLAGS=--cap-lints=warn" "-e" "RUSTDOCFLAGS=--cap-lints=warn" "-w" "/opt/rustwide/workdir" "--user" "0:0" "2a23b0b66f34023e06a0858e2f86891f1815e618765ba2ffe6d81c430209bf0e" "/opt/rustwide/cargo-home/bin/cargo" "+1.100.0-beta.1" "build" "--frozen" "--message-format=json" "--release", kill_on_drop: false }`
[INFO] [stderr] warning: `package.homepage` is redundant with `package.repository`
[INFO] [stderr]   --> Cargo.toml:88:12
[INFO] [stderr]    |
[INFO] [stderr] 88 | homepage = "https://github.com/travisbrown/wayback-rs"
[INFO] [stderr]    |            ^^^^^^^^^^^^^^^^^^^^^^^^^^^^^^^^^^^^^^^^^^^
[INFO] [stderr] ...
[INFO] [stderr] 93 | repository = "https://github.com/travisbrown/wayback-rs"
[INFO] [stderr]    |              -------------------------------------------
[INFO] [stderr]    |
[INFO] [stderr]    = note: `cargo::redundant_homepage` is set to `warn` by default
[INFO] [stderr] help: consider removing `package.homepage`
[INFO] [stderr] warning: `wayback-rs` (manifest) generated 1 warning
[INFO] [stderr]    Compiling proc-macro2 v1.0.103
[INFO] [stderr]    Compiling quote v1.0.42
[INFO] [stderr]    Compiling libc v0.2.178
[INFO] [stderr]    Compiling pin-project-lite v0.2.16
[INFO] [stderr]    Compiling futures-core v0.3.31
[INFO] [stderr]    Compiling find-msvc-tools v0.1.5
[INFO] [stderr]    Compiling stable_deref_trait v1.2.1
[INFO] [stderr]    Compiling bytes v1.11.0
[INFO] [stderr]    Compiling itoa v1.0.15
[INFO] [stderr]    Compiling memchr v2.7.6
[INFO] [stderr]    Compiling futures-io v0.3.31
[INFO] [stderr]    Compiling slab v0.4.11
[INFO] [stderr]    Compiling futures-sink v0.3.31
[INFO] [stderr]    Compiling value-bag v1.12.0
[INFO] [stderr]    Compiling fs_extra v1.3.0
[INFO] [stderr]    Compiling futures-channel v0.3.31
[INFO] [stderr]    Compiling smallvec v1.15.1
[INFO] [stderr]    Compiling log v0.4.29
[INFO] [stderr]    Compiling futures-task v0.3.31
[INFO] [stderr]    Compiling dunce v1.0.5
[INFO] [stderr]    Compiling concurrent-queue v2.5.0
[INFO] [stderr]    Compiling http v1.4.0
[INFO] [stderr]    Compiling serde_core v1.0.228
[INFO] [stderr]    Compiling syn v2.0.111
[INFO] [stderr]    Compiling zeroize v1.8.2
[INFO] [stderr]    Compiling tracing-core v0.1.35
[INFO] [stderr]    Compiling aws-lc-rs v1.15.2
[INFO] [stderr]    Compiling indexmap v2.12.1
[INFO] [stderr]    Compiling jobserver v0.1.34
[INFO] [stderr]    Compiling rustls-pki-types v1.13.1
[INFO] [stderr]    Compiling cc v1.2.49
[INFO] [stderr]    Compiling mio v1.1.1
[INFO] [stderr]    Compiling socket2 v0.6.1
[INFO] [stderr]    Compiling http-body v1.0.1
[INFO] [stderr]    Compiling tracing v0.1.43
[INFO] [stderr]    Compiling serde v1.0.228
[INFO] [stderr]    Compiling openssl-probe v0.1.6
[INFO] [stderr]    Compiling num-conv v0.1.0
[INFO] [stderr]    Compiling time-core v0.1.6
[INFO] [stderr]    Compiling deranged v0.5.5
[INFO] [stderr]    Compiling event-listener v5.4.1
[INFO] [stderr]    Compiling time-macros v0.2.24
[INFO] [stderr]    Compiling cmake v0.1.56
[INFO] [stderr]    Compiling libm v0.2.15
[INFO] [stderr]    Compiling num_threads v0.1.7
[INFO] [stderr]    Compiling ryu v1.0.20
[INFO] [stderr]    Compiling native-tls v0.2.14
[INFO] [stderr]    Compiling openssl-sys v0.9.111
[INFO] [stderr]    Compiling aws-lc-sys v0.35.0
[INFO] [stderr]    Compiling rustix v1.1.2
[INFO] [stderr]    Compiling event-listener-strategy v0.5.4
[INFO] [stderr]    Compiling futures-lite v2.6.1
[INFO] [stderr]    Compiling openssl v0.10.75
[INFO] [stderr]    Compiling linux-raw-sys v0.11.0
[INFO] [stderr]    Compiling writeable v0.5.5
[INFO] [stderr]    Compiling litemap v0.7.5
[INFO] [stderr]    Compiling time v0.3.44
[INFO] [stderr]    Compiling icu_segmenter_data v1.5.1
[INFO] [stderr]    Compiling ipnet v2.11.0
[INFO] [stderr]    Compiling rustls v0.23.35
[INFO] [stderr]    Compiling serde_json v1.0.145
[INFO] [stderr]    Compiling async-io v2.6.0
[INFO] [stderr]    Compiling cookie v0.16.2
[INFO] [stderr]    Compiling async-task v4.7.1
[INFO] [stderr]    Compiling synstructure v0.13.2
[INFO] [stderr]    Compiling subtle v2.6.1
[INFO] [stderr]    Compiling anstyle-parse v0.2.7
[INFO] [stderr]    Compiling core_maths v0.1.1
[INFO] [stderr]    Compiling async-channel v2.5.0
[INFO] [stderr]    Compiling piper v0.2.4
[INFO] [stderr]    Compiling http-body-util v0.1.3
[INFO] [stderr]    Compiling num-traits v0.2.19
[INFO] [stderr]    Compiling cookie v0.18.1
[INFO] [stderr]    Compiling sync_wrapper v1.0.2
[INFO] [stderr]    Compiling tower-layer v0.3.3
[INFO] [stderr]    Compiling anstyle v1.0.13
[INFO] [stderr]    Compiling colorchoice v1.0.4
[INFO] [stderr]    Compiling crc32fast v1.5.0
[INFO] [stderr]    Compiling anstream v0.6.21
[INFO] [stderr]    Compiling blocking v1.6.2
[INFO] [stderr]    Compiling async-executor v1.13.3
[INFO] [stderr]    Compiling zerofrom-derive v0.1.6
[INFO] [stderr]    Compiling displaydoc v0.2.5
[INFO] [stderr]    Compiling yoke-derive v0.8.1
[INFO] [stderr]    Compiling tokio-macros v2.6.0
[INFO] [stderr]    Compiling zerofrom v0.1.6
[INFO] [stderr]    Compiling zerovec-derive v0.11.2
[INFO] [stderr]    Compiling tokio v1.48.0
[INFO] [stderr]    Compiling futures-macro v0.3.31
[INFO] [stderr]    Compiling yoke v0.8.1
[INFO] [stderr]    Compiling yoke-derive v0.7.5
[INFO] [stderr]    Compiling zerotrie v0.2.3
[INFO] [stderr]    Compiling openssl-macros v0.1.1
[INFO] [stderr]    Compiling serde_derive v1.0.228
[INFO] [stderr]    Compiling futures-util v0.3.31
[INFO] [stderr]    Compiling zerovec-derive v0.10.3
[INFO] [stderr]    Compiling zerovec v0.11.5
[INFO] [stderr]    Compiling yoke v0.7.5
[INFO] [stderr]    Compiling tinystr v0.8.2
[INFO] [stderr]    Compiling potential_utf v0.1.4
[INFO] [stderr]    Compiling icu_collections v2.1.1
[INFO] [stderr]    Compiling icu_locale_core v2.1.1
[INFO] [stderr]    Compiling zerovec v0.10.4
[INFO] [stderr]    Compiling icu_provider v2.1.1
[INFO] [stderr]    Compiling icu_normalizer v2.1.1
[INFO] [stderr]    Compiling icu_properties v2.1.2
[INFO] [stderr]    Compiling tinystr v0.7.6
[INFO] [stderr]    Compiling icu_locid v1.5.0
[INFO] [stderr]    Compiling icu_provider_macros v1.5.0
[INFO] [stderr]    Compiling tokio-util v0.7.17
[INFO] [stderr]    Compiling idna_adapter v1.2.1
[INFO] [stderr]    Compiling idna v1.1.0
[INFO] [stderr]    Compiling icu_provider v1.5.0
[INFO] [stderr]    Compiling h2 v0.4.12
[INFO] [stderr]    Compiling url v2.5.7
[INFO] [stderr]    Compiling tokio-native-tls v0.3.1
[INFO] [stderr]    Compiling icu_collections v1.5.0
[INFO] [stderr]    Compiling polling v3.11.0
[INFO] [stderr]    Compiling thiserror-impl v1.0.69
[INFO] [stderr]    Compiling icu_segmenter v1.5.0
[INFO] [stderr]    Compiling tower v0.5.2
[INFO] [stderr]    Compiling crypto-common v0.1.7
[INFO] [stderr]    Compiling thiserror v1.0.69
[INFO] [stderr]    Compiling async-lock v3.4.1
[INFO] [stderr]    Compiling rustls-native-certs v0.8.2
[INFO] [stderr]    Compiling http v0.2.12
[INFO] [stderr]    Compiling aho-corasick v1.1.4
[INFO] [stderr]    Compiling clap_lex v0.7.6
[INFO] [stderr]    Compiling hyper v1.8.1
[INFO] [stderr]    Compiling event-listener v2.5.3
[INFO] [stderr]    Compiling iri-string v0.7.9
[INFO] [stderr]    Compiling thiserror v2.0.17
[INFO] [stderr]    Compiling hyper-util v0.1.19
[INFO] [stderr]    Compiling simd-adler32 v0.3.8
[INFO] [stderr]    Compiling regex-syntax v0.8.8
[INFO] [stderr]    Compiling hyper-tls v0.6.0
[INFO] [stderr]    Compiling mime v0.3.17
[INFO] [stderr]    Compiling clap_derive v4.5.49
[INFO] [stderr]    Compiling tower-http v0.6.8
[INFO] [stderr]    Compiling regex-automata v0.4.13
[INFO] [stderr]    Compiling miniz_oxide v0.8.9
[INFO] [stderr]    Compiling clap_builder v4.5.53
[INFO] [stderr]    Compiling webdriver v0.53.0
[INFO] [stderr]    Compiling async-channel v1.9.0
[INFO] [stderr]    Compiling async-global-executor v2.4.1
[INFO] [stderr]    Compiling digest v0.10.7
[INFO] [stderr]    Compiling serde_urlencoded v0.7.1
[INFO] [stderr]    Compiling futures-executor v0.3.31
[INFO] [stderr]    Compiling thiserror-impl v2.0.17
[INFO] [stderr]    Compiling kv-log-macro v1.0.7
[INFO] [stderr]    Compiling csv-core v0.1.13
[INFO] [stderr]    Compiling iana-time-zone v0.1.64
[INFO] [stderr]    Compiling sha-1 v0.10.1
[INFO] [stderr]    Compiling simplelog v0.12.2
[INFO] [stderr]    Compiling chrono v0.4.42
[INFO] [stderr]    Compiling reqwest v0.12.26
[INFO] [stderr]    Compiling csv v1.4.0
[INFO] [stderr]    Compiling async-std v1.13.2
[INFO] [stderr]    Compiling flate2 v1.1.5
[INFO] [stderr]    Compiling clap v4.5.53
[INFO] [stderr]    Compiling regex v1.12.2
[INFO] [stderr]    Compiling futures v0.3.31
[INFO] [stderr]    Compiling futures-locks v0.7.1
[INFO] [stderr]    Compiling tryhard v0.5.2
[INFO] [stderr]    Compiling data-encoding v2.9.0
[INFO] [stderr]    Compiling rustls-webpki v0.103.8
[INFO] [stderr]    Compiling tokio-rustls v0.26.4
[INFO] [stderr]    Compiling hyper-rustls v0.27.7
[INFO] [stderr]    Compiling fantoccini v0.22.0
[INFO] [stderr]    Compiling wayback-rs v0.7.0 (/opt/rustwide/workdir)
[INFO] [stderr] warning: unused dependency `futures-locks`
[INFO] [stderr]   --> Cargo.toml:34:15
[INFO] [stderr]    |
[INFO] [stderr] 34 | [dependencies.futures-locks]
[INFO] [stderr]    |               ^^^^^^^^^^^^^^
[INFO] [stderr]    |
[INFO] [stderr]    = note: `cargo::unused_dependencies` is set to `warn` by default
[INFO] [stderr] help: consider removing the dependency on `futures-locks`
[INFO] [stderr] warning: `wayback-rs` (manifest) generated 1 warning
[INFO] [stderr]     Finished `release` profile [optimized] target(s) in 5m 56s
[INFO] running `Command { std: "docker" "inspect" "2a23b0b66f34023e06a0858e2f86891f1815e618765ba2ffe6d81c430209bf0e", kill_on_drop: false }`
[INFO] running `Command { std: "docker" "exec" "-e" "SOURCE_DIR=/opt/rustwide/workdir" "-e" "CARGO_HOME=/opt/rustwide/cargo-home" "-e" "RUSTUP_HOME=/opt/rustwide/rustup-home" "-e" "CARGO_TARGET_DIR=/opt/rustwide/target" "-e" "CARGO_INCREMENTAL=0" "-e" "RUST_BACKTRACE=full" "-e" "RUSTFLAGS=--cap-lints=warn" "-e" "RUSTDOCFLAGS=--cap-lints=warn" "-w" "/opt/rustwide/workdir" "--user" "0:0" "2a23b0b66f34023e06a0858e2f86891f1815e618765ba2ffe6d81c430209bf0e" "/opt/rustwide/cargo-home/bin/cargo" "+1.100.0-beta.1" "test" "--frozen" "--no-run" "--message-format=json" "--release", kill_on_drop: false }`
[INFO] [stderr] warning: `package.homepage` is redundant with `package.repository`
[INFO] [stderr]   --> Cargo.toml:88:12
[INFO] [stderr]    |
[INFO] [stderr] 88 | homepage = "https://github.com/travisbrown/wayback-rs"
[INFO] [stderr]    |            ^^^^^^^^^^^^^^^^^^^^^^^^^^^^^^^^^^^^^^^^^^^
[INFO] [stderr] ...
[INFO] [stderr] 93 | repository = "https://github.com/travisbrown/wayback-rs"
[INFO] [stderr]    |              -------------------------------------------
[INFO] [stderr]    |
[INFO] [stderr]    = note: `cargo::redundant_homepage` is set to `warn` by default
[INFO] [stderr] help: consider removing `package.homepage`
[INFO] [stderr] warning: `wayback-rs` (manifest) generated 1 warning
[INFO] [stderr]    Compiling wayback-rs v0.7.0 (/opt/rustwide/workdir)
[INFO] [stderr] warning: unused dependency `futures-locks`
[INFO] [stderr]   --> Cargo.toml:34:15
[INFO] [stderr]    |
[INFO] [stderr] 34 | [dependencies.futures-locks]
[INFO] [stderr]    |               ^^^^^^^^^^^^^^
[INFO] [stderr]    |
[INFO] [stderr]    = note: `cargo::unused_dependencies` is set to `warn` by default
[INFO] [stderr] help: consider removing the dependency on `futures-locks`
[INFO] [stderr] warning: `wayback-rs` (manifest) generated 1 warning
[INFO] [stderr]     Finished `release` profile [optimized] target(s) in 8.77s
[INFO] running `Command { std: "docker" "inspect" "2a23b0b66f34023e06a0858e2f86891f1815e618765ba2ffe6d81c430209bf0e", kill_on_drop: false }`
[INFO] running `Command { std: "docker" "exec" "-e" "SOURCE_DIR=/opt/rustwide/workdir" "-e" "CARGO_HOME=/opt/rustwide/cargo-home" "-e" "RUSTUP_HOME=/opt/rustwide/rustup-home" "-e" "CARGO_TARGET_DIR=/opt/rustwide/target" "-e" "CARGO_INCREMENTAL=0" "-e" "RUST_BACKTRACE=full" "-e" "RUSTFLAGS=--cap-lints=warn" "-e" "RUSTDOCFLAGS=--cap-lints=warn" "-w" "/opt/rustwide/workdir" "--user" "0:0" "2a23b0b66f34023e06a0858e2f86891f1815e618765ba2ffe6d81c430209bf0e" "/opt/rustwide/cargo-home/bin/cargo" "+1.100.0-beta.1" "test" "--frozen" "--release", kill_on_drop: false }`
[INFO] [stderr] warning: `package.homepage` is redundant with `package.repository`
[INFO] [stderr]   --> Cargo.toml:88:12
[INFO] [stderr]    |
[INFO] [stderr] 88 | homepage = "https://github.com/travisbrown/wayback-rs"
[INFO] [stderr]    |            ^^^^^^^^^^^^^^^^^^^^^^^^^^^^^^^^^^^^^^^^^^^
[INFO] [stderr] ...
[INFO] [stderr] 93 | repository = "https://github.com/travisbrown/wayback-rs"
[INFO] [stderr]    |              -------------------------------------------
[INFO] [stderr]    |
[INFO] [stderr]    = note: `cargo::redundant_homepage` is set to `warn` by default
[INFO] [stderr] help: consider removing `package.homepage`
[INFO] [stderr] warning: `wayback-rs` (manifest) generated 1 warning
[INFO] [stderr] warning: unused dependency `futures-locks`
[INFO] [stderr]   --> Cargo.toml:34:15
[INFO] [stderr]    |
[INFO] [stderr] 34 | [dependencies.futures-locks]
[INFO] [stderr]    |               ^^^^^^^^^^^^^^
[INFO] [stderr]    |
[INFO] [stderr]    = note: `cargo::unused_dependencies` is set to `warn` by default
[INFO] [stderr] help: consider removing the dependency on `futures-locks`
[INFO] [stderr] warning: `wayback-rs` (manifest) generated 1 warning
[INFO] [stderr]     Finished `release` profile [optimized] target(s) in 0.24s
[INFO] [stderr]      Running unittests src/lib.rs (/opt/rustwide/target/release/build/wayback-rs/b2193cd8eff08702/out/wayback_rs-b2193cd8eff08702)
[INFO] [stdout] 
[INFO] [stdout] running 7 tests
[INFO] [stdout] test store::data::tests::path_for_prefix_1 ... FAILED
[INFO] [stdout] test digest::tests::compute_digest ... FAILED
[INFO] [stdout] test store::data::tests::paths ... FAILED
[INFO] [stdout] test store::data::tests::compute_digests ... FAILED
[INFO] [stdout] test cdx::tests::load_json ... FAILED
[INFO] [stderr] error: test failed, to rerun pass `--lib`
[INFO] [stdout] test digest::tests::round_trip ... ok
[INFO] [stdout] test store::data::tests::path_for_prefix_2 ... FAILED
[INFO] [stdout] 
[INFO] [stdout] failures:
[INFO] [stdout] 
[INFO] [stdout] ---- store::data::tests::path_for_prefix_1 stdout ----
[INFO] [stdout] 
[INFO] [stdout] thread 'store::data::tests::path_for_prefix_1' (4322) panicked at src/store/data.rs:364:14:
[INFO] [stdout] called `Result::unwrap()` on an `Err` value: IOError(Os { code: 2, kind: NotFound, message: "No such file or directory" })
[INFO] [stdout] stack backtrace:
[INFO] [stdout]    0:     0x5b110fb484c1 - <<std[617be2ca0a6fd877]::sys::backtrace::BacktraceLock>::print::DisplayBacktrace as core[a373ad73a504971]::fmt::Display>::fmt
[INFO] [stdout]    1:     0x5b110fb5d17a - core[a373ad73a504971]::fmt::write
[INFO] [stdout]    2:     0x5b110fb4ca6c - <alloc[2e1b2a31b91974c5]::vec::Vec<u8> as core[a373ad73a504971]::io::write::Write>::write_fmt
[INFO] [stdout]    3:     0x5b110fb23ce6 - std[617be2ca0a6fd877]::panicking::default_hook::{closure#0}
[INFO] [stdout]    4:     0x5b110fb40909 - std[617be2ca0a6fd877]::panicking::default_hook
[INFO] [stdout]    5:     0x5b110faa0a60 - test[aada8e7e76ba119b]::test_main_inner::{closure#0}
[INFO] [stdout]    6:     0x5b110fb40ac2 - std[617be2ca0a6fd877]::panicking::panic_with_hook
[INFO] [stdout]    7:     0x5b110fb23d92 - std[617be2ca0a6fd877]::panicking::panic_handler::{closure#0}
[INFO] [stdout]    8:     0x5b110fb1ca09 - std[617be2ca0a6fd877]::sys::backtrace::__rust_end_short_backtrace::<std[617be2ca0a6fd877]::panicking::panic_handler::{closure#0}, !>
[INFO] [stdout]    9:     0x5b110fb2499d - __rustc[ea4f61d10b84890b]::rust_begin_unwind
[INFO] [stdout]   10:     0x5b110fb5d8dc - core[a373ad73a504971]::panicking::panic_fmt
[INFO] [stdout]   11:     0x5b110fb5d6b2 - core[a373ad73a504971]::result::unwrap_failed
[INFO] [stdout]   12:     0x5b110fa9376e - <wayback_rs[ef9b49d9bca0f4da]::store::data::tests::path_for_prefix_1::{closure#0} as core[a373ad73a504971]::ops::function::FnOnce<()>>::call_once
[INFO] [stdout]   13:     0x5b110fa93eab - test[aada8e7e76ba119b]::__rust_begin_short_backtrace::<core[a373ad73a504971]::result::Result<(), alloc[2e1b2a31b91974c5]::string::String>, fn() -> core[a373ad73a504971]::result::Result<(), alloc[2e1b2a31b91974c5]::string::String>>
[INFO] [stdout]   14:     0x5b110faa1085 - test[aada8e7e76ba119b]::run_test::{closure#0}
[INFO] [stdout]   15:     0x5b110fa9a974 - std[617be2ca0a6fd877]::sys::backtrace::__rust_begin_short_backtrace::<test[aada8e7e76ba119b]::run_test::{closure#1}, ()>
[INFO] [stdout]   16:     0x5b110faa4112 - <std[617be2ca0a6fd877]::thread::lifecycle::spawn_unchecked<test[aada8e7e76ba119b]::run_test::{closure#1}, ()>::{closure#1} as core[a373ad73a504971]::ops::function::FnOnce<()>>::call_once::{shim:vtable#0}
[INFO] [stdout]   17:     0x5b110fb47d1f - <std[617be2ca0a6fd877]::sys::thread::unix::Thread>::new::thread_start
[INFO] [stdout]   18:     0x743e00054dfa - <unknown>
[INFO] [stdout]   19:     0x743e000e83d4 - clone
[INFO] [stdout]   20:                0x0 - <unknown>
[INFO] [stdout] 
[INFO] [stdout] ---- digest::tests::compute_digest stdout ----
[INFO] [stdout] 
[INFO] [stdout] thread 'digest::tests::compute_digest' (4319) panicked at src/digest.rs:65:58:
[INFO] [stdout] called `Result::unwrap()` on an `Err` value: Os { code: 2, kind: NotFound, message: "No such file or directory" }
[INFO] [stdout] stack backtrace:
[INFO] [stdout]    0:     0x5b110fb484c1 - <<std[617be2ca0a6fd877]::sys::backtrace::BacktraceLock>::print::DisplayBacktrace as core[a373ad73a504971]::fmt::Display>::fmt
[INFO] [stdout]    1:     0x5b110fb5d17a - core[a373ad73a504971]::fmt::write
[INFO] [stdout]    2:     0x5b110fb4ca6c - <alloc[2e1b2a31b91974c5]::vec::Vec<u8> as core[a373ad73a504971]::io::write::Write>::write_fmt
[INFO] [stdout]    3:     0x5b110fb23ce6 - std[617be2ca0a6fd877]::panicking::default_hook::{closure#0}
[INFO] [stdout]    4:     0x5b110fb40909 - std[617be2ca0a6fd877]::panicking::default_hook
[INFO] [stdout]    5:     0x5b110faa0a60 - test[aada8e7e76ba119b]::test_main_inner::{closure#0}
[INFO] [stdout]    6:     0x5b110fb40ac2 - std[617be2ca0a6fd877]::panicking::panic_with_hook
[INFO] [stdout]    7:     0x5b110fb23d92 - std[617be2ca0a6fd877]::panicking::panic_handler::{closure#0}
[INFO] [stdout]    8:     0x5b110fb1ca09 - std[617be2ca0a6fd877]::sys::backtrace::__rust_end_short_backtrace::<std[617be2ca0a6fd877]::panicking::panic_handler::{closure#0}, !>
[INFO] [stdout]    9:     0x5b110fb2499d - __rustc[ea4f61d10b84890b]::rust_begin_unwind
[INFO] [stdout]   10:     0x5b110fb5d8dc - core[a373ad73a504971]::panicking::panic_fmt
[INFO] [stdout]   11:     0x5b110fb5d6b2 - core[a373ad73a504971]::result::unwrap_failed
[INFO] [stdout]   12:     0x5b110fa86d6c - <wayback_rs[ef9b49d9bca0f4da]::digest::tests::compute_digest::{closure#0} as core[a373ad73a504971]::ops::function::FnOnce<()>>::call_once
[INFO] [stdout]   13:     0x5b110fa93eab - test[aada8e7e76ba119b]::__rust_begin_short_backtrace::<core[a373ad73a504971]::result::Result<(), alloc[2e1b2a31b91974c5]::string::String>, fn() -> core[a373ad73a504971]::result::Result<(), alloc[2e1b2a31b91974c5]::string::String>>
[INFO] [stdout]   14:     0x5b110faa1085 - test[aada8e7e76ba119b]::run_test::{closure#0}
[INFO] [stdout]   15:     0x5b110fa9a974 - std[617be2ca0a6fd877]::sys::backtrace::__rust_begin_short_backtrace::<test[aada8e7e76ba119b]::run_test::{closure#1}, ()>
[INFO] [stdout]   16:     0x5b110faa4112 - <std[617be2ca0a6fd877]::thread::lifecycle::spawn_unchecked<test[aada8e7e76ba119b]::run_test::{closure#1}, ()>::{closure#1} as core[a373ad73a504971]::ops::function::FnOnce<()>>::call_once::{shim:vtable#0}
[INFO] [stdout]   17:     0x5b110fb47d1f - <std[617be2ca0a6fd877]::sys::thread::unix::Thread>::new::thread_start
[INFO] [stdout]   18:     0x743e00054dfa - <unknown>
[INFO] [stdout]   19:     0x743e000e83d4 - clone
[INFO] [stdout]   20:                0x0 - <unknown>
[INFO] [stdout] 
[INFO] [stdout] ---- store::data::tests::paths stdout ----
[INFO] [stdout] 
[INFO] [stdout] thread 'store::data::tests::paths' (4324) panicked at src/store/data.rs:350:14:
[INFO] [stdout] called `Result::unwrap()` on an `Err` value: IOError(Os { code: 2, kind: NotFound, message: "No such file or directory" })
[INFO] [stdout] stack backtrace:
[INFO] [stdout]    0:     0x5b110fb484c1 - <<std[617be2ca0a6fd877]::sys::backtrace::BacktraceLock>::print::DisplayBacktrace as core[a373ad73a504971]::fmt::Display>::fmt
[INFO] [stdout]    1:     0x5b110fb5d17a - core[a373ad73a504971]::fmt::write
[INFO] [stdout]    2:     0x5b110fb4ca6c - <alloc[2e1b2a31b91974c5]::vec::Vec<u8> as core[a373ad73a504971]::io::write::Write>::write_fmt
[INFO] [stdout]    3:     0x5b110fb23ce6 - std[617be2ca0a6fd877]::panicking::default_hook::{closure#0}
[INFO] [stdout]    4:     0x5b110fb40909 - std[617be2ca0a6fd877]::panicking::default_hook
[INFO] [stdout]    5:     0x5b110faa0a60 - test[aada8e7e76ba119b]::test_main_inner::{closure#0}
[INFO] [stdout]    6:     0x5b110fb40ac2 - std[617be2ca0a6fd877]::panicking::panic_with_hook
[INFO] [stdout]    7:     0x5b110fb23d92 - std[617be2ca0a6fd877]::panicking::panic_handler::{closure#0}
[INFO] [stdout]    8:     0x5b110fb1ca09 - std[617be2ca0a6fd877]::sys::backtrace::__rust_end_short_backtrace::<std[617be2ca0a6fd877]::panicking::panic_handler::{closure#0}, !>
[INFO] [stdout]    9:     0x5b110fb2499d - __rustc[ea4f61d10b84890b]::rust_begin_unwind
[INFO] [stdout]   10:     0x5b110fb5d8dc - core[a373ad73a504971]::panicking::panic_fmt
[INFO] [stdout]   11:     0x5b110fb5d6b2 - core[a373ad73a504971]::result::unwrap_failed
[INFO] [stdout]   12:     0x5b110fa93de2 - <wayback_rs[ef9b49d9bca0f4da]::store::data::tests::paths::{closure#0} as core[a373ad73a504971]::ops::function::FnOnce<()>>::call_once
[INFO] [stdout]   13:     0x5b110fa93eab - test[aada8e7e76ba119b]::__rust_begin_short_backtrace::<core[a373ad73a504971]::result::Result<(), alloc[2e1b2a31b91974c5]::string::String>, fn() -> core[a373ad73a504971]::result::Result<(), alloc[2e1b2a31b91974c5]::string::String>>
[INFO] [stdout]   14:     0x5b110faa1085 - test[aada8e7e76ba119b]::run_test::{closure#0}
[INFO] [stdout]   15:     0x5b110fa9a974 - std[617be2ca0a6fd877]::sys::backtrace::__rust_begin_short_backtrace::<test[aada8e7e76ba119b]::run_test::{closure#1}, ()>
[INFO] [stdout]   16:     0x5b110faa4112 - <std[617be2ca0a6fd877]::thread::lifecycle::spawn_unchecked<test[aada8e7e76ba119b]::run_test::{closure#1}, ()>::{closure#1} as core[a373ad73a504971]::ops::function::FnOnce<()>>::call_once::{shim:vtable#0}
[INFO] [stdout]   17:     0x5b110fb47d1f - <std[617be2ca0a6fd877]::sys::thread::unix::Thread>::new::thread_start
[INFO] [stdout]   18:     0x743e00054dfa - <unknown>
[INFO] [stdout]   19:     0x743e000e83d4 - clone
[INFO] [stdout]   20:                0x0 - <unknown>
[INFO] [stdout] 
[INFO] [stdout] ---- store::data::tests::compute_digests stdout ----
[INFO] [stdout] 
[INFO] [stdout] thread 'store::data::tests::compute_digests' (4321) panicked at src/store/data.rs:330:14:
[INFO] [stdout] called `Result::unwrap()` on an `Err` value: IOError(Os { code: 2, kind: NotFound, message: "No such file or directory" })
[INFO] [stdout] stack backtrace:
[INFO] [stdout]    0:     0x5b110fb484c1 - <<std[617be2ca0a6fd877]::sys::backtrace::BacktraceLock>::print::DisplayBacktrace as core[a373ad73a504971]::fmt::Display>::fmt
[INFO] [stdout]    1:     0x5b110fb5d17a - core[a373ad73a504971]::fmt::write
[INFO] [stdout]    2:     0x5b110fb4ca6c - <alloc[2e1b2a31b91974c5]::vec::Vec<u8> as core[a373ad73a504971]::io::write::Write>::write_fmt
[INFO] [stdout]    3:     0x5b110fb23ce6 - std[617be2ca0a6fd877]::panicking::default_hook::{closure#0}
[INFO] [stdout]    4:     0x5b110fb40909 - std[617be2ca0a6fd877]::panicking::default_hook
[INFO] [stdout]    5:     0x5b110faa0a60 - test[aada8e7e76ba119b]::test_main_inner::{closure#0}
[INFO] [stdout]    6:     0x5b110fb40ac2 - std[617be2ca0a6fd877]::panicking::panic_with_hook
[INFO] [stdout]    7:     0x5b110fb23d92 - std[617be2ca0a6fd877]::panicking::panic_handler::{closure#0}
[INFO] [stdout]    8:     0x5b110fb1ca09 - std[617be2ca0a6fd877]::sys::backtrace::__rust_end_short_backtrace::<std[617be2ca0a6fd877]::panicking::panic_handler::{closure#0}, !>
[INFO] [stdout]    9:     0x5b110fb2499d - __rustc[ea4f61d10b84890b]::rust_begin_unwind
[INFO] [stdout]   10:     0x5b110fb5d8dc - core[a373ad73a504971]::panicking::panic_fmt
[INFO] [stdout]   11:     0x5b110fb5d6b2 - core[a373ad73a504971]::result::unwrap_failed
[INFO] [stdout]   12:     0x5b110fa92acd - wayback_rs[ef9b49d9bca0f4da]::store::data::tests::compute_digests::{closure#0}
[INFO] [stdout]   13:     0x5b110fa80233 - <tokio[863956877ac88efe]::runtime::scheduler::current_thread::Context>::enter::<core[a373ad73a504971]::task::poll::Poll<()>, <tokio[863956877ac88efe]::runtime::scheduler::current_thread::CoreGuard>::block_on<core[a373ad73a504971]::pin::Pin<&mut core[a373ad73a504971]::pin::Pin<&mut dyn core[a373ad73a504971]::future::future::Future<Output = ()>>>>::{closure#0}::{closure#0}>
[INFO] [stdout]   14:     0x5b110fa8d34c - <tokio[863956877ac88efe]::runtime::context::scoped::Scoped<tokio[863956877ac88efe]::runtime::scheduler::Context>>::set::<<tokio[863956877ac88efe]::runtime::scheduler::current_thread::CoreGuard>::enter<<tokio[863956877ac88efe]::runtime::scheduler::current_thread::CoreGuard>::block_on<core[a373ad73a504971]::pin::Pin<&mut core[a373ad73a504971]::pin::Pin<&mut dyn core[a373ad73a504971]::future::future::Future<Output = ()>>>>::{closure#0}, core[a373ad73a504971]::option::Option<()>>::{closure#0}, (alloc[2e1b2a31b91974c5]::boxed::Box<tokio[863956877ac88efe]::runtime::scheduler::current_thread::Core>, core[a373ad73a504971]::option::Option<()>)>
[INFO] [stdout]   15:     0x5b110fa7fd5f - <tokio[863956877ac88efe]::runtime::scheduler::current_thread::CurrentThread>::block_on::<core[a373ad73a504971]::pin::Pin<&mut dyn core[a373ad73a504971]::future::future::Future<Output = ()>>>
[INFO] [stdout]   16:     0x5b110fa8a602 - <tokio[863956877ac88efe]::runtime::runtime::Runtime>::block_on::<core[a373ad73a504971]::pin::Pin<&mut dyn core[a373ad73a504971]::future::future::Future<Output = ()>>>
[INFO] [stdout]   17:     0x5b110fa9334e - <wayback_rs[ef9b49d9bca0f4da]::store::data::tests::compute_digests::{closure#0} as core[a373ad73a504971]::ops::function::FnOnce<()>>::call_once
[INFO] [stdout]   18:     0x5b110fa93eab - test[aada8e7e76ba119b]::__rust_begin_short_backtrace::<core[a373ad73a504971]::result::Result<(), alloc[2e1b2a31b91974c5]::string::String>, fn() -> core[a373ad73a504971]::result::Result<(), alloc[2e1b2a31b91974c5]::string::String>>
[INFO] [stdout]   19:     0x5b110faa1085 - test[aada8e7e76ba119b]::run_test::{closure#0}
[INFO] [stdout]   20:     0x5b110fa9a974 - std[617be2ca0a6fd877]::sys::backtrace::__rust_begin_short_backtrace::<test[aada8e7e76ba119b]::run_test::{closure#1}, ()>
[INFO] [stdout]   21:     0x5b110faa4112 - <std[617be2ca0a6fd877]::thread::lifecycle::spawn_unchecked<test[aada8e7e76ba119b]::run_test::{closure#1}, ()>::{closure#1} as core[a373ad73a504971]::ops::function::FnOnce<()>>::call_once::{shim:vtable#0}
[INFO] [stdout]   22:     0x5b110fb47d1f - <std[617be2ca0a6fd877]::sys::thread::unix::Thread>::new::thread_start
[INFO] [stdout]   23:     0x743e00054dfa - <unknown>
[INFO] [stdout]   24:     0x743e000e83d4 - clone
[INFO] [stdout]   25:                0x0 - <unknown>
[INFO] [stdout] 
[INFO] [stdout] ---- cdx::tests::load_json stdout ----
[INFO] [stdout] 
[INFO] [stdout] thread 'cdx::tests::load_json' (4318) panicked at src/cdx.rs:427:67:
[INFO] [stdout] called `Result::unwrap()` on an `Err` value: Os { code: 2, kind: NotFound, message: "No such file or directory" }
[INFO] [stdout] stack backtrace:
[INFO] [stdout]    0:     0x5b110fb484c1 - <<std[617be2ca0a6fd877]::sys::backtrace::BacktraceLock>::print::DisplayBacktrace as core[a373ad73a504971]::fmt::Display>::fmt
[INFO] [stdout]    1:     0x5b110fb5d17a - core[a373ad73a504971]::fmt::write
[INFO] [stdout]    2:     0x5b110fb4ca6c - <alloc[2e1b2a31b91974c5]::vec::Vec<u8> as core[a373ad73a504971]::io::write::Write>::write_fmt
[INFO] [stdout]    3:     0x5b110fb23ce6 - std[617be2ca0a6fd877]::panicking::default_hook::{closure#0}
[INFO] [stdout]    4:     0x5b110fb40909 - std[617be2ca0a6fd877]::panicking::default_hook
[INFO] [stdout]    5:     0x5b110faa0a60 - test[aada8e7e76ba119b]::test_main_inner::{closure#0}
[INFO] [stdout]    6:     0x5b110fb40ac2 - std[617be2ca0a6fd877]::panicking::panic_with_hook
[INFO] [stdout]    7:     0x5b110fb23d92 - std[617be2ca0a6fd877]::panicking::panic_handler::{closure#0}
[INFO] [stdout]    8:     0x5b110fb1ca09 - std[617be2ca0a6fd877]::sys::backtrace::__rust_end_short_backtrace::<std[617be2ca0a6fd877]::panicking::panic_handler::{closure#0}, !>
[INFO] [stdout]    9:     0x5b110fb2499d - __rustc[ea4f61d10b84890b]::rust_begin_unwind
[INFO] [stdout]   10:     0x5b110fb5d8dc - core[a373ad73a504971]::panicking::panic_fmt
[INFO] [stdout]   11:     0x5b110fb5d6b2 - core[a373ad73a504971]::result::unwrap_failed
[INFO] [stdout]   12:     0x5b110fa8e3b4 - <wayback_rs[ef9b49d9bca0f4da]::cdx::tests::load_json::{closure#0} as core[a373ad73a504971]::ops::function::FnOnce<()>>::call_once
[INFO] [stdout]   13:     0x5b110fa93eab - test[aada8e7e76ba119b]::__rust_begin_short_backtrace::<core[a373ad73a504971]::result::Result<(), alloc[2e1b2a31b91974c5]::string::String>, fn() -> core[a373ad73a504971]::result::Result<(), alloc[2e1b2a31b91974c5]::string::String>>
[INFO] [stdout]   14:     0x5b110faa1085 - test[aada8e7e76ba119b]::run_test::{closure#0}
[INFO] [stdout]   15:     0x5b110fa9a974 - std[617be2ca0a6fd877]::sys::backtrace::__rust_begin_short_backtrace::<test[aada8e7e76ba119b]::run_test::{closure#1}, ()>
[INFO] [stdout]   16:     0x5b110faa4112 - <std[617be2ca0a6fd877]::thread::lifecycle::spawn_unchecked<test[aada8e7e76ba119b]::run_test::{closure#1}, ()>::{closure#1} as core[a373ad73a504971]::ops::function::FnOnce<()>>::call_once::{shim:vtable#0}
[INFO] [stdout]   17:     0x5b110fb47d1f - <std[617be2ca0a6fd877]::sys::thread::unix::Thread>::new::thread_start
[INFO] [stdout]   18:     0x743e00054dfa - <unknown>
[INFO] [stdout]   19:     0x743e000e83d4 - clone
[INFO] [stdout]   20:                0x0 - <unknown>
[INFO] [stdout] 
[INFO] [stdout] ---- store::data::tests::path_for_prefix_2 stdout ----
[INFO] [stdout] 
[INFO] [stdout] thread 'store::data::tests::path_for_prefix_2' (4323) panicked at src/store/data.rs:384:14:
[INFO] [stdout] called `Result::unwrap()` on an `Err` value: IOError(Os { code: 2, kind: NotFound, message: "No such file or directory" })
[INFO] [stdout] stack backtrace:
[INFO] [stdout]    0:     0x5b110fb484c1 - <<std[617be2ca0a6fd877]::sys::backtrace::BacktraceLock>::print::DisplayBacktrace as core[a373ad73a504971]::fmt::Display>::fmt
[INFO] [stdout]    1:     0x5b110fb5d17a - core[a373ad73a504971]::fmt::write
[INFO] [stdout]    2:     0x5b110fb4ca6c - <alloc[2e1b2a31b91974c5]::vec::Vec<u8> as core[a373ad73a504971]::io::write::Write>::write_fmt
[INFO] [stdout]    3:     0x5b110fb23ce6 - std[617be2ca0a6fd877]::panicking::default_hook::{closure#0}
[INFO] [stdout]    4:     0x5b110fb40909 - std[617be2ca0a6fd877]::panicking::default_hook
[INFO] [stdout]    5:     0x5b110faa0a60 - test[aada8e7e76ba119b]::test_main_inner::{closure#0}
[INFO] [stdout]    6:     0x5b110fb40ac2 - std[617be2ca0a6fd877]::panicking::panic_with_hook
[INFO] [stdout]    7:     0x5b110fb23d92 - std[617be2ca0a6fd877]::panicking::panic_handler::{closure#0}
[INFO] [stdout]    8:     0x5b110fb1ca09 - std[617be2ca0a6fd877]::sys::backtrace::__rust_end_short_backtrace::<std[617be2ca0a6fd877]::panicking::panic_handler::{closure#0}, !>
[INFO] [stdout]    9:     0x5b110fb2499d - __rustc[ea4f61d10b84890b]::rust_begin_unwind
[INFO] [stdout]   10:     0x5b110fb5d8dc - core[a373ad73a504971]::panicking::panic_fmt
[INFO] [stdout]   11:     0x5b110fb5d6b2 - core[a373ad73a504971]::result::unwrap_failed
[INFO] [stdout]   12:     0x5b110fa93b0e - <wayback_rs[ef9b49d9bca0f4da]::store::data::tests::path_for_prefix_2::{closure#0} as core[a373ad73a504971]::ops::function::FnOnce<()>>::call_once
[INFO] [stdout]   13:     0x5b110fa93eab - test[aada8e7e76ba119b]::__rust_begin_short_backtrace::<core[a373ad73a504971]::result::Result<(), alloc[2e1b2a31b91974c5]::string::String>, fn() -> core[a373ad73a504971]::result::Result<(), alloc[2e1b2a31b91974c5]::string::String>>
[INFO] [stdout]   14:     0x5b110faa1085 - test[aada8e7e76ba119b]::run_test::{closure#0}
[INFO] [stdout]   15:     0x5b110fa9a974 - std[617be2ca0a6fd877]::sys::backtrace::__rust_begin_short_backtrace::<test[aada8e7e76ba119b]::run_test::{closure#1}, ()>
[INFO] [stdout]   16:     0x5b110faa4112 - <std[617be2ca0a6fd877]::thread::lifecycle::spawn_unchecked<test[aada8e7e76ba119b]::run_test::{closure#1}, ()>::{closure#1} as core[a373ad73a504971]::ops::function::FnOnce<()>>::call_once::{shim:vtable#0}
[INFO] [stdout]   17:     0x5b110fb47d1f - <std[617be2ca0a6fd877]::sys::thread::unix::Thread>::new::thread_start
[INFO] [stdout]   18:     0x743e00054dfa - <unknown>
[INFO] [stdout]   19:     0x743e000e83d4 - clone
[INFO] [stdout]   20:                0x0 - <unknown>
[INFO] [stdout] 
[INFO] [stdout] 
[INFO] [stdout] failures:
[INFO] [stdout]     cdx::tests::load_json
[INFO] [stdout]     digest::tests::compute_digest
[INFO] [stdout]     store::data::tests::compute_digests
[INFO] [stdout]     store::data::tests::path_for_prefix_1
[INFO] [stdout]     store::data::tests::path_for_prefix_2
[INFO] [stdout]     store::data::tests::paths
[INFO] [stdout] 
[INFO] [stdout] test result: FAILED. 1 passed; 6 failed; 0 ignored; 0 measured; 0 filtered out; finished in 0.01s
[INFO] [stdout] 
[INFO] running `Command { std: "docker" "inspect" "2a23b0b66f34023e06a0858e2f86891f1815e618765ba2ffe6d81c430209bf0e", kill_on_drop: false }`
[INFO] running `Command { std: "docker" "rm" "-f" "2a23b0b66f34023e06a0858e2f86891f1815e618765ba2ffe6d81c430209bf0e", kill_on_drop: false }`
[INFO] [stdout] 2a23b0b66f34023e06a0858e2f86891f1815e618765ba2ffe6d81c430209bf0e
