[INFO] fetching crate wavepeek 3.1.0...
[INFO] testing wavepeek-3.1.0 against 1.100.0-beta.1+cargoflags=--release for beta-release-1.100-2
[INFO] extracting crate wavepeek 3.1.0 into /workspace/builds/worker-4-tc2/source
[INFO] started tweaking crates.io crate wavepeek 3.1.0
[INFO] removed 0 missing tests
[INFO] finished tweaking crates.io crate wavepeek 3.1.0
[INFO] tweaked toml for crates.io crate wavepeek 3.1.0 written to /workspace/builds/worker-4-tc2/source/Cargo.toml
[INFO] validating manifest of crates.io crate wavepeek 3.1.0 on toolchain 1.100.0-beta.1
[INFO] running `Command { std: CARGO_HOME="/workspace/cargo-home" RUSTUP_HOME="/workspace/rustup-home" "/workspace/cargo-home/bin/cargo" "+1.100.0-beta.1" "metadata" "--manifest-path" "Cargo.toml" "--no-deps", kill_on_drop: false }`
[INFO] crate crates.io crate wavepeek 3.1.0 already has a lockfile, it will not be regenerated
[INFO] running `Command { std: CARGO_HOME="/workspace/cargo-home" RUSTUP_HOME="/workspace/rustup-home" "/workspace/cargo-home/bin/cargo" "+1.100.0-beta.1" "fetch" "--manifest-path" "Cargo.toml", kill_on_drop: false }`
[INFO] [stderr] warning: `package.homepage` is redundant with `package.repository`
[INFO] [stderr]   --> Cargo.toml:64:12
[INFO] [stderr]    |
[INFO] [stderr] 64 | homepage = "https://github.com/kleverhq/wavepeek"
[INFO] [stderr]    |            ^^^^^^^^^^^^^^^^^^^^^^^^^^^^^^^^^^^^^^
[INFO] [stderr] ...
[INFO] [stderr] 69 | repository = "https://github.com/kleverhq/wavepeek"
[INFO] [stderr]    |              --------------------------------------
[INFO] [stderr]    |
[INFO] [stderr]    = note: `cargo::redundant_homepage` is set to `warn` by default
[INFO] [stderr] help: consider removing `package.homepage`
[INFO] [stderr] warning: `wavepeek` (manifest) generated 1 warning
[INFO] running `Command { std: "docker" "create" "-v" "/var/lib/crater-agent-workspace/builds/worker-4-tc2/source:/opt/rustwide/workdir:ro,Z" "-v" "/var/lib/crater-agent-workspace/builds/worker-4-tc2/target:/opt/rustwide/target:rw,Z" "-v" "/var/lib/crater-agent-workspace/cargo-home:/opt/rustwide/cargo-home:ro,Z" "-v" "/var/lib/crater-agent-workspace/rustup-home:/opt/rustwide/rustup-home:ro,Z" "-m" "1610612736" "--network" "none" "ghcr.io/rust-lang/crates-build-env/linux@sha256:77db811e55d90add9212f6832c23229e3de5f1c1f9905e8cb07319ea15df73ac" "sleep" "infinity", kill_on_drop: false }`
[INFO] [stdout] cd6530def26739764bdb48dc39a4c52181baa01eaa88589729f6edf2f4f82d4d
[INFO] running `Command { std: "docker" "start" "cd6530def26739764bdb48dc39a4c52181baa01eaa88589729f6edf2f4f82d4d", kill_on_drop: false }`
[INFO] running `Command { std: "docker" "inspect" "cd6530def26739764bdb48dc39a4c52181baa01eaa88589729f6edf2f4f82d4d", kill_on_drop: false }`
[INFO] running `Command { std: "docker" "exec" "-e" "SOURCE_DIR=/opt/rustwide/workdir" "-e" "CARGO_HOME=/opt/rustwide/cargo-home" "-e" "RUSTUP_HOME=/opt/rustwide/rustup-home" "-e" "CARGO_TARGET_DIR=/opt/rustwide/target" "-w" "/opt/rustwide/workdir" "--user" "0:0" "cd6530def26739764bdb48dc39a4c52181baa01eaa88589729f6edf2f4f82d4d" "/opt/rustwide/cargo-home/bin/cargo" "+1.100.0-beta.1" "metadata" "--no-deps" "--format-version=1", kill_on_drop: false }`
[INFO] running `Command { std: "docker" "inspect" "cd6530def26739764bdb48dc39a4c52181baa01eaa88589729f6edf2f4f82d4d", kill_on_drop: false }`
[INFO] running `Command { std: "docker" "exec" "-e" "SOURCE_DIR=/opt/rustwide/workdir" "-e" "CARGO_HOME=/opt/rustwide/cargo-home" "-e" "RUSTUP_HOME=/opt/rustwide/rustup-home" "-e" "CARGO_TARGET_DIR=/opt/rustwide/target" "-e" "CARGO_INCREMENTAL=0" "-e" "RUST_BACKTRACE=full" "-e" "RUSTFLAGS=--cap-lints=warn" "-e" "RUSTDOCFLAGS=--cap-lints=warn" "-w" "/opt/rustwide/workdir" "--user" "0:0" "cd6530def26739764bdb48dc39a4c52181baa01eaa88589729f6edf2f4f82d4d" "/opt/rustwide/cargo-home/bin/cargo" "+1.100.0-beta.1" "build" "--frozen" "--message-format=json" "--release", kill_on_drop: false }`
[INFO] [stderr] warning: `package.homepage` is redundant with `package.repository`
[INFO] [stderr]   --> Cargo.toml:64:12
[INFO] [stderr]    |
[INFO] [stderr] 64 | homepage = "https://github.com/kleverhq/wavepeek"
[INFO] [stderr]    |            ^^^^^^^^^^^^^^^^^^^^^^^^^^^^^^^^^^^^^^
[INFO] [stderr] ...
[INFO] [stderr] 69 | repository = "https://github.com/kleverhq/wavepeek"
[INFO] [stderr]    |              --------------------------------------
[INFO] [stderr]    |
[INFO] [stderr]    = note: `cargo::redundant_homepage` is set to `warn` by default
[INFO] [stderr] help: consider removing `package.homepage`
[INFO] [stderr] warning: `wavepeek` (manifest) generated 1 warning
[INFO] [stderr]    Compiling quote v1.0.44
[INFO] [stderr]    Compiling proc-macro2 v1.0.106
[INFO] [stderr]    Compiling hashbrown v0.16.1
[INFO] [stderr]    Compiling equivalent v1.0.2
[INFO] [stderr]    Compiling winnow v0.7.14
[INFO] [stderr]    Compiling toml_datetime v0.7.5+spec-1.1.0
[INFO] [stderr]    Compiling rustversion v1.0.22
[INFO] [stderr]    Compiling memchr v2.7.6
[INFO] [stderr]    Compiling zmij v1.0.19
[INFO] [stderr]    Compiling anstyle v1.0.13
[INFO] [stderr]    Compiling serde_json v1.0.149
[INFO] [stderr]    Compiling twox-hash v2.1.2
[INFO] [stderr]    Compiling anstyle-parse v0.2.7
[INFO] [stderr]    Compiling colorchoice v1.0.4
[INFO] [stderr]    Compiling miniz_oxide v0.9.1
[INFO] [stderr]    Compiling heck v0.5.0
[INFO] [stderr]    Compiling regex-syntax v0.8.9
[INFO] [stderr]    Compiling lz4_flex v0.13.1
[INFO] [stderr]    Compiling clap_lex v0.7.7
[INFO] [stderr]    Compiling anstream v0.6.21
[INFO] [stderr]    Compiling strsim v0.11.1
[INFO] [stderr]    Compiling ondas v1.0.2
[INFO] [stderr]    Compiling wavepeek v3.1.0 (/opt/rustwide/workdir)
[INFO] [stderr]    Compiling clap_builder v4.5.57
[INFO] [stderr]    Compiling aho-corasick v1.1.4
[INFO] [stderr]    Compiling syn v2.0.114
[INFO] [stderr]    Compiling include_dir_macros v0.7.4
[INFO] [stderr]    Compiling indexmap v2.13.0
[INFO] [stderr]    Compiling include_dir v0.7.4
[INFO] [stderr]    Compiling toml_parser v1.0.6+spec-1.1.0
[INFO] [stderr]    Compiling toml_edit v0.23.10+spec-1.0.0
[INFO] [stderr]    Compiling regex-automata v0.4.14
[INFO] [stderr]    Compiling proc-macro-crate v3.4.0
[INFO] [stderr]    Compiling num_enum_derive v0.7.6
[INFO] [stderr]    Compiling thiserror-impl v2.0.18
[INFO] [stderr]    Compiling clap_derive v4.5.55
[INFO] [stderr]    Compiling serde_derive v1.0.228
[INFO] [stderr]    Compiling regex v1.12.3
[INFO] [stderr]    Compiling num_enum v0.7.6
[INFO] [stderr]    Compiling thiserror v2.0.18
[INFO] [stderr]    Compiling fst-reader v0.17.0
[INFO] [stderr]    Compiling clap v4.5.57
[INFO] [stderr]    Compiling serde v1.0.228
[INFO] [stderr]     Finished `release` profile [optimized] target(s) in 1m 29s
[INFO] running `Command { std: "docker" "inspect" "cd6530def26739764bdb48dc39a4c52181baa01eaa88589729f6edf2f4f82d4d", kill_on_drop: false }`
[INFO] running `Command { std: "docker" "exec" "-e" "SOURCE_DIR=/opt/rustwide/workdir" "-e" "CARGO_HOME=/opt/rustwide/cargo-home" "-e" "RUSTUP_HOME=/opt/rustwide/rustup-home" "-e" "CARGO_TARGET_DIR=/opt/rustwide/target" "-e" "CARGO_INCREMENTAL=0" "-e" "RUST_BACKTRACE=full" "-e" "RUSTFLAGS=--cap-lints=warn" "-e" "RUSTDOCFLAGS=--cap-lints=warn" "-w" "/opt/rustwide/workdir" "--user" "0:0" "cd6530def26739764bdb48dc39a4c52181baa01eaa88589729f6edf2f4f82d4d" "/opt/rustwide/cargo-home/bin/cargo" "+1.100.0-beta.1" "test" "--frozen" "--no-run" "--message-format=json" "--release", kill_on_drop: false }`
[INFO] [stderr] warning: `package.homepage` is redundant with `package.repository`
[INFO] [stderr]   --> Cargo.toml:64:12
[INFO] [stderr]    |
[INFO] [stderr] 64 | homepage = "https://github.com/kleverhq/wavepeek"
[INFO] [stderr]    |            ^^^^^^^^^^^^^^^^^^^^^^^^^^^^^^^^^^^^^^
[INFO] [stderr] ...
[INFO] [stderr] 69 | repository = "https://github.com/kleverhq/wavepeek"
[INFO] [stderr]    |              --------------------------------------
[INFO] [stderr]    |
[INFO] [stderr]    = note: `cargo::redundant_homepage` is set to `warn` by default
[INFO] [stderr] help: consider removing `package.homepage`
[INFO] [stderr] warning: `wavepeek` (manifest) generated 1 warning
[INFO] [stderr]    Compiling libc v0.2.180
[INFO] [stderr]    Compiling regex-automata v0.4.14
[INFO] [stderr]    Compiling num-traits v0.2.19
[INFO] [stderr]    Compiling rustix v1.1.3
[INFO] [stderr]    Compiling getrandom v0.3.4
[INFO] [stderr]    Compiling predicates-core v1.0.9
[INFO] [stderr]    Compiling linux-raw-sys v0.11.0
[INFO] [stderr]    Compiling bitflags v2.10.0
[INFO] [stderr]    Compiling once_cell v1.21.3
[INFO] [stderr]    Compiling assert_cmd v2.1.2
[INFO] [stderr]    Compiling difflib v0.4.0
[INFO] [stderr]    Compiling termtree v0.5.1
[INFO] [stderr]    Compiling similar v2.7.0
[INFO] [stderr]    Compiling predicates-tree v1.0.12
[INFO] [stderr]    Compiling float-cmp v0.10.0
[INFO] [stderr]    Compiling console v0.15.11
[INFO] [stderr]    Compiling wait-timeout v0.2.1
[INFO] [stderr]    Compiling tempfile v3.24.0
[INFO] [stderr]    Compiling insta v1.46.3
[INFO] [stderr]    Compiling regex v1.12.3
[INFO] [stderr]    Compiling bstr v1.12.1
[INFO] [stderr]    Compiling predicates v3.1.3
[INFO] [stderr]    Compiling wavepeek v3.1.0 (/opt/rustwide/workdir)
[INFO] [stderr]     Finished `release` profile [optimized] target(s) in 2m 45s
[INFO] running `Command { std: "docker" "inspect" "cd6530def26739764bdb48dc39a4c52181baa01eaa88589729f6edf2f4f82d4d", kill_on_drop: false }`
[INFO] running `Command { std: "docker" "exec" "-e" "SOURCE_DIR=/opt/rustwide/workdir" "-e" "CARGO_HOME=/opt/rustwide/cargo-home" "-e" "RUSTUP_HOME=/opt/rustwide/rustup-home" "-e" "CARGO_TARGET_DIR=/opt/rustwide/target" "-e" "CARGO_INCREMENTAL=0" "-e" "RUST_BACKTRACE=full" "-e" "RUSTFLAGS=--cap-lints=warn" "-e" "RUSTDOCFLAGS=--cap-lints=warn" "-w" "/opt/rustwide/workdir" "--user" "0:0" "cd6530def26739764bdb48dc39a4c52181baa01eaa88589729f6edf2f4f82d4d" "/opt/rustwide/cargo-home/bin/cargo" "+1.100.0-beta.1" "test" "--frozen" "--release", kill_on_drop: false }`
[INFO] [stderr] warning: `package.homepage` is redundant with `package.repository`
[INFO] [stderr]   --> Cargo.toml:64:12
[INFO] [stderr]    |
[INFO] [stderr] 64 | homepage = "https://github.com/kleverhq/wavepeek"
[INFO] [stderr]    |            ^^^^^^^^^^^^^^^^^^^^^^^^^^^^^^^^^^^^^^
[INFO] [stderr] ...
[INFO] [stderr] 69 | repository = "https://github.com/kleverhq/wavepeek"
[INFO] [stderr]    |              --------------------------------------
[INFO] [stderr]    |
[INFO] [stderr]    = note: `cargo::redundant_homepage` is set to `warn` by default
[INFO] [stderr] help: consider removing `package.homepage`
[INFO] [stderr] warning: `wavepeek` (manifest) generated 1 warning
[INFO] [stderr]     Finished `release` profile [optimized] target(s) in 0.20s
[INFO] [stderr]      Running unittests src/lib.rs (/opt/rustwide/target/release/build/wavepeek/85002b029043d4e0/out/wavepeek-85002b029043d4e0)
[INFO] [stdout] 
[INFO] [stdout] running 666 tests
[INFO] [stdout] test cli::tests::help_hint_uses_subcommand_help_for_subcommand_parse_failures ... ok
[INFO] [stdout] test cli::tests::clap_error_detail_preserves_missing_argument_names ... ok
[INFO] [stdout] test browser::tests::browser_invocation_rejects_unsupported_inputs_clearly ... ok
[INFO] [stdout] test cli::tests::clap_errors_are_normalized_to_single_line_message ... ok
[INFO] [stdout] test cli::tests::extract_generic_dispatch_keeps_single_source_args ... ok
[INFO] [stdout] test cli::tests::help_hint_uses_global_help_for_top_level_parse_failures ... ok
[INFO] [stdout] test cli::tests::browser_generic_help_removes_complete_source_example ... ok
[INFO] [stdout] test cli::limits::tests::limit_arg_parses_numeric_values ... ok
[INFO] [stdout] test cli::limits::tests::limit_arg_rejects_invalid_literals ... ok
[INFO] [stdout] test cli::tests::change_dispatch_keeps_on_abs_and_limits ... ok
[INFO] [stdout] test cli::tests::scope_dispatch_keeps_bounded_query_args ... ok
[INFO] [stdout] test cli::tests::property_dispatch_parses_capture_default ... ok
[INFO] [stdout] test contract::output::tests::output_envelope_uses_contract_dto_not_engine_display_fields ... ok
[INFO] [stdout] test cli::tests::scope_dispatch_accepts_unlimited_limit_literals ... ok
[INFO] [stdout] test browser::tests::browser_invocation_runs_waveform_bytes_and_keeps_machine_channels ... ok
[INFO] [stdout] test debug_trace::tests::disabled_trace_does_not_evaluate_details ... ok
[INFO] [stdout] test contract::stream::tests::data_record_uses_contract_payload_shape ... ok
[INFO] [stdout] test diagnostic::tests::info_diagnostic_omits_code ... ok
[INFO] [stdout] test contract::common::tests::contract_diagnostic_preserves_wire_shape ... ok
[INFO] [stdout] test contract::common::tests::kind_validation_rejects_backend_specific_aliases ... ok
[INFO] [stdout] test contract::stream::tests::begin_record_has_stable_shape ... ok
[INFO] [stdout] test contract::stream::tests::data_record_rejects_command_mismatch ... ok
[INFO] [stdout] test cli::tests::signal_dispatch_keeps_recursive_and_max_depth_args ... ok
[INFO] [stdout] test cli::tests::property_dispatch_accepts_unlimited_max ... ok
[INFO] [stdout] test cli::tests::value_dispatch_keeps_scope_signals_abs_and_json_args ... ok
[INFO] [stdout] test cli::limits::tests::limit_arg_parses_unlimited_literal ... ok
[INFO] [stdout] test cli::tests::extract_ahb_dispatch_keeps_pipeline_args ... ok
[INFO] [stdout] test engine::ahb::tests::candidate_chunk_span_tracks_physical_time ... ok
[INFO] [stdout] test diagnostic::tests::test_error_diagnostic_requires_error_code_shape ... ok
[INFO] [stdout] test engine::ahb::tests::walker_stalls_then_preserves_final_completion_on_idle ... ok
[INFO] [stdout] test engine::apb::tests::auto_mapping_uses_complete_normalized_suffixes ... ok
[INFO] [stdout] test engine::apb::tests::direction_and_event_filtering_follow_sampled_pwrite ... ok
[INFO] [stdout] test engine::ahb::tests::normalized_suffix_matching_accepts_names_and_rejects_decoys ... ok
[INFO] [stdout] test diagnostic::tests::warning_diagnostic_serializes_with_stable_code ... ok
[INFO] [stdout] test engine::ahb::tests::profiles_and_aliases_are_exact ... ok
[INFO] [stdout] test engine::ahb::tests::reset_episode_emits_one_boundary_and_unknown_reset_desynchronizes ... ok
[INFO] [stdout] test engine::ahb::tests::unknown_control_boundaries_do_not_repeat_and_known_ready_resynchronizes ... ok
[INFO] [stdout] test engine::ahb::tests::map_parser_normalizes_names_and_rejects_duplicates ... ok
[INFO] [stdout] test engine::apb::tests::parsing_is_case_insensitive_and_accepts_cli_mode_alias ... ok
[INFO] [stdout] test engine::atb::tests::auto_mapping_matches_complete_normalized_suffixes_only ... ok
[INFO] [stdout] test engine::apb::tests::profiles_expose_issue_e_and_expected_signal_boundaries ... ok
[INFO] [stdout] test engine::ahb::tests::unknown_current_transfer_follows_provable_old_completion ... ok
[INFO] [stdout] test engine::ahb::tests::walker_orders_completion_before_next_address ... ok
[INFO] [stdout] test engine::atb::tests::profile_names_and_aliases_are_case_insensitive ... ok
[INFO] [stdout] test engine::axi::tests::ace5_rejects_removed_barrier_standard_names ... ok
[INFO] [stdout] test engine::atb::tests::profile_signal_sets_match_issue_c_contract ... ok
[INFO] [stdout] test engine::atb::tests::cli_maps_normalize_and_reject_duplicates ... ok
[INFO] [stdout] test engine::atb::tests::event_sources_map_to_public_kinds ... ok
[INFO] [stdout] test browser::tests::browser_help_is_truthful ... ok
[INFO] [stdout] test engine::ahb::tests::auto_mapping_honors_explicit_precedence_and_rejects_duplicate_candidates ... ok
[INFO] [stdout] test cli::tests::info_dispatch_keeps_json_and_waves_args ... ok
[INFO] [stdout] test cli::tests::cli_helper_functions_exercise_override_detection_and_fallback_paths ... ok
[INFO] [stdout] test engine::axi::tests::ace5_lite_family_profile_specs_match_issue_l_contract ... ok
[INFO] [stdout] test engine::axi::tests::ace5_lite_profiles_reject_out_of_profile_names ... ok
[INFO] [stdout] test engine::axi::tests::axi5_profile_specs_match_issue_l_contract ... ok
[INFO] [stdout] test engine::axi::tests::ace_family_profile_specs_match_contract ... ok
[INFO] [stdout] test engine::axi::tests::check_signal_suffixes_do_not_match_functional_names ... ok
[INFO] [stdout] test engine::axi::tests::axi5_profiles_reject_nonfunctional_and_cross_profile_names ... ok
[INFO] [stdout] test engine::axi::tests::token_matching_avoids_channel_prefix_collisions ... ok
[INFO] [stdout] test engine::axistream::tests::tready_modes_accept_canonical_and_underscore_alias ... ok
[INFO] [stdout] test engine::change::change_inline_derive_tests::inline_derive_calls_are_attributed_to_change_module ... ok
[INFO] [stdout] test engine::change::tests::auto_engine_mode_keeps_baseline_for_low_work_any_tracked_only ... ok
[INFO] [stdout] test engine::axi::tests::map_parser_normalizes_standard_side ... ok
[INFO] [stdout] test engine::axistream::tests::profiles_accept_canonical_case_and_underscore_aliases ... ok
[INFO] [stdout] test engine::axistream::tests::signal_sets_are_exact_and_ordered ... ok
[INFO] [stdout] test engine::axistream::tests::cli_maps_normalize_and_reject_duplicates ... ok
[INFO] [stdout] test engine::change::tests::auto_engine_mode_uses_fused_for_wide_any_tracked_only ... ok
[INFO] [stdout] test engine::change::tests::auto_engine_mode_keeps_baseline_for_narrow_selective_edge_events ... ok
[INFO] [stdout] test engine::change::tests::cached_event_helpers_exercise_dedup_and_sample_filtering ... ok
[INFO] [stdout] test engine::change::tests::auto_engine_mode_uses_fused_for_wide_selective_edge_events ... ok
[INFO] [stdout] test engine::change::change_private_helpers::derives_private_state_and_mode_helpers ... ok
[INFO] [stdout] test engine::change::tests::auto_engine_mode_keeps_baseline_below_fused_threshold ... ok
[INFO] [stdout] test engine::change::tests::auto_engine_mode_keeps_baseline_for_low_signal_count_edge_only_terms ... ok
[INFO] [stdout] test engine::change::tests::auto_engine_mode_uses_edge_fast_for_ultra_wide_selective_edge_events ... ok
[INFO] [stdout] test engine::change::tests::auto_engine_mode_uses_fused_at_threshold_for_any_tracked ... ok
[INFO] [stdout] test engine::axi::tests::split_unique_id_names_match_only_complete_standard_names ... ok
[INFO] [stdout] test engine::change::tests::change_streaming_sink_errors_stop_during_emission ... ok
[INFO] [stdout] test engine::change::tests::change_run_exercises_public_entrypoint_success_and_early_errors ... ok
[INFO] [stdout] test engine::change::tests::auto_engine_mode_uses_fused_for_mid_any_tracked_only ... ok
[INFO] [stdout] test engine::expr_runtime::tests::bound_handle_helpers_preserve_unique_signal_order ... ok
[INFO] [stdout] test engine::axi::tests::profile_names_are_case_insensitive ... ok
[INFO] [stdout] test engine::change::tests::auto_engine_mode_uses_fused_for_mid_edge_only_terms ... ok
[INFO] [stdout] test engine::change::tests::change_run_and_time_helpers_exercise_diagnostic_and_bound_error_paths ... ok
[INFO] [stdout] test engine::expr_runtime::tests::candidate_sources_are_deduplicated_and_unknown_handles_fail ... ok
[INFO] [stdout] test engine::change::tests::candidate_and_window_helpers_exercise_success_and_error_paths ... ok
[INFO] [stdout] test engine::axistream::tests::standard_matcher_accepts_documented_forms_and_rejects_check_decoys ... ok
[INFO] [stdout] test engine::change::tests::request_resolution_and_snapshot_helpers_exercise_validation ... ok
[INFO] [stdout] test engine::change::tests::fast_event_eval_builders_exercise_skip_and_missing_previous_paths ... ok
[INFO] [stdout] test engine::change::tests::fast_event_eval_host_prefers_cached_samples_over_waveform_queries ... ok
[INFO] [stdout] test engine::change::tests::run_edge_fast_falls_back_to_baseline_for_small_edge_workloads ... ok
[INFO] [stdout] test engine::property::tests::property_run_rejects_signal_free_wildcard_inference ... ok
[INFO] [stdout] test engine::expr_runtime::tests::eval_bound_logical_truth_handles_integral_real_and_string_results ... ok
[INFO] [stdout] test engine::signal::tests::ambiguous_signal_warning_is_stable_and_bounded ... ok
[INFO] [stdout] test engine::signal_mapping::tests::matches_compact_and_split_suffixes_without_matching_decoys ... ok
[INFO] [stdout] test engine::expr_runtime::tests::helper_wrappers_exercise_open_failures_event_matching_and_nested_handle_walks ... ok
[INFO] [stdout] test engine::expr_runtime::tests::scoped_host_resolves_relative_and_canonical_descendants ... ok
[INFO] [stdout] test engine::extract::tests::cli_plan_defaults_source_name_and_payload_order ... ok
[INFO] [stdout] test engine::property::tests::property_streaming_sink_errors_stop_during_emission ... ok
[INFO] [stdout] test engine::expr_runtime::tests::expr_helpers_open_waveforms_and_map_diagnostics ... ok
[INFO] [stdout] test engine::extract::tests::payload_normalization_rejects_empty_and_preserves_duplicates ... ok
[INFO] [stdout] test engine::time::tests::dump_tick_must_be_non_zero ... ok
[INFO] [stdout] test engine::signal_projection::tests::parses_only_one_static_trailing_range ... ok
[INFO] [stdout] test engine::time::tests::format_raw_timestamp_rejects_overflow ... ok
[INFO] [stdout] test engine::time::tests::parse_dump_time_context_rejects_invalid_and_overflowing_metadata ... ok
[INFO] [stdout] test engine::property::tests::capture_mode_filtering_matches_expected_transition_kinds ... ok
[INFO] [stdout] test engine::property::tests::property_result_kind_display_is_stable ... ok
[INFO] [stdout] test engine::expr_runtime::tests::scoped_host_forwarders_and_error_wrappers_exercise_edge_branches ... ok
[INFO] [stdout] test engine::expr_runtime::tests::scoped_host_prefixes_short_names_and_passthrough_without_scope ... ok
[INFO] [stdout] test engine::property::property_capture_types::derives_public_capture_types ... ok
[INFO] [stdout] test engine::property::tests::parse_bound_time_maps_validation_failures_to_argument_errors ... ok
[INFO] [stdout] test engine::time::tests::raw_timestamp_formatting_uses_dump_time_unit ... ok
[INFO] [stdout] test engine::time::tests::validate_time_token_to_raw_rejects_requires_units_and_invalid_tokens ... ok
[INFO] [stdout] test engine::time::tests::time_units_exercise_all_supported_suffixes ... ok
[INFO] [stdout] test engine::time::tests::validate_time_token_to_raw_rejects_too_large_bounds_and_misalignment ... ok
[INFO] [stdout] test engine::time::tests::validate_time_token_to_raw_rejects_raw_range_overflow ... ok
[INFO] [stdout] test engine::property::tests::candidate_schedule_tracks_previous_timestamp_for_indexed_and_between_times ... ok
[INFO] [stdout] test engine::property::tests::property_run_captures_match_and_switch_rows_through_public_entrypoint ... ok
[INFO] [stdout] test error::tests::file_errors_use_exit_code_two ... ok
[INFO] [stdout] test engine::time::tests::zeptoseconds_conversion_supports_cross_unit_comparison ... ok
[INFO] [stdout] test expr::eval::eval_runtime_edges::cache_public_and_event_match_branches ... ok
[INFO] [stdout] test expr::eval::eval_runtime_edges::condition_inside_and_logical_truth_grid ... ok
[INFO] [stdout] test engine::time::tests::parse_dump_time_context_extracts_dump_bounds_and_tick ... ok
[INFO] [stdout] test engine::tests::command_name_strings_exercise_all_variants ... ok
[INFO] [stdout] test engine::value_format::tests::nibble_conversion_prefers_binary_then_z_then_x ... ok
[INFO] [stdout] test error::tests::scope_and_signal_errors_use_exit_code_one ... ok
[INFO] [stdout] test expr::eval::eval_runtime_edges::binary_arithmetic_comparison_and_cast_edges ... ok
[INFO] [stdout] test expr::eval::eval_runtime_edges::exhaustive_small_bit_truth_tables ... ok
[INFO] [stdout] test error::tests::expr_errors_use_exit_code_one ... ok
[INFO] [stdout] test engine::time::tests::parse_time_token_requires_integer_and_unit ... ok
[INFO] [stdout] test engine::value_format::tests::verilog_literal_formatter_emits_lowercase_hex_and_unknowns ... ok
[INFO] [stdout] test engine::value::tests::value_helpers_exercise_resolution_time_errors_and_public_run ... ok
[INFO] [stdout] test engine::tests::scoped_signal_path_resolves_relative_names ... ok
[INFO] [stdout] test expr::eval::tests::direct_host_and_event_helpers_exercise_runtime_entrypoint_paths ... ok
[INFO] [stdout] test expr::eval::tests::eval_signal_ref_and_bit_helpers_exercise_missing_samples_and_classification ... ok
[INFO] [stdout] test expr::eval::tests::event_runtime_helpers_exercise_change_detection_and_type_mismatches ... ok
[INFO] [stdout] test expr::eval::tests::wildcard_equality_preserves_unknown_from_lhs ... ok
[INFO] [stdout] test expr::lexer::lexer_token_surface::lexer_exercises_multi_operator_and_cast_surface ... ok
[INFO] [stdout] test expr::eval::eval_runtime_edges::node_shapes_and_conditionals ... ok
[INFO] [stdout] test expr::eval::tests::runtime_unary_helpers_exercise_real_unknown_and_reduction_edges ... ok
[INFO] [stdout] test expr::eval::tests::coercion_and_comparison_helpers_exercise_mixed_runtime_paths ... ok
[INFO] [stdout] test expr::eval::tests::coercion_helpers_exercise_real_cast_failures_and_string_identity_rules ... ok
[INFO] [stdout] test expr::eval::eval_runtime_edges::direct_runtime_edge_branches ... ok
[INFO] [stdout] test expr::eval::eval_runtime_edges::runtime_sampling_error_paths ... ok
[INFO] [stdout] test expr::eval::tests::selection_and_shift_helpers_exercise_out_of_range_and_unknown_indices ... ok
[INFO] [stdout] test expr::lexer::lexer_token_surface::derive_tokens_and_logical_token_kinds ... ok
[INFO] [stdout] test expr::eval::tests::runtime_helper_small_branches_exercise_cache_and_arithmetic_edges ... ok
[INFO] [stdout] test expr::lexer::lexer_token_surface::lexer_exercises_based_literals_and_malformed_numeric_edges ... ok
[INFO] [stdout] test error::tests::fatal_codes_and_messages_cover_every_category ... ok
[INFO] [stdout] test engine::change::tests::change_cache_helpers_exercise_request_reuse_and_schedule_edges ... ok
[INFO] [stdout] test expr::lexer::tests::lex_logical_expr_accepts_integral_boolean_operators ... ok
[INFO] [stdout] test expr::lexer::tests::lex_logical_expr_splits_triggered_call_suffix ... ok
[INFO] [stdout] test expr::lexer::tests::lex_logical_expr_accepts_real_and_string_literals ... ok
[INFO] [stdout] test expr::eval::tests::conditional_inside_and_misc_helpers_exercise_unknown_paths ... ok
[INFO] [stdout] test expr::eval::tests::logical_and_short_circuits_rhs ... ok
[INFO] [stdout] test expr::eval::tests::runtime_direct_entrypoints_exercise_cache_and_comparison_edges ... ok
[INFO] [stdout] test expr::lexer::tests::lex_logical_expr_splits_triggered_call_before_arguments ... ok
[INFO] [stdout] test expr::lexer::tests::lex_logical_expr_keeps_triggered_signal_base_for_selection ... ok
[INFO] [stdout] test expr::lexer::tests::lex_logical_expr_keeps_triggered_suffix_inside_identifier_without_call ... ok
[INFO] [stdout] test expr::lexer::tests::lex_logical_expr_rejects_bad_strings_and_unsupported_tokens ... ok
[INFO] [stdout] test expr::lexer::tests::lex_logical_expr_rejects_malformed_integral_literals ... ok
[INFO] [stdout] test expr::lexer::tests::lex_event_expr_tracks_keywords_and_spans ... ok
[INFO] [stdout] test expr::lexer::tests::lexer_helpers_exercise_empty_event_expr_and_sized_literal_overflow ... ok
[INFO] [stdout] test expr::parser::parser_negative_surface::parser_negative_surface_exercises_positive_cast_selection_and_inside_forms ... ok
[INFO] [stdout] test expr::parser::parser_surface_matrix::parser_surface_event_case_000 ... ok
[INFO] [stdout] test expr::parser::parser_surface_matrix::parser_surface_event_case_001 ... ok
[INFO] [stdout] test expr::parser::parser_surface_matrix::parser_surface_event_case_002 ... ok
[INFO] [stdout] test expr::parser::parser_surface_matrix::parser_surface_event_case_003 ... ok
[INFO] [stdout] test expr::parser::parser_surface_matrix::parser_surface_event_case_008 ... ok
[INFO] [stdout] test expr::parser::parser_surface_matrix::parser_surface_event_case_009 ... ok
[INFO] [stdout] test expr::parser::parser_surface_matrix::parser_surface_event_case_010 ... ok
[INFO] [stdout] test expr::parser::parser_negative_surface::debug_private_parser_state ... ok
[INFO] [stdout] test expr::parser::parser_surface_matrix::parser_surface_event_case_004 ... ok
[INFO] [stdout] test expr::parser::parser_surface_matrix::parser_surface_event_case_007 ... ok
[INFO] [stdout] test expr::parser::parser_surface_matrix::parser_surface_event_case_013 ... ok
[INFO] [stdout] test expr::parser::parser_surface_matrix::parser_surface_event_case_014 ... ok
[INFO] [stdout] test expr::parser::parser_surface_matrix::parser_surface_event_case_022 ... ok
[INFO] [stdout] test expr::parser::parser_surface_matrix::parser_surface_event_case_023 ... ok
[INFO] [stdout] test expr::parser::parser_negative_surface::parser_negative_surface_exercises_event_separator_and_name_failures ... ok
[INFO] [stdout] test expr::parser::parser_surface_matrix::parser_surface_event_case_011 ... ok
[INFO] [stdout] test expr::parser::parser_surface_matrix::parser_surface_event_case_018 ... ok
[INFO] [stdout] test expr::parser::parser_surface_matrix::parser_surface_event_case_005 ... ok
[INFO] [stdout] test expr::parser::parser_surface_matrix::parser_surface_event_case_012 ... ok
[INFO] [stdout] test expr::parser::parser_surface_matrix::parser_surface_event_case_024 ... ok
[INFO] [stdout] test expr::parser::parser_surface_matrix::parser_surface_event_case_006 ... ok
[INFO] [stdout] test expr::parser::parser_surface_matrix::parser_surface_event_case_026 ... ok
[INFO] [stdout] test expr::parser::parser_surface_matrix::parser_surface_event_case_029 ... ok
[INFO] [stdout] test expr::parser::parser_surface_matrix::parser_surface_event_case_020 ... ok
[INFO] [stdout] test expr::parser::parser_surface_matrix::parser_surface_event_case_015 ... ok
[INFO] [stdout] test expr::parser::parser_surface_matrix::parser_surface_event_case_016 ... ok
[INFO] [stdout] test expr::parser::parser_surface_matrix::parser_surface_event_case_031 ... ok
[INFO] [stdout] test expr::parser::parser_surface_matrix::parser_surface_event_case_034 ... ok
[INFO] [stdout] test expr::parser::parser_surface_matrix::parser_surface_event_case_036 ... ok
[INFO] [stdout] test expr::parser::parser_surface_matrix::parser_surface_event_case_028 ... ok
[INFO] [stdout] test expr::parser::parser_surface_matrix::parser_surface_event_case_027 ... ok
[INFO] [stdout] test expr::parser::parser_surface_matrix::parser_surface_event_case_041 ... ok
[INFO] [stdout] test expr::parser::parser_surface_matrix::parser_surface_event_case_035 ... ok
[INFO] [stdout] test expr::parser::parser_negative_surface::negative_branches_for_error_construction ... ok
[INFO] [stdout] test expr::parser::parser_surface_matrix::parser_surface_event_case_025 ... ok
[INFO] [stdout] test expr::parser::parser_surface_matrix::parser_surface_event_case_017 ... ok
[INFO] [stdout] test expr::parser::parser_surface_matrix::parser_surface_event_case_040 ... ok
[INFO] [stdout] test expr::parser::parser_surface_matrix::parser_surface_event_case_030 ... ok
[INFO] [stdout] test expr::parser::parser_surface_matrix::parser_surface_event_case_042 ... ok
[INFO] [stdout] test expr::parser::parser_surface_matrix::parser_surface_event_case_043 ... ok
[INFO] [stdout] test expr::parser::parser_surface_matrix::parser_surface_event_case_044 ... ok
[INFO] [stdout] test expr::parser::parser_surface_matrix::parser_surface_event_case_045 ... ok
[INFO] [stdout] test expr::parser::parser_surface_matrix::parser_surface_event_case_047 ... ok
[INFO] [stdout] test expr::parser::parser_surface_matrix::parser_surface_event_case_039 ... ok
[INFO] [stdout] test expr::parser::parser_surface_matrix::parser_surface_event_case_038 ... ok
[INFO] [stdout] test expr::parser::parser_surface_matrix::parser_surface_event_case_049 ... ok
[INFO] [stdout] test expr::parser::parser_surface_matrix::parser_surface_event_case_048 ... ok
[INFO] [stdout] test expr::parser::parser_surface_matrix::parser_surface_event_case_051 ... ok
[INFO] [stdout] test expr::parser::parser_surface_matrix::parser_surface_event_case_055 ... ok
[INFO] [stdout] test expr::parser::parser_surface_matrix::parser_surface_event_case_057 ... ok
[INFO] [stdout] test expr::parser::parser_surface_matrix::parser_surface_event_case_050 ... ok
[INFO] [stdout] test expr::parser::parser_surface_matrix::parser_surface_event_case_059 ... ok
[INFO] [stdout] test expr::parser::parser_surface_matrix::parser_surface_event_case_046 ... ok
[INFO] [stdout] test expr::parser::parser_surface_matrix::parser_surface_event_case_032 ... ok
[INFO] [stdout] test expr::parser::parser_surface_matrix::parser_surface_event_case_060 ... ok
[INFO] [stdout] test expr::parser::parser_surface_matrix::parser_surface_event_case_052 ... ok
[INFO] [stdout] test expr::parser::parser_surface_matrix::parser_surface_event_case_061 ... ok
[INFO] [stdout] test expr::parser::parser_surface_matrix::parser_surface_event_case_053 ... ok
[INFO] [stdout] test expr::parser::parser_surface_matrix::parser_surface_event_case_064 ... ok
[INFO] [stdout] test expr::lexer::tests::private_lexer_helpers_exercise_exponent_and_string_edge_cases ... ok
[INFO] [stdout] test expr::parser::parser_surface_matrix::parser_surface_event_case_054 ... ok
[INFO] [stdout] test expr::parser::parser_surface_matrix::parser_surface_event_case_056 ... ok
[INFO] [stdout] test expr::parser::parser_surface_matrix::parser_surface_event_case_058 ... ok
[INFO] [stdout] test expr::parser::parser_surface_matrix::parser_surface_event_case_019 ... ok
[INFO] [stdout] test expr::parser::parser_surface_matrix::parser_surface_event_case_066 ... ok
[INFO] [stdout] test expr::parser::parser_surface_matrix::parser_surface_event_case_021 ... ok
[INFO] [stdout] test expr::parser::parser_surface_matrix::parser_surface_event_case_067 ... ok
[INFO] [stdout] test expr::parser::parser_surface_matrix::parser_surface_event_case_068 ... ok
[INFO] [stdout] test expr::parser::parser_surface_matrix::parser_surface_event_case_063 ... ok
[INFO] [stdout] test expr::parser::parser_surface_matrix::parser_surface_event_case_065 ... ok
[INFO] [stdout] test expr::parser::parser_surface_matrix::parser_surface_event_case_033 ... ok
[INFO] [stdout] test expr::parser::parser_surface_matrix::parser_surface_event_case_062 ... ok
[INFO] [stdout] test expr::parser::parser_surface_matrix::parser_surface_event_case_069 ... ok
[INFO] [stdout] test expr::parser::parser_surface_matrix::parser_surface_event_case_075 ... ok
[INFO] [stdout] test expr::parser::parser_surface_matrix::parser_surface_event_case_070 ... ok
[INFO] [stdout] test expr::parser::parser_surface_matrix::parser_surface_event_case_072 ... ok
[INFO] [stdout] test expr::parser::parser_surface_matrix::parser_surface_event_case_073 ... ok
[INFO] [stdout] test expr::parser::parser_surface_matrix::parser_surface_event_case_037 ... ok
[INFO] [stdout] test expr::parser::parser_surface_matrix::parser_surface_event_case_071 ... ok
[INFO] [stdout] test expr::parser::parser_surface_matrix::parser_surface_event_case_082 ... ok
[INFO] [stdout] test expr::parser::parser_surface_matrix::parser_surface_event_case_088 ... ok
[INFO] [stdout] test expr::parser::parser_surface_matrix::parser_surface_event_case_089 ... ok
[INFO] [stdout] test expr::parser::parser_surface_matrix::parser_surface_event_case_087 ... ok
[INFO] [stdout] test expr::parser::parser_surface_matrix::parser_surface_event_case_090 ... ok
[INFO] [stdout] test expr::parser::parser_surface_matrix::parser_surface_event_case_078 ... ok
[INFO] [stdout] test expr::parser::parser_surface_matrix::parser_surface_event_case_093 ... ok
[INFO] [stdout] test expr::parser::parser_surface_matrix::parser_surface_event_case_079 ... ok
[INFO] [stdout] test expr::parser::parser_surface_matrix::parser_surface_event_case_094 ... ok
[INFO] [stdout] test expr::parser::parser_surface_matrix::parser_surface_event_case_085 ... ok
[INFO] [stdout] test expr::parser::parser_surface_matrix::parser_surface_event_case_086 ... ok
[INFO] [stdout] test expr::parser::parser_surface_matrix::parser_surface_event_case_076 ... ok
[INFO] [stdout] test expr::parser::parser_surface_matrix::parser_surface_event_case_091 ... ok
[INFO] [stdout] test expr::parser::parser_surface_matrix::parser_surface_event_case_092 ... ok
[INFO] [stdout] test expr::parser::parser_surface_matrix::parser_surface_event_case_081 ... ok
[INFO] [stdout] test expr::parser::parser_surface_matrix::parser_surface_event_case_096 ... ok
[INFO] [stdout] test expr::parser::parser_surface_matrix::parser_surface_event_case_077 ... ok
[INFO] [stdout] test expr::parser::parser_surface_matrix::parser_surface_event_case_074 ... ok
[INFO] [stdout] test expr::parser::parser_surface_matrix::parser_surface_event_case_095 ... ok
[INFO] [stdout] test expr::parser::parser_surface_matrix::parser_surface_event_case_083 ... ok
[INFO] [stdout] test expr::parser::parser_surface_matrix::parser_surface_event_case_103 ... ok
[INFO] [stdout] test expr::parser::parser_surface_matrix::parser_surface_event_case_080 ... ok
[INFO] [stdout] test expr::parser::parser_surface_matrix::parser_surface_event_case_084 ... ok
[INFO] [stdout] test expr::parser::parser_surface_matrix::parser_surface_event_case_105 ... ok
[INFO] [stdout] test expr::parser::parser_surface_matrix::parser_surface_event_case_106 ... ok
[INFO] [stdout] test expr::parser::parser_surface_matrix::parser_surface_event_case_108 ... ok
[INFO] [stdout] test expr::parser::parser_surface_matrix::parser_surface_event_case_110 ... ok
[INFO] [stdout] test expr::parser::parser_surface_matrix::parser_surface_event_case_111 ... ok
[INFO] [stdout] test expr::parser::parser_surface_matrix::parser_surface_event_case_097 ... ok
[INFO] [stdout] test expr::parser::parser_surface_matrix::parser_surface_event_case_112 ... ok
[INFO] [stdout] test expr::parser::parser_surface_matrix::parser_surface_event_case_098 ... ok
[INFO] [stdout] test expr::parser::parser_surface_matrix::parser_surface_event_case_114 ... ok
[INFO] [stdout] test expr::parser::parser_surface_matrix::parser_surface_event_case_099 ... ok
[INFO] [stdout] test expr::parser::parser_surface_matrix::parser_surface_event_case_100 ... ok
[INFO] [stdout] test expr::parser::parser_surface_matrix::parser_surface_event_case_118 ... ok
[INFO] [stdout] test expr::parser::parser_surface_matrix::parser_surface_event_case_104 ... ok
[INFO] [stdout] test expr::parser::parser_surface_matrix::parser_surface_event_case_119 ... ok
[INFO] [stdout] test expr::parser::parser_surface_matrix::parser_surface_event_case_107 ... ok
[INFO] [stdout] test expr::parser::parser_surface_matrix::parser_surface_event_case_120 ... ok
[INFO] [stdout] test expr::parser::parser_surface_matrix::parser_surface_event_case_109 ... ok
[INFO] [stdout] test expr::parser::parser_surface_matrix::parser_surface_event_case_124 ... ok
[INFO] [stdout] test expr::parser::parser_surface_matrix::parser_surface_event_case_115 ... ok
[INFO] [stdout] test expr::parser::parser_surface_matrix::parser_surface_event_case_126 ... ok
[INFO] [stdout] test expr::parser::parser_surface_matrix::parser_surface_event_case_127 ... ok
[INFO] [stdout] test expr::parser::parser_surface_matrix::parser_surface_event_case_128 ... ok
[INFO] [stdout] test expr::parser::parser_surface_matrix::parser_surface_event_case_129 ... ok
[INFO] [stdout] test expr::parser::parser_surface_matrix::parser_surface_event_case_113 ... ok
[INFO] [stdout] test expr::parser::parser_surface_matrix::parser_surface_event_case_131 ... ok
[INFO] [stdout] test expr::parser::parser_surface_matrix::parser_surface_event_case_134 ... ok
[INFO] [stdout] test expr::parser::parser_surface_matrix::parser_surface_event_case_135 ... ok
[INFO] [stdout] test expr::parser::parser_surface_matrix::parser_surface_event_case_116 ... ok
[INFO] [stdout] test expr::parser::parser_surface_matrix::parser_surface_event_case_132 ... ok
[INFO] [stdout] test expr::parser::parser_surface_matrix::parser_surface_event_case_117 ... ok
[INFO] [stdout] test expr::parser::parser_surface_matrix::parser_surface_event_case_130 ... ok
[INFO] [stdout] test expr::parser::parser_surface_matrix::parser_surface_event_case_138 ... ok
[INFO] [stdout] test expr::parser::parser_surface_matrix::parser_surface_event_case_143 ... ok
[INFO] [stdout] test expr::parser::parser_surface_matrix::parser_surface_event_case_136 ... ok
[INFO] [stdout] test expr::parser::parser_surface_matrix::parser_surface_event_case_139 ... ok
[INFO] [stdout] test expr::parser::parser_surface_matrix::parser_surface_event_case_148 ... ok
[INFO] [stdout] test expr::parser::parser_surface_matrix::parser_surface_event_case_121 ... ok
[INFO] [stdout] test expr::parser::parser_surface_matrix::parser_surface_event_case_125 ... ok
[INFO] [stdout] test expr::parser::parser_surface_matrix::parser_surface_event_case_149 ... ok
[INFO] [stdout] test expr::parser::parser_surface_matrix::parser_surface_event_case_147 ... ok
[INFO] [stdout] test expr::parser::parser_surface_matrix::parser_surface_event_case_141 ... ok
[INFO] [stdout] test expr::parser::parser_surface_matrix::parser_surface_event_case_101 ... ok
[INFO] [stdout] test expr::parser::parser_surface_matrix::parser_surface_event_case_140 ... ok
[INFO] [stdout] test expr::parser::parser_surface_matrix::parser_surface_event_case_145 ... ok
[INFO] [stdout] test expr::parser::parser_surface_matrix::parser_surface_event_case_146 ... ok
[INFO] [stdout] test expr::parser::parser_surface_matrix::parser_surface_event_case_152 ... ok
[INFO] [stdout] test expr::parser::parser_surface_matrix::parser_surface_event_case_122 ... ok
[INFO] [stdout] test expr::parser::parser_surface_matrix::parser_surface_event_case_144 ... ok
[INFO] [stdout] test expr::parser::parser_surface_matrix::parser_surface_event_case_137 ... ok
[INFO] [stdout] test expr::parser::parser_surface_matrix::parser_surface_event_case_123 ... ok
[INFO] [stdout] test expr::parser::parser_surface_matrix::parser_surface_event_case_151 ... ok
[INFO] [stdout] test expr::parser::parser_surface_matrix::parser_surface_event_case_102 ... ok
[INFO] [stdout] test expr::parser::parser_surface_matrix::parser_surface_event_case_142 ... ok
[INFO] [stdout] test expr::parser::parser_surface_matrix::parser_surface_event_case_133 ... ok
[INFO] [stdout] test expr::parser::parser_surface_matrix::parser_surface_event_case_150 ... ok
[INFO] [stdout] test expr::parser::parser_surface_matrix::parser_surface_event_case_154 ... ok
[INFO] [stdout] test expr::parser::parser_surface_matrix::parser_surface_event_case_155 ... ok
[INFO] [stdout] test expr::parser::parser_surface_matrix::parser_surface_event_case_156 ... ok
[INFO] [stdout] test expr::parser::parser_surface_matrix::parser_surface_event_case_159 ... ok
[INFO] [stdout] test expr::parser::parser_surface_matrix::parser_surface_event_case_161 ... ok
[INFO] [stdout] test expr::parser::parser_surface_matrix::parser_surface_event_case_166 ... ok
[INFO] [stdout] test expr::parser::parser_surface_matrix::parser_surface_event_case_168 ... ok
[INFO] [stdout] test expr::parser::parser_surface_matrix::parser_surface_event_case_162 ... ok
[INFO] [stdout] test expr::parser::parser_surface_matrix::parser_surface_event_case_169 ... ok
[INFO] [stdout] test expr::parser::parser_surface_matrix::parser_surface_event_case_163 ... ok
[INFO] [stdout] test expr::parser::parser_surface_matrix::parser_surface_logical_case_006 ... ok
[INFO] [stdout] test expr::parser::parser_surface_matrix::parser_surface_event_case_165 ... ok
[INFO] [stdout] test expr::parser::parser_surface_matrix::parser_surface_event_case_167 ... ok
[INFO] [stdout] test expr::parser::parser_surface_matrix::parser_surface_logical_case_000 ... ok
[INFO] [stdout] test expr::parser::parser_surface_matrix::parser_surface_logical_case_004 ... ok
[INFO] [stdout] test expr::parser::parser_surface_matrix::parser_surface_logical_case_002 ... ok
[INFO] [stdout] test expr::parser::parser_surface_matrix::parser_surface_event_case_157 ... ok
[INFO] [stdout] test expr::parser::parser_surface_matrix::parser_surface_event_case_153 ... ok
[INFO] [stdout] test expr::parser::parser_surface_matrix::parser_surface_logical_case_005 ... ok
[INFO] [stdout] test expr::parser::parser_surface_matrix::parser_surface_event_case_160 ... ok
[INFO] [stdout] test expr::parser::parser_surface_matrix::parser_surface_logical_case_007 ... ok
[INFO] [stdout] test expr::parser::parser_surface_matrix::parser_surface_logical_case_003 ... ok
[INFO] [stdout] test expr::parser::parser_surface_matrix::parser_surface_event_case_164 ... ok
[INFO] [stdout] test expr::parser::parser_surface_matrix::parser_surface_logical_case_001 ... ok
[INFO] [stdout] test expr::parser::parser_surface_matrix::parser_surface_logical_case_011 ... ok
[INFO] [stdout] test expr::parser::parser_surface_matrix::parser_surface_logical_case_008 ... ok
[INFO] [stdout] test expr::parser::parser_surface_matrix::parser_surface_logical_case_013 ... ok
[INFO] [stdout] test expr::parser::parser_surface_matrix::parser_surface_event_case_158 ... ok
[INFO] [stdout] test expr::parser::parser_surface_matrix::parser_surface_logical_case_012 ... ok
[INFO] [stdout] test expr::parser::parser_surface_matrix::parser_surface_logical_case_014 ... ok
[INFO] [stdout] test expr::parser::parser_surface_matrix::parser_surface_logical_case_027 ... ok
[INFO] [stdout] test expr::parser::parser_surface_matrix::parser_surface_logical_case_009 ... ok
[INFO] [stdout] test expr::parser::parser_surface_matrix::parser_surface_logical_case_010 ... ok
[INFO] [stdout] test expr::parser::parser_surface_matrix::parser_surface_logical_case_017 ... ok
[INFO] [stdout] test expr::parser::parser_surface_matrix::parser_surface_logical_case_016 ... ok
[INFO] [stdout] test expr::parser::parser_surface_matrix::parser_surface_logical_case_018 ... ok
[INFO] [stdout] test expr::parser::parser_surface_matrix::parser_surface_logical_case_023 ... ok
[INFO] [stdout] test expr::parser::parser_surface_matrix::parser_surface_logical_case_022 ... ok
[INFO] [stdout] test expr::parser::parser_surface_matrix::parser_surface_logical_case_024 ... ok
[INFO] [stdout] test expr::parser::parser_surface_matrix::parser_surface_logical_case_020 ... ok
[INFO] [stdout] test expr::parser::parser_surface_matrix::parser_surface_logical_case_021 ... ok
[INFO] [stdout] test expr::parser::parser_surface_matrix::parser_surface_logical_case_025 ... ok
[INFO] [stdout] test expr::parser::parser_surface_matrix::parser_surface_logical_case_026 ... ok
[INFO] [stdout] test expr::parser::parser_surface_matrix::parser_surface_logical_case_019 ... ok
[INFO] [stdout] test expr::parser::parser_surface_matrix::parser_surface_logical_case_015 ... ok
[INFO] [stdout] test expr::parser::parser_surface_matrix::parser_surface_logical_case_028 ... ok
[INFO] [stdout] test expr::parser::parser_surface_matrix::parser_surface_logical_case_029 ... ok
[INFO] [stdout] test expr::parser::parser_surface_matrix::parser_surface_logical_case_030 ... ok
[INFO] [stdout] test expr::parser::parser_surface_matrix::parser_surface_logical_case_031 ... ok
[INFO] [stdout] test expr::parser::parser_surface_matrix::parser_surface_logical_case_037 ... ok
[INFO] [stdout] test expr::parser::parser_surface_matrix::parser_surface_logical_case_038 ... ok
[INFO] [stdout] test expr::parser::parser_surface_matrix::parser_surface_logical_case_035 ... ok
[INFO] [stdout] test expr::parser::parser_surface_matrix::parser_surface_logical_case_032 ... ok
[INFO] [stdout] test expr::parser::parser_surface_matrix::parser_surface_logical_case_048 ... ok
[INFO] [stdout] test expr::parser::parser_surface_matrix::parser_surface_logical_case_041 ... ok
[INFO] [stdout] test expr::parser::parser_surface_matrix::parser_surface_logical_case_036 ... ok
[INFO] [stdout] test expr::parser::parser_surface_matrix::parser_surface_logical_case_039 ... ok
[INFO] [stdout] test expr::parser::parser_surface_matrix::parser_surface_logical_case_043 ... ok
[INFO] [stdout] test expr::parser::parser_surface_matrix::parser_surface_logical_case_042 ... ok
[INFO] [stdout] test expr::parser::parser_surface_matrix::parser_surface_logical_case_049 ... ok
[INFO] [stdout] test expr::parser::parser_surface_matrix::parser_surface_logical_case_040 ... ok
[INFO] [stdout] test expr::parser::parser_surface_matrix::parser_surface_logical_case_046 ... ok
[INFO] [stdout] test expr::parser::parser_surface_matrix::parser_surface_logical_case_056 ... ok
[INFO] [stdout] test expr::parser::parser_surface_matrix::parser_surface_logical_case_050 ... ok
[INFO] [stdout] test expr::parser::parser_surface_matrix::parser_surface_logical_case_047 ... ok
[INFO] [stdout] test expr::parser::parser_surface_matrix::parser_surface_logical_case_054 ... ok
[INFO] [stdout] test expr::parser::parser_surface_matrix::parser_surface_logical_case_052 ... ok
[INFO] [stdout] test expr::parser::parser_surface_matrix::parser_surface_logical_case_053 ... ok
[INFO] [stdout] test expr::parser::parser_surface_matrix::parser_surface_logical_case_055 ... ok
[INFO] [stdout] test expr::parser::parser_surface_matrix::parser_surface_logical_case_051 ... ok
[INFO] [stdout] test expr::parser::parser_surface_matrix::parser_surface_logical_case_033 ... ok
[INFO] [stdout] test expr::parser::parser_surface_matrix::parser_surface_logical_case_044 ... ok
[INFO] [stdout] test expr::parser::parser_surface_matrix::parser_surface_logical_case_057 ... ok
[INFO] [stdout] test expr::parser::parser_surface_matrix::parser_surface_logical_case_034 ... ok
[INFO] [stdout] test expr::parser::parser_surface_matrix::parser_surface_logical_case_045 ... ok
[INFO] [stdout] test expr::parser::parser_surface_matrix::parser_surface_logical_case_058 ... ok
[INFO] [stdout] test expr::parser::parser_surface_matrix::parser_surface_logical_case_067 ... ok
[INFO] [stdout] test expr::parser::parser_surface_matrix::parser_surface_logical_case_068 ... ok
[INFO] [stdout] test expr::parser::parser_surface_matrix::parser_surface_logical_case_059 ... ok
[INFO] [stdout] test expr::parser::parser_surface_matrix::parser_surface_logical_case_061 ... ok
[INFO] [stdout] test expr::parser::parser_surface_matrix::parser_surface_logical_case_075 ... ok
[INFO] [stdout] test expr::parser::parser_surface_matrix::parser_surface_logical_case_076 ... ok
[INFO] [stdout] test expr::parser::parser_surface_matrix::parser_surface_logical_case_078 ... ok
[INFO] [stdout] test expr::parser::parser_surface_matrix::parser_surface_logical_case_060 ... ok
[INFO] [stdout] test expr::parser::parser_surface_matrix::parser_surface_logical_case_081 ... ok
[INFO] [stdout] test expr::parser::parser_surface_matrix::parser_surface_logical_case_082 ... ok
[INFO] [stdout] test expr::parser::parser_surface_matrix::parser_surface_logical_case_070 ... ok
[INFO] [stdout] test expr::parser::parser_surface_matrix::parser_surface_logical_case_071 ... ok
[INFO] [stdout] test expr::parser::parser_surface_matrix::parser_surface_logical_case_072 ... ok
[INFO] [stdout] test expr::parser::parser_surface_matrix::parser_surface_logical_case_062 ... ok
[INFO] [stdout] test expr::parser::parser_surface_matrix::parser_surface_logical_case_074 ... ok
[INFO] [stdout] test expr::parser::parser_surface_matrix::parser_surface_logical_case_073 ... ok
[INFO] [stdout] test expr::parser::parser_surface_matrix::parser_surface_logical_case_069 ... ok
[INFO] [stdout] test expr::parser::parser_surface_matrix::parser_surface_logical_case_064 ... ok
[INFO] [stdout] test expr::parser::parser_surface_matrix::parser_surface_logical_case_063 ... ok
[INFO] [stdout] test expr::parser::parser_surface_matrix::parser_surface_logical_case_065 ... ok
[INFO] [stdout] test expr::parser::parser_surface_matrix::parser_surface_logical_case_066 ... ok
[INFO] [stdout] test expr::parser::parser_surface_matrix::parser_surface_logical_case_077 ... ok
[INFO] [stdout] test expr::parser::parser_surface_matrix::parser_surface_logical_case_079 ... ok
[INFO] [stdout] test expr::parser::parser_surface_matrix::parser_surface_logical_case_083 ... ok
[INFO] [stdout] test expr::parser::parser_surface_matrix::parser_surface_logical_case_080 ... ok
[INFO] [stdout] test expr::parser::parser_surface_matrix::parser_surface_logical_case_093 ... ok
[INFO] [stdout] test expr::parser::parser_surface_matrix::parser_surface_logical_case_084 ... ok
[INFO] [stdout] test expr::parser::parser_surface_matrix::parser_surface_logical_case_088 ... ok
[INFO] [stdout] test expr::parser::parser_surface_matrix::parser_surface_logical_case_094 ... ok
[INFO] [stdout] test expr::parser::parser_surface_matrix::parser_surface_logical_case_085 ... ok
[INFO] [stdout] test expr::parser::parser_surface_matrix::parser_surface_logical_case_089 ... ok
[INFO] [stdout] test expr::parser::parser_surface_matrix::parser_surface_logical_case_095 ... ok
[INFO] [stdout] test expr::parser::parser_surface_matrix::parser_surface_logical_case_091 ... ok
[INFO] [stdout] test expr::parser::parser_surface_matrix::parser_surface_logical_case_096 ... ok
[INFO] [stdout] test expr::parser::parser_surface_matrix::parser_surface_logical_case_097 ... ok
[INFO] [stdout] test expr::parser::parser_surface_matrix::parser_surface_logical_case_108 ... ok
[INFO] [stdout] test expr::parser::parser_surface_matrix::parser_surface_logical_case_109 ... ok
[INFO] [stdout] test expr::parser::parser_surface_matrix::parser_surface_logical_case_110 ... ok
[INFO] [stdout] test expr::parser::parser_surface_matrix::parser_surface_logical_case_112 ... ok
[INFO] [stdout] test expr::parser::parser_surface_matrix::parser_surface_logical_case_102 ... ok
[INFO] [stdout] test expr::parser::parser_surface_matrix::parser_surface_logical_case_086 ... ok
[INFO] [stdout] test expr::parser::parser_surface_matrix::parser_surface_logical_case_099 ... ok
[INFO] [stdout] test expr::parser::parser_surface_matrix::parser_surface_logical_case_114 ... ok
[INFO] [stdout] test expr::parser::parser_surface_matrix::parser_surface_logical_case_087 ... ok
[INFO] [stdout] test expr::parser::parser_surface_matrix::parser_surface_logical_case_115 ... ok
[INFO] [stdout] test expr::parser::parser_surface_matrix::parser_surface_logical_case_116 ... ok
[INFO] [stdout] test expr::parser::parser_surface_matrix::parser_surface_logical_case_100 ... ok
[INFO] [stdout] test expr::parser::parser_surface_matrix::parser_surface_logical_case_101 ... ok
[INFO] [stdout] test expr::parser::parser_surface_matrix::parser_surface_logical_case_104 ... ok
[INFO] [stdout] test expr::parser::parser_surface_matrix::parser_surface_logical_case_105 ... ok
[INFO] [stdout] test expr::parser::parser_surface_matrix::parser_surface_logical_case_113 ... ok
[INFO] [stdout] test expr::parser::parser_surface_matrix::parser_surface_logical_case_103 ... ok
[INFO] [stdout] test expr::parser::parser_surface_matrix::parser_surface_logical_case_107 ... ok
[INFO] [stdout] test expr::parser::parser_surface_matrix::parser_surface_logical_case_090 ... ok
[INFO] [stdout] test expr::parser::parser_surface_matrix::parser_surface_logical_case_111 ... ok
[INFO] [stdout] test expr::parser::parser_surface_matrix::parser_surface_logical_case_117 ... ok
[INFO] [stdout] test expr::parser::parser_surface_matrix::parser_surface_logical_case_125 ... ok
[INFO] [stdout] test expr::parser::parser_surface_matrix::parser_surface_logical_case_118 ... ok
[INFO] [stdout] test expr::parser::parser_surface_matrix::parser_surface_logical_case_119 ... ok
[INFO] [stdout] test expr::parser::parser_surface_matrix::parser_surface_logical_case_098 ... ok
[INFO] [stdout] test expr::parser::parser_surface_matrix::parser_surface_logical_case_129 ... ok
[INFO] [stdout] test expr::parser::parser_surface_matrix::parser_surface_logical_case_127 ... ok
[INFO] [stdout] test expr::parser::parser_surface_matrix::parser_surface_logical_case_092 ... ok
[INFO] [stdout] test expr::parser::parser_surface_matrix::parser_surface_logical_case_128 ... ok
[INFO] [stdout] test expr::parser::parser_surface_matrix::parser_surface_logical_case_126 ... ok
[INFO] [stdout] test expr::parser::parser_surface_matrix::parser_surface_logical_case_132 ... ok
[INFO] [stdout] test expr::parser::parser_surface_matrix::parser_surface_logical_case_106 ... ok
[INFO] [stdout] test expr::parser::parser_surface_matrix::parser_surface_logical_case_130 ... ok
[INFO] [stdout] test expr::parser::parser_surface_matrix::parser_surface_logical_case_139 ... ok
[INFO] [stdout] test expr::parser::parser_surface_matrix::parser_surface_logical_case_140 ... ok
[INFO] [stdout] test expr::parser::parser_surface_matrix::parser_surface_logical_case_134 ... ok
[INFO] [stdout] test expr::parser::parser_surface_matrix::parser_surface_logical_case_137 ... ok
[INFO] [stdout] test expr::parser::parser_surface_matrix::parser_surface_logical_case_123 ... ok
[INFO] [stdout] test expr::parser::parser_surface_matrix::parser_surface_logical_case_144 ... ok
[INFO] [stdout] test expr::parser::parser_surface_matrix::parser_surface_logical_case_145 ... ok
[INFO] [stdout] test expr::parser::parser_surface_matrix::parser_surface_logical_case_141 ... ok
[INFO] [stdout] test expr::parser::parser_surface_matrix::parser_surface_logical_case_142 ... ok
[INFO] [stdout] test expr::parser::parser_surface_matrix::parser_surface_logical_case_120 ... ok
[INFO] [stdout] test expr::parser::parser_surface_matrix::parser_surface_logical_case_149 ... ok
[INFO] [stdout] test expr::parser::parser_surface_matrix::parser_surface_logical_case_121 ... ok
[INFO] [stdout] test expr::parser::parser_surface_matrix::parser_surface_logical_case_131 ... ok
[INFO] [stdout] test expr::parser::parser_surface_matrix::parser_surface_logical_case_135 ... ok
[INFO] [stdout] test expr::parser::parser_surface_matrix::parser_surface_logical_case_150 ... ok
[INFO] [stdout] test expr::parser::parser_surface_matrix::parser_surface_logical_case_151 ... ok
[INFO] [stdout] test expr::parser::parser_surface_matrix::parser_surface_logical_case_152 ... ok
[INFO] [stdout] test expr::parser::parser_surface_matrix::parser_surface_logical_case_146 ... ok
[INFO] [stdout] test expr::parser::parser_surface_matrix::parser_surface_logical_case_157 ... ok
[INFO] [stdout] test expr::parser::parser_surface_matrix::parser_surface_logical_case_159 ... ok
[INFO] [stdout] test expr::parser::parser_surface_matrix::parser_surface_logical_case_158 ... ok
[INFO] [stdout] test expr::parser::parser_surface_matrix::parser_surface_logical_case_161 ... ok
[INFO] [stdout] test expr::parser::parser_surface_matrix::parser_surface_logical_case_143 ... ok
[INFO] [stdout] test expr::parser::parser_surface_matrix::parser_surface_logical_case_138 ... ok
[INFO] [stdout] test expr::parser::parser_surface_matrix::parser_surface_logical_case_162 ... ok
[INFO] [stdout] test expr::parser::parser_surface_matrix::parser_surface_logical_case_165 ... ok
[INFO] [stdout] test expr::parser::parser_surface_matrix::parser_surface_logical_case_163 ... ok
[INFO] [stdout] test expr::parser::parser_surface_matrix::parser_surface_logical_case_156 ... ok
[INFO] [stdout] test expr::parser::parser_surface_matrix::parser_surface_logical_case_164 ... ok
[INFO] [stdout] test expr::parser::parser_surface_matrix::parser_surface_logical_case_155 ... ok
[INFO] [stdout] test expr::parser::parser_surface_matrix::parser_surface_logical_case_166 ... ok
[INFO] [stdout] test expr::parser::tests::logical_parser_accepts_integral_boolean_surface_sample ... ok
[INFO] [stdout] test expr::parser::tests::logical_parser_accepts_operator_and_cast_edge_surface ... ok
[INFO] [stdout] test expr::parser::parser_surface_matrix::parser_surface_logical_case_136 ... ok
[INFO] [stdout] test expr::parser::tests::logical_parser_keeps_triggered_suffix_signal_names_as_operand_refs ... ok
[INFO] [stdout] test expr::parser::parser_surface_matrix::parser_surface_logical_case_154 ... ok
[INFO] [stdout] test expr::parser::tests::logical_parser_accepts_triggered_call_with_optional_space_before_parens ... ok
[INFO] [stdout] test expr::parser::parser_surface_matrix::parser_surface_logical_case_168 ... ok
[INFO] [stdout] test expr::parser::parser_surface_matrix::parser_surface_logical_case_169 ... ok
[INFO] [stdout] test expr::parser::tests::logical_parser_keeps_unary_minus_separate_from_integral_literals ... ok
[INFO] [stdout] test expr::parser::parser_surface_matrix::parser_surface_logical_case_167 ... ok
[INFO] [stdout] test expr::parser::parser_surface_matrix::parser_surface_logical_case_147 ... ok
[INFO] [stdout] test expr::parser::parser_surface_matrix::parser_surface_logical_case_122 ... ok
[INFO] [stdout] test expr::parser::parser_surface_matrix::parser_surface_logical_case_124 ... ok
[INFO] [stdout] test expr::parser::parser_surface_matrix::parser_surface_logical_case_133 ... ok
[INFO] [stdout] test expr::parser::parser_surface_matrix::parser_surface_logical_case_160 ... ok
[INFO] [stdout] test expr::parser::tests::logical_parser_rejects_malformed_cast_and_enum_forms ... ok
[INFO] [stdout] test expr::parser::parser_surface_matrix::parser_surface_logical_case_148 ... ok
[INFO] [stdout] test expr::parser::parser_surface_matrix::parser_surface_logical_case_153 ... ok
[INFO] [stdout] test expr::parser::tests::logical_parser_rejects_empty_groupings_and_inside_sets ... ok
[INFO] [stdout] test expr::parser::tests::logical_parser_accepts_rich_type_surface_sample ... ok
[INFO] [stdout] test expr::parser::tests::logical_parser_rejects_triggered_call_arguments_and_missing_close_paren ... ok
[INFO] [stdout] test expr::parser::tests::parse_ok_bit_not ... ok
[INFO] [stdout] test expr::parser::tests::parse_ok_bit_select ... ok
[INFO] [stdout] test expr::parser::tests::parse_ok_bitwise_or ... ok
[INFO] [stdout] test expr::parser::tests::parse_ok_bitwise_xnor ... ok
[INFO] [stdout] test expr::parser::tests::parse_ok_bitwise_and ... ok
[INFO] [stdout] test expr::parser::tests::parse_ok_power ... ok
[INFO] [stdout] test expr::parser::tests::parse_ok_bitwise_xor ... ok
[INFO] [stdout] test expr::parser::tests::parse_ok_reduce_and ... ok
[INFO] [stdout] test expr::parser::tests::parse_ok_conditional ... ok
[INFO] [stdout] test expr::parser::tests::parse_ok_divide ... ok
[INFO] [stdout] test expr::parser::tests::parse_ok_reduce_nand ... ok
[INFO] [stdout] test expr::parser::tests::parse_ok_reduce_or ... ok
[INFO] [stdout] test expr::parser::tests::parse_ok_rel_gt ... ok
[INFO] [stdout] test expr::parser::tests::parse_ok_rel_le ... ok
[INFO] [stdout] test expr::parser::tests::parse_ok_rel_lt ... ok
[INFO] [stdout] test expr::parser::tests::parse_ok_replication ... ok
[INFO] [stdout] test expr::parser::tests::parse_ok_shift_arith_left ... ok
[INFO] [stdout] test expr::parser::tests::parse_ok_shift_arith_right ... ok
[INFO] [stdout] test expr::parser::tests::parse_ok_reduce_nor ... ok
[INFO] [stdout] test expr::parser::tests::parse_ok_shift_right ... ok
[INFO] [stdout] test expr::parser::tests::parse_ok_unary_plus ... ok
[INFO] [stdout] test expr::parser::tests::parser_rejects_more_event_union_iff_and_member_suffix_edges ... ok
[INFO] [stdout] test expr::parser::tests::parser_rejects_more_inside_selection_and_cast_forms ... ok
[INFO] [stdout] test expr::parser::tests::private_event_parser_manual_states_exercise_more_error_branches ... ok
[INFO] [stdout] test expr::parser::tests::parse_ok_indexed_up_select ... ok
[INFO] [stdout] test expr::parser::tests::parse_ok_group ... ok
[INFO] [stdout] test expr::parser::tests::parse_ok_logical_and ... ok
[INFO] [stdout] test expr::parser::tests::parse_ok_indexed_down_select ... ok
[INFO] [stdout] test expr::parser::tests::parse_ok_logical_or ... ok
[INFO] [stdout] test expr::parser::tests::parse_ok_logical_not ... ok
[INFO] [stdout] test expr::parser::tests::parse_ok_multiply ... ok
[INFO] [stdout] test expr::parser::tests::parse_ok_modulo ... ok
[INFO] [stdout] test expr::parser::tests::parse_ok_shift_left ... ok
[INFO] [stdout] test expr::parser::tests::parse_ok_reduce_xor ... ok
[INFO] [stdout] test expr::parser::tests::parser_edge_cases_exercise_manual_suffix_and_rhs_failures ... ok
[INFO] [stdout] test expr::parser::tests::parse_ok_rel_ge ... ok
[INFO] [stdout] test expr::parser::tests::private_parser_helpers_exercise_empty_inputs_and_cast_width_edges ... ok
[INFO] [stdout] test expr::parser::tests::parse_ok_part_select ... ok
[INFO] [stdout] test expr::parser::tests::parse_ok_reduce_xnor_caret_tilde ... ok
[INFO] [stdout] test expr::parser::tests::typed_parser_preserves_iff_binding_to_single_term ... ok
[INFO] [stdout] test expr::sema::tests::sema_direct_const_binary_helpers_exercise_signed_zero_and_shift_edges ... ok
[INFO] [stdout] test expr::parser::tests::parse_ok_concat ... ok
[INFO] [stdout] test expr::parser::tests::typed_parser_rejects_empty_iff_invalid_names_and_missing_edge_operands ... ok
[INFO] [stdout] test expr::sema::tests::bind_logical_node_exercises_manual_ast_variants ... ok
[INFO] [stdout] test expr::sema::tests::sema_helpers_exercise_enum_lookup_and_low_level_bit_math ... ok
[INFO] [stdout] test expr::sema::tests::sema_helpers_exercise_canonical_selection_casts_and_binary_typing ... ok
[INFO] [stdout] test expr::sema::tests::event_and_triggered_binding_exercise_event_specific_errors ... ok
[INFO] [stdout] test expr::sema::tests::integral_literal_and_const_helpers_exercise_range_and_unknown_paths ... ok
[INFO] [stdout] test expr::sema::sema_const_edges::bound_tree_derive_surface ... ok
[INFO] [stdout] test expr::parser::tests::typed_parser_rejects_broken_union_segmentation ... ok
[INFO] [stdout] test expr::parser::tests::typed_parser_rejects_unmatched_open_parenthesis ... ok
[INFO] [stdout] test expr::sema::tests::binder_rejects_non_constant_replication_multiplier ... ok
[INFO] [stdout] test expr::sema::sema_const_edges::additional_error_and_const_region_paths ... ok
[INFO] [stdout] test expr::sema::sema_const_edges::const_and_type_helper_edge_branches ... ok
[INFO] [stdout] test expr::sema::tests::binder_preserves_enum_identity_in_conditional_arms ... ok
[INFO] [stdout] test expr::sema::tests::type_and_cast_helpers_exercise_incompatible_operands ... ok
[INFO] [stdout] test expr::tests::public_expression_facade_exposes_lexer_and_parser_entrypoints ... ok
[INFO] [stdout] test output::tests::change_human_render_is_single_line_per_snapshot ... ok
[INFO] [stdout] test output::tests::json_envelope_preserves_diagnostics_for_scope ... ok
[INFO] [stdout] test expr::sema::tests::sema_helpers_exercise_event_success_paths_and_host_detail_errors ... ok
[INFO] [stdout] test output::tests::jsonl_fatal_uses_next_sequence_number ... ok
[INFO] [stdout] test output::tests::jsonl_result_adapter_emits_data_diagnostics_and_counts ... ok
[INFO] [stdout] test output::tests::scope_tree_preserves_dots_in_escaped_local_names ... ok
[INFO] [stdout] test output::tests::scope_tree_render_matches_linux_tree_style ... ok
[INFO] [stdout] test output::tests::value_human_render_is_deterministic_and_compact ... ok
[INFO] [stdout] test output::tests::write_entrypoint_preserves_existing_newline ... ok
[INFO] [stdout] test output::tests::render_human_exercises_signal_variants ... ok
[INFO] [stdout] test expr::sema::tests::sema_host_stub_exercises_direct_trait_helpers ... ok
[INFO] [stdout] test output::output_rendering_edges::renders_property_state_changes ... ok
[INFO] [stdout] test output::tests::helper_renderers_exercise_empty_tree_and_sibling_detection ... ok
[INFO] [stdout] test output::tests::human_diagnostic_write_errors_name_stderr ... ok
[INFO] [stdout] test output::tests::json_envelope_has_required_shape_for_info ... ok
[INFO] [stdout] test output::tests::jsonl_result_adapter_rejects_command_mismatch ... ok
[INFO] [stdout] test output::tests::jsonl_writer_emits_ordered_records_and_flushes_each_line ... ok
[INFO] [stdout] test expr::sema::tests::sema_decoder_and_const_helpers_exercise_empty_digits_enum_constants_and_extra_nibbles ... ok
[INFO] [stdout] test expr::sema::tests::binder_rejects_unsized_concat_literal ... ok
[INFO] [stdout] test expr::sema::tests::sema_literal_decoder_and_const_wrappers_exercise_non_constant_paths ... ok
[INFO] [stdout] test waveform::expr_host::tests::waveform_expr_host_supports_recovered_bit_vector_cast_on_vcd_and_fst ... FAILED
[INFO] [stdout] test waveform::expr_host::tests::waveform_expr_host_distinguishes_triggered_signal_suffix_from_raw_event_call ... FAILED
[INFO] [stdout] test expr::sema::tests::sema_manual_error_and_const_eval_paths_exercise_helper_errors ... ok
[INFO] [stdout] test expr::sema::tests::sema_type_result_helpers_exercise_fallback_numeric_and_unknown_signal_paths ... ok
[INFO] [stdout] test waveform::fsdb_disabled::tests::disabled_error_preserves_file_category_and_message ... ok
[INFO] [stdout] test output::tests::jsonl_writer_maps_broken_pipe_without_internal_fatal ... ok
[INFO] [stdout] test waveform::expr_host::tests::waveform_expr_host_reports_missing_enum_metadata_on_vcd ... ok
[INFO] [stdout] test waveform::expr_host::tests::waveform_expr_host_reuses_cached_handles_and_supports_shared_construction ... ok
[INFO] [stdout] test waveform::expr_host::tests::waveform_expr_host_unknown_handles_map_to_stable_errors ... ok
[INFO] [stdout] test output::tests::property_rows_render_as_time_and_kind_lines ... ok
[INFO] [stdout] test waveform::ondas_backend::tests::edge_classification_sv2023_matrix ... ok
[INFO] [stdout] test waveform::ondas_backend::tests::cached_event_payload_remains_available_between_occurrences ... ok
[INFO] [stdout] test waveform::ondas_backend::tests::candidate_collection_and_time_helpers_exercise_split_paths ... ok
[INFO] [stdout] test waveform::ondas_backend::tests::edge_classification_ninestate_maps_to_x ... ok
[INFO] [stdout] test waveform::ondas_backend::tests::edge_detection_uses_lsb_only ... ok
[INFO] [stdout] test waveform::ondas_backend::tests::expr_resolution_and_sampling_exercise_real_string_event_paths ... ok
[INFO] [stdout] test waveform::ondas_backend::tests::fst_array_path_uses_full_index_spelling ... ok
[INFO] [stdout] test waveform::ondas_backend::tests::decode_indexed_signal_at_requires_loaded_signal_data ... ok
[INFO] [stdout] test waveform::ondas_backend::tests::collect_change_times_facade_returns_unique_backend_timestamps ... ok
[INFO] [stdout] test waveform::fsdb_disabled::tests::suffix_detection_accepts_fsdb_names_case_insensitively ... ok
[INFO] [stdout] test waveform::ondas_backend::tests::fst_batch_value_selection_keeps_full_index_lazy ... FAILED
[INFO] [stdout] test waveform::ondas_backend::tests::fst_expression_signal_does_not_build_full_index ... FAILED
[INFO] [stdout] test waveform::ondas_backend::tests::decode_indexed_signal_at_matches_sample_resolved_optional ... ok
[INFO] [stdout] test waveform::ondas_backend::tests::fst_single_exact_signal_does_not_build_full_index ... FAILED
[INFO] [stdout] test waveform::fsdb_disabled::tests::suffix_detection_rejects_near_misses_and_parent_directories ... ok
[INFO] [stdout] test waveform::ondas_backend::tests::fst_scope_only_does_not_build_full_index ... FAILED
[INFO] [stdout] test waveform::ondas_backend::tests::decode_indexed_signal_at_returns_none_when_no_prior_value_exists ... ok
[INFO] [stdout] test waveform::ondas_backend::tests::edge_classification_treats_empty_samples_as_no_edge ... ok
[INFO] [stdout] test waveform::ondas_backend::tests::fst_queries_share_file_and_byte_loading ... FAILED
[INFO] [stdout] test waveform::ondas_backend::tests::gapped_split_vectors_do_not_synthesize_huge_widths ... ok
[INFO] [stdout] test waveform::ondas_backend::tests::global_matching_preserves_scope_order_and_split_width ... ok
[INFO] [stdout] test waveform::ondas_backend::tests::indexed_signal_offset_at_returns_none_when_signal_is_not_loaded ... ok
[INFO] [stdout] test waveform::fsdb_disabled::tests::report_only_parse_failures_for_fsdb_looking_paths ... ok
[INFO] [stdout] test waveform::ondas_backend::tests::fsdb_kind_aliases_stay_inside_stable_contract ... ok
[INFO] [stdout] test waveform::ondas_backend::tests::duplicate_projection_deduplicates_paths_and_tracks_requested_order ... ok
[INFO] [stdout] test waveform::ondas_backend::tests::fst_cached_trace_handles_reverse_and_repeated_times ... FAILED
[INFO] [stdout] test waveform::ondas_backend::tests::fst_batch_array_alias_remains_ambiguous ... FAILED
[INFO] [stdout] test waveform::ondas_backend::tests::escaped_unpacked_array_keeps_escape_on_base_component ... FAILED
[INFO] [stdout] test waveform::ondas_backend::tests::fst_batch_selects_same_leaf_under_distinct_parents ... FAILED
[INFO] [stdout] test waveform::ondas_backend::tests::indexed_signal_offset_at_compares_data_position_only ... ok
[INFO] [stdout] test waveform::ondas_backend::tests::missing_scope_returns_scope_category_error ... ok
[INFO] [stdout] test waveform::ondas_backend::tests::packed_fst_ranges_are_not_unpacked_array_indices ... ok
[INFO] [stdout] test waveform::ondas_backend::tests::helper_functions_exercise_invalid_paths_and_timescales ... ok
[INFO] [stdout] test waveform::ondas_backend::tests::recursive_signals_in_scope_are_deterministic_depth_first ... ok
[INFO] [stdout] test waveform::ondas_backend::tests::previous_sample_time_returns_strict_predecessor ... ok
[INFO] [stdout] test waveform::ondas_backend::tests::recursive_signals_in_scope_none_depth_includes_all_nested_levels ... ok
[INFO] [stdout] test waveform::ondas_backend::tests::sample_signals_at_time_errors_when_signal_has_no_prior_value ... ok
[INFO] [stdout] test waveform::ondas_backend::tests::open_missing_file_maps_to_file_error ... ok
[INFO] [stdout] test waveform::ondas_backend::tests::sample_signals_at_time_preserves_order_and_duplicates ... ok
[INFO] [stdout] test waveform::ondas_backend::tests::sample_signals_at_time_returns_signal_error_for_missing_path ... ok
[INFO] [stdout] test waveform::ondas_backend::tests::sample_signals_at_time_uses_latest_change_before_timestamp ... ok
[INFO] [stdout] test waveform::ondas_backend::tests::signals_in_scope_are_sorted_and_preserve_parser_var_type_aliases ... ok
[INFO] [stdout] test waveform::ondas_backend::tests::recursive_signals_in_scope_respect_depth_boundaries ... ok
[INFO] [stdout] test waveform::ondas_backend::tests::metadata_normalizes_raw_integer_tags ... ok
[INFO] [stdout] test waveform::ondas_backend::tests::split_vector_expression_before_dump_and_mixed_event_samples ... ok
[INFO] [stdout] test waveform::ondas_backend::tests::stable_kind_aliases_cover_full_inventory ... ok
[INFO] [stdout] test waveform::ondas_backend::tests::resolved_signal_ids_are_stable_across_resolution_paths ... ok
[INFO] [stdout] test waveform::ondas_backend::tests::open_and_read_metadata_from_vcd ... ok
[INFO] [stdout] test waveform::ondas_backend::tests::streaming_candidate_collection_rejects_derived_signals ... ok
[INFO] [stdout] test waveform::ondas_backend::tests::sample_signals_at_time_stays_non_bit_vector_for_rich_values ... ok
[INFO] [stdout] test waveform::ondas_backend::tests::parse_failures_map_to_file_error ... ok
[INFO] [stdout] test waveform::ondas_backend::tests::unpacked_array_names_preserve_public_scope_components ... ok
[INFO] [stdout] test waveform::ondas_backend::tests::vcd_backslash_components_do_not_alias_separator_components ... ok
[INFO] [stdout] test waveform::ondas_backend::tests::scopes_depth_first_none_includes_all_nested_depths ... ok
[INFO] [stdout] test waveform::ondas_backend::tests::metadata_rejects_raw_time_overflow ... ok
[INFO] [stdout] test waveform::ondas_backend::tests::scope_and_signal_preorder_keeps_descendants_before_prefix_siblings ... ok
[INFO] [stdout] test waveform::ondas_backend::tests::vcd_escaped_components_remain_distinct_from_nested_paths ... ok
[INFO] [stdout] test waveform::ondas_backend::tests::scopes_use_deterministic_depth_first_lexicographic_order_with_kind ... ok
[INFO] [stdout] test waveform::ondas_backend::tests::waveform_helper_tables_exercise_decode_timescale_and_extra_var_types ... ok
[INFO] [stdout] test waveform::ondas_backend::tests::vcd_inline_scalar_indices_form_packed_vector ... ok
[INFO] [stdout] test waveform::ondas_backend::tests::waveform_sampling_and_scope_error_helpers_exercise_public_error_paths ... ok
[INFO] [stdout] test waveform::ondas_backend::tests::vcd_preserves_escaped_simple_declaration_spelling ... ok
[INFO] [stdout] test waveform::ondas_backend::tests::scope_kind_aliases_normalize_interface_references ... ok
[INFO] [stdout] 
[INFO] [stdout] failures:
[INFO] [stdout] 
[INFO] [stdout] ---- waveform::expr_host::tests::waveform_expr_host_supports_recovered_bit_vector_cast_on_vcd_and_fst stdout ----
[INFO] [stdout] 
[INFO] [stdout] thread 'waveform::expr_host::tests::waveform_expr_host_supports_recovered_bit_vector_cast_on_vcd_and_fst' (3628) panicked at src/waveform/expr_host.rs:220:65:
[INFO] [stdout] fixture should open: File("cannot open '/opt/rustwide/workdir/tests/fixtures/generated/m2_core.vcd': I/O error: No such file or directory (os error 2)")
[INFO] [stdout] stack backtrace:
[INFO] [stdout]    0:     0x5dfda3b77e01 - <<std[617be2ca0a6fd877]::sys::backtrace::BacktraceLock>::print::DisplayBacktrace as core[a373ad73a504971]::fmt::Display>::fmt
[INFO] [stdout]    1:     0x5dfda3b9038a - core[a373ad73a504971]::fmt::write
[INFO] [stdout]    2:     0x5dfda3b7d02c - <alloc[2e1b2a31b91974c5]::vec::Vec<u8> as core[a373ad73a504971]::io::write::Write>::write_fmt
[INFO] [stdout]    3:     0x5dfda3b51536 - std[617be2ca0a6fd877]::panicking::default_hook::{closure#0}
[INFO] [stdout]    4:     0x5dfda3b6eb89 - std[617be2ca0a6fd877]::panicking::default_hook
[INFO] [stdout]    5:     0x5dfda3982d70 - test[aada8e7e76ba119b]::test_main_inner::{closure#0}
[INFO] [stdout]    6:     0x5dfda3b6eeb2 - std[617be2ca0a6fd877]::panicking::panic_with_hook
[INFO] [stdout]    7:     0x5dfda3b515e2 - std[617be2ca0a6fd877]::panicking::panic_handler::{closure#0}
[INFO] [stdout]    8:     0x5dfda3b49f49 - std[617be2ca0a6fd877]::sys::backtrace::__rust_end_short_backtrace::<std[617be2ca0a6fd877]::panicking::panic_handler::{closure#0}, !>
[INFO] [stdout]    9:     0x5dfda3b522dd - __rustc[ea4f61d10b84890b]::rust_begin_unwind
[INFO] [stdout]   10:     0x5dfda3b90b6c - core[a373ad73a504971]::panicking::panic_fmt
[INFO] [stdout]   11:     0x5dfda3b90942 - core[a373ad73a504971]::result::unwrap_failed
[INFO] [stdout]   12:     0x5dfda36a99f5 - <wavepeek[6bca68459e5dd6d7]::waveform::expr_host::tests::waveform_expr_host_supports_recovered_bit_vector_cast_on_vcd_and_fst::{closure#0} as core[a373ad73a504971]::ops::function::FnOnce<()>>::call_once
[INFO] [stdout]   13:     0x5dfda39761bb - test[aada8e7e76ba119b]::__rust_begin_short_backtrace::<core[a373ad73a504971]::result::Result<(), alloc[2e1b2a31b91974c5]::string::String>, fn() -> core[a373ad73a504971]::result::Result<(), alloc[2e1b2a31b91974c5]::string::String>>
[INFO] [stdout]   14:     0x5dfda3983395 - test[aada8e7e76ba119b]::run_test::{closure#0}
[INFO] [stdout]   15:     0x5dfda397cc84 - std[617be2ca0a6fd877]::sys::backtrace::__rust_begin_short_backtrace::<test[aada8e7e76ba119b]::run_test::{closure#1}, ()>
[INFO] [stdout]   16:     0x5dfda3986422 - <std[617be2ca0a6fd877]::thread::lifecycle::spawn_unchecked<test[aada8e7e76ba119b]::run_test::{closure#1}, ()>::{closure#1} as core[a373ad73a504971]::ops::function::FnOnce<()>>::call_once::{shim:vtable#0}
[INFO] [stdout]   17:     0x5dfda3b76d8f - <std[617be2ca0a6fd877]::sys::thread::unix::Thread>::new::thread_start
[INFO] [stdout]   18:     0x7c5b2da5adfa - <unknown>
[INFO] [stdout]   19:     0x7c5b2daee3d4 - clone
[INFO] [stdout]   20:                0x0 - <unknown>
[INFO] [stdout] 
[INFO] [stdout] ---- waveform::expr_host::tests::waveform_expr_host_distinguishes_triggered_signal_suffix_from_raw_event_call stdout ----
[INFO] [stdout] 
[INFO] [stdout] thread 'waveform::expr_host::tests::waveform_expr_host_distinguishes_triggered_signal_suffix_from_raw_event_call' (3625) panicked at src/waveform/expr_host.rs:202:65:
[INFO] [stdout] fixture should open: File("cannot open '/opt/rustwide/workdir/tests/fixtures/generated/expr_triggered_collision.fst': I/O error: No such file or directory (os error 2)")
[INFO] [stdout] stack backtrace:
[INFO] [stdout]    0:     0x5dfda3b77e01 - <<std[617be2ca0a6fd877]::sys::backtrace::BacktraceLock>::print::DisplayBacktrace as core[a373ad73a504971]::fmt::Display>::fmt
[INFO] [stdout]    1:     0x5dfda3b9038a - core[a373ad73a504971]::fmt::write
[INFO] [stdout]    2:     0x5dfda3b7d02c - <alloc[2e1b2a31b91974c5]::vec::Vec<u8> as core[a373ad73a504971]::io::write::Write>::write_fmt
[INFO] [stdout]    3:     0x5dfda3b51536 - std[617be2ca0a6fd877]::panicking::default_hook::{closure#0}
[INFO] [stdout]    4:     0x5dfda3b6eb89 - std[617be2ca0a6fd877]::panicking::default_hook
[INFO] [stdout]    5:     0x5dfda3982d70 - test[aada8e7e76ba119b]::test_main_inner::{closure#0}
[INFO] [stdout]    6:     0x5dfda3b6eeb2 - std[617be2ca0a6fd877]::panicking::panic_with_hook
[INFO] [stdout]    7:     0x5dfda3b515e2 - std[617be2ca0a6fd877]::panicking::panic_handler::{closure#0}
[INFO] [stdout]    8:     0x5dfda3b49f49 - std[617be2ca0a6fd877]::sys::backtrace::__rust_end_short_backtrace::<std[617be2ca0a6fd877]::panicking::panic_handler::{closure#0}, !>
[INFO] [stdout]    9:     0x5dfda3b522dd - __rustc[ea4f61d10b84890b]::rust_begin_unwind
[INFO] [stdout]   10:     0x5dfda3b90b6c - core[a373ad73a504971]::panicking::panic_fmt
[INFO] [stdout]   11:     0x5dfda3b90942 - core[a373ad73a504971]::result::unwrap_failed
[INFO] [stdout]   12:     0x5dfda36aaaaf - <wavepeek[6bca68459e5dd6d7]::waveform::expr_host::tests::waveform_expr_host_distinguishes_triggered_signal_suffix_from_raw_event_call::{closure#0} as core[a373ad73a504971]::ops::function::FnOnce<()>>::call_once
[INFO] [stdout]   13:     0x5dfda39761bb - test[aada8e7e76ba119b]::__rust_begin_short_backtrace::<core[a373ad73a504971]::result::Result<(), alloc[2e1b2a31b91974c5]::string::String>, fn() -> core[a373ad73a504971]::result::Result<(), alloc[2e1b2a31b91974c5]::string::String>>
[INFO] [stdout]   14:     0x5dfda3983395 - test[aada8e7e76ba119b]::run_test::{closure#0}
[INFO] [stdout]   15:     0x5dfda397cc84 - std[617be2ca0a6fd877]::sys::backtrace::__rust_begin_short_backtrace::<test[aada8e7e76ba119b]::run_test::{closure#1}, ()>
[INFO] [stdout]   16:     0x5dfda3986422 - <std[617be2ca0a6fd877]::thread::lifecycle::spawn_unchecked<test[aada8e7e76ba119b]::run_test::{closure#1}, ()>::{closure#1} as core[a373ad73a504971]::ops::function::FnOnce<()>>::call_once::{shim:vtable#0}
[INFO] [stdout]   17:     0x5dfda3b76d8f - <std[617be2ca0a6fd877]::sys::thread::unix::Thread>::new::thread_start
[INFO] [stdout]   18:     0x7c5b2da5adfa - <unknown>
[INFO] [stdout]   19:     0x7c5b2daee3d4 - clone
[INFO] [stdout]   20:                0x0 - <unknown>
[INFO] [stdout] 
[INFO] [stdout] ---- waveform::ondas_backend::tests::fst_batch_value_selection_keeps_full_index_lazy stdout ----
[INFO] [stdout] 
[INFO] [stdout] thread 'waveform::ondas_backend::tests::fst_batch_value_selection_keeps_full_index_lazy' (3651) panicked at src/waveform/ondas_tests.rs:683:49:
[INFO] [stdout] called `Result::unwrap()` on an `Err` value: File("cannot open '/opt/rustwide/workdir/tests/fixtures/generated/m2_core.fst': I/O error: No such file or directory (os error 2)")
[INFO] [stdout] stack backtrace:
[INFO] [stdout]    0:     0x5dfda3b77e01 - <<std[617be2ca0a6fd877]::sys::backtrace::BacktraceLock>::print::DisplayBacktrace as core[a373ad73a504971]::fmt::Display>::fmt
[INFO] [stdout]    1:     0x5dfda3b9038a - core[a373ad73a504971]::fmt::write
[INFO] [stdout]    2:     0x5dfda3b7d02c - <alloc[2e1b2a31b91974c5]::vec::Vec<u8> as core[a373ad73a504971]::io::write::Write>::write_fmt
[INFO] [stdout]    3:     0x5dfda3b51536 - std[617be2ca0a6fd877]::panicking::default_hook::{closure#0}
[INFO] [stdout]    4:     0x5dfda3b6eb89 - std[617be2ca0a6fd877]::panicking::default_hook
[INFO] [stdout]    5:     0x5dfda3982d70 - test[aada8e7e76ba119b]::test_main_inner::{closure#0}
[INFO] [stdout]    6:     0x5dfda3b6eeb2 - std[617be2ca0a6fd877]::panicking::panic_with_hook
[INFO] [stdout]    7:     0x5dfda3b515e2 - std[617be2ca0a6fd877]::panicking::panic_handler::{closure#0}
[INFO] [stdout]    8:     0x5dfda3b49f49 - std[617be2ca0a6fd877]::sys::backtrace::__rust_end_short_backtrace::<std[617be2ca0a6fd877]::panicking::panic_handler::{closure#0}, !>
[INFO] [stdout]    9:     0x5dfda3b522dd - __rustc[ea4f61d10b84890b]::rust_begin_unwind
[INFO] [stdout]   10:     0x5dfda3b90b6c - core[a373ad73a504971]::panicking::panic_fmt
[INFO] [stdout]   11:     0x5dfda3b90942 - core[a373ad73a504971]::result::unwrap_failed
[INFO] [stdout]   12:     0x5dfda395a7e6 - <wavepeek[6bca68459e5dd6d7]::waveform::ondas_backend::tests::fst_batch_value_selection_keeps_full_index_lazy::{closure#0} as core[a373ad73a504971]::ops::function::FnOnce<()>>::call_once
[INFO] [stdout]   13:     0x5dfda39761bb - test[aada8e7e76ba119b]::__rust_begin_short_backtrace::<core[a373ad73a504971]::result::Result<(), alloc[2e1b2a31b91974c5]::string::String>, fn() -> core[a373ad73a504971]::result::Result<(), alloc[2e1b2a31b91974c5]::string::String>>
[INFO] [stdout]   14:     0x5dfda3983395 - test[aada8e7e76ba119b]::run_test::{closure#0}
[INFO] [stdout]   15:     0x5dfda397cc84 - std[617be2ca0a6fd877]::sys::backtrace::__rust_begin_short_backtrace::<test[aada8e7e76ba119b]::run_test::{closure#1}, ()>
[INFO] [stdout]   16:     0x5dfda3986422 - <std[617be2ca0a6fd877]::thread::lifecycle::spawn_unchecked<test[aada8e7e76ba119b]::run_test::{closure#1}, ()>::{closure#1} as core[a373ad73a504971]::ops::function::FnOnce<()>>::call_once::{shim:vtable#0}
[INFO] [stdout]   17:     0x5dfda3b76d8f - <std[617be2ca0a6fd877]::sys::thread::unix::Thread>::new::thread_start
[INFO] [stdout]   18:     0x7c5b2da5adfa - <unknown>
[INFO] [stdout]   19:     0x7c5b2daee3d4 - clone
[INFO] [stdout]   20:                0x0 - <unknown>
[INFO] [stdout] 
[INFO] [stdout] ---- waveform::ondas_backend::tests::fst_expression_signal_does_not_build_full_index stdout ----
[INFO] [stdout] 
[INFO] [stdout] thread 'waveform::ondas_backend::tests::fst_expression_signal_does_not_build_full_index' (3654) panicked at src/waveform/ondas_tests.rs:815:49:
[INFO] [stdout] called `Result::unwrap()` on an `Err` value: File("cannot open '/opt/rustwide/workdir/tests/fixtures/generated/m2_core.fst': I/O error: No such file or directory (os error 2)")
[INFO] [stdout] stack backtrace:
[INFO] [stdout]    0:     0x5dfda3b77e01 - <<std[617be2ca0a6fd877]::sys::backtrace::BacktraceLock>::print::DisplayBacktrace as core[a373ad73a504971]::fmt::Display>::fmt
[INFO] [stdout]    1:     0x5dfda3b9038a - core[a373ad73a504971]::fmt::write
[INFO] [stdout]    2:     0x5dfda3b7d02c - <alloc[2e1b2a31b91974c5]::vec::Vec<u8> as core[a373ad73a504971]::io::write::Write>::write_fmt
[INFO] [stdout]    3:     0x5dfda3b51536 - std[617be2ca0a6fd877]::panicking::default_hook::{closure#0}
[INFO] [stdout]    4:     0x5dfda3b6eb89 - std[617be2ca0a6fd877]::panicking::default_hook
[INFO] [stdout]    5:     0x5dfda3982d70 - test[aada8e7e76ba119b]::test_main_inner::{closure#0}
[INFO] [stdout]    6:     0x5dfda3b6eeb2 - std[617be2ca0a6fd877]::panicking::panic_with_hook
[INFO] [stdout]    7:     0x5dfda3b515e2 - std[617be2ca0a6fd877]::panicking::panic_handler::{closure#0}
[INFO] [stdout]    8:     0x5dfda3b49f49 - std[617be2ca0a6fd877]::sys::backtrace::__rust_end_short_backtrace::<std[617be2ca0a6fd877]::panicking::panic_handler::{closure#0}, !>
[INFO] [stdout]    9:     0x5dfda3b522dd - __rustc[ea4f61d10b84890b]::rust_begin_unwind
[INFO] [stdout]   10:     0x5dfda3b90b6c - core[a373ad73a504971]::panicking::panic_fmt
[INFO] [stdout]   11:     0x5dfda3b90942 - core[a373ad73a504971]::result::unwrap_failed
[INFO] [stdout]   12:     0x5dfda395b47f - <wavepeek[6bca68459e5dd6d7]::waveform::ondas_backend::tests::fst_expression_signal_does_not_build_full_index::{closure#0} as core[a373ad73a504971]::ops::function::FnOnce<()>>::call_once
[INFO] [stdout]   13:     0x5dfda39761bb - test[aada8e7e76ba119b]::__rust_begin_short_backtrace::<core[a373ad73a504971]::result::Result<(), alloc[2e1b2a31b91974c5]::string::String>, fn() -> core[a373ad73a504971]::result::Result<(), alloc[2e1b2a31b91974c5]::string::String>>
[INFO] [stdout]   14:     0x5dfda3983395 - test[aada8e7e76ba119b]::run_test::{closure#0}
[INFO] [stdout]   15:     0x5dfda397cc84 - std[617be2ca0a6fd877]::sys::backtrace::__rust_begin_short_backtrace::<test[aada8e7e76ba119b]::run_test::{closure#1}, ()>
[INFO] [stdout]   16:     0x5dfda3986422 - <std[617be2ca0a6fd877]::thread::lifecycle::spawn_unchecked<test[aada8e7e76ba119b]::run_test::{closure#1}, ()>::{closure#1} as core[a373ad73a504971]::ops::function::FnOnce<()>>::call_once::{shim:vtable#0}
[INFO] [stdout]   17:     0x5dfda3b76d8f - <std[617be2ca0a6fd877]::sys::thread::unix::Thread>::new::thread_start
[INFO] [stdout]   18:     0x7c5b2da5adfa - <unknown>
[INFO] [stdout]   19:     0x7c5b2daee3d4 - clone
[INFO] [stdout]   20:                0x0 - <unknown>
[INFO] [stdout] 
[INFO] [stdout] ---- waveform::ondas_backend::tests::fst_single_exact_signal_does_not_build_full_index stdout ----
[INFO] [stdout] 
[INFO] [stdout] thread 'waveform::ondas_backend::tests::fst_single_exact_signal_does_not_build_full_index' (3659) panicked at src/waveform/ondas_tests.rs:655:49:
[INFO] [stdout] called `Result::unwrap()` on an `Err` value: File("cannot open '/opt/rustwide/workdir/tests/fixtures/generated/m2_core.fst': I/O error: No such file or directory (os error 2)")
[INFO] [stdout] stack backtrace:
[INFO] [stdout]    0:     0x5dfda3b77e01 - <<std[617be2ca0a6fd877]::sys::backtrace::BacktraceLock>::print::DisplayBacktrace as core[a373ad73a504971]::fmt::Display>::fmt
[INFO] [stdout]    1:     0x5dfda3b9038a - core[a373ad73a504971]::fmt::write
[INFO] [stdout]    2:     0x5dfda3b7d02c - <alloc[2e1b2a31b91974c5]::vec::Vec<u8> as core[a373ad73a504971]::io::write::Write>::write_fmt
[INFO] [stdout]    3:     0x5dfda3b51536 - std[617be2ca0a6fd877]::panicking::default_hook::{closure#0}
[INFO] [stdout]    4:     0x5dfda3b6eb89 - std[617be2ca0a6fd877]::panicking::default_hook
[INFO] [stdout]    5:     0x5dfda3982d70 - test[aada8e7e76ba119b]::test_main_inner::{closure#0}
[INFO] [stdout]    6:     0x5dfda3b6eeb2 - std[617be2ca0a6fd877]::panicking::panic_with_hook
[INFO] [stdout]    7:     0x5dfda3b515e2 - std[617be2ca0a6fd877]::panicking::panic_handler::{closure#0}
[INFO] [stdout]    8:     0x5dfda3b49f49 - std[617be2ca0a6fd877]::sys::backtrace::__rust_end_short_backtrace::<std[617be2ca0a6fd877]::panicking::panic_handler::{closure#0}, !>
[INFO] [stdout]    9:     0x5dfda3b522dd - __rustc[ea4f61d10b84890b]::rust_begin_unwind
[INFO] [stdout]   10:     0x5dfda3b90b6c - core[a373ad73a504971]::panicking::panic_fmt
[INFO] [stdout]   11:     0x5dfda3b90942 - core[a373ad73a504971]::result::unwrap_failed
[INFO] [stdout]   12:     0x5dfda395c995 - <wavepeek[6bca68459e5dd6d7]::waveform::ondas_backend::tests::fst_single_exact_signal_does_not_build_full_index::{closure#0} as core[a373ad73a504971]::ops::function::FnOnce<()>>::call_once
[INFO] [stdout]   13:     0x5dfda39761bb - test[aada8e7e76ba119b]::__rust_begin_short_backtrace::<core[a373ad73a504971]::result::Result<(), alloc[2e1b2a31b91974c5]::string::String>, fn() -> core[a373ad73a504971]::result::Result<(), alloc[2e1b2a31b91974c5]::string::String>>
[INFO] [stdout]   14:     0x5dfda3983395 - test[aada8e7e76ba119b]::run_test::{closure#0}
[INFO] [stdout]   15:     0x5dfda397cc84 - std[617be2ca0a6fd877]::sys::backtrace::__rust_begin_short_backtrace::<test[aada8e7e76ba119b]::run_test::{closure#1}, ()>
[INFO] [stdout]   16:     0x5dfda3986422 - <std[617be2ca0a6fd877]::thread::lifecycle::spawn_unchecked<test[aada8e7e76ba119b]::run_test::{closure#1}, ()>::{closure#1} as core[a373ad73a504971]::ops::function::FnOnce<()>>::call_once::{shim:vtable#0}
[INFO] [stdout]   17:     0x5dfda3b76d8f - <std[617be2ca0a6fd877]::sys::thread::unix::Thread>::new::thread_start
[INFO] [stdout]   18:     0x7c5b2da5adfa - <unknown>
[INFO] [stdout]   19:     0x7c5b2daee3d4 - clone
[INFO] [stdout]   20:                0x0 - <unknown>
[INFO] [stdout] 
[INFO] [stdout] ---- waveform::ondas_backend::tests::fst_scope_only_does_not_build_full_index stdout ----
[INFO] [stdout] 
[INFO] [stdout] thread 'waveform::ondas_backend::tests::fst_scope_only_does_not_build_full_index' (3658) panicked at src/waveform/ondas_tests.rs:646:45:
[INFO] [stdout] called `Result::unwrap()` on an `Err` value: File("cannot open '/opt/rustwide/workdir/tests/fixtures/generated/m2_core.fst': I/O error: No such file or directory (os error 2)")
[INFO] [stdout] stack backtrace:
[INFO] [stdout]    0:     0x5dfda3b77e01 - <<std[617be2ca0a6fd877]::sys::backtrace::BacktraceLock>::print::DisplayBacktrace as core[a373ad73a504971]::fmt::Display>::fmt
[INFO] [stdout]    1:     0x5dfda3b9038a - core[a373ad73a504971]::fmt::write
[INFO] [stdout]    2:     0x5dfda3b7d02c - <alloc[2e1b2a31b91974c5]::vec::Vec<u8> as core[a373ad73a504971]::io::write::Write>::write_fmt
[INFO] [stdout]    3:     0x5dfda3b51536 - std[617be2ca0a6fd877]::panicking::default_hook::{closure#0}
[INFO] [stdout]    4:     0x5dfda3b6eb89 - std[617be2ca0a6fd877]::panicking::default_hook
[INFO] [stdout]    5:     0x5dfda3982d70 - test[aada8e7e76ba119b]::test_main_inner::{closure#0}
[INFO] [stdout]    6:     0x5dfda3b6eeb2 - std[617be2ca0a6fd877]::panicking::panic_with_hook
[INFO] [stdout]    7:     0x5dfda3b515e2 - std[617be2ca0a6fd877]::panicking::panic_handler::{closure#0}
[INFO] [stdout]    8:     0x5dfda3b49f49 - std[617be2ca0a6fd877]::sys::backtrace::__rust_end_short_backtrace::<std[617be2ca0a6fd877]::panicking::panic_handler::{closure#0}, !>
[INFO] [stdout]    9:     0x5dfda3b522dd - __rustc[ea4f61d10b84890b]::rust_begin_unwind
[INFO] [stdout]   10:     0x5dfda3b90b6c - core[a373ad73a504971]::panicking::panic_fmt
[INFO] [stdout]   11:     0x5dfda3b90942 - core[a373ad73a504971]::result::unwrap_failed
[INFO] [stdout]   12:     0x5dfda39576a8 - <wavepeek[6bca68459e5dd6d7]::waveform::ondas_backend::tests::fst_scope_only_does_not_build_full_index::{closure#0} as core[a373ad73a504971]::ops::function::FnOnce<()>>::call_once
[INFO] [stdout]   13:     0x5dfda39761bb - test[aada8e7e76ba119b]::__rust_begin_short_backtrace::<core[a373ad73a504971]::result::Result<(), alloc[2e1b2a31b91974c5]::string::String>, fn() -> core[a373ad73a504971]::result::Result<(), alloc[2e1b2a31b91974c5]::string::String>>
[INFO] [stdout]   14:     0x5dfda3983395 - test[aada8e7e76ba119b]::run_test::{closure#0}
[INFO] [stdout]   15:     0x5dfda397cc84 - std[617be2ca0a6fd877]::sys::backtrace::__rust_begin_short_backtrace::<test[aada8e7e76ba119b]::run_test::{closure#1}, ()>
[INFO] [stdout]   16:     0x5dfda3986422 - <std[617be2ca0a6fd877]::thread::lifecycle::spawn_unchecked<test[aada8e7e76ba119b]::run_test::{closure#1}, ()>::{closure#1} as core[a373ad73a504971]::ops::function::FnOnce<()>>::call_once::{shim:vtable#0}
[INFO] [stdout]   17:     0x5dfda3b76d8f - <std[617be2ca0a6fd877]::sys::thread::unix::Thread>::new::thread_start
[INFO] [stdout]   18:     0x7c5b2da5adfa - <unknown>
[INFO] [stdout]   19:     0x7c5b2daee3d4 - clone
[INFO] [stdout]   20:                0x0 - <unknown>
[INFO] [stdout] 
[INFO] [stdout] ---- waveform::ondas_backend::tests::fst_queries_share_file_and_byte_loading stdout ----
[INFO] [stdout] 
[INFO] [stdout] thread 'waveform::ondas_backend::tests::fst_queries_share_file_and_byte_loading' (3655) panicked at src/waveform/ondas_tests.rs:626:46:
[INFO] [stdout] FST opens: File("cannot open '/opt/rustwide/workdir/tests/fixtures/generated/m2_core.fst': I/O error: No such file or directory (os error 2)")
[INFO] [stdout] stack backtrace:
[INFO] [stdout]    0:     0x5dfda3b77e01 - <<std[617be2ca0a6fd877]::sys::backtrace::BacktraceLock>::print::DisplayBacktrace as core[a373ad73a504971]::fmt::Display>::fmt
[INFO] [stdout]    1:     0x5dfda3b9038a - core[a373ad73a504971]::fmt::write
[INFO] [stdout]    2:     0x5dfda3b7d02c - <alloc[2e1b2a31b91974c5]::vec::Vec<u8> as core[a373ad73a504971]::io::write::Write>::write_fmt
[INFO] [stdout]    3:     0x5dfda3b51536 - std[617be2ca0a6fd877]::panicking::default_hook::{closure#0}
[INFO] [stdout]    4:     0x5dfda3b6eb89 - std[617be2ca0a6fd877]::panicking::default_hook
[INFO] [stdout]    5:     0x5dfda3982d70 - test[aada8e7e76ba119b]::test_main_inner::{closure#0}
[INFO] [stdout]    6:     0x5dfda3b6eeb2 - std[617be2ca0a6fd877]::panicking::panic_with_hook
[INFO] [stdout]    7:     0x5dfda3b515e2 - std[617be2ca0a6fd877]::panicking::panic_handler::{closure#0}
[INFO] [stdout]    8:     0x5dfda3b49f49 - std[617be2ca0a6fd877]::sys::backtrace::__rust_end_short_backtrace::<std[617be2ca0a6fd877]::panicking::panic_handler::{closure#0}, !>
[INFO] [stdout]    9:     0x5dfda3b522dd - __rustc[ea4f61d10b84890b]::rust_begin_unwind
[INFO] [stdout]   10:     0x5dfda3b90b6c - core[a373ad73a504971]::panicking::panic_fmt
[INFO] [stdout]   11:     0x5dfda3b90942 - core[a373ad73a504971]::result::unwrap_failed
[INFO] [stdout]   12:     0x5dfda3956e12 - <wavepeek[6bca68459e5dd6d7]::waveform::ondas_backend::tests::fst_queries_share_file_and_byte_loading::{closure#0} as core[a373ad73a504971]::ops::function::FnOnce<()>>::call_once
[INFO] [stdout]   13:     0x5dfda39761bb - test[aada8e7e76ba119b]::__rust_begin_short_backtrace::<core[a373ad73a504971]::result::Result<(), alloc[2e1b2a31b91974c5]::string::String>, fn() -> core[a373ad73a504971]::result::Result<(), alloc[2e1b2a31b91974c5]::string::String>>
[INFO] [stdout]   14:     0x5dfda3983395 - test[aada8e7e76ba119b]::run_test::{closure#0}
[INFO] [stdout]   15:     0x5dfda397cc84 - std[617be2ca0a6fd877]::sys::backtrace::__rust_begin_short_backtrace::<test[aada8e7e76ba119b]::run_test::{closure#1}, ()>
[INFO] [stdout]   16:     0x5dfda3986422 - <std[617be2ca0a6fd877]::thread::lifecycle::spawn_unchecked<test[aada8e7e76ba119b]::run_test::{closure#1}, ()>::{closure#1} as core[a373ad73a504971]::ops::function::FnOnce<()>>::call_once::{shim:vtable#0}
[INFO] [stdout]   17:     0x5dfda3b76d8f - <std[617be2ca0a6fd877]::sys::thread::unix::Thread>::new::thread_start
[INFO] [stdout]   18:     0x7c5b2da5adfa - <unknown>
[INFO] [stdout]   19:     0x7c5b2daee3d4 - clone
[INFO] [stdout]   20:                0x0 - <unknown>
[INFO] [stdout] 
[INFO] [stdout] ---- waveform::ondas_backend::tests::fst_cached_trace_handles_reverse_and_repeated_times stdout ----
[INFO] [stdout] 
[INFO] [stdout] thread 'waveform::ondas_backend::tests::fst_cached_trace_handles_reverse_and_repeated_times' (3652) panicked at src/waveform/ondas_tests.rs:745:14:
[INFO] [stdout] called `Result::unwrap()` on an `Err` value: Os { code: 2, kind: NotFound, message: "No such file or directory" }
[INFO] [stdout] stack backtrace:
[INFO] [stdout]    0:     0x5dfda3b77e01 - <<std[617be2ca0a6fd877]::sys::backtrace::BacktraceLock>::print::DisplayBacktrace as core[a373ad73a504971]::fmt::Display>::fmt
[INFO] [stdout]    1:     0x5dfda3b9038a - core[a373ad73a504971]::fmt::write
[INFO] [stdout]    2:     0x5dfda3b7d02c - <alloc[2e1b2a31b91974c5]::vec::Vec<u8> as core[a373ad73a504971]::io::write::Write>::write_fmt
[INFO] [stdout]    3:     0x5dfda3b51536 - std[617be2ca0a6fd877]::panicking::default_hook::{closure#0}
[INFO] [stdout]    4:     0x5dfda3b6eb89 - std[617be2ca0a6fd877]::panicking::default_hook
[INFO] [stdout]    5:     0x5dfda3982d70 - test[aada8e7e76ba119b]::test_main_inner::{closure#0}
[INFO] [stdout]    6:     0x5dfda3b6eeb2 - std[617be2ca0a6fd877]::panicking::panic_with_hook
[INFO] [stdout]    7:     0x5dfda3b515e2 - std[617be2ca0a6fd877]::panicking::panic_handler::{closure#0}
[INFO] [stdout]    8:     0x5dfda3b49f49 - std[617be2ca0a6fd877]::sys::backtrace::__rust_end_short_backtrace::<std[617be2ca0a6fd877]::panicking::panic_handler::{closure#0}, !>
[INFO] [stdout]    9:     0x5dfda3b522dd - __rustc[ea4f61d10b84890b]::rust_begin_unwind
[INFO] [stdout]   10:     0x5dfda3b90b6c - core[a373ad73a504971]::panicking::panic_fmt
[INFO] [stdout]   11:     0x5dfda3b90942 - core[a373ad73a504971]::result::unwrap_failed
[INFO] [stdout]   12:     0x5dfda3960072 - <wavepeek[6bca68459e5dd6d7]::waveform::ondas_backend::tests::fst_cached_trace_handles_reverse_and_repeated_times::{closure#0} as core[a373ad73a504971]::ops::function::FnOnce<()>>::call_once
[INFO] [stdout]   13:     0x5dfda39761bb - test[aada8e7e76ba119b]::__rust_begin_short_backtrace::<core[a373ad73a504971]::result::Result<(), alloc[2e1b2a31b91974c5]::string::String>, fn() -> core[a373ad73a504971]::result::Result<(), alloc[2e1b2a31b91974c5]::string::String>>
[INFO] [stdout]   14:     0x5dfda3983395 - test[aada8e7e76ba119b]::run_test::{closure#0}
[INFO] [stdout]   15:     0x5dfda397cc84 - std[617be2ca0a6fd877]::sys::backtrace::__rust_begin_short_backtrace::<test[aada8e7e76ba119b]::run_test::{closure#1}, ()>
[INFO] [stdout]   16:     0x5dfda3986422 - <std[617be2ca0a6fd877]::thread::lifecycle::spawn_unchecked<test[aada8e7e76ba119b]::run_test::{closure#1}, ()>::{closure#1} as core[a373ad73a504971]::ops::function::FnOnce<()>>::call_once::{shim:vtable#0}
[INFO] [stdout]   17:     0x5dfda3b76d8f - <std[617be2ca0a6fd877]::sys::thread::unix::Thread>::new::thread_start
[INFO] [stdout]   18:     0x7c5b2da5adfa - <unknown>
[INFO] [stdout]   19:     0x7c5b2daee3d4 - clone
[INFO] [stdout]   20:                0x0 - <unknown>
[INFO] [stdout] 
[INFO] [stdout] ---- waveform::ondas_backend::tests::fst_batch_array_alias_remains_ambiguous stdout ----
[INFO] [stdout] 
[INFO] [stdout] thread 'waveform::ondas_backend::tests::fst_batch_array_alias_remains_ambiguous' (3649) panicked at src/waveform/ondas_tests.rs:787:14:
[INFO] [stdout] called `Result::unwrap()` on an `Err` value: Os { code: 2, kind: NotFound, message: "No such file or directory" }
[INFO] [stdout] stack backtrace:
[INFO] [stdout]    0:     0x5dfda3b77e01 - <<std[617be2ca0a6fd877]::sys::backtrace::BacktraceLock>::print::DisplayBacktrace as core[a373ad73a504971]::fmt::Display>::fmt
[INFO] [stdout]    1:     0x5dfda3b9038a - core[a373ad73a504971]::fmt::write
[INFO] [stdout]    2:     0x5dfda3b7d02c - <alloc[2e1b2a31b91974c5]::vec::Vec<u8> as core[a373ad73a504971]::io::write::Write>::write_fmt
[INFO] [stdout]    3:     0x5dfda3b51536 - std[617be2ca0a6fd877]::panicking::default_hook::{closure#0}
[INFO] [stdout]    4:     0x5dfda3b6eb89 - std[617be2ca0a6fd877]::panicking::default_hook
[INFO] [stdout]    5:     0x5dfda3982d70 - test[aada8e7e76ba119b]::test_main_inner::{closure#0}
[INFO] [stdout]    6:     0x5dfda3b6eeb2 - std[617be2ca0a6fd877]::panicking::panic_with_hook
[INFO] [stdout]    7:     0x5dfda3b515e2 - std[617be2ca0a6fd877]::panicking::panic_handler::{closure#0}
[INFO] [stdout]    8:     0x5dfda3b49f49 - std[617be2ca0a6fd877]::sys::backtrace::__rust_end_short_backtrace::<std[617be2ca0a6fd877]::panicking::panic_handler::{closure#0}, !>
[INFO] [stdout]    9:     0x5dfda3b522dd - __rustc[ea4f61d10b84890b]::rust_begin_unwind
[INFO] [stdout]   10:     0x5dfda3b90b6c - core[a373ad73a504971]::panicking::panic_fmt
[INFO] [stdout]   11:     0x5dfda3b90942 - core[a373ad73a504971]::result::unwrap_failed
[INFO] [stdout]   12:     0x5dfda3955dd8 - <wavepeek[6bca68459e5dd6d7]::waveform::ondas_backend::tests::fst_batch_array_alias_remains_ambiguous::{closure#0} as core[a373ad73a504971]::ops::function::FnOnce<()>>::call_once
[INFO] [stdout]   13:     0x5dfda39761bb - test[aada8e7e76ba119b]::__rust_begin_short_backtrace::<core[a373ad73a504971]::result::Result<(), alloc[2e1b2a31b91974c5]::string::String>, fn() -> core[a373ad73a504971]::result::Result<(), alloc[2e1b2a31b91974c5]::string::String>>
[INFO] [stdout]   14:     0x5dfda3983395 - test[aada8e7e76ba119b]::run_test::{closure#0}
[INFO] [stdout]   15:     0x5dfda397cc84 - std[617be2ca0a6fd877]::sys::backtrace::__rust_begin_short_backtrace::<test[aada8e7e76ba119b]::run_test::{closure#1}, ()>
[INFO] [stdout]   16:     0x5dfda3986422 - <std[617be2ca0a6fd877]::thread::lifecycle::spawn_unchecked<test[aada8e7e76ba119b]::run_test::{closure#1}, ()>::{closure#1} as core[a373ad73a504971]::ops::function::FnOnce<()>>::call_once::{shim:vtable#0}
[INFO] [stdout]   17:     0x5dfda3b76d8f - <std[617be2ca0a6fd877]::sys::thread::unix::Thread>::new::thread_start
[INFO] [stdout]   18:     0x7c5b2da5adfa - <unknown>
[INFO] [stdout]   19:     0x7c5b2daee3d4 - clone
[INFO] [stdout]   20:                0x0 - <unknown>
[INFO] [stdout] 
[INFO] [stdout] ---- waveform::ondas_backend::tests::escaped_unpacked_array_keeps_escape_on_base_component stdout ----
[INFO] [stdout] 
[INFO] [stdout] thread 'waveform::ondas_backend::tests::escaped_unpacked_array_keeps_escape_on_base_component' (3645) panicked at src/waveform/ondas_tests.rs:1780:14:
[INFO] [stdout] called `Result::unwrap()` on an `Err` value: Os { code: 2, kind: NotFound, message: "No such file or directory" }
[INFO] [stdout] stack backtrace:
[INFO] [stdout]    0:     0x5dfda3b77e01 - <<std[617be2ca0a6fd877]::sys::backtrace::BacktraceLock>::print::DisplayBacktrace as core[a373ad73a504971]::fmt::Display>::fmt
[INFO] [stdout]    1:     0x5dfda3b9038a - core[a373ad73a504971]::fmt::write
[INFO] [stdout]    2:     0x5dfda3b7d02c - <alloc[2e1b2a31b91974c5]::vec::Vec<u8> as core[a373ad73a504971]::io::write::Write>::write_fmt
[INFO] [stdout]    3:     0x5dfda3b51536 - std[617be2ca0a6fd877]::panicking::default_hook::{closure#0}
[INFO] [stdout]    4:     0x5dfda3b6eb89 - std[617be2ca0a6fd877]::panicking::default_hook
[INFO] [stdout]    5:     0x5dfda3982d70 - test[aada8e7e76ba119b]::test_main_inner::{closure#0}
[INFO] [stdout]    6:     0x5dfda3b6eeb2 - std[617be2ca0a6fd877]::panicking::panic_with_hook
[INFO] [stdout]    7:     0x5dfda3b515e2 - std[617be2ca0a6fd877]::panicking::panic_handler::{closure#0}
[INFO] [stdout]    8:     0x5dfda3b49f49 - std[617be2ca0a6fd877]::sys::backtrace::__rust_end_short_backtrace::<std[617be2ca0a6fd877]::panicking::panic_handler::{closure#0}, !>
[INFO] [stdout]    9:     0x5dfda3b522dd - __rustc[ea4f61d10b84890b]::rust_begin_unwind
[INFO] [stdout]   10:     0x5dfda3b90b6c - core[a373ad73a504971]::panicking::panic_fmt
[INFO] [stdout]   11:     0x5dfda3b90942 - core[a373ad73a504971]::result::unwrap_failed
[INFO] [stdout]   12:     0x5dfda3963061 - <wavepeek[6bca68459e5dd6d7]::waveform::ondas_backend::tests::escaped_unpacked_array_keeps_escape_on_base_component::{closure#0} as core[a373ad73a504971]::ops::function::FnOnce<()>>::call_once
[INFO] [stdout]   13:     0x5dfda39761bb - test[aada8e7e76ba119b]::__rust_begin_short_backtrace::<core[a373ad73a504971]::result::Result<(), alloc[2e1b2a31b91974c5]::string::String>, fn() -> core[a373ad73a504971]::result::Result<(), alloc[2e1b2a31b91974c5]::string::String>>
[INFO] [stdout]   14:     0x5dfda3983395 - test[aada8e7e76ba119b]::run_test::{closure#0}
[INFO] [stdout]   15:     0x5dfda397cc84 - std[617be2ca0a6fd877]::sys::backtrace::__rust_begin_short_backtrace::<test[aada8e7e76ba119b]::run_test::{closure#1}, ()>
[INFO] [stdout]   16:     0x5dfda3986422 - <std[617be2ca0a6fd877]::thread::lifecycle::spawn_unchecked<test[aada8e7e76ba119b]::run_test::{closure#1}, ()>::{closure#1} as core[a373ad73a504971]::ops::function::FnOnce<()>>::call_once::{shim:vtable#0}
[INFO] [stdout]   17:     0x5dfda3b76d8f - <std[617be2ca0a6fd877]::sys::thread::unix::Thread>::new::thread_start
[INFO] [stdout]   18:     0x7c5b2da5adfa - <unknown>
[INFO] [stdout]   19:     0x7c5b2daee3d4 - clone
[INFO] [stdout]   20:                0x0 - <unknown>
[INFO] [stdout] 
[INFO] [stdout] ---- waveform::ondas_backend::tests::fst_batch_selects_same_leaf_under_distinct_parents stdout ----
[INFO] [stdout] 
[INFO] [stdout] thread 'waveform::ondas_backend::tests::fst_batch_selects_same_leaf_under_distinct_parents' (3650) panicked at src/waveform/ondas_tests.rs:714:14:
[INFO] [stdout] called `Result::unwrap()` on an `Err` value: Os { code: 2, kind: NotFound, message: "No such file or directory" }
[INFO] [stdout] stack backtrace:
[INFO] [stdout]    0:     0x5dfda3b77e01 - <<std[617be2ca0a6fd877]::sys::backtrace::BacktraceLock>::print::DisplayBacktrace as core[a373ad73a504971]::fmt::Display>::fmt
[INFO] [stdout]    1:     0x5dfda3b9038a - core[a373ad73a504971]::fmt::write
[INFO] [stdout]    2:     0x5dfda3b7d02c - <alloc[2e1b2a31b91974c5]::vec::Vec<u8> as core[a373ad73a504971]::io::write::Write>::write_fmt
[INFO] [stdout]    3:     0x5dfda3b51536 - std[617be2ca0a6fd877]::panicking::default_hook::{closure#0}
[INFO] [stdout]    4:     0x5dfda3b6eb89 - std[617be2ca0a6fd877]::panicking::default_hook
[INFO] [stdout]    5:     0x5dfda3982d70 - test[aada8e7e76ba119b]::test_main_inner::{closure#0}
[INFO] [stdout]    6:     0x5dfda3b6eeb2 - std[617be2ca0a6fd877]::panicking::panic_with_hook
[INFO] [stdout]    7:     0x5dfda3b515e2 - std[617be2ca0a6fd877]::panicking::panic_handler::{closure#0}
[INFO] [stdout]    8:     0x5dfda3b49f49 - std[617be2ca0a6fd877]::sys::backtrace::__rust_end_short_backtrace::<std[617be2ca0a6fd877]::panicking::panic_handler::{closure#0}, !>
[INFO] [stdout]    9:     0x5dfda3b522dd - __rustc[ea4f61d10b84890b]::rust_begin_unwind
[INFO] [stdout]   10:     0x5dfda3b90b6c - core[a373ad73a504971]::panicking::panic_fmt
[INFO] [stdout]   11:     0x5dfda3b90942 - core[a373ad73a504971]::result::unwrap_failed
[INFO] [stdout]   12:     0x5dfda395e34d - <wavepeek[6bca68459e5dd6d7]::waveform::ondas_backend::tests::fst_batch_selects_same_leaf_under_distinct_parents::{closure#0} as core[a373ad73a504971]::ops::function::FnOnce<()>>::call_once
[INFO] [stdout]   13:     0x5dfda39761bb - test[aada8e7e76ba119b]::__rust_begin_short_backtrace::<core[a373ad73a504971]::result::Result<(), alloc[2e1b2a31b91974c5]::string::String>, fn() -> core[a373ad73a504971]::result::Result<(), alloc[2e1b2a31b91974c5]::string::String>>
[INFO] [stdout]   14:     0x5dfda3983395 - test[aada8e7e76ba119b]::run_test::{closure#0}
[INFO] [stdout]   15:     0x5dfda397cc84 - std[617be2ca0a6fd877]::sys::backtrace::__rust_begin_short_backtrace::<test[aada8e7e76ba119b]::run_test::{closure#1}, ()>
[INFO] [stdout]   16:     0x5dfda3986422 - <std[617be2ca0a6fd877]::thread::lifecycle::spawn_unchecked<test[aada8e7e76ba119b]::run_test::{closure#1}, ()>::{closure#1} as core[a373ad73a504971]::ops::function::FnOnce<()>>::call_once::{shim:vtable#0}
[INFO] [stdout]   17:     0x5dfda3b76d8f - <std[617be2ca0a6fd877]::sys::thread::unix::Thread>::new::thread_start
[INFO] [stdout]   18:     0x7c5b2da5adfa - <unknown>
[INFO] [stdout]   19:     0x7c5b2daee3d4 - clone
[INFO] [stdout]   20:                0x0 - <unknown>
[INFO] [stdout] 
[INFO] [stdout] 
[INFO] [stdout] failures:
[INFO] [stdout]     waveform::expr_host::tests::waveform_expr_host_distinguishes_triggered_signal_suffix_from_raw_event_call
[INFO] [stdout]     waveform::expr_host::tests::waveform_expr_host_supports_recovered_bit_vector_cast_on_vcd_and_fst
[INFO] [stdout]     waveform::ondas_backend::tests::escaped_unpacked_array_keeps_escape_on_base_component
[INFO] [stdout]     waveform::ondas_backend::tests::fst_batch_array_alias_remains_ambiguous
[INFO] [stdout]     waveform::ondas_backend::tests::fst_batch_selects_same_leaf_under_distinct_parents
[INFO] [stdout]     waveform::ondas_backend::tests::fst_batch_value_selection_keeps_full_index_lazy
[INFO] [stdout]     waveform::ondas_backend::tests::fst_cached_trace_handles_reverse_and_repeated_times
[INFO] [stdout]     waveform::ondas_backend::tests::fst_expression_signal_does_not_build_full_index
[INFO] [stdout]     waveform::ondas_backend::tests::fst_queries_share_file_and_byte_loading
[INFO] [stdout]     waveform::ondas_backend::tests::fst_scope_only_does_not_build_full_index
[INFO] [stdout]     waveform::ondas_backend::tests::fst_single_exact_signal_does_not_build_full_index
[INFO] [stdout] 
[INFO] [stdout] test result: FAILED. 655 passed; 11 failed; 0 ignored; 0 measured; 0 filtered out; finished in 0.13s
[INFO] [stdout] 
[INFO] [stderr] error: test failed, to rerun pass `--lib`
[INFO] running `Command { std: "docker" "inspect" "cd6530def26739764bdb48dc39a4c52181baa01eaa88589729f6edf2f4f82d4d", kill_on_drop: false }`
[INFO] running `Command { std: "docker" "rm" "-f" "cd6530def26739764bdb48dc39a4c52181baa01eaa88589729f6edf2f4f82d4d", kill_on_drop: false }`
[INFO] [stdout] cd6530def26739764bdb48dc39a4c52181baa01eaa88589729f6edf2f4f82d4d
