[INFO] fetching crate watchdog_utils_II 0.6.1...
[INFO] testing watchdog_utils_II-0.6.1 against 1.99.0-beta.8+cargoflags=--release for beta-release-1.100-2
[INFO] extracting crate watchdog_utils_II 0.6.1 into /workspace/builds/worker-6-tc1/source
[INFO] started tweaking crates.io crate watchdog_utils_II 0.6.1
[INFO] finished tweaking crates.io crate watchdog_utils_II 0.6.1
[INFO] tweaked toml for crates.io crate watchdog_utils_II 0.6.1 written to /workspace/builds/worker-6-tc1/source/Cargo.toml
[INFO] validating manifest of crates.io crate watchdog_utils_II 0.6.1 on toolchain 1.99.0-beta.8
[INFO] running `Command { std: CARGO_HOME="/workspace/cargo-home" RUSTUP_HOME="/workspace/rustup-home" "/workspace/cargo-home/bin/cargo" "+1.99.0-beta.8" "metadata" "--manifest-path" "Cargo.toml" "--no-deps", kill_on_drop: false }`
[INFO] crate crates.io crate watchdog_utils_II 0.6.1 already has a lockfile, it will not be regenerated
[INFO] running `Command { std: CARGO_HOME="/workspace/cargo-home" RUSTUP_HOME="/workspace/rustup-home" "/workspace/cargo-home/bin/cargo" "+1.99.0-beta.8" "fetch" "--manifest-path" "Cargo.toml", kill_on_drop: false }`
[INFO] [stderr]  Downloading crates ...
[INFO] [stderr]   Downloaded io-uring v0.7.10
[INFO] [stderr]   Downloaded rustc-demangle v0.1.26
[INFO] [stderr]   Downloaded socket2 v0.6.0
[INFO] [stderr]   Downloaded potential_utf v0.1.3
[INFO] [stderr]   Downloaded zerovec v0.11.4
[INFO] [stderr]   Downloaded reqwest v0.12.23
[INFO] [stderr]   Downloaded libc v0.2.176
[INFO] [stderr]   Downloaded tokio v1.47.1
[INFO] [stderr]   Downloaded find-msvc-tools v0.1.3
[INFO] [stderr]   Downloaded wasi v0.14.7+wasi-0.2.4
[INFO] [stderr]   Downloaded cc v1.2.40
[INFO] [stderr]   Downloaded windows-registry v0.5.3
[INFO] [stderr]   Downloaded tokio-util v0.7.16
[INFO] [stderr]   Downloaded rustls v0.23.32
[INFO] [stderr]   Downloaded rustls-webpki v0.103.7
[INFO] [stderr]   Downloaded regex v1.11.3
[INFO] [stderr]   Downloaded regex-syntax v0.8.6
[INFO] [stderr]   Downloaded regex-automata v0.4.11
[INFO] running `Command { std: "docker" "create" "-v" "/var/lib/crater-agent-workspace/builds/worker-6-tc1/source:/opt/rustwide/workdir:ro,Z" "-v" "/var/lib/crater-agent-workspace/builds/worker-6-tc1/target:/opt/rustwide/target:rw,Z" "-v" "/var/lib/crater-agent-workspace/cargo-home:/opt/rustwide/cargo-home:ro,Z" "-v" "/var/lib/crater-agent-workspace/rustup-home:/opt/rustwide/rustup-home:ro,Z" "-m" "1610612736" "--network" "none" "ghcr.io/rust-lang/crates-build-env/linux@sha256:77db811e55d90add9212f6832c23229e3de5f1c1f9905e8cb07319ea15df73ac" "sleep" "infinity", kill_on_drop: false }`
[INFO] [stdout] 1922c9adcca82afdc4f16e64824ae0028a7c13392011ecb30e0f7573478b9139
[INFO] running `Command { std: "docker" "start" "1922c9adcca82afdc4f16e64824ae0028a7c13392011ecb30e0f7573478b9139", kill_on_drop: false }`
[INFO] running `Command { std: "docker" "inspect" "1922c9adcca82afdc4f16e64824ae0028a7c13392011ecb30e0f7573478b9139", kill_on_drop: false }`
[INFO] running `Command { std: "docker" "exec" "-e" "SOURCE_DIR=/opt/rustwide/workdir" "-e" "CARGO_HOME=/opt/rustwide/cargo-home" "-e" "RUSTUP_HOME=/opt/rustwide/rustup-home" "-e" "CARGO_TARGET_DIR=/opt/rustwide/target" "-w" "/opt/rustwide/workdir" "--user" "0:0" "1922c9adcca82afdc4f16e64824ae0028a7c13392011ecb30e0f7573478b9139" "/opt/rustwide/cargo-home/bin/cargo" "+1.99.0-beta.8" "metadata" "--no-deps" "--format-version=1", kill_on_drop: false }`
[INFO] running `Command { std: "docker" "inspect" "1922c9adcca82afdc4f16e64824ae0028a7c13392011ecb30e0f7573478b9139", kill_on_drop: false }`
[INFO] running `Command { std: "docker" "exec" "-e" "SOURCE_DIR=/opt/rustwide/workdir" "-e" "CARGO_HOME=/opt/rustwide/cargo-home" "-e" "RUSTUP_HOME=/opt/rustwide/rustup-home" "-e" "CARGO_TARGET_DIR=/opt/rustwide/target" "-e" "CARGO_INCREMENTAL=0" "-e" "RUST_BACKTRACE=full" "-e" "RUSTFLAGS=--cap-lints=warn" "-e" "RUSTDOCFLAGS=--cap-lints=warn" "-w" "/opt/rustwide/workdir" "--user" "0:0" "1922c9adcca82afdc4f16e64824ae0028a7c13392011ecb30e0f7573478b9139" "/opt/rustwide/cargo-home/bin/cargo" "+1.99.0-beta.8" "build" "--frozen" "--message-format=json" "--release", kill_on_drop: false }`
[INFO] [stderr]    Compiling quote v1.0.41
[INFO] [stderr]    Compiling libc v0.2.176
[INFO] [stderr]    Compiling stable_deref_trait v1.2.0
[INFO] [stderr]    Compiling bytes v1.10.1
[INFO] [stderr]    Compiling futures-core v0.3.31
[INFO] [stderr]    Compiling itoa v1.0.15
[INFO] [stderr]    Compiling find-msvc-tools v0.1.3
[INFO] [stderr]    Compiling writeable v0.6.1
[INFO] [stderr]    Compiling litemap v0.8.0
[INFO] [stderr]    Compiling smallvec v1.15.1
[INFO] [stderr]    Compiling icu_normalizer_data v2.0.0
[INFO] [stderr]    Compiling pin-utils v0.1.0
[INFO] [stderr]    Compiling icu_properties_data v2.0.1
[INFO] [stderr]    Compiling tracing-core v0.1.34
[INFO] [stderr]    Compiling bitflags v2.9.4
[INFO] [stderr]    Compiling futures-task v0.3.31
[INFO] [stderr]    Compiling openssl v0.10.73
[INFO] [stderr]    Compiling hashbrown v0.16.0
[INFO] [stderr]    Compiling cfg-if v1.0.3
[INFO] [stderr]    Compiling futures-sink v0.3.31
[INFO] [stderr]    Compiling futures-util v0.3.31
[INFO] [stderr]    Compiling native-tls v0.2.14
[INFO] [stderr]    Compiling memchr v2.7.6
[INFO] [stderr]    Compiling slab v0.4.11
[INFO] [stderr]    Compiling futures-channel v0.3.31
[INFO] [stderr]    Compiling cc v1.2.40
[INFO] [stderr]    Compiling openssl-probe v0.1.6
[INFO] [stderr]    Compiling form_urlencoded v1.2.2
[INFO] [stderr]    Compiling sync_wrapper v1.0.2
[INFO] [stderr]    Compiling ipnet v2.11.0
[INFO] [stderr]    Compiling syn v2.0.106
[INFO] [stderr]    Compiling tower-layer v0.3.3
[INFO] [stderr]    Compiling ryu v1.0.20
[INFO] [stderr]    Compiling serde_json v1.0.145
[INFO] [stderr]    Compiling anyhow v1.0.100
[INFO] [stderr]    Compiling regex-syntax v0.8.6
[INFO] [stderr]    Compiling iri-string v0.7.8
[INFO] [stderr]    Compiling indexmap v2.11.4
[INFO] [stderr]    Compiling http v1.3.1
[INFO] [stderr]    Compiling rustls-pki-types v1.12.0
[INFO] [stderr]    Compiling tracing v0.1.41
[INFO] [stderr]    Compiling aho-corasick v1.1.3
[INFO] [stderr]    Compiling encoding_rs v0.8.35
[INFO] [stderr]    Compiling mime v0.3.17
[INFO] [stderr]    Compiling socket2 v0.6.0
[INFO] [stderr]    Compiling mio v1.0.4
[INFO] [stderr]    Compiling openssl-sys v0.9.109
[INFO] [stderr]    Compiling http-body v1.0.1
[INFO] [stderr]    Compiling http-body-util v0.1.3
[INFO] [stderr]    Compiling tokio v1.47.1
[INFO] [stderr]    Compiling regex-automata v0.4.11
[INFO] [stderr]    Compiling synstructure v0.13.2
[INFO] [stderr]    Compiling zerofrom-derive v0.1.6
[INFO] [stderr]    Compiling yoke-derive v0.8.0
[INFO] [stderr]    Compiling zerovec-derive v0.11.1
[INFO] [stderr]    Compiling displaydoc v0.2.5
[INFO] [stderr]    Compiling openssl-macros v0.1.1
[INFO] [stderr]    Compiling serde_derive v1.0.228
[INFO] [stderr]    Compiling regex v1.11.3
[INFO] [stderr]    Compiling zerofrom v0.1.6
[INFO] [stderr]    Compiling yoke v0.8.0
[INFO] [stderr]    Compiling zerovec v0.11.4
[INFO] [stderr]    Compiling zerotrie v0.2.2
[INFO] [stderr]    Compiling tokio-util v0.7.16
[INFO] [stderr]    Compiling tower v0.5.2
[INFO] [stderr]    Compiling h2 v0.4.12
[INFO] [stderr]    Compiling tower-http v0.6.6
[INFO] [stderr]    Compiling serde v1.0.228
[INFO] [stderr]    Compiling tinystr v0.8.1
[INFO] [stderr]    Compiling potential_utf v0.1.3
[INFO] [stderr]    Compiling icu_collections v2.0.0
[INFO] [stderr]    Compiling icu_locale_core v2.0.0
[INFO] [stderr]    Compiling tokio-native-tls v0.3.1
[INFO] [stderr]    Compiling serde_urlencoded v0.7.1
[INFO] [stderr]    Compiling icu_provider v2.0.0
[INFO] [stderr]    Compiling icu_normalizer v2.0.0
[INFO] [stderr]    Compiling icu_properties v2.0.1
[INFO] [stderr]    Compiling idna_adapter v1.2.1
[INFO] [stderr]    Compiling idna v1.1.0
[INFO] [stderr]    Compiling url v2.5.7
[INFO] [stderr]    Compiling hyper v1.7.0
[INFO] [stderr]    Compiling hyper-util v0.1.17
[INFO] [stderr]    Compiling hyper-tls v0.6.0
[INFO] [stderr]    Compiling reqwest v0.12.23
[INFO] [stderr]    Compiling watchdog_utils_II v0.6.1 (/opt/rustwide/workdir)
[INFO] [stderr]     Finished `release` profile [optimized] target(s) in 1m 10s
[INFO] running `Command { std: "docker" "inspect" "1922c9adcca82afdc4f16e64824ae0028a7c13392011ecb30e0f7573478b9139", kill_on_drop: false }`
[INFO] running `Command { std: "docker" "exec" "-e" "SOURCE_DIR=/opt/rustwide/workdir" "-e" "CARGO_HOME=/opt/rustwide/cargo-home" "-e" "RUSTUP_HOME=/opt/rustwide/rustup-home" "-e" "CARGO_TARGET_DIR=/opt/rustwide/target" "-e" "CARGO_INCREMENTAL=0" "-e" "RUST_BACKTRACE=full" "-e" "RUSTFLAGS=--cap-lints=warn" "-e" "RUSTDOCFLAGS=--cap-lints=warn" "-w" "/opt/rustwide/workdir" "--user" "0:0" "1922c9adcca82afdc4f16e64824ae0028a7c13392011ecb30e0f7573478b9139" "/opt/rustwide/cargo-home/bin/cargo" "+1.99.0-beta.8" "test" "--frozen" "--no-run" "--message-format=json" "--release", kill_on_drop: false }`
[INFO] [stderr]    Compiling watchdog_utils_II v0.6.1 (/opt/rustwide/workdir)
[INFO] [stderr]     Finished `release` profile [optimized] target(s) in 8.87s
[INFO] running `Command { std: "docker" "inspect" "1922c9adcca82afdc4f16e64824ae0028a7c13392011ecb30e0f7573478b9139", kill_on_drop: false }`
[INFO] running `Command { std: "docker" "exec" "-e" "SOURCE_DIR=/opt/rustwide/workdir" "-e" "CARGO_HOME=/opt/rustwide/cargo-home" "-e" "RUSTUP_HOME=/opt/rustwide/rustup-home" "-e" "CARGO_TARGET_DIR=/opt/rustwide/target" "-e" "CARGO_INCREMENTAL=0" "-e" "RUST_BACKTRACE=full" "-e" "RUSTFLAGS=--cap-lints=warn" "-e" "RUSTDOCFLAGS=--cap-lints=warn" "-w" "/opt/rustwide/workdir" "--user" "0:0" "1922c9adcca82afdc4f16e64824ae0028a7c13392011ecb30e0f7573478b9139" "/opt/rustwide/cargo-home/bin/cargo" "+1.99.0-beta.8" "test" "--frozen" "--release", kill_on_drop: false }`
[INFO] [stderr]     Finished `release` profile [optimized] target(s) in 0.14s
[INFO] [stderr]      Running unittests src/lib.rs (/opt/rustwide/target/release/deps/watchdog_utils_II-3857c22b962046dd)
[INFO] [stdout] 
[INFO] [stdout] running 22 tests
[INFO] [stdout] test services::user_service::tests::add_user_to_group_disabled_docker_test ... ignored
[INFO] [stdout] test services::user_service::tests::add_user_to_group_docker_test ... ignored
[INFO] [stdout] test services::user_service::tests::create_user_disabled_docker_test ... ignored
[INFO] [stdout] test services::user_service::tests::create_user_docker_test ... ignored
[INFO] [stdout] test services::user_service::tests::delete_user_disabled_docker_test ... ignored
[INFO] [stdout] test services::user_service::tests::delete_user_docker_test ... ignored
[INFO] [stdout] test services::user_service::tests::remove_user_from_group_docker_test ... ignored
[INFO] [stdout] test services::github_service::tests::extract_diff_parts_multi_add_grp_test ... ok
[INFO] [stdout] test services::github_service::tests::get_users_projects_test ... FAILED
[INFO] [stdout] test utils::cache_utils::tests::sync_full_cache_test ... FAILED
[INFO] [stdout] test services::github_service::tests::extract_diff_parts_del_grp_test ... ok
[INFO] [stdout] test utils::cache_utils::tests::update_local_cache_add_new_group_test ... FAILED
[INFO] [stdout] test utils::cache_utils::tests::update_local_cache_add_group_test ... FAILED
[INFO] [stdout] test utils::cache_utils::tests::update_local_cache_add_user_test ... FAILED
[INFO] [stdout] test services::github_service::tests::get_users_multi_projects_test ... FAILED
[INFO] [stdout] test utils::cache_utils::tests::update_local_cache_del_group_test ... FAILED
[INFO] [stdout] test utils::cache_utils::tests::update_local_cache_delete_user_test ... FAILED
[INFO] [stdout] test services::github_service::tests::extract_diff_parts_add_grp_test ... ok
[INFO] [stdout] test services::github_service::tests::extract_diff_parts_multi_del_grp_test ... ok
[INFO] [stdout] test services::github_service::tests::extract_diff_parts_del_user_test ... ok
[INFO] [stdout] test services::github_service::tests::extract_diff_parts_add_user_test ... ok
[INFO] [stdout] test services::github_service::tests::extract_diff_parts_add_del_grp_test ... ok
[INFO] [stdout] 
[INFO] [stdout] failures:
[INFO] [stdout] 
[INFO] [stdout] ---- services::github_service::tests::get_users_projects_test stdout ----
[INFO] [stdout] 
[INFO] [stdout] thread 'services::github_service::tests::get_users_projects_test' (1811) panicked at src/config.rs:69:39:
[INFO] [stdout] token not found in .env: NotPresent
[INFO] [stdout] stack backtrace:
[INFO] [stdout]    0:     0x637e76d09b01 - <<std[70759c8f55707aa4]::sys::backtrace::BacktraceLock>::print::DisplayBacktrace as core[df12db4294e9bfd3]::fmt::Display>::fmt
[INFO] [stdout]    1:     0x637e76d207ba - core[df12db4294e9bfd3]::fmt::write
[INFO] [stdout]    2:     0x637e76d0e98c - <alloc[2182bb758b4b3781]::vec::Vec<u8> as core[df12db4294e9bfd3]::io::write::Write>::write_fmt
[INFO] [stdout]    3:     0x637e76ce2ff6 - std[70759c8f55707aa4]::panicking::default_hook::{closure#0}
[INFO] [stdout]    4:     0x637e76d009c9 - std[70759c8f55707aa4]::panicking::default_hook
[INFO] [stdout]    5:     0x637e76a94230 - test[9d35eded1c95d3be]::test_main_inner::<test[9d35eded1c95d3be]::test_main_static::{closure#0}>::{closure#0}
[INFO] [stdout]    6:     0x637e76d00cf2 - std[70759c8f55707aa4]::panicking::panic_with_hook
[INFO] [stdout]    7:     0x637e76ce30a2 - std[70759c8f55707aa4]::panicking::panic_handler::{closure#0}
[INFO] [stdout]    8:     0x637e76cdb869 - std[70759c8f55707aa4]::sys::backtrace::__rust_end_short_backtrace::<std[70759c8f55707aa4]::panicking::panic_handler::{closure#0}, !>
[INFO] [stdout]    9:     0x637e76ce3f2d - __rustc[8fa7c3cbc660c2b3]::rust_begin_unwind
[INFO] [stdout]   10:     0x637e76d20f9c - core[df12db4294e9bfd3]::panicking::panic_fmt
[INFO] [stdout]   11:     0x637e76d20d72 - core[df12db4294e9bfd3]::result::unwrap_failed
[INFO] [stdout]   12:     0x637e76a78a37 - watchdog_utils_II[cc556ce229e4bb6]::config::test_init
[INFO] [stdout]   13:     0x637e76a8166c - watchdog_utils_II[cc556ce229e4bb6]::services::github_service::tests::get_users_projects_test
[INFO] [stdout]   14:     0x637e76a748e9 - <watchdog_utils_II[cc556ce229e4bb6]::services::github_service::tests::get_users_projects_test::{closure#0} as core[df12db4294e9bfd3]::ops::function::FnOnce<()>>::call_once
[INFO] [stdout]   15:     0x637e76a8751b - test[9d35eded1c95d3be]::__rust_begin_short_backtrace::<core[df12db4294e9bfd3]::result::Result<(), alloc[2182bb758b4b3781]::string::String>, fn() -> core[df12db4294e9bfd3]::result::Result<(), alloc[2182bb758b4b3781]::string::String>>
[INFO] [stdout]   16:     0x637e76a94b85 - test[9d35eded1c95d3be]::run_test::{closure#0}
[INFO] [stdout]   17:     0x637e76a8e444 - std[70759c8f55707aa4]::sys::backtrace::__rust_begin_short_backtrace::<test[9d35eded1c95d3be]::run_test::{closure#1}, ()>
[INFO] [stdout]   18:     0x637e76a97ce2 - <std[70759c8f55707aa4]::thread::lifecycle::spawn_unchecked<test[9d35eded1c95d3be]::run_test::{closure#1}, ()>::{closure#1} as core[df12db4294e9bfd3]::ops::function::FnOnce<()>>::call_once::{shim:vtable#0}
[INFO] [stdout]   19:     0x637e76d08ac9 - <std[70759c8f55707aa4]::sys::thread::unix::Thread>::new::thread_start
[INFO] [stdout]   20:     0x72f6acdf7dfa - <unknown>
[INFO] [stdout]   21:     0x72f6ace8b3d4 - clone
[INFO] [stdout]   22:                0x0 - <unknown>
[INFO] [stdout] 
[INFO] [stdout] ---- utils::cache_utils::tests::sync_full_cache_test stdout ----
[INFO] [stdout] 
[INFO] [stdout] thread 'utils::cache_utils::tests::sync_full_cache_test' (1812) panicked at src/config.rs:69:39:
[INFO] [stdout] token not found in .env: NotPresent
[INFO] [stdout] stack backtrace:
[INFO] [stdout]    0:     0x637e76d09b01 - <<std[70759c8f55707aa4]::sys::backtrace::BacktraceLock>::print::DisplayBacktrace as core[df12db4294e9bfd3]::fmt::Display>::fmt
[INFO] [stdout]    1:     0x637e76d207ba - core[df12db4294e9bfd3]::fmt::write
[INFO] [stdout]    2:     0x637e76d0e98c - <alloc[2182bb758b4b3781]::vec::Vec<u8> as core[df12db4294e9bfd3]::io::write::Write>::write_fmt
[INFO] [stdout]    3:     0x637e76ce2ff6 - std[70759c8f55707aa4]::panicking::default_hook::{closure#0}
[INFO] [stdout]    4:     0x637e76d009c9 - std[70759c8f55707aa4]::panicking::default_hook
[INFO] [stdout]    5:     0x637e76a94230 - test[9d35eded1c95d3be]::test_main_inner::<test[9d35eded1c95d3be]::test_main_static::{closure#0}>::{closure#0}
[INFO] [stdout]    6:     0x637e76d00cf2 - std[70759c8f55707aa4]::panicking::panic_with_hook
[INFO] [stdout]    7:     0x637e76ce30a2 - std[70759c8f55707aa4]::panicking::panic_handler::{closure#0}
[INFO] [stdout]    8:     0x637e76cdb869 - std[70759c8f55707aa4]::sys::backtrace::__rust_end_short_backtrace::<std[70759c8f55707aa4]::panicking::panic_handler::{closure#0}, !>
[INFO] [stdout]    9:     0x637e76ce3f2d - __rustc[8fa7c3cbc660c2b3]::rust_begin_unwind
[INFO] [stdout]   10:     0x637e76d20f9c - core[df12db4294e9bfd3]::panicking::panic_fmt
[INFO] [stdout]   11:     0x637e76d20d72 - core[df12db4294e9bfd3]::result::unwrap_failed
[INFO] [stdout]   12:     0x637e76a78a37 - watchdog_utils_II[cc556ce229e4bb6]::config::test_init
[INFO] [stdout]   13:     0x637e76a70fe1 - watchdog_utils_II[cc556ce229e4bb6]::utils::cache_utils::tests::sync_full_cache_test
[INFO] [stdout]   14:     0x637e76a74209 - <watchdog_utils_II[cc556ce229e4bb6]::utils::cache_utils::tests::sync_full_cache_test::{closure#0} as core[df12db4294e9bfd3]::ops::function::FnOnce<()>>::call_once
[INFO] [stdout]   15:     0x637e76a8751b - test[9d35eded1c95d3be]::__rust_begin_short_backtrace::<core[df12db4294e9bfd3]::result::Result<(), alloc[2182bb758b4b3781]::string::String>, fn() -> core[df12db4294e9bfd3]::result::Result<(), alloc[2182bb758b4b3781]::string::String>>
[INFO] [stdout]   16:     0x637e76a94b85 - test[9d35eded1c95d3be]::run_test::{closure#0}
[INFO] [stdout]   17:     0x637e76a8e444 - std[70759c8f55707aa4]::sys::backtrace::__rust_begin_short_backtrace::<test[9d35eded1c95d3be]::run_test::{closure#1}, ()>
[INFO] [stdout]   18:     0x637e76a97ce2 - <std[70759c8f55707aa4]::thread::lifecycle::spawn_unchecked<test[9d35eded1c95d3be]::run_test::{closure#1}, ()>::{closure#1} as core[df12db4294e9bfd3]::ops::function::FnOnce<()>>::call_once::{shim:vtable#0}
[INFO] [stdout]   19:     0x637e76d08ac9 - <std[70759c8f55707aa4]::sys::thread::unix::Thread>::new::thread_start
[INFO] [stdout]   20:     0x72f6acdf7dfa - <unknown>
[INFO] [stdout]   21:     0x72f6ace8b3d4 - clone
[INFO] [stdout]   22:                0x0 - <unknown>
[INFO] [stdout] 
[INFO] [stdout] ---- utils::cache_utils::tests::update_local_cache_add_new_group_test stdout ----
[INFO] [stdout] 
[INFO] [stdout] thread 'utils::cache_utils::tests::update_local_cache_add_new_group_test' (1814) panicked at src/config.rs:69:39:
[INFO] [stdout] token not found in .env: NotPresent
[INFO] [stdout] stack backtrace:
[INFO] [stdout]    0:     0x637e76d09b01 - <<std[70759c8f55707aa4]::sys::backtrace::BacktraceLock>::print::DisplayBacktrace as core[df12db4294e9bfd3]::fmt::Display>::fmt
[INFO] [stdout]    1:     0x637e76d207ba - core[df12db4294e9bfd3]::fmt::write
[INFO] [stdout]    2:     0x637e76d0e98c - <alloc[2182bb758b4b3781]::vec::Vec<u8> as core[df12db4294e9bfd3]::io::write::Write>::write_fmt
[INFO] [stdout]    3:     0x637e76ce2ff6 - std[70759c8f55707aa4]::panicking::default_hook::{closure#0}
[INFO] [stdout]    4:     0x637e76d009c9 - std[70759c8f55707aa4]::panicking::default_hook
[INFO] [stdout]    5:     0x637e76a94230 - test[9d35eded1c95d3be]::test_main_inner::<test[9d35eded1c95d3be]::test_main_static::{closure#0}>::{closure#0}
[INFO] [stdout]    6:     0x637e76d00cf2 - std[70759c8f55707aa4]::panicking::panic_with_hook
[INFO] [stdout]    7:     0x637e76ce30a2 - std[70759c8f55707aa4]::panicking::panic_handler::{closure#0}
[INFO] [stdout]    8:     0x637e76cdb869 - std[70759c8f55707aa4]::sys::backtrace::__rust_end_short_backtrace::<std[70759c8f55707aa4]::panicking::panic_handler::{closure#0}, !>
[INFO] [stdout]    9:     0x637e76ce3f2d - __rustc[8fa7c3cbc660c2b3]::rust_begin_unwind
[INFO] [stdout]   10:     0x637e76d20f9c - core[df12db4294e9bfd3]::panicking::panic_fmt
[INFO] [stdout]   11:     0x637e76d20d72 - core[df12db4294e9bfd3]::result::unwrap_failed
[INFO] [stdout]   12:     0x637e76a78a37 - watchdog_utils_II[cc556ce229e4bb6]::config::test_init
[INFO] [stdout]   13:     0x637e76a71851 - watchdog_utils_II[cc556ce229e4bb6]::utils::cache_utils::tests::update_local_cache_add_new_group_test
[INFO] [stdout]   14:     0x637e76a742a9 - <watchdog_utils_II[cc556ce229e4bb6]::utils::cache_utils::tests::update_local_cache_add_new_group_test::{closure#0} as core[df12db4294e9bfd3]::ops::function::FnOnce<()>>::call_once
[INFO] [stdout]   15:     0x637e76a8751b - test[9d35eded1c95d3be]::__rust_begin_short_backtrace::<core[df12db4294e9bfd3]::result::Result<(), alloc[2182bb758b4b3781]::string::String>, fn() -> core[df12db4294e9bfd3]::result::Result<(), alloc[2182bb758b4b3781]::string::String>>
[INFO] [stdout]   16:     0x637e76a94b85 - test[9d35eded1c95d3be]::run_test::{closure#0}
[INFO] [stdout]   17:     0x637e76a8e444 - std[70759c8f55707aa4]::sys::backtrace::__rust_begin_short_backtrace::<test[9d35eded1c95d3be]::run_test::{closure#1}, ()>
[INFO] [stdout]   18:     0x637e76a97ce2 - <std[70759c8f55707aa4]::thread::lifecycle::spawn_unchecked<test[9d35eded1c95d3be]::run_test::{closure#1}, ()>::{closure#1} as core[df12db4294e9bfd3]::ops::function::FnOnce<()>>::call_once::{shim:vtable#0}
[INFO] [stdout]   19:     0x637e76d08ac9 - <std[70759c8f55707aa4]::sys::thread::unix::Thread>::new::thread_start
[INFO] [stdout]   20:     0x72f6acdf7dfa - <unknown>
[INFO] [stdout]   21:     0x72f6ace8b3d4 - clone
[INFO] [stdout]   22:                0x0 - <unknown>
[INFO] [stdout] 
[INFO] [stdout] ---- utils::cache_utils::tests::update_local_cache_add_group_test stdout ----
[INFO] [stdout] 
[INFO] [stdout] thread 'utils::cache_utils::tests::update_local_cache_add_group_test' (1813) panicked at src/config.rs:69:39:
[INFO] [stdout] token not found in .env: NotPresent
[INFO] [stdout] stack backtrace:
[INFO] [stdout]    0:     0x637e76d09b01 - <<std[70759c8f55707aa4]::sys::backtrace::BacktraceLock>::print::DisplayBacktrace as core[df12db4294e9bfd3]::fmt::Display>::fmt
[INFO] [stdout]    1:     0x637e76d207ba - core[df12db4294e9bfd3]::fmt::write
[INFO] [stdout]    2:     0x637e76d0e98c - <alloc[2182bb758b4b3781]::vec::Vec<u8> as core[df12db4294e9bfd3]::io::write::Write>::write_fmt
[INFO] [stdout]    3:     0x637e76ce2ff6 - std[70759c8f55707aa4]::panicking::default_hook::{closure#0}
[INFO] [stdout]    4:     0x637e76d009c9 - std[70759c8f55707aa4]::panicking::default_hook
[INFO] [stdout]    5:     0x637e76a94230 - test[9d35eded1c95d3be]::test_main_inner::<test[9d35eded1c95d3be]::test_main_static::{closure#0}>::{closure#0}
[INFO] [stdout]    6:     0x637e76d00cf2 - std[70759c8f55707aa4]::panicking::panic_with_hook
[INFO] [stdout]    7:     0x637e76ce30a2 - std[70759c8f55707aa4]::panicking::panic_handler::{closure#0}
[INFO] [stdout]    8:     0x637e76cdb869 - std[70759c8f55707aa4]::sys::backtrace::__rust_end_short_backtrace::<std[70759c8f55707aa4]::panicking::panic_handler::{closure#0}, !>
[INFO] [stdout]    9:     0x637e76ce3f2d - __rustc[8fa7c3cbc660c2b3]::rust_begin_unwind
[INFO] [stdout]   10:     0x637e76d20f9c - core[df12db4294e9bfd3]::panicking::panic_fmt
[INFO] [stdout]   11:     0x637e76d20d72 - core[df12db4294e9bfd3]::result::unwrap_failed
[INFO] [stdout]   12:     0x637e76a78a37 - watchdog_utils_II[cc556ce229e4bb6]::config::test_init
[INFO] [stdout]   13:     0x637e76a71341 - watchdog_utils_II[cc556ce229e4bb6]::utils::cache_utils::tests::update_local_cache_add_group_test
[INFO] [stdout]   14:     0x637e76a74249 - <watchdog_utils_II[cc556ce229e4bb6]::utils::cache_utils::tests::update_local_cache_add_group_test::{closure#0} as core[df12db4294e9bfd3]::ops::function::FnOnce<()>>::call_once
[INFO] [stdout]   15:     0x637e76a8751b - test[9d35eded1c95d3be]::__rust_begin_short_backtrace::<core[df12db4294e9bfd3]::result::Result<(), alloc[2182bb758b4b3781]::string::String>, fn() -> core[df12db4294e9bfd3]::result::Result<(), alloc[2182bb758b4b3781]::string::String>>
[INFO] [stdout]   16:     0x637e76a94b85 - test[9d35eded1c95d3be]::run_test::{closure#0}
[INFO] [stdout]   17:     0x637e76a8e444 - std[70759c8f55707aa4]::sys::backtrace::__rust_begin_short_backtrace::<test[9d35eded1c95d3be]::run_test::{closure#1}, ()>
[INFO] [stdout]   18:     0x637e76a97ce2 - <std[70759c8f55707aa4]::thread::lifecycle::spawn_unchecked<test[9d35eded1c95d3be]::run_test::{closure#1}, ()>::{closure#1} as core[df12db4294e9bfd3]::ops::function::FnOnce<()>>::call_once::{shim:vtable#0}
[INFO] [stdout]   19:     0x637e76d08ac9 - <std[70759c8f55707aa4]::sys::thread::unix::Thread>::new::thread_start
[INFO] [stdout]   20:     0x72f6acdf7dfa - <unknown>
[INFO] [stdout]   21:     0x72f6ace8b3d4 - clone
[INFO] [stdout]   22:                0x0 - <unknown>
[INFO] [stdout] 
[INFO] [stdout] ---- utils::cache_utils::tests::update_local_cache_add_user_test stdout ----
[INFO] [stdout] 
[INFO] [stdout] thread 'utils::cache_utils::tests::update_local_cache_add_user_test' (1815) panicked at src/config.rs:69:39:
[INFO] [stdout] token not found in .env: NotPresent
[INFO] [stdout] stack backtrace:
[INFO] [stdout]    0:     0x637e76d09b01 - <<std[70759c8f55707aa4]::sys::backtrace::BacktraceLock>::print::DisplayBacktrace as core[df12db4294e9bfd3]::fmt::Display>::fmt
[INFO] [stdout]    1:     0x637e76d207ba - core[df12db4294e9bfd3]::fmt::write
[INFO] [stdout]    2:     0x637e76d0e98c - <alloc[2182bb758b4b3781]::vec::Vec<u8> as core[df12db4294e9bfd3]::io::write::Write>::write_fmt
[INFO] [stdout]    3:     0x637e76ce2ff6 - std[70759c8f55707aa4]::panicking::default_hook::{closure#0}
[INFO] [stdout]    4:     0x637e76d009c9 - std[70759c8f55707aa4]::panicking::default_hook
[INFO] [stdout]    5:     0x637e76a94230 - test[9d35eded1c95d3be]::test_main_inner::<test[9d35eded1c95d3be]::test_main_static::{closure#0}>::{closure#0}
[INFO] [stdout]    6:     0x637e76d00cf2 - std[70759c8f55707aa4]::panicking::panic_with_hook
[INFO] [stdout]    7:     0x637e76ce30a2 - std[70759c8f55707aa4]::panicking::panic_handler::{closure#0}
[INFO] [stdout]    8:     0x637e76cdb869 - std[70759c8f55707aa4]::sys::backtrace::__rust_end_short_backtrace::<std[70759c8f55707aa4]::panicking::panic_handler::{closure#0}, !>
[INFO] [stdout]    9:     0x637e76ce3f2d - __rustc[8fa7c3cbc660c2b3]::rust_begin_unwind
[INFO] [stdout]   10:     0x637e76d20f9c - core[df12db4294e9bfd3]::panicking::panic_fmt
[INFO] [stdout]   11:     0x637e76d20d72 - core[df12db4294e9bfd3]::result::unwrap_failed
[INFO] [stdout]   12:     0x637e76a78a37 - watchdog_utils_II[cc556ce229e4bb6]::config::test_init
[INFO] [stdout]   13:     0x637e76a71191 - watchdog_utils_II[cc556ce229e4bb6]::utils::cache_utils::tests::update_local_cache_add_user_test
[INFO] [stdout]   14:     0x637e76a74229 - <watchdog_utils_II[cc556ce229e4bb6]::utils::cache_utils::tests::update_local_cache_add_user_test::{closure#0} as core[df12db4294e9bfd3]::ops::function::FnOnce<()>>::call_once
[INFO] [stdout]   15:     0x637e76a8751b - test[9d35eded1c95d3be]::__rust_begin_short_backtrace::<core[df12db4294e9bfd3]::result::Result<(), alloc[2182bb758b4b3781]::string::String>, fn() -> core[df12db4294e9bfd3]::result::Result<(), alloc[2182bb758b4b3781]::string::String>>
[INFO] [stdout]   16:     0x637e76a94b85 - test[9d35eded1c95d3be]::run_test::{closure#0}
[INFO] [stdout]   17:     0x637e76a8e444 - std[70759c8f55707aa4]::sys::backtrace::__rust_begin_short_backtrace::<test[9d35eded1c95d3be]::run_test::{closure#1}, ()>
[INFO] [stdout]   18:     0x637e76a97ce2 - <std[70759c8f55707aa4]::thread::lifecycle::spawn_unchecked<test[9d35eded1c95d3be]::run_test::{closure#1}, ()>::{closure#1} as core[df12db4294e9bfd3]::ops::function::FnOnce<()>>::call_once::{shim:vtable#0}
[INFO] [stdout]   19:     0x637e76d08ac9 - <std[70759c8f55707aa4]::sys::thread::unix::Thread>::new::thread_start
[INFO] [stdout]   20:     0x72f6acdf7dfa - <unknown>
[INFO] [stdout]   21:     0x72f6ace8b3d4 - clone
[INFO] [stdout]   22:                0x0 - <unknown>
[INFO] [stdout] 
[INFO] [stdout] ---- services::github_service::tests::get_users_multi_projects_test stdout ----
[INFO] [stdout] 
[INFO] [stdout] thread 'services::github_service::tests::get_users_multi_projects_test' (1782) panicked at src/config.rs:69:39:
[INFO] [stdout] token not found in .env: NotPresent
[INFO] [stdout] stack backtrace:
[INFO] [stdout]    0:     0x637e76d09b01 - <<std[70759c8f55707aa4]::sys::backtrace::BacktraceLock>::print::DisplayBacktrace as core[df12db4294e9bfd3]::fmt::Display>::fmt
[INFO] [stdout]    1:     0x637e76d207ba - core[df12db4294e9bfd3]::fmt::write
[INFO] [stdout]    2:     0x637e76d0e98c - <alloc[2182bb758b4b3781]::vec::Vec<u8> as core[df12db4294e9bfd3]::io::write::Write>::write_fmt
[INFO] [stdout]    3:     0x637e76ce2ff6 - std[70759c8f55707aa4]::panicking::default_hook::{closure#0}
[INFO] [stdout]    4:     0x637e76d009c9 - std[70759c8f55707aa4]::panicking::default_hook
[INFO] [stdout]    5:     0x637e76a94230 - test[9d35eded1c95d3be]::test_main_inner::<test[9d35eded1c95d3be]::test_main_static::{closure#0}>::{closure#0}
[INFO] [stdout]    6:     0x637e76d00cf2 - std[70759c8f55707aa4]::panicking::panic_with_hook
[INFO] [stdout]    7:     0x637e76ce30a2 - std[70759c8f55707aa4]::panicking::panic_handler::{closure#0}
[INFO] [stdout]    8:     0x637e76cdb869 - std[70759c8f55707aa4]::sys::backtrace::__rust_end_short_backtrace::<std[70759c8f55707aa4]::panicking::panic_handler::{closure#0}, !>
[INFO] [stdout]    9:     0x637e76ce3f2d - __rustc[8fa7c3cbc660c2b3]::rust_begin_unwind
[INFO] [stdout]   10:     0x637e76d20f9c - core[df12db4294e9bfd3]::panicking::panic_fmt
[INFO] [stdout]   11:     0x637e76d20d72 - core[df12db4294e9bfd3]::result::unwrap_failed
[INFO] [stdout]   12:     0x637e76a78a37 - watchdog_utils_II[cc556ce229e4bb6]::config::test_init
[INFO] [stdout]   13:     0x637e76a8180c - watchdog_utils_II[cc556ce229e4bb6]::services::github_service::tests::get_users_multi_projects_test
[INFO] [stdout]   14:     0x637e76a74909 - <watchdog_utils_II[cc556ce229e4bb6]::services::github_service::tests::get_users_multi_projects_test::{closure#0} as core[df12db4294e9bfd3]::ops::function::FnOnce<()>>::call_once
[INFO] [stdout]   15:     0x637e76a8751b - test[9d35eded1c95d3be]::__rust_begin_short_backtrace::<core[df12db4294e9bfd3]::result::Result<(), alloc[2182bb758b4b3781]::string::String>, fn() -> core[df12db4294e9bfd3]::result::Result<(), alloc[2182bb758b4b3781]::string::String>>
[INFO] [stdout]   16:     0x637e76a94b85 - test[9d35eded1c95d3be]::run_test::{closure#0}
[INFO] [stdout]   17:     0x637e76a8e444 - std[70759c8f55707aa4]::sys::backtrace::__rust_begin_short_backtrace::<test[9d35eded1c95d3be]::run_test::{closure#1}, ()>
[INFO] [stdout]   18:     0x637e76a97ce2 - <std[70759c8f55707aa4]::thread::lifecycle::spawn_unchecked<test[9d35eded1c95d3be]::run_test::{closure#1}, ()>::{closure#1} as core[df12db4294e9bfd3]::ops::function::FnOnce<()>>::call_once::{shim:vtable#0}
[INFO] [stdout]   19:     0x637e76d08ac9 - <std[70759c8f55707aa4]::sys::thread::unix::Thread>::new::thread_start
[INFO] [stdout]   20:     0x72f6acdf7dfa - <unknown>
[INFO] [stdout]   21:     0x72f6ace8b3d4 - clone
[INFO] [stdout]   22:                0x0 - <unknown>
[INFO] [stdout] 
[INFO] [stdout] ---- utils::cache_utils::tests::update_local_cache_del_group_test stdout ----
[INFO] [stdout] 
[INFO] [stdout] thread 'utils::cache_utils::tests::update_local_cache_del_group_test' (1816) panicked at src/config.rs:69:39:
[INFO] [stdout] token not found in .env: NotPresent
[INFO] [stdout] stack backtrace:
[INFO] [stdout]    0:     0x637e76d09b01 - <<std[70759c8f55707aa4]::sys::backtrace::BacktraceLock>::print::DisplayBacktrace as core[df12db4294e9bfd3]::fmt::Display>::fmt
[INFO] [stdout]    1:     0x637e76d207ba - core[df12db4294e9bfd3]::fmt::write
[INFO] [stdout]    2:     0x637e76d0e98c - <alloc[2182bb758b4b3781]::vec::Vec<u8> as core[df12db4294e9bfd3]::io::write::Write>::write_fmt
[INFO] [stdout]    3:     0x637e76ce2ff6 - std[70759c8f55707aa4]::panicking::default_hook::{closure#0}
[INFO] [stdout]    4:     0x637e76d009c9 - std[70759c8f55707aa4]::panicking::default_hook
[INFO] [stdout]    5:     0x637e76a94230 - test[9d35eded1c95d3be]::test_main_inner::<test[9d35eded1c95d3be]::test_main_static::{closure#0}>::{closure#0}
[INFO] [stdout]    6:     0x637e76d00cf2 - std[70759c8f55707aa4]::panicking::panic_with_hook
[INFO] [stdout]    7:     0x637e76ce30a2 - std[70759c8f55707aa4]::panicking::panic_handler::{closure#0}
[INFO] [stdout]    8:     0x637e76cdb869 - std[70759c8f55707aa4]::sys::backtrace::__rust_end_short_backtrace::<std[70759c8f55707aa4]::panicking::panic_handler::{closure#0}, !>
[INFO] [stdout]    9:     0x637e76ce3f2d - __rustc[8fa7c3cbc660c2b3]::rust_begin_unwind
[INFO] [stdout]   10:     0x637e76d20f9c - core[df12db4294e9bfd3]::panicking::panic_fmt
[INFO] [stdout]   11:     0x637e76d20d72 - core[df12db4294e9bfd3]::result::unwrap_failed
[INFO] [stdout]   12:     0x637e76a78a37 - watchdog_utils_II[cc556ce229e4bb6]::config::test_init
[INFO] [stdout]   13:     0x637e76a714f1 - watchdog_utils_II[cc556ce229e4bb6]::utils::cache_utils::tests::update_local_cache_del_group_test
[INFO] [stdout]   14:     0x637e76a74269 - <watchdog_utils_II[cc556ce229e4bb6]::utils::cache_utils::tests::update_local_cache_del_group_test::{closure#0} as core[df12db4294e9bfd3]::ops::function::FnOnce<()>>::call_once
[INFO] [stdout]   15:     0x637e76a8751b - test[9d35eded1c95d3be]::__rust_begin_short_backtrace::<core[df12db4294e9bfd3]::result::Result<(), alloc[2182bb758b4b3781]::string::String>, fn() -> core[df12db4294e9bfd3]::result::Result<(), alloc[2182bb758b4b3781]::string::String>>
[INFO] [stdout]   16:     0x637e76a94b85 - test[9d35eded1c95d3be]::run_test::{closure#0}
[INFO] [stdout]   17:     0x637e76a8e444 - std[70759c8f55707aa4]::sys::backtrace::__rust_begin_short_backtrace::<test[9d35eded1c95d3be]::run_test::{closure#1}, ()>
[INFO] [stdout]   18:     0x637e76a97ce2 - <std[70759c8f55707aa4]::thread::lifecycle::spawn_unchecked<test[9d35eded1c95d3be]::run_test::{closure#1}, ()>::{closure#1} as core[df12db4294e9bfd3]::ops::function::FnOnce<()>>::call_once::{shim:vtable#0}
[INFO] [stdout]   19:     0x637e76d08ac9 - <std[70759c8f55707aa4]::sys::thread::unix::Thread>::new::thread_start
[INFO] [stdout]   20:     0x72f6acdf7dfa - <unknown>
[INFO] [stdout]   21:     0x72f6ace8b3d4 - clone
[INFO] [stdout]   22:                0x0 - <unknown>
[INFO] [stdout] 
[INFO] [stdout] ---- utils::cache_utils::tests::update_local_cache_delete_user_test stdout ----
[INFO] [stdout] 
[INFO] [stdout] thread 'utils::cache_utils::tests::update_local_cache_delete_user_test' (1817) panicked at src/config.rs:69:39:
[INFO] [stdout] token not found in .env: NotPresent
[INFO] [stdout] stack backtrace:
[INFO] [stdout]    0:     0x637e76d09b01 - <<std[70759c8f55707aa4]::sys::backtrace::BacktraceLock>::print::DisplayBacktrace as core[df12db4294e9bfd3]::fmt::Display>::fmt
[INFO] [stdout]    1:     0x637e76d207ba - core[df12db4294e9bfd3]::fmt::write
[INFO] [stdout]    2:     0x637e76d0e98c - <alloc[2182bb758b4b3781]::vec::Vec<u8> as core[df12db4294e9bfd3]::io::write::Write>::write_fmt
[INFO] [stdout]    3:     0x637e76ce2ff6 - std[70759c8f55707aa4]::panicking::default_hook::{closure#0}
[INFO] [stdout]    4:     0x637e76d009c9 - std[70759c8f55707aa4]::panicking::default_hook
[INFO] [stdout]    5:     0x637e76a94230 - test[9d35eded1c95d3be]::test_main_inner::<test[9d35eded1c95d3be]::test_main_static::{closure#0}>::{closure#0}
[INFO] [stdout]    6:     0x637e76d00cf2 - std[70759c8f55707aa4]::panicking::panic_with_hook
[INFO] [stdout]    7:     0x637e76ce30a2 - std[70759c8f55707aa4]::panicking::panic_handler::{closure#0}
[INFO] [stdout]    8:     0x637e76cdb869 - std[70759c8f55707aa4]::sys::backtrace::__rust_end_short_backtrace::<std[70759c8f55707aa4]::panicking::panic_handler::{closure#0}, !>
[INFO] [stdout]    9:     0x637e76ce3f2d - __rustc[8fa7c3cbc660c2b3]::rust_begin_unwind
[INFO] [stdout]   10:     0x637e76d20f9c - core[df12db4294e9bfd3]::panicking::panic_fmt
[INFO] [stdout]   11:     0x637e76d20d72 - core[df12db4294e9bfd3]::result::unwrap_failed
[INFO] [stdout]   12:     0x637e76a78a37 - watchdog_utils_II[cc556ce229e4bb6]::config::test_init
[INFO] [stdout]   13:     0x637e76a716a1 - watchdog_utils_II[cc556ce229e4bb6]::utils::cache_utils::tests::update_local_cache_delete_user_test
[INFO] [stdout]   14:     0x637e76a74289 - <watchdog_utils_II[cc556ce229e4bb6]::utils::cache_utils::tests::update_local_cache_delete_user_test::{closure#0} as core[df12db4294e9bfd3]::ops::function::FnOnce<()>>::call_once
[INFO] [stdout]   15:     0x637e76a8751b - test[9d35eded1c95d3be]::__rust_begin_short_backtrace::<core[df12db4294e9bfd3]::result::Result<(), alloc[2182bb758b4b3781]::string::String>, fn() -> core[df12db4294e9bfd3]::result::Result<(), alloc[2182bb758b4b3781]::string::String>>
[INFO] [stdout]   16:     0x637e76a94b85 - test[9d35eded1c95d3be]::run_test::{closure#0}
[INFO] [stdout]   17:     0x637e76a8e444 - std[70759c8f55707aa4]::sys::backtrace::__rust_begin_short_backtrace::<test[9d35eded1c95d3be]::run_test::{closure#1}, ()>
[INFO] [stdout]   18:     0x637e76a97ce2 - <std[70759c8f55707aa4]::thread::lifecycle::spawn_unchecked<test[9d35eded1c95d3be]::run_test::{closure#1}, ()>::{closure#1} as core[df12db4294e9bfd3]::ops::function::FnOnce<()>>::call_once::{shim:vtable#0}
[INFO] [stdout]   19:     0x637e76d08ac9 - <std[70759c8f55707aa4]::sys::thread::unix::Thread>::new::thread_start
[INFO] [stdout]   20:     0x72f6acdf7dfa - <unknown>
[INFO] [stdout]   21:     0x72f6ace8b3d4 - clone
[INFO] [stdout]   22:                0x0 - <unknown>
[INFO] [stdout] 
[INFO] [stdout] 
[INFO] [stdout] failures:
[INFO] [stdout]     services::github_service::tests::get_users_multi_projects_test
[INFO] [stdout]     services::github_service::tests::get_users_projects_test
[INFO] [stdout]     utils::cache_utils::tests::sync_full_cache_test
[INFO] [stdout]     utils::cache_utils::tests::update_local_cache_add_group_test
[INFO] [stdout]     utils::cache_utils::tests::update_local_cache_add_new_group_test
[INFO] [stdout]     utils::cache_utils::tests::update_local_cache_add_user_test
[INFO] [stdout]     utils::cache_utils::tests::update_local_cache_del_group_test
[INFO] [stdout]     utils::cache_utils::tests::update_local_cache_delete_user_test
[INFO] [stdout] 
[INFO] [stdout] test result: FAILED. 7 passed; 8 failed; 7 ignored; 0 measured; 0 filtered out; finished in 0.09s
[INFO] [stdout] 
[INFO] [stderr] error: test failed, to rerun pass `--lib`
[INFO] running `Command { std: "docker" "inspect" "1922c9adcca82afdc4f16e64824ae0028a7c13392011ecb30e0f7573478b9139", kill_on_drop: false }`
[INFO] running `Command { std: "docker" "rm" "-f" "1922c9adcca82afdc4f16e64824ae0028a7c13392011ecb30e0f7573478b9139", kill_on_drop: false }`
[INFO] [stdout] 1922c9adcca82afdc4f16e64824ae0028a7c13392011ecb30e0f7573478b9139
