[INFO] fetching crate watch_dir 1.0.1...
[INFO] testing watch_dir-1.0.1 against 1.100.0-beta.1+cargoflags=--release for beta-release-1.100-2
[INFO] extracting crate watch_dir 1.0.1 into /workspace/builds/worker-0-tc2/source
[INFO] started tweaking crates.io crate watch_dir 1.0.1
[INFO] removed 0 missing examples
[INFO] removed 0 missing tests
[INFO] finished tweaking crates.io crate watch_dir 1.0.1
[INFO] tweaked toml for crates.io crate watch_dir 1.0.1 written to /workspace/builds/worker-0-tc2/source/Cargo.toml
[INFO] validating manifest of crates.io crate watch_dir 1.0.1 on toolchain 1.100.0-beta.1
[INFO] running `Command { std: CARGO_HOME="/workspace/cargo-home" RUSTUP_HOME="/workspace/rustup-home" "/workspace/cargo-home/bin/cargo" "+1.100.0-beta.1" "metadata" "--manifest-path" "Cargo.toml" "--no-deps", kill_on_drop: false }`
[INFO] crate crates.io crate watch_dir 1.0.1 already has a lockfile, it will not be regenerated
[INFO] running `Command { std: CARGO_HOME="/workspace/cargo-home" RUSTUP_HOME="/workspace/rustup-home" "/workspace/cargo-home/bin/cargo" "+1.100.0-beta.1" "fetch" "--manifest-path" "Cargo.toml", kill_on_drop: false }`
[INFO] running `Command { std: "docker" "create" "-v" "/var/lib/crater-agent-workspace/builds/worker-0-tc2/source:/opt/rustwide/workdir:ro,Z" "-v" "/var/lib/crater-agent-workspace/builds/worker-0-tc2/target:/opt/rustwide/target:rw,Z" "-v" "/var/lib/crater-agent-workspace/cargo-home:/opt/rustwide/cargo-home:ro,Z" "-v" "/var/lib/crater-agent-workspace/rustup-home:/opt/rustwide/rustup-home:ro,Z" "-m" "1610612736" "--network" "none" "ghcr.io/rust-lang/crates-build-env/linux@sha256:77db811e55d90add9212f6832c23229e3de5f1c1f9905e8cb07319ea15df73ac" "sleep" "infinity", kill_on_drop: false }`
[INFO] [stdout] 09a6c832748feac4abe048aaaba39cd5dc47ba5be8e5053e9a5e3182861e7e60
[INFO] running `Command { std: "docker" "start" "09a6c832748feac4abe048aaaba39cd5dc47ba5be8e5053e9a5e3182861e7e60", kill_on_drop: false }`
[INFO] running `Command { std: "docker" "inspect" "09a6c832748feac4abe048aaaba39cd5dc47ba5be8e5053e9a5e3182861e7e60", kill_on_drop: false }`
[INFO] running `Command { std: "docker" "exec" "-e" "SOURCE_DIR=/opt/rustwide/workdir" "-e" "CARGO_HOME=/opt/rustwide/cargo-home" "-e" "RUSTUP_HOME=/opt/rustwide/rustup-home" "-e" "CARGO_TARGET_DIR=/opt/rustwide/target" "-w" "/opt/rustwide/workdir" "--user" "0:0" "09a6c832748feac4abe048aaaba39cd5dc47ba5be8e5053e9a5e3182861e7e60" "/opt/rustwide/cargo-home/bin/cargo" "+1.100.0-beta.1" "metadata" "--no-deps" "--format-version=1", kill_on_drop: false }`
[INFO] running `Command { std: "docker" "inspect" "09a6c832748feac4abe048aaaba39cd5dc47ba5be8e5053e9a5e3182861e7e60", kill_on_drop: false }`
[INFO] running `Command { std: "docker" "exec" "-e" "SOURCE_DIR=/opt/rustwide/workdir" "-e" "CARGO_HOME=/opt/rustwide/cargo-home" "-e" "RUSTUP_HOME=/opt/rustwide/rustup-home" "-e" "CARGO_TARGET_DIR=/opt/rustwide/target" "-e" "CARGO_INCREMENTAL=0" "-e" "RUST_BACKTRACE=full" "-e" "RUSTFLAGS=--cap-lints=warn" "-e" "RUSTDOCFLAGS=--cap-lints=warn" "-w" "/opt/rustwide/workdir" "--user" "0:0" "09a6c832748feac4abe048aaaba39cd5dc47ba5be8e5053e9a5e3182861e7e60" "/opt/rustwide/cargo-home/bin/cargo" "+1.100.0-beta.1" "build" "--frozen" "--message-format=json" "--release", kill_on_drop: false }`
[INFO] [stderr]    Compiling libc v0.2.183
[INFO] [stderr]    Compiling bitflags v2.11.0
[INFO] [stderr]    Compiling file-id v0.2.3
[INFO] [stderr]    Compiling notify-types v2.1.0
[INFO] [stderr]    Compiling inotify-sys v0.1.5
[INFO] [stderr]    Compiling mio v1.1.1
[INFO] [stderr]    Compiling inotify v0.11.1
[INFO] [stderr]    Compiling notify v8.2.0
[INFO] [stderr]    Compiling notify-debouncer-full v0.7.0
[INFO] [stderr]    Compiling watch_dir v1.0.1 (/opt/rustwide/workdir)
[INFO] [stderr]     Finished `release` profile [optimized] target(s) in 12.24s
[INFO] running `Command { std: "docker" "inspect" "09a6c832748feac4abe048aaaba39cd5dc47ba5be8e5053e9a5e3182861e7e60", kill_on_drop: false }`
[INFO] running `Command { std: "docker" "exec" "-e" "SOURCE_DIR=/opt/rustwide/workdir" "-e" "CARGO_HOME=/opt/rustwide/cargo-home" "-e" "RUSTUP_HOME=/opt/rustwide/rustup-home" "-e" "CARGO_TARGET_DIR=/opt/rustwide/target" "-e" "CARGO_INCREMENTAL=0" "-e" "RUST_BACKTRACE=full" "-e" "RUSTFLAGS=--cap-lints=warn" "-e" "RUSTDOCFLAGS=--cap-lints=warn" "-w" "/opt/rustwide/workdir" "--user" "0:0" "09a6c832748feac4abe048aaaba39cd5dc47ba5be8e5053e9a5e3182861e7e60" "/opt/rustwide/cargo-home/bin/cargo" "+1.100.0-beta.1" "test" "--frozen" "--no-run" "--message-format=json" "--release", kill_on_drop: false }`
[INFO] [stderr]    Compiling notify-types v2.1.0
[INFO] [stderr]    Compiling inotify v0.11.1
[INFO] [stderr]    Compiling getrandom v0.4.2
[INFO] [stderr]    Compiling tempfile v3.27.0
[INFO] [stderr]    Compiling notify v8.2.0
[INFO] [stderr]    Compiling notify-debouncer-full v0.7.0
[INFO] [stderr]    Compiling watch_dir v1.0.1 (/opt/rustwide/workdir)
[INFO] [stderr]     Finished `release` profile [optimized] target(s) in 16.72s
[INFO] running `Command { std: "docker" "inspect" "09a6c832748feac4abe048aaaba39cd5dc47ba5be8e5053e9a5e3182861e7e60", kill_on_drop: false }`
[INFO] running `Command { std: "docker" "exec" "-e" "SOURCE_DIR=/opt/rustwide/workdir" "-e" "CARGO_HOME=/opt/rustwide/cargo-home" "-e" "RUSTUP_HOME=/opt/rustwide/rustup-home" "-e" "CARGO_TARGET_DIR=/opt/rustwide/target" "-e" "CARGO_INCREMENTAL=0" "-e" "RUST_BACKTRACE=full" "-e" "RUSTFLAGS=--cap-lints=warn" "-e" "RUSTDOCFLAGS=--cap-lints=warn" "-w" "/opt/rustwide/workdir" "--user" "0:0" "09a6c832748feac4abe048aaaba39cd5dc47ba5be8e5053e9a5e3182861e7e60" "/opt/rustwide/cargo-home/bin/cargo" "+1.100.0-beta.1" "test" "--frozen" "--release", kill_on_drop: false }`
[INFO] [stderr]     Finished `release` profile [optimized] target(s) in 0.14s
[INFO] [stderr]      Running unittests src/lib.rs (/opt/rustwide/target/release/build/watch_dir/57ece2f6d3657378/out/watch_dir-57ece2f6d3657378)
[INFO] [stdout] 
[INFO] [stdout] running 0 tests
[INFO] [stdout] 
[INFO] [stdout] test result: ok. 0 passed; 0 failed; 0 ignored; 0 measured; 0 filtered out; finished in 0.00s
[INFO] [stdout] 
[INFO] [stderr]      Running tests/replace_stragety_test.rs (/opt/rustwide/target/release/build/watch_dir/6066ea1fcc44250a/out/replace_stragety_test-6066ea1fcc44250a)
[INFO] [stdout] 
[INFO] [stdout] running 2 tests
[INFO] [stdout] test replace_strategy_simple_test ... FAILED
[INFO] [stdout] test replace_strategy_multiple_replace_test ... FAILED
[INFO] [stdout] 
[INFO] [stdout] failures:
[INFO] [stdout] 
[INFO] [stdout] ---- replace_strategy_simple_test stdout ----
[INFO] [stdout] 
[INFO] [stdout] thread 'replace_strategy_simple_test' (520) panicked at tests/common/mod.rs:15:56:
[INFO] [stdout] called `Result::unwrap()` on an `Err` value: Os { code: 30, kind: ReadOnlyFilesystem, message: "Read-only file system" }
[INFO] [stdout] stack backtrace:
[INFO] [stdout]    0:     0x60e8186ff4a1 - <<std[617be2ca0a6fd877]::sys::backtrace::BacktraceLock>::print::DisplayBacktrace as core[a373ad73a504971]::fmt::Display>::fmt
[INFO] [stdout]    1:     0x60e818713eda - core[a373ad73a504971]::fmt::write
[INFO] [stdout]    2:     0x60e818703b4c - <alloc[2e1b2a31b91974c5]::vec::Vec<u8> as core[a373ad73a504971]::io::write::Write>::write_fmt
[INFO] [stdout]    3:     0x60e8186d9996 - std[617be2ca0a6fd877]::panicking::default_hook::{closure#0}
[INFO] [stdout]    4:     0x60e8186f6f69 - std[617be2ca0a6fd877]::panicking::default_hook
[INFO] [stdout]    5:     0x60e818651ac0 - test[aada8e7e76ba119b]::test_main_inner::{closure#0}
[INFO] [stdout]    6:     0x60e8186f7122 - std[617be2ca0a6fd877]::panicking::panic_with_hook
[INFO] [stdout]    7:     0x60e8186d9a42 - std[617be2ca0a6fd877]::panicking::panic_handler::{closure#0}
[INFO] [stdout]    8:     0x60e8186d2599 - std[617be2ca0a6fd877]::sys::backtrace::__rust_end_short_backtrace::<std[617be2ca0a6fd877]::panicking::panic_handler::{closure#0}, !>
[INFO] [stdout]    9:     0x60e8186da64d - __rustc[ea4f61d10b84890b]::rust_begin_unwind
[INFO] [stdout]   10:     0x60e81871460c - core[a373ad73a504971]::panicking::panic_fmt
[INFO] [stdout]   11:     0x60e8187143e2 - core[a373ad73a504971]::result::unwrap_failed
[INFO] [stdout]   12:     0x60e81863d5ae - <replace_stragety_test[24c0a2901ca5e22c]::common::TestDir>::new
[INFO] [stdout]   13:     0x60e81864370d - <replace_stragety_test[24c0a2901ca5e22c]::replace_strategy_simple_test::{closure#0} as core[a373ad73a504971]::ops::function::FnOnce<()>>::call_once
[INFO] [stdout]   14:     0x60e818644f0b - test[aada8e7e76ba119b]::__rust_begin_short_backtrace::<core[a373ad73a504971]::result::Result<(), alloc[2e1b2a31b91974c5]::string::String>, fn() -> core[a373ad73a504971]::result::Result<(), alloc[2e1b2a31b91974c5]::string::String>>
[INFO] [stdout]   15:     0x60e8186520e5 - test[aada8e7e76ba119b]::run_test::{closure#0}
[INFO] [stdout]   16:     0x60e81864b9d4 - std[617be2ca0a6fd877]::sys::backtrace::__rust_begin_short_backtrace::<test[aada8e7e76ba119b]::run_test::{closure#1}, ()>
[INFO] [stdout]   17:     0x60e818655172 - <std[617be2ca0a6fd877]::thread::lifecycle::spawn_unchecked<test[aada8e7e76ba119b]::run_test::{closure#1}, ()>::{closure#1} as core[a373ad73a504971]::ops::function::FnOnce<()>>::call_once::{shim:vtable#0}
[INFO] [stdout]   18:     0x60e8186fecff - <std[617be2ca0a6fd877]::sys::thread::unix::Thread>::new::thread_start
[INFO] [stdout]   19:     0x743811e95dfa - <unknown>
[INFO] [stdout]   20:     0x743811f293d4 - clone
[INFO] [stdout]   21:                0x0 - <unknown>
[INFO] [stdout] 
[INFO] [stdout] ---- replace_strategy_multiple_replace_test stdout ----
[INFO] [stdout] 
[INFO] [stdout] thread 'replace_strategy_multiple_replace_test' (519) panicked at tests/common/mod.rs:15:56:
[INFO] [stdout] called `Result::unwrap()` on an `Err` value: Os { code: 30, kind: ReadOnlyFilesystem, message: "Read-only file system" }
[INFO] [stdout] stack backtrace:
[INFO] [stdout]    0:     0x60e8186ff4a1 - <<std[617be2ca0a6fd877]::sys::backtrace::BacktraceLock>::print::DisplayBacktrace as core[a373ad73a504971]::fmt::Display>::fmt
[INFO] [stdout]    1:     0x60e818713eda - core[a373ad73a504971]::fmt::write
[INFO] [stdout]    2:     0x60e818703b4c - <alloc[2e1b2a31b91974c5]::vec::Vec<u8> as core[a373ad73a504971]::io::write::Write>::write_fmt
[INFO] [stdout]    3:     0x60e8186d9996 - std[617be2ca0a6fd877]::panicking::default_hook::{closure#0}
[INFO] [stdout]    4:     0x60e8186f6f69 - std[617be2ca0a6fd877]::panicking::default_hook
[INFO] [stdout]    5:     0x60e818651ac0 - test[aada8e7e76ba119b]::test_main_inner::{closure#0}
[INFO] [stdout]    6:     0x60e8186f7122 - std[617be2ca0a6fd877]::panicking::panic_with_hook
[INFO] [stdout]    7:     0x60e8186d9a42 - std[617be2ca0a6fd877]::panicking::panic_handler::{closure#0}
[INFO] [stdout]    8:     0x60e8186d2599 - std[617be2ca0a6fd877]::sys::backtrace::__rust_end_short_backtrace::<std[617be2ca0a6fd877]::panicking::panic_handler::{closure#0}, !>
[INFO] [stdout]    9:     0x60e8186da64d - __rustc[ea4f61d10b84890b]::rust_begin_unwind
[INFO] [stdout]   10:     0x60e81871460c - core[a373ad73a504971]::panicking::panic_fmt
[INFO] [stdout]   11:     0x60e8187143e2 - core[a373ad73a504971]::result::unwrap_failed
[INFO] [stdout]   12:     0x60e81863d5ae - <replace_stragety_test[24c0a2901ca5e22c]::common::TestDir>::new
[INFO] [stdout]   13:     0x60e8186440dd - <replace_stragety_test[24c0a2901ca5e22c]::replace_strategy_multiple_replace_test::{closure#0} as core[a373ad73a504971]::ops::function::FnOnce<()>>::call_once
[INFO] [stdout]   14:     0x60e818644f0b - test[aada8e7e76ba119b]::__rust_begin_short_backtrace::<core[a373ad73a504971]::result::Result<(), alloc[2e1b2a31b91974c5]::string::String>, fn() -> core[a373ad73a504971]::result::Result<(), alloc[2e1b2a31b91974c5]::string::String>>
[INFO] [stdout]   15:     0x60e8186520e5 - test[aada8e7e76ba119b]::run_test::{closure#0}
[INFO] [stdout]   16:     0x60e81864b9d4 - std[617be2ca0a6fd877]::sys::backtrace::__rust_begin_short_backtrace::<test[aada8e7e76ba119b]::run_test::{closure#1}, ()>
[INFO] [stdout]   17:     0x60e818655172 - <std[617be2ca0a6fd877]::thread::lifecycle::spawn_unchecked<test[aada8e7e76ba119b]::run_test::{closure#1}, ()>::{closure#1} as core[a373ad73a504971]::ops::function::FnOnce<()>>::call_once::{shim:vtable#0}
[INFO] [stdout]   18:     0x60e8186fecff - <std[617be2ca0a6fd877]::sys::thread::unix::Thread>::new::thread_start
[INFO] [stdout]   19:     0x743811e95dfa - <unknown>
[INFO] [stdout]   20:     0x743811f293d4 - clone
[INFO] [stdout]   21:                0x0 - <unknown>
[INFO] [stdout] 
[INFO] [stdout] 
[INFO] [stdout] failures:
[INFO] [stdout]     replace_strategy_multiple_replace_test
[INFO] [stdout]     replace_strategy_simple_test
[INFO] [stdout] 
[INFO] [stdout] test result: FAILED. 0 passed; 2 failed; 0 ignored; 0 measured; 0 filtered out; finished in 0.00s
[INFO] [stdout] 
[INFO] [stderr] error: test failed, to rerun pass `--test replace_stragety_test`
[INFO] running `Command { std: "docker" "inspect" "09a6c832748feac4abe048aaaba39cd5dc47ba5be8e5053e9a5e3182861e7e60", kill_on_drop: false }`
[INFO] running `Command { std: "docker" "rm" "-f" "09a6c832748feac4abe048aaaba39cd5dc47ba5be8e5053e9a5e3182861e7e60", kill_on_drop: false }`
[INFO] [stdout] 09a6c832748feac4abe048aaaba39cd5dc47ba5be8e5053e9a5e3182861e7e60
