[INFO] fetching crate wast2json 0.1.0...
[INFO] testing wast2json-0.1.0 against 1.99.0-beta.8+cargoflags=--release for beta-release-1.100-2
[INFO] extracting crate wast2json 0.1.0 into /workspace/builds/worker-2-tc1/source
[INFO] started tweaking crates.io crate wast2json 0.1.0
[INFO] finished tweaking crates.io crate wast2json 0.1.0
[INFO] tweaked toml for crates.io crate wast2json 0.1.0 written to /workspace/builds/worker-2-tc1/source/Cargo.toml
[INFO] validating manifest of crates.io crate wast2json 0.1.0 on toolchain 1.99.0-beta.8
[INFO] running `Command { std: CARGO_HOME="/workspace/cargo-home" RUSTUP_HOME="/workspace/rustup-home" "/workspace/cargo-home/bin/cargo" "+1.99.0-beta.8" "metadata" "--manifest-path" "Cargo.toml" "--no-deps", kill_on_drop: false }`
[INFO] crate crates.io crate wast2json 0.1.0 already has a lockfile, it will not be regenerated
[INFO] running `Command { std: CARGO_HOME="/workspace/cargo-home" RUSTUP_HOME="/workspace/rustup-home" "/workspace/cargo-home/bin/cargo" "+1.99.0-beta.8" "fetch" "--manifest-path" "Cargo.toml", kill_on_drop: false }`
[INFO] [stderr]  Downloading crates ...
[INFO] [stderr]   Downloaded unicode-width v0.1.11
[INFO] [stderr]   Downloaded wasm-encoder v0.201.0
[INFO] [stderr]   Downloaded wat v1.201.0
[INFO] [stderr]   Downloaded clap-verbosity-flag v2.2.0
[INFO] [stderr]   Downloaded fastrand v2.0.1
[INFO] [stderr]   Downloaded semver v1.0.22
[INFO] [stderr]   Downloaded anstream v0.6.13
[INFO] [stderr]   Downloaded wasmprinter v0.201.0
[INFO] [stderr]   Downloaded bitflags v2.4.2
[INFO] [stderr]   Downloaded wast v201.0.0
[INFO] [stderr]   Downloaded bumpalo v3.15.3
[INFO] [stderr]   Downloaded indexmap v2.2.5
[INFO] [stderr]   Downloaded clap v4.5.1
[INFO] [stderr]   Downloaded clap_builder v4.5.1
[INFO] [stderr]   Downloaded wasmparser v0.201.0
[INFO] [stderr]   Downloaded rustix v0.38.31
[INFO] [stderr]   Downloaded anyhow v1.0.80
[INFO] running `Command { std: "docker" "create" "-v" "/var/lib/crater-agent-workspace/builds/worker-2-tc1/source:/opt/rustwide/workdir:ro,Z" "-v" "/var/lib/crater-agent-workspace/builds/worker-2-tc1/target:/opt/rustwide/target:rw,Z" "-v" "/var/lib/crater-agent-workspace/cargo-home:/opt/rustwide/cargo-home:ro,Z" "-v" "/var/lib/crater-agent-workspace/rustup-home:/opt/rustwide/rustup-home:ro,Z" "-m" "1610612736" "--network" "none" "ghcr.io/rust-lang/crates-build-env/linux@sha256:77db811e55d90add9212f6832c23229e3de5f1c1f9905e8cb07319ea15df73ac" "sleep" "infinity", kill_on_drop: false }`
[INFO] [stdout] 43cd584ceb331fee198220c6adfc17464bdd5d2ba42894973798077399def94a
[INFO] running `Command { std: "docker" "start" "43cd584ceb331fee198220c6adfc17464bdd5d2ba42894973798077399def94a", kill_on_drop: false }`
[INFO] running `Command { std: "docker" "inspect" "43cd584ceb331fee198220c6adfc17464bdd5d2ba42894973798077399def94a", kill_on_drop: false }`
[INFO] running `Command { std: "docker" "exec" "-e" "SOURCE_DIR=/opt/rustwide/workdir" "-e" "CARGO_HOME=/opt/rustwide/cargo-home" "-e" "RUSTUP_HOME=/opt/rustwide/rustup-home" "-e" "CARGO_TARGET_DIR=/opt/rustwide/target" "-w" "/opt/rustwide/workdir" "--user" "0:0" "43cd584ceb331fee198220c6adfc17464bdd5d2ba42894973798077399def94a" "/opt/rustwide/cargo-home/bin/cargo" "+1.99.0-beta.8" "metadata" "--no-deps" "--format-version=1", kill_on_drop: false }`
[INFO] running `Command { std: "docker" "inspect" "43cd584ceb331fee198220c6adfc17464bdd5d2ba42894973798077399def94a", kill_on_drop: false }`
[INFO] running `Command { std: "docker" "exec" "-e" "SOURCE_DIR=/opt/rustwide/workdir" "-e" "CARGO_HOME=/opt/rustwide/cargo-home" "-e" "RUSTUP_HOME=/opt/rustwide/rustup-home" "-e" "CARGO_TARGET_DIR=/opt/rustwide/target" "-e" "CARGO_INCREMENTAL=0" "-e" "RUST_BACKTRACE=full" "-e" "RUSTFLAGS=--cap-lints=warn" "-e" "RUSTDOCFLAGS=--cap-lints=warn" "-w" "/opt/rustwide/workdir" "--user" "0:0" "43cd584ceb331fee198220c6adfc17464bdd5d2ba42894973798077399def94a" "/opt/rustwide/cargo-home/bin/cargo" "+1.99.0-beta.8" "build" "--frozen" "--message-format=json" "--release", kill_on_drop: false }`
[INFO] [stderr]    Compiling proc-macro2 v1.0.78
[INFO] [stderr]    Compiling unicode-ident v1.0.12
[INFO] [stderr]    Compiling memchr v2.7.1
[INFO] [stderr]    Compiling utf8parse v0.2.1
[INFO] [stderr]    Compiling anstyle v1.0.6
[INFO] [stderr]    Compiling colorchoice v1.0.0
[INFO] [stderr]    Compiling anstyle-query v1.0.2
[INFO] [stderr]    Compiling regex-syntax v0.8.2
[INFO] [stderr]    Compiling semver v1.0.22
[INFO] [stderr]    Compiling hashbrown v0.14.3
[INFO] [stderr]    Compiling serde v1.0.197
[INFO] [stderr]    Compiling heck v0.4.1
[INFO] [stderr]    Compiling log v0.4.21
[INFO] [stderr]    Compiling equivalent v1.0.1
[INFO] [stderr]    Compiling strsim v0.11.0
[INFO] [stderr]    Compiling clap_lex v0.7.0
[INFO] [stderr]    Compiling anstyle-parse v0.2.3
[INFO] [stderr]    Compiling leb128 v0.2.5
[INFO] [stderr]    Compiling unicode-width v0.1.11
[INFO] [stderr]    Compiling serde_json v1.0.114
[INFO] [stderr]    Compiling bumpalo v3.15.3
[INFO] [stderr]    Compiling thiserror v1.0.57
[INFO] [stderr]    Compiling humantime v2.1.0
[INFO] [stderr]    Compiling ryu v1.0.17
[INFO] [stderr]    Compiling wasm-encoder v0.201.0
[INFO] [stderr]    Compiling bitflags v2.4.2
[INFO] [stderr]    Compiling itoa v1.0.10
[INFO] [stderr]    Compiling anstream v0.6.13
[INFO] [stderr]    Compiling clap_builder v4.5.1
[INFO] [stderr]    Compiling aho-corasick v1.1.2
[INFO] [stderr]    Compiling quote v1.0.35
[INFO] [stderr]    Compiling syn v2.0.52
[INFO] [stderr]    Compiling indexmap v2.2.5
[INFO] [stderr]    Compiling wast v201.0.0
[INFO] [stderr]    Compiling wasmparser v0.201.0
[INFO] [stderr]    Compiling regex-automata v0.4.5
[INFO] [stderr]    Compiling clap_derive v4.5.0
[INFO] [stderr]    Compiling serde_derive v1.0.197
[INFO] [stderr]    Compiling thiserror-impl v1.0.57
[INFO] [stderr]    Compiling regex v1.10.3
[INFO] [stderr]    Compiling env_filter v0.1.0
[INFO] [stderr]    Compiling clap v4.5.1
[INFO] [stderr]    Compiling clap-verbosity-flag v2.2.0
[INFO] [stderr]    Compiling env_logger v0.11.2
[INFO] [stderr]    Compiling wat v1.201.0
[INFO] [stderr]    Compiling wast2json v0.1.0 (/opt/rustwide/workdir)
[INFO] [stderr]     Finished `release` profile [optimized] target(s) in 1m 15s
[INFO] running `Command { std: "docker" "inspect" "43cd584ceb331fee198220c6adfc17464bdd5d2ba42894973798077399def94a", kill_on_drop: false }`
[INFO] running `Command { std: "docker" "exec" "-e" "SOURCE_DIR=/opt/rustwide/workdir" "-e" "CARGO_HOME=/opt/rustwide/cargo-home" "-e" "RUSTUP_HOME=/opt/rustwide/rustup-home" "-e" "CARGO_TARGET_DIR=/opt/rustwide/target" "-e" "CARGO_INCREMENTAL=0" "-e" "RUST_BACKTRACE=full" "-e" "RUSTFLAGS=--cap-lints=warn" "-e" "RUSTDOCFLAGS=--cap-lints=warn" "-w" "/opt/rustwide/workdir" "--user" "0:0" "43cd584ceb331fee198220c6adfc17464bdd5d2ba42894973798077399def94a" "/opt/rustwide/cargo-home/bin/cargo" "+1.99.0-beta.8" "test" "--frozen" "--no-run" "--message-format=json" "--release", kill_on_drop: false }`
[INFO] [stderr]    Compiling bitflags v2.4.2
[INFO] [stderr]    Compiling anyhow v1.0.80
[INFO] [stderr]    Compiling rustix v0.38.31
[INFO] [stderr]    Compiling linux-raw-sys v0.4.13
[INFO] [stderr]    Compiling fastrand v2.0.1
[INFO] [stderr]    Compiling cfg-if v1.0.0
[INFO] [stderr]    Compiling assert-json-diff v2.0.2
[INFO] [stderr]    Compiling wasmparser v0.201.0
[INFO] [stderr]    Compiling tempfile v3.10.1
[INFO] [stderr]    Compiling wast2json v0.1.0 (/opt/rustwide/workdir)
[INFO] [stderr]    Compiling wasmprinter v0.201.0
[INFO] [stderr]     Finished `release` profile [optimized] target(s) in 1m 07s
[INFO] running `Command { std: "docker" "inspect" "43cd584ceb331fee198220c6adfc17464bdd5d2ba42894973798077399def94a", kill_on_drop: false }`
[INFO] running `Command { std: "docker" "exec" "-e" "SOURCE_DIR=/opt/rustwide/workdir" "-e" "CARGO_HOME=/opt/rustwide/cargo-home" "-e" "RUSTUP_HOME=/opt/rustwide/rustup-home" "-e" "CARGO_TARGET_DIR=/opt/rustwide/target" "-e" "CARGO_INCREMENTAL=0" "-e" "RUST_BACKTRACE=full" "-e" "RUSTFLAGS=--cap-lints=warn" "-e" "RUSTDOCFLAGS=--cap-lints=warn" "-w" "/opt/rustwide/workdir" "--user" "0:0" "43cd584ceb331fee198220c6adfc17464bdd5d2ba42894973798077399def94a" "/opt/rustwide/cargo-home/bin/cargo" "+1.99.0-beta.8" "test" "--frozen" "--release", kill_on_drop: false }`
[INFO] [stderr]     Finished `release` profile [optimized] target(s) in 0.10s
[INFO] [stderr]      Running unittests src/lib.rs (/opt/rustwide/target/release/deps/wast2json-815406003d848eb8)
[INFO] [stdout] 
[INFO] [stdout] running 10 tests
[INFO] [stdout] test json::test::test_const_funcref_null ... ok
[INFO] [stdout] test json::test::test_const_funcref ... ok
[INFO] [stdout] test json::test::test_const_i32 ... ok
[INFO] [stdout] test json::test::test_const_i64 ... ok
[INFO] [stdout] test json::test::test_const_v128 ... ok
[INFO] [stdout] test json::test::test_const_externref ... ok
[INFO] [stdout] test json::test::test_pattern_f64_nan_arithmtic ... ok
[INFO] [stdout] test json::test::test_const_externref_null ... ok
[INFO] [stdout] test json::test::test_const_f64 ... ok
[INFO] [stderr]      Running unittests src/main.rs (/opt/rustwide/target/release/deps/wast2json_rs-28ac2fb2aeef9378)
[INFO] [stdout] test json::test::test_const_f32 ... ok
[INFO] [stdout] 
[INFO] [stdout] test result: ok. 10 passed; 0 failed; 0 ignored; 0 measured; 0 filtered out; finished in 0.01s
[INFO] [stdout] 
[INFO] [stderr]      Running tests/tests.rs (/opt/rustwide/target/release/deps/tests-f437d114c8cbe7c6)
[INFO] [stdout] 
[INFO] [stdout] running 0 tests
[INFO] [stdout] 
[INFO] [stdout] test result: ok. 0 passed; 0 failed; 0 ignored; 0 measured; 0 filtered out; finished in 0.00s
[INFO] [stdout] 
[INFO] [stdout] 
[INFO] [stdout] running 23 tests
[INFO] [stdout] test assertreturn ... ok
[INFO] [stdout] test assert_after_module ... ok
[INFO] [stdout] test bad_input_command ... ok
[INFO] [stdout] test bad_invoke_too_few ... ok
[INFO] [stdout] test assertreturn_canonical_nan ... ok
[INFO] [stdout] test bad_assert_before_module ... ok
[INFO] [stdout] test bad_assertreturn_too_many ... ok
[INFO] [stdout] test bad_assertreturn_type_mismatch ... ok
[INFO] [stdout] test bad_invoke_too_many ... ok
[INFO] [stdout] test assertinvalid ... ok
[INFO] [stdout] test bad_assertreturn_unknown_function ... ok
[INFO] [stdout] test bad_assertreturn_too_few ... ok
[INFO] [stdout] test bad_invoke_no_module ... ok
[INFO] [stdout] test assertmalformed ... ok
[INFO] [stdout] test bad_assertreturn_invoke_type_mismatch ... ok
[INFO] [stdout] test assertreturn_arithmetic_nan ... ok
[INFO] [stdout] test assertinvalid_binary_module ... FAILED
[INFO] [stdout] test bad_invoke_type_mismatch ... ok
[INFO] [stdout] test bad_invoke_unknown_function ... ok
[INFO] [stdout] test bad_output_command ... ok
[INFO] [stdout] test invoke ... ok
[INFO] [stdout] test module_binary ... ok
[INFO] [stdout] test bad_assertreturn_non_const ... ok
[INFO] [stdout] 
[INFO] [stdout] failures:
[INFO] [stdout] 
[INFO] [stdout] ---- assertinvalid_binary_module stdout ----
[INFO] [stdout] 
[INFO] [stdout] thread 'assertinvalid_binary_module' (1153) panicked at tests/tests.rs:84:21:
[INFO] [stdout] unexpected error: tests/local/parse/assert/assertinvalid-binary-module.txt:2:2: error: magic header not detected: bad magic number - expected=[
[INFO] [stdout]     0x0,
[INFO] [stdout]     0x61,
[INFO] [stdout]     0x73,
[INFO] [stdout]     0x6d,
[INFO] [stdout] ] actual=[
[INFO] [stdout]     0x0,
[INFO] [stdout]     0x41,
[INFO] [stdout]     0x53,
[INFO] [stdout]     0x4d,
[INFO] [stdout] ] (at offset 0x0)
[INFO] [stdout] (assert_invalid (module binary "\00ASM") "bad magic")
[INFO] [stdout]  ^
[INFO] [stdout] stack backtrace:
[INFO] [stdout]    0:     0x59eb2b008d35 - <unknown>
[INFO] [stdout]    1:     0x59eb2afeb12a - <unknown>
[INFO] [stdout]    2:     0x59eb2b0083cb - <unknown>
[INFO] [stdout]    3:     0x59eb2b007eaf - <unknown>
[INFO] [stdout]    4:     0x59eb2b007ada - <unknown>
[INFO] [stdout]    5:     0x59eb2b007612 - <unknown>
[INFO] [stdout]    6:     0x59eb2b02ea01 - <unknown>
[INFO] [stdout]    7:     0x59eb2b02e9b9 - <unknown>
[INFO] [stdout]    8:     0x59eb2b02eecc - <unknown>
[INFO] [stdout]    9:     0x59eb2afeafbb - <unknown>
[INFO] [stdout]   10:     0x59eb2b0980ef - <unknown>
[INFO] [stdout]   11:     0x59eb2b099db5 - <unknown>
[INFO] [stdout]   12:     0x59eb2b047fab - <unknown>
[INFO] [stdout]   13:     0x59eb2b0435bf - <unknown>
[INFO] [stdout]   14:     0x59eb2b04303c - <unknown>
[INFO] [stdout]   15:     0x59eb2b0601fc - <unknown>
[INFO] [stdout]   16:     0x59eb2b030282 - <unknown>
[INFO] [stdout]   17:     0x7ce1acad1dfa - <unknown>
[INFO] [stdout]   18:     0x7ce1acb653d4 - clone
[INFO] [stdout]   19:                0x0 - <unknown>
[INFO] [stdout] 
[INFO] [stdout] 
[INFO] [stdout] failures:
[INFO] [stdout]     assertinvalid_binary_module
[INFO] [stdout] 
[INFO] [stdout] test result: FAILED. 22 passed; 1 failed; 0 ignored; 0 measured; 0 filtered out; finished in 0.01s
[INFO] [stdout] 
[INFO] [stderr] error: test failed, to rerun pass `--test tests`
[INFO] running `Command { std: "docker" "inspect" "43cd584ceb331fee198220c6adfc17464bdd5d2ba42894973798077399def94a", kill_on_drop: false }`
[INFO] running `Command { std: "docker" "rm" "-f" "43cd584ceb331fee198220c6adfc17464bdd5d2ba42894973798077399def94a", kill_on_drop: false }`
[INFO] [stdout] 43cd584ceb331fee198220c6adfc17464bdd5d2ba42894973798077399def94a
