[INFO] fetching crate wasmut-wasm 0.46.0...
[INFO] testing wasmut-wasm-0.46.0 against 1.99.0-beta.8+cargoflags=--release for beta-release-1.100-2
[INFO] extracting crate wasmut-wasm 0.46.0 into /workspace/builds/worker-1-tc1/source
[INFO] started tweaking crates.io crate wasmut-wasm 0.46.0
[INFO] finished tweaking crates.io crate wasmut-wasm 0.46.0
[INFO] tweaked toml for crates.io crate wasmut-wasm 0.46.0 written to /workspace/builds/worker-1-tc1/source/Cargo.toml
[INFO] validating manifest of crates.io crate wasmut-wasm 0.46.0 on toolchain 1.99.0-beta.8
[INFO] running `Command { std: CARGO_HOME="/workspace/cargo-home" RUSTUP_HOME="/workspace/rustup-home" "/workspace/cargo-home/bin/cargo" "+1.99.0-beta.8" "metadata" "--manifest-path" "Cargo.toml" "--no-deps", kill_on_drop: false }`
[INFO] crate crates.io crate wasmut-wasm 0.46.0 already has a lockfile, it will not be regenerated
[INFO] running `Command { std: CARGO_HOME="/workspace/cargo-home" RUSTUP_HOME="/workspace/rustup-home" "/workspace/cargo-home/bin/cargo" "+1.99.0-beta.8" "fetch" "--manifest-path" "Cargo.toml", kill_on_drop: false }`
[INFO] [stderr]  Downloading crates ...
[INFO] [stderr]   Downloaded serde v1.0.152
[INFO] [stderr]   Downloaded time v0.3.17
[INFO] running `Command { std: "docker" "create" "-v" "/var/lib/crater-agent-workspace/builds/worker-1-tc1/source:/opt/rustwide/workdir:ro,Z" "-v" "/var/lib/crater-agent-workspace/builds/worker-1-tc1/target:/opt/rustwide/target:rw,Z" "-v" "/var/lib/crater-agent-workspace/cargo-home:/opt/rustwide/cargo-home:ro,Z" "-v" "/var/lib/crater-agent-workspace/rustup-home:/opt/rustwide/rustup-home:ro,Z" "-m" "1610612736" "--network" "none" "ghcr.io/rust-lang/crates-build-env/linux@sha256:77db811e55d90add9212f6832c23229e3de5f1c1f9905e8cb07319ea15df73ac" "sleep" "infinity", kill_on_drop: false }`
[INFO] [stdout] 332a752485355734f04c3fde7c0d00972a215e8e30a1e272765d2f7e2a850abc
[INFO] running `Command { std: "docker" "start" "332a752485355734f04c3fde7c0d00972a215e8e30a1e272765d2f7e2a850abc", kill_on_drop: false }`
[INFO] running `Command { std: "docker" "inspect" "332a752485355734f04c3fde7c0d00972a215e8e30a1e272765d2f7e2a850abc", kill_on_drop: false }`
[INFO] running `Command { std: "docker" "exec" "-e" "SOURCE_DIR=/opt/rustwide/workdir" "-e" "CARGO_HOME=/opt/rustwide/cargo-home" "-e" "RUSTUP_HOME=/opt/rustwide/rustup-home" "-e" "CARGO_TARGET_DIR=/opt/rustwide/target" "-w" "/opt/rustwide/workdir" "--user" "0:0" "332a752485355734f04c3fde7c0d00972a215e8e30a1e272765d2f7e2a850abc" "/opt/rustwide/cargo-home/bin/cargo" "+1.99.0-beta.8" "metadata" "--no-deps" "--format-version=1", kill_on_drop: false }`
[INFO] running `Command { std: "docker" "inspect" "332a752485355734f04c3fde7c0d00972a215e8e30a1e272765d2f7e2a850abc", kill_on_drop: false }`
[INFO] running `Command { std: "docker" "exec" "-e" "SOURCE_DIR=/opt/rustwide/workdir" "-e" "CARGO_HOME=/opt/rustwide/cargo-home" "-e" "RUSTUP_HOME=/opt/rustwide/rustup-home" "-e" "CARGO_TARGET_DIR=/opt/rustwide/target" "-e" "CARGO_INCREMENTAL=0" "-e" "RUST_BACKTRACE=full" "-e" "RUSTFLAGS=--cap-lints=warn" "-e" "RUSTDOCFLAGS=--cap-lints=warn" "-w" "/opt/rustwide/workdir" "--user" "0:0" "332a752485355734f04c3fde7c0d00972a215e8e30a1e272765d2f7e2a850abc" "/opt/rustwide/cargo-home/bin/cargo" "+1.99.0-beta.8" "build" "--frozen" "--message-format=json" "--release", kill_on_drop: false }`
[INFO] [stderr]    Compiling wasmut-wasm v0.46.0 (/opt/rustwide/workdir)
[INFO] [stdout] warning: unexpected `cfg` condition name: `slow_assertions`
[INFO] [stdout]    --> src/elements/index_map.rs:127:8
[INFO] [stdout]     |
[INFO] [stdout] 127 |     #[cfg(slow_assertions)]
[INFO] [stdout]     |           ^^^^^^^^^^^^^^^ help: there is a config with a similar name: `debug_assertions`
[INFO] [stdout]     |
[INFO] [stdout]     = help: consider using a Cargo feature instead
[INFO] [stdout]     = help: or consider adding in `Cargo.toml` the `check-cfg` lint config for the lint:
[INFO] [stdout]              [lints.rust]
[INFO] [stdout]              unexpected_cfgs = { level = "warn", check-cfg = ['cfg(slow_assertions)'] }
[INFO] [stdout]     = help: or consider adding `println!("cargo::rustc-check-cfg=cfg(slow_assertions)");` to the top of the `build.rs`
[INFO] [stdout]     = note: see <https://doc.rust-lang.org/nightly/rustc/check-cfg/cargo-specifics.html> for more information about checking conditional configuration
[INFO] [stdout]     = note: `#[warn(unexpected_cfgs)]` on by default
[INFO] [stdout] 
[INFO] [stdout] 
[INFO] [stdout] warning: unexpected `cfg` condition name: `slow_assertions`
[INFO] [stdout]   --> src/elements/index_map.rs:90:9
[INFO] [stdout]    |
[INFO] [stdout] 90 |         #[cfg(slow_assertions)]
[INFO] [stdout]    |               ^^^^^^^^^^^^^^^ help: there is a config with a similar name: `debug_assertions`
[INFO] [stdout]    |
[INFO] [stdout]    = help: consider using a Cargo feature instead
[INFO] [stdout]    = help: or consider adding in `Cargo.toml` the `check-cfg` lint config for the lint:
[INFO] [stdout]             [lints.rust]
[INFO] [stdout]             unexpected_cfgs = { level = "warn", check-cfg = ['cfg(slow_assertions)'] }
[INFO] [stdout]    = help: or consider adding `println!("cargo::rustc-check-cfg=cfg(slow_assertions)");` to the top of the `build.rs`
[INFO] [stdout]    = note: see <https://doc.rust-lang.org/nightly/rustc/check-cfg/cargo-specifics.html> for more information about checking conditional configuration
[INFO] [stdout] 
[INFO] [stdout] 
[INFO] [stdout] warning: unexpected `cfg` condition name: `slow_assertions`
[INFO] [stdout]    --> src/elements/index_map.rs:104:9
[INFO] [stdout]     |
[INFO] [stdout] 104 |         #[cfg(slow_assertions)]
[INFO] [stdout]     |               ^^^^^^^^^^^^^^^ help: there is a config with a similar name: `debug_assertions`
[INFO] [stdout]     |
[INFO] [stdout]     = help: consider using a Cargo feature instead
[INFO] [stdout]     = help: or consider adding in `Cargo.toml` the `check-cfg` lint config for the lint:
[INFO] [stdout]              [lints.rust]
[INFO] [stdout]              unexpected_cfgs = { level = "warn", check-cfg = ['cfg(slow_assertions)'] }
[INFO] [stdout]     = help: or consider adding `println!("cargo::rustc-check-cfg=cfg(slow_assertions)");` to the top of the `build.rs`
[INFO] [stdout]     = note: see <https://doc.rust-lang.org/nightly/rustc/check-cfg/cargo-specifics.html> for more information about checking conditional configuration
[INFO] [stdout] 
[INFO] [stdout] 
[INFO] [stdout] warning: unexpected `cfg` condition name: `slow_assertions`
[INFO] [stdout]    --> src/elements/index_map.rs:111:9
[INFO] [stdout]     |
[INFO] [stdout] 111 |         #[cfg(slow_assertions)]
[INFO] [stdout]     |               ^^^^^^^^^^^^^^^ help: there is a config with a similar name: `debug_assertions`
[INFO] [stdout]     |
[INFO] [stdout]     = help: consider using a Cargo feature instead
[INFO] [stdout]     = help: or consider adding in `Cargo.toml` the `check-cfg` lint config for the lint:
[INFO] [stdout]              [lints.rust]
[INFO] [stdout]              unexpected_cfgs = { level = "warn", check-cfg = ['cfg(slow_assertions)'] }
[INFO] [stdout]     = help: or consider adding `println!("cargo::rustc-check-cfg=cfg(slow_assertions)");` to the top of the `build.rs`
[INFO] [stdout]     = note: see <https://doc.rust-lang.org/nightly/rustc/check-cfg/cargo-specifics.html> for more information about checking conditional configuration
[INFO] [stdout] 
[INFO] [stdout] 
[INFO] [stdout] warning: use of deprecated associated function `core::num::<impl u32>::max_value`: replaced by the `MAX` associated constant on this type
[INFO] [stdout]   --> src/elements/index_map.rs:88:46
[INFO] [stdout]    |
[INFO] [stdout] 88 |             debug_assert!(self.entries.len() <= (u32::max_value() as usize) + 1);
[INFO] [stdout]    |                                                       ^^^^^^^^^
[INFO] [stdout]    |
[INFO] [stdout]    = note: `#[warn(deprecated)]` on by default
[INFO] [stdout] 
[INFO] [stdout] 
[INFO] [stdout] warning: use of deprecated associated function `core::num::<impl u32>::max_value`: replaced by the `MAX` associated constant on this type
[INFO] [stdout]   --> src/elements/primitives.rs:36:21
[INFO] [stdout]    |
[INFO] [stdout] 36 |         assert!(i <= u32::max_value() as usize);
[INFO] [stdout]    |                           ^^^^^^^^^
[INFO] [stdout] 
[INFO] [stdout] 
[INFO] [stdout] warning: hiding a lifetime that's elided elsewhere is confusing
[INFO] [stdout]    --> src/elements/index_map.rs:133:14
[INFO] [stdout]     |
[INFO] [stdout] 133 |     pub fn iter(&self) -> Iter<T> {
[INFO] [stdout]     |                 ^^^^^     ^^^^^^^ the same lifetime is hidden here
[INFO] [stdout]     |                 |
[INFO] [stdout]     |                 the lifetime is elided here
[INFO] [stdout]     |
[INFO] [stdout]     = help: the same lifetime is referred to in inconsistent ways, making the signature confusing
[INFO] [stdout]     = note: `#[warn(mismatched_lifetime_syntaxes)]` on by default
[INFO] [stdout] help: use `'_` for type paths
[INFO] [stdout]     |
[INFO] [stdout] 133 |     pub fn iter(&self) -> Iter<'_, T> {
[INFO] [stdout]     |                                +++
[INFO] [stdout] 
[INFO] [stdout] 
[INFO] [stderr]     Finished `release` profile [optimized] target(s) in 2.86s
[INFO] running `Command { std: "docker" "inspect" "332a752485355734f04c3fde7c0d00972a215e8e30a1e272765d2f7e2a850abc", kill_on_drop: false }`
[INFO] running `Command { std: "docker" "exec" "-e" "SOURCE_DIR=/opt/rustwide/workdir" "-e" "CARGO_HOME=/opt/rustwide/cargo-home" "-e" "RUSTUP_HOME=/opt/rustwide/rustup-home" "-e" "CARGO_TARGET_DIR=/opt/rustwide/target" "-e" "CARGO_INCREMENTAL=0" "-e" "RUST_BACKTRACE=full" "-e" "RUSTFLAGS=--cap-lints=warn" "-e" "RUSTDOCFLAGS=--cap-lints=warn" "-w" "/opt/rustwide/workdir" "--user" "0:0" "332a752485355734f04c3fde7c0d00972a215e8e30a1e272765d2f7e2a850abc" "/opt/rustwide/cargo-home/bin/cargo" "+1.99.0-beta.8" "test" "--frozen" "--no-run" "--message-format=json" "--release", kill_on_drop: false }`
[INFO] [stderr]    Compiling time-core v0.1.0
[INFO] [stdout] warning: unexpected `cfg` condition name: `slow_assertions`
[INFO] [stdout]    --> src/elements/index_map.rs:127:8
[INFO] [stdout]     |
[INFO] [stdout] 127 |     #[cfg(slow_assertions)]
[INFO] [stdout]     |           ^^^^^^^^^^^^^^^ help: there is a config with a similar name: `debug_assertions`
[INFO] [stdout]     |
[INFO] [stdout]     = help: consider using a Cargo feature instead
[INFO] [stdout]     = help: or consider adding in `Cargo.toml` the `check-cfg` lint config for the lint:
[INFO] [stdout]              [lints.rust]
[INFO] [stdout]              unexpected_cfgs = { level = "warn", check-cfg = ['cfg(slow_assertions)'] }
[INFO] [stdout]     = help: or consider adding `println!("cargo::rustc-check-cfg=cfg(slow_assertions)");` to the top of the `build.rs`
[INFO] [stdout]     = note: see <https://doc.rust-lang.org/nightly/rustc/check-cfg/cargo-specifics.html> for more information about checking conditional configuration
[INFO] [stdout]     = note: `#[warn(unexpected_cfgs)]` on by default
[INFO] [stdout] 
[INFO] [stdout] 
[INFO] [stdout] warning: unexpected `cfg` condition name: `slow_assertions`
[INFO] [stdout]   --> src/elements/index_map.rs:90:9
[INFO] [stdout]    |
[INFO] [stdout] 90 |         #[cfg(slow_assertions)]
[INFO] [stdout]    |               ^^^^^^^^^^^^^^^ help: there is a config with a similar name: `debug_assertions`
[INFO] [stdout]    |
[INFO] [stdout]    = help: consider using a Cargo feature instead
[INFO] [stdout]    = help: or consider adding in `Cargo.toml` the `check-cfg` lint config for the lint:
[INFO] [stdout]             [lints.rust]
[INFO] [stdout]             unexpected_cfgs = { level = "warn", check-cfg = ['cfg(slow_assertions)'] }
[INFO] [stdout]    = help: or consider adding `println!("cargo::rustc-check-cfg=cfg(slow_assertions)");` to the top of the `build.rs`
[INFO] [stdout]    = note: see <https://doc.rust-lang.org/nightly/rustc/check-cfg/cargo-specifics.html> for more information about checking conditional configuration
[INFO] [stdout] 
[INFO] [stdout] 
[INFO] [stdout] warning: unexpected `cfg` condition name: `slow_assertions`
[INFO] [stdout]    --> src/elements/index_map.rs:104:9
[INFO] [stdout]     |
[INFO] [stdout] 104 |         #[cfg(slow_assertions)]
[INFO] [stdout]     |               ^^^^^^^^^^^^^^^ help: there is a config with a similar name: `debug_assertions`
[INFO] [stdout]     |
[INFO] [stdout]     = help: consider using a Cargo feature instead
[INFO] [stdout]     = help: or consider adding in `Cargo.toml` the `check-cfg` lint config for the lint:
[INFO] [stdout]              [lints.rust]
[INFO] [stdout]              unexpected_cfgs = { level = "warn", check-cfg = ['cfg(slow_assertions)'] }
[INFO] [stdout]     = help: or consider adding `println!("cargo::rustc-check-cfg=cfg(slow_assertions)");` to the top of the `build.rs`
[INFO] [stdout]     = note: see <https://doc.rust-lang.org/nightly/rustc/check-cfg/cargo-specifics.html> for more information about checking conditional configuration
[INFO] [stdout] 
[INFO] [stdout] 
[INFO] [stdout] warning: unexpected `cfg` condition name: `slow_assertions`
[INFO] [stdout]    --> src/elements/index_map.rs:111:9
[INFO] [stdout]     |
[INFO] [stdout] 111 |         #[cfg(slow_assertions)]
[INFO] [stdout]     |               ^^^^^^^^^^^^^^^ help: there is a config with a similar name: `debug_assertions`
[INFO] [stdout]     |
[INFO] [stdout]     = help: consider using a Cargo feature instead
[INFO] [stdout]     = help: or consider adding in `Cargo.toml` the `check-cfg` lint config for the lint:
[INFO] [stdout]              [lints.rust]
[INFO] [stdout]              unexpected_cfgs = { level = "warn", check-cfg = ['cfg(slow_assertions)'] }
[INFO] [stdout]     = help: or consider adding `println!("cargo::rustc-check-cfg=cfg(slow_assertions)");` to the top of the `build.rs`
[INFO] [stdout]     = note: see <https://doc.rust-lang.org/nightly/rustc/check-cfg/cargo-specifics.html> for more information about checking conditional configuration
[INFO] [stdout] 
[INFO] [stdout] 
[INFO] [stdout] warning: use of deprecated associated function `core::num::<impl u32>::max_value`: replaced by the `MAX` associated constant on this type
[INFO] [stdout]   --> src/elements/index_map.rs:88:46
[INFO] [stdout]    |
[INFO] [stdout] 88 |             debug_assert!(self.entries.len() <= (u32::max_value() as usize) + 1);
[INFO] [stdout]    |                                                       ^^^^^^^^^
[INFO] [stdout]    |
[INFO] [stdout]    = note: `#[warn(deprecated)]` on by default
[INFO] [stdout] 
[INFO] [stdout] 
[INFO] [stdout] warning: use of deprecated associated function `core::num::<impl u32>::max_value`: replaced by the `MAX` associated constant on this type
[INFO] [stdout]   --> src/elements/primitives.rs:36:21
[INFO] [stdout]    |
[INFO] [stdout] 36 |         assert!(i <= u32::max_value() as usize);
[INFO] [stdout]    |                           ^^^^^^^^^
[INFO] [stdout] 
[INFO] [stdout] 
[INFO] [stdout] warning: hiding a lifetime that's elided elsewhere is confusing
[INFO] [stdout]    --> src/elements/index_map.rs:133:14
[INFO] [stdout]     |
[INFO] [stdout] 133 |     pub fn iter(&self) -> Iter<T> {
[INFO] [stdout]     |                 ^^^^^     ^^^^^^^ the same lifetime is hidden here
[INFO] [stdout]     |                 |
[INFO] [stdout]     |                 the lifetime is elided here
[INFO] [stdout]     |
[INFO] [stdout]     = help: the same lifetime is referred to in inconsistent ways, making the signature confusing
[INFO] [stdout]     = note: `#[warn(mismatched_lifetime_syntaxes)]` on by default
[INFO] [stdout] help: use `'_` for type paths
[INFO] [stdout]     |
[INFO] [stdout] 133 |     pub fn iter(&self) -> Iter<'_, T> {
[INFO] [stdout]     |                                +++
[INFO] [stdout] 
[INFO] [stdout] 
[INFO] [stderr]    Compiling time v0.3.17
[INFO] [stderr]    Compiling wasmut-wasm v0.46.0 (/opt/rustwide/workdir)
[INFO] [stdout] warning: unexpected `cfg` condition name: `slow_assertions`
[INFO] [stdout]    --> src/elements/index_map.rs:127:8
[INFO] [stdout]     |
[INFO] [stdout] 127 |     #[cfg(slow_assertions)]
[INFO] [stdout]     |           ^^^^^^^^^^^^^^^ help: there is a config with a similar name: `debug_assertions`
[INFO] [stdout]     |
[INFO] [stdout]     = help: consider using a Cargo feature instead
[INFO] [stdout]     = help: or consider adding in `Cargo.toml` the `check-cfg` lint config for the lint:
[INFO] [stdout]              [lints.rust]
[INFO] [stdout]              unexpected_cfgs = { level = "warn", check-cfg = ['cfg(slow_assertions)'] }
[INFO] [stdout]     = help: or consider adding `println!("cargo::rustc-check-cfg=cfg(slow_assertions)");` to the top of the `build.rs`
[INFO] [stdout]     = note: see <https://doc.rust-lang.org/nightly/rustc/check-cfg/cargo-specifics.html> for more information about checking conditional configuration
[INFO] [stdout]     = note: `#[warn(unexpected_cfgs)]` on by default
[INFO] [stdout] 
[INFO] [stdout] 
[INFO] [stdout] warning: unexpected `cfg` condition name: `slow_assertions`
[INFO] [stdout]   --> src/elements/index_map.rs:90:9
[INFO] [stdout]    |
[INFO] [stdout] 90 |         #[cfg(slow_assertions)]
[INFO] [stdout]    |               ^^^^^^^^^^^^^^^ help: there is a config with a similar name: `debug_assertions`
[INFO] [stdout]    |
[INFO] [stdout]    = help: consider using a Cargo feature instead
[INFO] [stdout]    = help: or consider adding in `Cargo.toml` the `check-cfg` lint config for the lint:
[INFO] [stdout]             [lints.rust]
[INFO] [stdout]             unexpected_cfgs = { level = "warn", check-cfg = ['cfg(slow_assertions)'] }
[INFO] [stdout]    = help: or consider adding `println!("cargo::rustc-check-cfg=cfg(slow_assertions)");` to the top of the `build.rs`
[INFO] [stdout]    = note: see <https://doc.rust-lang.org/nightly/rustc/check-cfg/cargo-specifics.html> for more information about checking conditional configuration
[INFO] [stdout] 
[INFO] [stdout] 
[INFO] [stdout] warning: unexpected `cfg` condition name: `slow_assertions`
[INFO] [stdout]    --> src/elements/index_map.rs:104:9
[INFO] [stdout]     |
[INFO] [stdout] 104 |         #[cfg(slow_assertions)]
[INFO] [stdout]     |               ^^^^^^^^^^^^^^^ help: there is a config with a similar name: `debug_assertions`
[INFO] [stdout]     |
[INFO] [stdout]     = help: consider using a Cargo feature instead
[INFO] [stdout]     = help: or consider adding in `Cargo.toml` the `check-cfg` lint config for the lint:
[INFO] [stdout]              [lints.rust]
[INFO] [stdout]              unexpected_cfgs = { level = "warn", check-cfg = ['cfg(slow_assertions)'] }
[INFO] [stdout]     = help: or consider adding `println!("cargo::rustc-check-cfg=cfg(slow_assertions)");` to the top of the `build.rs`
[INFO] [stdout]     = note: see <https://doc.rust-lang.org/nightly/rustc/check-cfg/cargo-specifics.html> for more information about checking conditional configuration
[INFO] [stdout] 
[INFO] [stdout] 
[INFO] [stdout] warning: unexpected `cfg` condition name: `slow_assertions`
[INFO] [stdout]    --> src/elements/index_map.rs:111:9
[INFO] [stdout]     |
[INFO] [stdout] 111 |         #[cfg(slow_assertions)]
[INFO] [stdout]     |               ^^^^^^^^^^^^^^^ help: there is a config with a similar name: `debug_assertions`
[INFO] [stdout]     |
[INFO] [stdout]     = help: consider using a Cargo feature instead
[INFO] [stdout]     = help: or consider adding in `Cargo.toml` the `check-cfg` lint config for the lint:
[INFO] [stdout]              [lints.rust]
[INFO] [stdout]              unexpected_cfgs = { level = "warn", check-cfg = ['cfg(slow_assertions)'] }
[INFO] [stdout]     = help: or consider adding `println!("cargo::rustc-check-cfg=cfg(slow_assertions)");` to the top of the `build.rs`
[INFO] [stdout]     = note: see <https://doc.rust-lang.org/nightly/rustc/check-cfg/cargo-specifics.html> for more information about checking conditional configuration
[INFO] [stdout] 
[INFO] [stdout] 
[INFO] [stdout] warning: use of deprecated associated function `core::num::<impl u32>::max_value`: replaced by the `MAX` associated constant on this type
[INFO] [stdout]   --> src/elements/index_map.rs:88:46
[INFO] [stdout]    |
[INFO] [stdout] 88 |             debug_assert!(self.entries.len() <= (u32::max_value() as usize) + 1);
[INFO] [stdout]    |                                                       ^^^^^^^^^
[INFO] [stdout]    |
[INFO] [stdout]    = note: `#[warn(deprecated)]` on by default
[INFO] [stdout] 
[INFO] [stdout] 
[INFO] [stdout] warning: use of deprecated associated function `core::num::<impl u32>::max_value`: replaced by the `MAX` associated constant on this type
[INFO] [stdout]   --> src/elements/primitives.rs:36:21
[INFO] [stdout]    |
[INFO] [stdout] 36 |         assert!(i <= u32::max_value() as usize);
[INFO] [stdout]    |                           ^^^^^^^^^
[INFO] [stdout] 
[INFO] [stdout] 
[INFO] [stdout] warning: hiding a lifetime that's elided elsewhere is confusing
[INFO] [stdout]    --> src/elements/index_map.rs:133:14
[INFO] [stdout]     |
[INFO] [stdout] 133 |     pub fn iter(&self) -> Iter<T> {
[INFO] [stdout]     |                 ^^^^^     ^^^^^^^ the same lifetime is hidden here
[INFO] [stdout]     |                 |
[INFO] [stdout]     |                 the lifetime is elided here
[INFO] [stdout]     |
[INFO] [stdout]     = help: the same lifetime is referred to in inconsistent ways, making the signature confusing
[INFO] [stdout]     = note: `#[warn(mismatched_lifetime_syntaxes)]` on by default
[INFO] [stdout] help: use `'_` for type paths
[INFO] [stdout]     |
[INFO] [stdout] 133 |     pub fn iter(&self) -> Iter<'_, T> {
[INFO] [stdout]     |                                +++
[INFO] [stdout] 
[INFO] [stdout] 
[INFO] [stderr]     Finished `release` profile [optimized] target(s) in 6.61s
[INFO] running `Command { std: "docker" "inspect" "332a752485355734f04c3fde7c0d00972a215e8e30a1e272765d2f7e2a850abc", kill_on_drop: false }`
[INFO] running `Command { std: "docker" "exec" "-e" "SOURCE_DIR=/opt/rustwide/workdir" "-e" "CARGO_HOME=/opt/rustwide/cargo-home" "-e" "RUSTUP_HOME=/opt/rustwide/rustup-home" "-e" "CARGO_TARGET_DIR=/opt/rustwide/target" "-e" "CARGO_INCREMENTAL=0" "-e" "RUST_BACKTRACE=full" "-e" "RUSTFLAGS=--cap-lints=warn" "-e" "RUSTDOCFLAGS=--cap-lints=warn" "-w" "/opt/rustwide/workdir" "--user" "0:0" "332a752485355734f04c3fde7c0d00972a215e8e30a1e272765d2f7e2a850abc" "/opt/rustwide/cargo-home/bin/cargo" "+1.99.0-beta.8" "test" "--frozen" "--release", kill_on_drop: false }`
[INFO] [stderr] warning: unexpected `cfg` condition name: `slow_assertions`
[INFO] [stderr]    --> src/elements/index_map.rs:127:8
[INFO] [stderr]     |
[INFO] [stderr] 127 |     #[cfg(slow_assertions)]
[INFO] [stderr]     |           ^^^^^^^^^^^^^^^ help: there is a config with a similar name: `debug_assertions`
[INFO] [stderr]     |
[INFO] [stderr]     = help: consider using a Cargo feature instead
[INFO] [stderr]     = help: or consider adding in `Cargo.toml` the `check-cfg` lint config for the lint:
[INFO] [stderr]              [lints.rust]
[INFO] [stderr]              unexpected_cfgs = { level = "warn", check-cfg = ['cfg(slow_assertions)'] }
[INFO] [stderr]     = help: or consider adding `println!("cargo::rustc-check-cfg=cfg(slow_assertions)");` to the top of the `build.rs`
[INFO] [stderr]     = note: see <https://doc.rust-lang.org/nightly/rustc/check-cfg/cargo-specifics.html> for more information about checking conditional configuration
[INFO] [stderr]     = note: `#[warn(unexpected_cfgs)]` on by default
[INFO] [stderr] 
[INFO] [stderr] warning: unexpected `cfg` condition name: `slow_assertions`
[INFO] [stderr]   --> src/elements/index_map.rs:90:9
[INFO] [stderr]    |
[INFO] [stderr] 90 |         #[cfg(slow_assertions)]
[INFO] [stderr]    |               ^^^^^^^^^^^^^^^ help: there is a config with a similar name: `debug_assertions`
[INFO] [stderr]    |
[INFO] [stderr]    = help: consider using a Cargo feature instead
[INFO] [stderr]    = help: or consider adding in `Cargo.toml` the `check-cfg` lint config for the lint:
[INFO] [stderr]             [lints.rust]
[INFO] [stderr]             unexpected_cfgs = { level = "warn", check-cfg = ['cfg(slow_assertions)'] }
[INFO] [stderr]    = help: or consider adding `println!("cargo::rustc-check-cfg=cfg(slow_assertions)");` to the top of the `build.rs`
[INFO] [stderr]    = note: see <https://doc.rust-lang.org/nightly/rustc/check-cfg/cargo-specifics.html> for more information about checking conditional configuration
[INFO] [stderr] 
[INFO] [stderr] warning: unexpected `cfg` condition name: `slow_assertions`
[INFO] [stderr]    --> src/elements/index_map.rs:104:9
[INFO] [stderr]     |
[INFO] [stderr] 104 |         #[cfg(slow_assertions)]
[INFO] [stderr]     |               ^^^^^^^^^^^^^^^ help: there is a config with a similar name: `debug_assertions`
[INFO] [stderr]     |
[INFO] [stderr]     = help: consider using a Cargo feature instead
[INFO] [stderr]     = help: or consider adding in `Cargo.toml` the `check-cfg` lint config for the lint:
[INFO] [stderr]              [lints.rust]
[INFO] [stderr]              unexpected_cfgs = { level = "warn", check-cfg = ['cfg(slow_assertions)'] }
[INFO] [stderr]     = help: or consider adding `println!("cargo::rustc-check-cfg=cfg(slow_assertions)");` to the top of the `build.rs`
[INFO] [stderr]     = note: see <https://doc.rust-lang.org/nightly/rustc/check-cfg/cargo-specifics.html> for more information about checking conditional configuration
[INFO] [stderr] 
[INFO] [stderr] warning: unexpected `cfg` condition name: `slow_assertions`
[INFO] [stderr]    --> src/elements/index_map.rs:111:9
[INFO] [stderr]     |
[INFO] [stderr] 111 |         #[cfg(slow_assertions)]
[INFO] [stderr]     |               ^^^^^^^^^^^^^^^ help: there is a config with a similar name: `debug_assertions`
[INFO] [stderr]     |
[INFO] [stderr]     = help: consider using a Cargo feature instead
[INFO] [stderr]     = help: or consider adding in `Cargo.toml` the `check-cfg` lint config for the lint:
[INFO] [stderr]              [lints.rust]
[INFO] [stderr]              unexpected_cfgs = { level = "warn", check-cfg = ['cfg(slow_assertions)'] }
[INFO] [stderr]     = help: or consider adding `println!("cargo::rustc-check-cfg=cfg(slow_assertions)");` to the top of the `build.rs`
[INFO] [stderr]     = note: see <https://doc.rust-lang.org/nightly/rustc/check-cfg/cargo-specifics.html> for more information about checking conditional configuration
[INFO] [stderr] 
[INFO] [stderr] warning: use of deprecated associated function `core::num::<impl u32>::max_value`: replaced by the `MAX` associated constant on this type
[INFO] [stderr]   --> src/elements/index_map.rs:88:46
[INFO] [stderr]    |
[INFO] [stderr] 88 |             debug_assert!(self.entries.len() <= (u32::max_value() as usize) + 1);
[INFO] [stderr]    |                                                       ^^^^^^^^^
[INFO] [stderr]    |
[INFO] [stderr]    = note: `#[warn(deprecated)]` on by default
[INFO] [stderr] 
[INFO] [stderr] warning: use of deprecated associated function `core::num::<impl u32>::max_value`: replaced by the `MAX` associated constant on this type
[INFO] [stderr]   --> src/elements/primitives.rs:36:21
[INFO] [stderr]    |
[INFO] [stderr] 36 |         assert!(i <= u32::max_value() as usize);
[INFO] [stderr]    |                           ^^^^^^^^^
[INFO] [stderr] 
[INFO] [stderr] warning: hiding a lifetime that's elided elsewhere is confusing
[INFO] [stderr]    --> src/elements/index_map.rs:133:14
[INFO] [stderr]     |
[INFO] [stderr] 133 |     pub fn iter(&self) -> Iter<T> {
[INFO] [stderr]     |                 ^^^^^     ^^^^^^^ the same lifetime is hidden here
[INFO] [stderr]     |                 |
[INFO] [stderr]     |                 the lifetime is elided here
[INFO] [stderr]     |
[INFO] [stderr]     = help: the same lifetime is referred to in inconsistent ways, making the signature confusing
[INFO] [stderr]     = note: `#[warn(mismatched_lifetime_syntaxes)]` on by default
[INFO] [stderr] help: use `'_` for type paths
[INFO] [stderr]     |
[INFO] [stderr] 133 |     pub fn iter(&self) -> Iter<'_, T> {
[INFO] [stderr]     |                                +++
[INFO] [stderr] 
[INFO] [stderr] warning: `wasmut-wasm` (lib) generated 7 warnings (run `cargo fix --lib -p wasmut-wasm` to apply 1 suggestion)
[INFO] [stderr] warning: `wasmut-wasm` (lib test) generated 7 warnings (7 duplicates)
[INFO] [stderr]     Finished `release` profile [optimized] target(s) in 0.02s
[INFO] [stderr]      Running unittests src/lib.rs (/opt/rustwide/target/release/deps/wasmut_wasm-bb8ab5a155f84dc3)
[INFO] [stdout] 
[INFO] [stdout] running 103 tests
[INFO] [stdout] test builder::code::tests::example ... ok
[INFO] [stdout] test builder::module::tests::data ... ok
[INFO] [stdout] test builder::module::tests::export ... ok
[INFO] [stdout] test builder::global::tests::example ... ok
[INFO] [stdout] test elements::index_map::tests::deserialize_requires_elements_to_be_in_order ... ok
[INFO] [stdout] test builder::module::tests::functions ... ok
[INFO] [stdout] test builder::module::tests::smoky ... ok
[INFO] [stdout] test builder::module::tests::global ... ok
[INFO] [stdout] test elements::index_map::tests::default_is_empty_no_matter_how_we_look_at_it ... ok
[INFO] [stdout] test elements::index_map::tests::clear_removes_all_values ... ok
[INFO] [stdout] test builder::export::tests::example ... ok
[INFO] [stdout] test builder::code::tests::func_example ... ok
[INFO] [stdout] test elements::index_map::tests::remove_behaves_like_other_maps ... ok
[INFO] [stdout] test elements::index_map::tests::partial_eq_works_as_expected_in_simple_cases ... ok
[INFO] [stdout] test elements::index_map::tests::serialize_and_deserialize ... ok
[INFO] [stdout] test elements::index_map::tests::partial_eq_is_smart_about_none_values_at_the_end ... ok
[INFO] [stdout] test elements::index_map::tests::with_capacity_creates_empty_map ... ok
[INFO] [stdout] test elements::index_map::tests::deserialize_enforces_max_idx ... ok
[INFO] [stdout] test elements::index_map::tests::insert_behaves_like_other_maps ... ok
[INFO] [stdout] test elements::index_map::tests::from_iterator_builds_a_map ... ok
[INFO] [stdout] test builder::module::tests::reuse_types ... ok
[INFO] [stdout] test elements::index_map::tests::get_returns_elements_that_are_there_but_nothing_else ... ok
[INFO] [stdout] test elements::index_map::tests::contains_key_returns_true_when_a_key_is_present ... ok
[INFO] [stdout] test elements::module::integration_tests::add_custom_section ... FAILED
[INFO] [stdout] test elements::module::integration_tests::add_start_custom ... FAILED
[INFO] [stdout] test elements::module::integration_tests::names_with_global_section ... FAILED
[INFO] [stdout] test elements::module::integration_tests::hello ... FAILED
[INFO] [stdout] test elements::module::integration_tests::add_start ... FAILED
[INFO] [stdout] test elements::module::integration_tests::module_default_round_trip ... ok
[INFO] [stdout] test elements::module::integration_tests::const_ ... FAILED
[INFO] [stdout] test elements::module::integration_tests::peek ... FAILED
[INFO] [stdout] test elements::module::integration_tests::insert_sections ... ok
[INFO] [stdout] test elements::module::integration_tests::serde_code ... FAILED
[INFO] [stdout] test elements::module::integration_tests::memory_space ... FAILED
[INFO] [stdout] test elements::module::integration_tests::shared_memory_flag ... ok
[INFO] [stdout] test elements::module::integration_tests::mut_start ... FAILED
[INFO] [stdout] test elements::module::integration_tests::store ... FAILED
[INFO] [stdout] test elements::module::integration_tests::names_section_not_present ... FAILED
[INFO] [stdout] test elements::name_section::tests::deserialize_local_names ... FAILED
[INFO] [stdout] test elements::name_section::tests::serialize_local_names ... ok
[INFO] [stdout] test elements::module::integration_tests::names ... FAILED
[INFO] [stdout] test elements::name_section::tests::serialize_all_subsections ... ok
[INFO] [stdout] test elements::module::integration_tests::peek_2 ... FAILED
[INFO] [stdout] test elements::name_section::tests::serialize_function_names ... ok
[INFO] [stdout] test elements::ops::ifelse ... ok
[INFO] [stdout] test elements::module::integration_tests::peek_3 ... FAILED
[INFO] [stdout] test elements::ops::size_off ... ok
[INFO] [stdout] test elements::module::integration_tests::serde ... FAILED
[INFO] [stdout] test elements::primitives::tests::varint32_bad_extended2 ... ok
[INFO] [stdout] test elements::module::integration_tests::names_section_present ... FAILED
[INFO] [stdout] test elements::ops::instructions_hashset ... ok
[INFO] [stdout] test elements::primitives::tests::varint32_min ... ok
[INFO] [stdout] test elements::primitives::tests::varint32_max ... ok
[INFO] [stdout] test elements::primitives::tests::varint32_neg_8192 ... ok
[INFO] [stdout] test elements::primitives::tests::varint64_8192 ... ok
[INFO] [stdout] test elements::primitives::tests::varint64_neg_8192 ... ok
[INFO] [stdout] test elements::primitives::tests::varint64_max ... ok
[INFO] [stdout] test elements::module::integration_tests::serde_type ... FAILED
[INFO] [stdout] test elements::primitives::tests::varint32_too_long ... ok
[INFO] [stdout] test elements::primitives::tests::varint64_min ... ok
[INFO] [stdout] test elements::primitives::tests::varint7_invalid ... ok
[INFO] [stdout] test elements::module::integration_tests::serde_import ... FAILED
[INFO] [stdout] test elements::primitives::tests::varuint32_8192 ... ok
[INFO] [stdout] test elements::primitives::tests::varuint32_too_long ... ok
[INFO] [stdout] test elements::name_section::tests::serialize_module_name ... ok
[INFO] [stdout] test elements::primitives::tests::varuint32_1 ... ok
[INFO] [stdout] test elements::primitives::tests::varuint32_0 ... ok
[INFO] [stdout] test elements::ops::display ... ok
[INFO] [stdout] test elements::primitives::tests::varuint32_135 ... ok
[INFO] [stdout] test elements::primitives::tests::counted_list ... ok
[INFO] [stdout] test elements::module::integration_tests::serialization_roundtrip ... FAILED
[INFO] [stdout] test elements::primitives::tests::varint7_neg ... ok
[INFO] [stdout] test elements::primitives::tests::varint32_8192 ... ok
[INFO] [stdout] test elements::primitives::tests::varint32_bad_extended ... ok
[INFO] [stdout] test elements::primitives::tests::varuint64_8192 ... ok
[INFO] [stdout] test elements::primitives::tests::varuint64_too_long ... ok
[INFO] [stdout] test elements::primitives::tests::varuint64_too_long_trailing ... ok
[INFO] [stdout] test elements::section::tests::code_section_ser ... ok
[INFO] [stdout] test elements::section::tests::data_section_detect ... ok
[INFO] [stdout] test builder::import::tests::example ... ok
[INFO] [stdout] test elements::index_map::tests::iterators_are_well_behaved ... ok
[INFO] [stdout] test elements::primitives::tests::varint64_bad_extended ... ok
[INFO] [stdout] test elements::primitives::tests::varuint32_too_long_nulled ... ok
[INFO] [stdout] test elements::primitives::tests::varuint32_too_long_trailing ... ok
[INFO] [stdout] test elements::primitives::tests::varuint64_135 ... ok
[INFO] [stdout] test elements::reloc_section::tests::reloc_section ... FAILED
[INFO] [stdout] test elements::primitives::tests::varuint64_0 ... ok
[INFO] [stdout] test elements::section::tests::code_detect ... ok
[INFO] [stdout] test builder::code::tests::func_example_multi_result ... ok
[INFO] [stdout] test elements::primitives::tests::varint64_too_long ... ok
[INFO] [stdout] test elements::primitives::tests::varuint64_1 ... ok
[INFO] [stdout] test elements::section::tests::type_section_len ... ok
[INFO] [stdout] test elements::section::tests::import_section ... FAILED
[INFO] [stdout] test elements::section::tests::start_section ... ok
[INFO] [stdout] test elements::section::tests::data_section_ser ... ok
[INFO] [stdout] test elements::section::tests::export_detect ... ok
[INFO] [stdout] test elements::section::tests::element_section_ser ... ok
[INFO] [stdout] test elements::section::tests::fn_section_detect ... ok
[INFO] [stdout] test io::tests::cursor ... ok
[INFO] [stdout] test elements::section::tests::type_section_infer ... ok
[INFO] [stdout] test elements::section::tests::fn_section_number ... ok
[INFO] [stdout] test elements::section::tests::fn_section_ref ... ok
[INFO] [stdout] test io::tests::overflow_in_cursor ... ok
[INFO] [stdout] 
[INFO] [stdout] failures:
[INFO] [stdout] 
[INFO] [stdout] ---- elements::module::integration_tests::add_custom_section stdout ----
[INFO] [stdout] 
[INFO] [stdout] thread 'elements::module::integration_tests::add_custom_section' (236) panicked at src/elements/module.rs:964:63:
[INFO] [stdout] failed to deserialize: HeapOther("Can't read from the file: Os { code: 2, kind: NotFound, message: \"No such file or directory\" }")
[INFO] [stdout] stack backtrace:
[INFO] [stdout]    0:     0x5bc9da26c7f1 - <<std[70759c8f55707aa4]::sys::backtrace::BacktraceLock>::print::DisplayBacktrace as core[df12db4294e9bfd3]::fmt::Display>::fmt
[INFO] [stdout]    1:     0x5bc9da280eaa - core[df12db4294e9bfd3]::fmt::write
[INFO] [stdout]    2:     0x5bc9da270c8c - <alloc[2182bb758b4b3781]::vec::Vec<u8> as core[df12db4294e9bfd3]::io::write::Write>::write_fmt
[INFO] [stdout]    3:     0x5bc9da248de6 - std[70759c8f55707aa4]::panicking::default_hook::{closure#0}
[INFO] [stdout]    4:     0x5bc9da264f59 - std[70759c8f55707aa4]::panicking::default_hook
[INFO] [stdout]    5:     0x5bc9da2013e0 - test[9d35eded1c95d3be]::test_main_inner::<test[9d35eded1c95d3be]::test_main_static::{closure#0}>::{closure#0}
[INFO] [stdout]    6:     0x5bc9da265112 - std[70759c8f55707aa4]::panicking::panic_with_hook
[INFO] [stdout]    7:     0x5bc9da248e92 - std[70759c8f55707aa4]::panicking::panic_handler::{closure#0}
[INFO] [stdout]    8:     0x5bc9da241c19 - std[70759c8f55707aa4]::sys::backtrace::__rust_end_short_backtrace::<std[70759c8f55707aa4]::panicking::panic_handler::{closure#0}, !>
[INFO] [stdout]    9:     0x5bc9da249a8d - __rustc[8fa7c3cbc660c2b3]::rust_begin_unwind
[INFO] [stdout]   10:     0x5bc9da2815dc - core[df12db4294e9bfd3]::panicking::panic_fmt
[INFO] [stdout]   11:     0x5bc9da2813b2 - core[df12db4294e9bfd3]::result::unwrap_failed
[INFO] [stdout]   12:     0x5bc9da1da65c - wasmut_wasm[e279feb0e20be02f]::elements::module::integration_tests::add_custom_section
[INFO] [stdout]   13:     0x5bc9da1cfc89 - <wasmut_wasm[e279feb0e20be02f]::elements::module::integration_tests::add_custom_section::{closure#0} as core[df12db4294e9bfd3]::ops::function::FnOnce<()>>::call_once
[INFO] [stdout]   14:     0x5bc9da1f46cb - test[9d35eded1c95d3be]::__rust_begin_short_backtrace::<core[df12db4294e9bfd3]::result::Result<(), alloc[2182bb758b4b3781]::string::String>, fn() -> core[df12db4294e9bfd3]::result::Result<(), alloc[2182bb758b4b3781]::string::String>>
[INFO] [stdout]   15:     0x5bc9da201d35 - test[9d35eded1c95d3be]::run_test::{closure#0}
[INFO] [stdout]   16:     0x5bc9da1fb5f4 - std[70759c8f55707aa4]::sys::backtrace::__rust_begin_short_backtrace::<test[9d35eded1c95d3be]::run_test::{closure#1}, ()>
[INFO] [stdout]   17:     0x5bc9da204e92 - <std[70759c8f55707aa4]::thread::lifecycle::spawn_unchecked<test[9d35eded1c95d3be]::run_test::{closure#1}, ()>::{closure#1} as core[df12db4294e9bfd3]::ops::function::FnOnce<()>>::call_once::{shim:vtable#0}
[INFO] [stdout]   18:     0x5bc9da26c0c9 - <std[70759c8f55707aa4]::sys::thread::unix::Thread>::new::thread_start
[INFO] [stdout]   19:     0x74a804289dfa - <unknown>
[INFO] [stdout]   20:     0x74a80431d3d4 - clone
[INFO] [stdout]   21:                0x0 - <unknown>
[INFO] [stdout] 
[INFO] [stdout] ---- elements::module::integration_tests::add_start_custom stdout ----
[INFO] [stdout] 
[INFO] [stdout] thread 'elements::module::integration_tests::add_start_custom' (238) panicked at src/elements/module.rs:1006:14:
[INFO] [stdout] failed to deserialize: HeapOther("Can't read from the file: Os { code: 2, kind: NotFound, message: \"No such file or directory\" }")
[INFO] [stdout] stack backtrace:
[INFO] [stdout]    0:     0x5bc9da26c7f1 - <<std[70759c8f55707aa4]::sys::backtrace::BacktraceLock>::print::DisplayBacktrace as core[df12db4294e9bfd3]::fmt::Display>::fmt
[INFO] [stdout]    1:     0x5bc9da280eaa - core[df12db4294e9bfd3]::fmt::write
[INFO] [stdout]    2:     0x5bc9da270c8c - <alloc[2182bb758b4b3781]::vec::Vec<u8> as core[df12db4294e9bfd3]::io::write::Write>::write_fmt
[INFO] [stdout]    3:     0x5bc9da248de6 - std[70759c8f55707aa4]::panicking::default_hook::{closure#0}
[INFO] [stdout]    4:     0x5bc9da264f59 - std[70759c8f55707aa4]::panicking::default_hook
[INFO] [stdout]    5:     0x5bc9da2013e0 - test[9d35eded1c95d3be]::test_main_inner::<test[9d35eded1c95d3be]::test_main_static::{closure#0}>::{closure#0}
[INFO] [stdout]    6:     0x5bc9da265112 - std[70759c8f55707aa4]::panicking::panic_with_hook
[INFO] [stdout]    7:     0x5bc9da248e92 - std[70759c8f55707aa4]::panicking::panic_handler::{closure#0}
[INFO] [stdout]    8:     0x5bc9da241c19 - std[70759c8f55707aa4]::sys::backtrace::__rust_end_short_backtrace::<std[70759c8f55707aa4]::panicking::panic_handler::{closure#0}, !>
[INFO] [stdout]    9:     0x5bc9da249a8d - __rustc[8fa7c3cbc660c2b3]::rust_begin_unwind
[INFO] [stdout]   10:     0x5bc9da2815dc - core[df12db4294e9bfd3]::panicking::panic_fmt
[INFO] [stdout]   11:     0x5bc9da2813b2 - core[df12db4294e9bfd3]::result::unwrap_failed
[INFO] [stdout]   12:     0x5bc9da1da0c5 - wasmut_wasm[e279feb0e20be02f]::elements::module::integration_tests::add_start_custom
[INFO] [stdout]   13:     0x5bc9da1cfc69 - <wasmut_wasm[e279feb0e20be02f]::elements::module::integration_tests::add_start_custom::{closure#0} as core[df12db4294e9bfd3]::ops::function::FnOnce<()>>::call_once
[INFO] [stdout]   14:     0x5bc9da1f46cb - test[9d35eded1c95d3be]::__rust_begin_short_backtrace::<core[df12db4294e9bfd3]::result::Result<(), alloc[2182bb758b4b3781]::string::String>, fn() -> core[df12db4294e9bfd3]::result::Result<(), alloc[2182bb758b4b3781]::string::String>>
[INFO] [stdout]   15:     0x5bc9da201d35 - test[9d35eded1c95d3be]::run_test::{closure#0}
[INFO] [stdout]   16:     0x5bc9da1fb5f4 - std[70759c8f55707aa4]::sys::backtrace::__rust_begin_short_backtrace::<test[9d35eded1c95d3be]::run_test::{closure#1}, ()>
[INFO] [stdout]   17:     0x5bc9da204e92 - <std[70759c8f55707aa4]::thread::lifecycle::spawn_unchecked<test[9d35eded1c95d3be]::run_test::{closure#1}, ()>::{closure#1} as core[df12db4294e9bfd3]::ops::function::FnOnce<()>>::call_once::{shim:vtable#0}
[INFO] [stdout]   18:     0x5bc9da26c0c9 - <std[70759c8f55707aa4]::sys::thread::unix::Thread>::new::thread_start
[INFO] [stdout]   19:     0x74a804289dfa - <unknown>
[INFO] [stdout]   20:     0x74a80431d3d4 - clone
[INFO] [stdout]   21:                0x0 - <unknown>
[INFO] [stdout] 
[INFO] [stdout] ---- elements::module::integration_tests::names_with_global_section stdout ----
[INFO] [stdout] 
[INFO] [stdout] thread 'elements::module::integration_tests::names_with_global_section' (248) panicked at src/elements/module.rs:922:14:
[INFO] [stdout] Should be deserialized: HeapOther("Can't read from the file: Os { code: 2, kind: NotFound, message: \"No such file or directory\" }")
[INFO] [stdout] stack backtrace:
[INFO] [stdout]    0:     0x5bc9da26c7f1 - <<std[70759c8f55707aa4]::sys::backtrace::BacktraceLock>::print::DisplayBacktrace as core[df12db4294e9bfd3]::fmt::Display>::fmt
[INFO] [stdout]    1:     0x5bc9da280eaa - core[df12db4294e9bfd3]::fmt::write
[INFO] [stdout]    2:     0x5bc9da270c8c - <alloc[2182bb758b4b3781]::vec::Vec<u8> as core[df12db4294e9bfd3]::io::write::Write>::write_fmt
[INFO] [stdout]    3:     0x5bc9da248de6 - std[70759c8f55707aa4]::panicking::default_hook::{closure#0}
[INFO] [stdout]    4:     0x5bc9da264f59 - std[70759c8f55707aa4]::panicking::default_hook
[INFO] [stdout]    5:     0x5bc9da2013e0 - test[9d35eded1c95d3be]::test_main_inner::<test[9d35eded1c95d3be]::test_main_static::{closure#0}>::{closure#0}
[INFO] [stdout]    6:     0x5bc9da265112 - std[70759c8f55707aa4]::panicking::panic_with_hook
[INFO] [stdout]    7:     0x5bc9da248e92 - std[70759c8f55707aa4]::panicking::panic_handler::{closure#0}
[INFO] [stdout]    8:     0x5bc9da241c19 - std[70759c8f55707aa4]::sys::backtrace::__rust_end_short_backtrace::<std[70759c8f55707aa4]::panicking::panic_handler::{closure#0}, !>
[INFO] [stdout]    9:     0x5bc9da249a8d - __rustc[8fa7c3cbc660c2b3]::rust_begin_unwind
[INFO] [stdout]   10:     0x5bc9da2815dc - core[df12db4294e9bfd3]::panicking::panic_fmt
[INFO] [stdout]   11:     0x5bc9da2813b2 - core[df12db4294e9bfd3]::result::unwrap_failed
[INFO] [stdout]   12:     0x5bc9da1dba86 - wasmut_wasm[e279feb0e20be02f]::elements::module::integration_tests::names_with_global_section
[INFO] [stdout]   13:     0x5bc9da1cfda9 - <wasmut_wasm[e279feb0e20be02f]::elements::module::integration_tests::names_with_global_section::{closure#0} as core[df12db4294e9bfd3]::ops::function::FnOnce<()>>::call_once
[INFO] [stdout]   14:     0x5bc9da1f46cb - test[9d35eded1c95d3be]::__rust_begin_short_backtrace::<core[df12db4294e9bfd3]::result::Result<(), alloc[2182bb758b4b3781]::string::String>, fn() -> core[df12db4294e9bfd3]::result::Result<(), alloc[2182bb758b4b3781]::string::String>>
[INFO] [stdout]   15:     0x5bc9da201d35 - test[9d35eded1c95d3be]::run_test::{closure#0}
[INFO] [stdout]   16:     0x5bc9da1fb5f4 - std[70759c8f55707aa4]::sys::backtrace::__rust_begin_short_backtrace::<test[9d35eded1c95d3be]::run_test::{closure#1}, ()>
[INFO] [stdout]   17:     0x5bc9da204e92 - <std[70759c8f55707aa4]::thread::lifecycle::spawn_unchecked<test[9d35eded1c95d3be]::run_test::{closure#1}, ()>::{closure#1} as core[df12db4294e9bfd3]::ops::function::FnOnce<()>>::call_once::{shim:vtable#0}
[INFO] [stdout]   18:     0x5bc9da26c0c9 - <std[70759c8f55707aa4]::sys::thread::unix::Thread>::new::thread_start
[INFO] [stdout]   19:     0x74a804289dfa - <unknown>
[INFO] [stdout]   20:     0x74a80431d3d4 - clone
[INFO] [stdout]   21:                0x0 - <unknown>
[INFO] [stdout] 
[INFO] [stdout] ---- elements::module::integration_tests::hello stdout ----
[INFO] [stdout] 
[INFO] [stdout] thread 'elements::module::integration_tests::hello' (240) panicked at src/elements/module.rs:729:68:
[INFO] [stdout] Should be deserialized: HeapOther("Can't read from the file: Os { code: 2, kind: NotFound, message: \"No such file or directory\" }")
[INFO] [stdout] stack backtrace:
[INFO] [stdout]    0:     0x5bc9da26c7f1 - <<std[70759c8f55707aa4]::sys::backtrace::BacktraceLock>::print::DisplayBacktrace as core[df12db4294e9bfd3]::fmt::Display>::fmt
[INFO] [stdout]    1:     0x5bc9da280eaa - core[df12db4294e9bfd3]::fmt::write
[INFO] [stdout]    2:     0x5bc9da270c8c - <alloc[2182bb758b4b3781]::vec::Vec<u8> as core[df12db4294e9bfd3]::io::write::Write>::write_fmt
[INFO] [stdout]    3:     0x5bc9da248de6 - std[70759c8f55707aa4]::panicking::default_hook::{closure#0}
[INFO] [stdout]    4:     0x5bc9da264f59 - std[70759c8f55707aa4]::panicking::default_hook
[INFO] [stdout]    5:     0x5bc9da2013e0 - test[9d35eded1c95d3be]::test_main_inner::<test[9d35eded1c95d3be]::test_main_static::{closure#0}>::{closure#0}
[INFO] [stdout]    6:     0x5bc9da265112 - std[70759c8f55707aa4]::panicking::panic_with_hook
[INFO] [stdout]    7:     0x5bc9da248e92 - std[70759c8f55707aa4]::panicking::panic_handler::{closure#0}
[INFO] [stdout]    8:     0x5bc9da241c19 - std[70759c8f55707aa4]::sys::backtrace::__rust_end_short_backtrace::<std[70759c8f55707aa4]::panicking::panic_handler::{closure#0}, !>
[INFO] [stdout]    9:     0x5bc9da249a8d - __rustc[8fa7c3cbc660c2b3]::rust_begin_unwind
[INFO] [stdout]   10:     0x5bc9da2815dc - core[df12db4294e9bfd3]::panicking::panic_fmt
[INFO] [stdout]   11:     0x5bc9da2813b2 - core[df12db4294e9bfd3]::result::unwrap_failed
[INFO] [stdout]   12:     0x5bc9da1dbf4f - wasmut_wasm[e279feb0e20be02f]::elements::module::integration_tests::hello
[INFO] [stdout]   13:     0x5bc9da1cfde9 - <wasmut_wasm[e279feb0e20be02f]::elements::module::integration_tests::hello::{closure#0} as core[df12db4294e9bfd3]::ops::function::FnOnce<()>>::call_once
[INFO] [stdout]   14:     0x5bc9da1f46cb - test[9d35eded1c95d3be]::__rust_begin_short_backtrace::<core[df12db4294e9bfd3]::result::Result<(), alloc[2182bb758b4b3781]::string::String>, fn() -> core[df12db4294e9bfd3]::result::Result<(), alloc[2182bb758b4b3781]::string::String>>
[INFO] [stdout]   15:     0x5bc9da201d35 - test[9d35eded1c95d3be]::run_test::{closure#0}
[INFO] [stdout]   16:     0x5bc9da1fb5f4 - std[70759c8f55707aa4]::sys::backtrace::__rust_begin_short_backtrace::<test[9d35eded1c95d3be]::run_test::{closure#1}, ()>
[INFO] [stdout]   17:     0x5bc9da204e92 - <std[70759c8f55707aa4]::thread::lifecycle::spawn_unchecked<test[9d35eded1c95d3be]::run_test::{closure#1}, ()>::{closure#1} as core[df12db4294e9bfd3]::ops::function::FnOnce<()>>::call_once::{shim:vtable#0}
[INFO] [stdout]   18:     0x5bc9da26c0c9 - <std[70759c8f55707aa4]::sys::thread::unix::Thread>::new::thread_start
[INFO] [stdout]   19:     0x74a804289dfa - <unknown>
[INFO] [stdout]   20:     0x74a80431d3d4 - clone
[INFO] [stdout]   21:                0x0 - <unknown>
[INFO] [stdout] 
[INFO] [stdout] ---- elements::module::integration_tests::add_start stdout ----
[INFO] [stdout] 
[INFO] [stdout] thread 'elements::module::integration_tests::add_start' (237) panicked at src/elements/module.rs:994:63:
[INFO] [stdout] failed to deserialize: HeapOther("Can't read from the file: Os { code: 2, kind: NotFound, message: \"No such file or directory\" }")
[INFO] [stdout] stack backtrace:
[INFO] [stdout]    0:     0x5bc9da26c7f1 - <<std[70759c8f55707aa4]::sys::backtrace::BacktraceLock>::print::DisplayBacktrace as core[df12db4294e9bfd3]::fmt::Display>::fmt
[INFO] [stdout]    1:     0x5bc9da280eaa - core[df12db4294e9bfd3]::fmt::write
[INFO] [stdout]    2:     0x5bc9da270c8c - <alloc[2182bb758b4b3781]::vec::Vec<u8> as core[df12db4294e9bfd3]::io::write::Write>::write_fmt
[INFO] [stdout]    3:     0x5bc9da248de6 - std[70759c8f55707aa4]::panicking::default_hook::{closure#0}
[INFO] [stdout]    4:     0x5bc9da264f59 - std[70759c8f55707aa4]::panicking::default_hook
[INFO] [stdout]    5:     0x5bc9da2013e0 - test[9d35eded1c95d3be]::test_main_inner::<test[9d35eded1c95d3be]::test_main_static::{closure#0}>::{closure#0}
[INFO] [stdout]    6:     0x5bc9da265112 - std[70759c8f55707aa4]::panicking::panic_with_hook
[INFO] [stdout]    7:     0x5bc9da248e92 - std[70759c8f55707aa4]::panicking::panic_handler::{closure#0}
[INFO] [stdout]    8:     0x5bc9da241c19 - std[70759c8f55707aa4]::sys::backtrace::__rust_end_short_backtrace::<std[70759c8f55707aa4]::panicking::panic_handler::{closure#0}, !>
[INFO] [stdout]    9:     0x5bc9da249a8d - __rustc[8fa7c3cbc660c2b3]::rust_begin_unwind
[INFO] [stdout]   10:     0x5bc9da2815dc - core[df12db4294e9bfd3]::panicking::panic_fmt
[INFO] [stdout]   11:     0x5bc9da2813b2 - core[df12db4294e9bfd3]::result::unwrap_failed
[INFO] [stdout]   12:     0x5bc9da1dd6f5 - wasmut_wasm[e279feb0e20be02f]::elements::module::integration_tests::add_start
[INFO] [stdout]   13:     0x5bc9da1cfec9 - <wasmut_wasm[e279feb0e20be02f]::elements::module::integration_tests::add_start::{closure#0} as core[df12db4294e9bfd3]::ops::function::FnOnce<()>>::call_once
[INFO] [stdout]   14:     0x5bc9da1f46cb - test[9d35eded1c95d3be]::__rust_begin_short_backtrace::<core[df12db4294e9bfd3]::result::Result<(), alloc[2182bb758b4b3781]::string::String>, fn() -> core[df12db4294e9bfd3]::result::Result<(), alloc[2182bb758b4b3781]::string::String>>
[INFO] [stdout]   15:     0x5bc9da201d35 - test[9d35eded1c95d3be]::run_test::{closure#0}
[INFO] [stdout]   16:     0x5bc9da1fb5f4 - std[70759c8f55707aa4]::sys::backtrace::__rust_begin_short_backtrace::<test[9d35eded1c95d3be]::run_test::{closure#1}, ()>
[INFO] [stdout]   17:     0x5bc9da204e92 - <std[70759c8f55707aa4]::thread::lifecycle::spawn_unchecked<test[9d35eded1c95d3be]::run_test::{closure#1}, ()>::{closure#1} as core[df12db4294e9bfd3]::ops::function::FnOnce<()>>::call_once::{shim:vtable#0}
[INFO] [stdout]   18:     0x5bc9da26c0c9 - <std[70759c8f55707aa4]::sys::thread::unix::Thread>::new::thread_start
[INFO] [stdout]   19:     0x74a804289dfa - <unknown>
[INFO] [stdout]   20:     0x74a80431d3d4 - clone
[INFO] [stdout]   21:                0x0 - <unknown>
[INFO] [stdout] 
[INFO] [stdout] ---- elements::module::integration_tests::const_ stdout ----
[INFO] [stdout] 
[INFO] [stdout] thread 'elements::module::integration_tests::const_' (239) panicked at src/elements/module.rs:810:68:
[INFO] [stdout] Should be deserialized: HeapOther("Can't read from the file: Os { code: 2, kind: NotFound, message: \"No such file or directory\" }")
[INFO] [stdout] stack backtrace:
[INFO] [stdout]    0:     0x5bc9da26c7f1 - <<std[70759c8f55707aa4]::sys::backtrace::BacktraceLock>::print::DisplayBacktrace as core[df12db4294e9bfd3]::fmt::Display>::fmt
[INFO] [stdout]    1:     0x5bc9da280eaa - core[df12db4294e9bfd3]::fmt::write
[INFO] [stdout]    2:     0x5bc9da270c8c - <alloc[2182bb758b4b3781]::vec::Vec<u8> as core[df12db4294e9bfd3]::io::write::Write>::write_fmt
[INFO] [stdout]    3:     0x5bc9da248de6 - std[70759c8f55707aa4]::panicking::default_hook::{closure#0}
[INFO] [stdout]    4:     0x5bc9da264f59 - std[70759c8f55707aa4]::panicking::default_hook
[INFO] [stdout]    5:     0x5bc9da2013e0 - test[9d35eded1c95d3be]::test_main_inner::<test[9d35eded1c95d3be]::test_main_static::{closure#0}>::{closure#0}
[INFO] [stdout]    6:     0x5bc9da265112 - std[70759c8f55707aa4]::panicking::panic_with_hook
[INFO] [stdout]    7:     0x5bc9da248e92 - std[70759c8f55707aa4]::panicking::panic_handler::{closure#0}
[INFO] [stdout]    8:     0x5bc9da241c19 - std[70759c8f55707aa4]::sys::backtrace::__rust_end_short_backtrace::<std[70759c8f55707aa4]::panicking::panic_handler::{closure#0}, !>
[INFO] [stdout]    9:     0x5bc9da249a8d - __rustc[8fa7c3cbc660c2b3]::rust_begin_unwind
[INFO] [stdout]   10:     0x5bc9da2815dc - core[df12db4294e9bfd3]::panicking::panic_fmt
[INFO] [stdout]   11:     0x5bc9da2813b2 - core[df12db4294e9bfd3]::result::unwrap_failed
[INFO] [stdout]   12:     0x5bc9da1dce31 - wasmut_wasm[e279feb0e20be02f]::elements::module::integration_tests::const_
[INFO] [stdout]   13:     0x5bc9da1cfe69 - <wasmut_wasm[e279feb0e20be02f]::elements::module::integration_tests::const_::{closure#0} as core[df12db4294e9bfd3]::ops::function::FnOnce<()>>::call_once
[INFO] [stdout]   14:     0x5bc9da1f46cb - test[9d35eded1c95d3be]::__rust_begin_short_backtrace::<core[df12db4294e9bfd3]::result::Result<(), alloc[2182bb758b4b3781]::string::String>, fn() -> core[df12db4294e9bfd3]::result::Result<(), alloc[2182bb758b4b3781]::string::String>>
[INFO] [stdout]   15:     0x5bc9da201d35 - test[9d35eded1c95d3be]::run_test::{closure#0}
[INFO] [stdout]   16:     0x5bc9da1fb5f4 - std[70759c8f55707aa4]::sys::backtrace::__rust_begin_short_backtrace::<test[9d35eded1c95d3be]::run_test::{closure#1}, ()>
[INFO] [stdout]   17:     0x5bc9da204e92 - <std[70759c8f55707aa4]::thread::lifecycle::spawn_unchecked<test[9d35eded1c95d3be]::run_test::{closure#1}, ()>::{closure#1} as core[df12db4294e9bfd3]::ops::function::FnOnce<()>>::call_once::{shim:vtable#0}
[INFO] [stdout]   18:     0x5bc9da26c0c9 - <std[70759c8f55707aa4]::sys::thread::unix::Thread>::new::thread_start
[INFO] [stdout]   19:     0x74a804289dfa - <unknown>
[INFO] [stdout]   20:     0x74a80431d3d4 - clone
[INFO] [stdout]   21:                0x0 - <unknown>
[INFO] [stdout] 
[INFO] [stdout] ---- elements::module::integration_tests::peek stdout ----
[INFO] [stdout] 
[INFO] [stdout] thread 'elements::module::integration_tests::peek' (249) panicked at src/elements/module.rs:850:68:
[INFO] [stdout] Should be deserialized: HeapOther("Can't read from the file: Os { code: 2, kind: NotFound, message: \"No such file or directory\" }")
[INFO] [stdout] stack backtrace:
[INFO] [stdout]    0:     0x5bc9da26c7f1 - <<std[70759c8f55707aa4]::sys::backtrace::BacktraceLock>::print::DisplayBacktrace as core[df12db4294e9bfd3]::fmt::Display>::fmt
[INFO] [stdout]    1:     0x5bc9da280eaa - core[df12db4294e9bfd3]::fmt::write
[INFO] [stdout]    2:     0x5bc9da270c8c - <alloc[2182bb758b4b3781]::vec::Vec<u8> as core[df12db4294e9bfd3]::io::write::Write>::write_fmt
[INFO] [stdout]    3:     0x5bc9da248de6 - std[70759c8f55707aa4]::panicking::default_hook::{closure#0}
[INFO] [stdout]    4:     0x5bc9da264f59 - std[70759c8f55707aa4]::panicking::default_hook
[INFO] [stdout]    5:     0x5bc9da2013e0 - test[9d35eded1c95d3be]::test_main_inner::<test[9d35eded1c95d3be]::test_main_static::{closure#0}>::{closure#0}
[INFO] [stdout]    6:     0x5bc9da265112 - std[70759c8f55707aa4]::panicking::panic_with_hook
[INFO] [stdout]    7:     0x5bc9da248e92 - std[70759c8f55707aa4]::panicking::panic_handler::{closure#0}
[INFO] [stdout]    8:     0x5bc9da241c19 - std[70759c8f55707aa4]::sys::backtrace::__rust_end_short_backtrace::<std[70759c8f55707aa4]::panicking::panic_handler::{closure#0}, !>
[INFO] [stdout]    9:     0x5bc9da249a8d - __rustc[8fa7c3cbc660c2b3]::rust_begin_unwind
[INFO] [stdout]   10:     0x5bc9da2815dc - core[df12db4294e9bfd3]::panicking::panic_fmt
[INFO] [stdout]   11:     0x5bc9da2813b2 - core[df12db4294e9bfd3]::result::unwrap_failed
[INFO] [stdout]   12:     0x5bc9da1dbcc9 - wasmut_wasm[e279feb0e20be02f]::elements::module::integration_tests::peek
[INFO] [stdout]   13:     0x5bc9da1cfdc9 - <wasmut_wasm[e279feb0e20be02f]::elements::module::integration_tests::peek::{closure#0} as core[df12db4294e9bfd3]::ops::function::FnOnce<()>>::call_once
[INFO] [stdout]   14:     0x5bc9da1f46cb - test[9d35eded1c95d3be]::__rust_begin_short_backtrace::<core[df12db4294e9bfd3]::result::Result<(), alloc[2182bb758b4b3781]::string::String>, fn() -> core[df12db4294e9bfd3]::result::Result<(), alloc[2182bb758b4b3781]::string::String>>
[INFO] [stdout]   15:     0x5bc9da201d35 - test[9d35eded1c95d3be]::run_test::{closure#0}
[INFO] [stdout]   16:     0x5bc9da1fb5f4 - std[70759c8f55707aa4]::sys::backtrace::__rust_begin_short_backtrace::<test[9d35eded1c95d3be]::run_test::{closure#1}, ()>
[INFO] [stdout]   17:     0x5bc9da204e92 - <std[70759c8f55707aa4]::thread::lifecycle::spawn_unchecked<test[9d35eded1c95d3be]::run_test::{closure#1}, ()>::{closure#1} as core[df12db4294e9bfd3]::ops::function::FnOnce<()>>::call_once::{shim:vtable#0}
[INFO] [stdout]   18:     0x5bc9da26c0c9 - <std[70759c8f55707aa4]::sys::thread::unix::Thread>::new::thread_start
[INFO] [stdout]   19:     0x74a804289dfa - <unknown>
[INFO] [stdout]   20:     0x74a80431d3d4 - clone
[INFO] [stdout]   21:                0x0 - <unknown>
[INFO] [stdout] 
[INFO] [stdout] ---- elements::module::integration_tests::serde_code stdout ----
[INFO] [stdout] 
[INFO] [stdout] thread 'elements::module::integration_tests::serde_code' (253) panicked at src/elements/module.rs:786:59:
[INFO] [stdout] Should be deserialized: HeapOther("Can't read from the file: Os { code: 2, kind: NotFound, message: \"No such file or directory\" }")
[INFO] [stdout] stack backtrace:
[INFO] [stdout]    0:     0x5bc9da26c7f1 - <<std[70759c8f55707aa4]::sys::backtrace::BacktraceLock>::print::DisplayBacktrace as core[df12db4294e9bfd3]::fmt::Display>::fmt
[INFO] [stdout]    1:     0x5bc9da280eaa - core[df12db4294e9bfd3]::fmt::write
[INFO] [stdout]    2:     0x5bc9da270c8c - <alloc[2182bb758b4b3781]::vec::Vec<u8> as core[df12db4294e9bfd3]::io::write::Write>::write_fmt
[INFO] [stdout]    3:     0x5bc9da248de6 - std[70759c8f55707aa4]::panicking::default_hook::{closure#0}
[INFO] [stdout]    4:     0x5bc9da264f59 - std[70759c8f55707aa4]::panicking::default_hook
[INFO] [stdout]    5:     0x5bc9da2013e0 - test[9d35eded1c95d3be]::test_main_inner::<test[9d35eded1c95d3be]::test_main_static::{closure#0}>::{closure#0}
[INFO] [stdout]    6:     0x5bc9da265112 - std[70759c8f55707aa4]::panicking::panic_with_hook
[INFO] [stdout]    7:     0x5bc9da248e92 - std[70759c8f55707aa4]::panicking::panic_handler::{closure#0}
[INFO] [stdout]    8:     0x5bc9da241c19 - std[70759c8f55707aa4]::sys::backtrace::__rust_end_short_backtrace::<std[70759c8f55707aa4]::panicking::panic_handler::{closure#0}, !>
[INFO] [stdout]    9:     0x5bc9da249a8d - __rustc[8fa7c3cbc660c2b3]::rust_begin_unwind
[INFO] [stdout]   10:     0x5bc9da2815dc - core[df12db4294e9bfd3]::panicking::panic_fmt
[INFO] [stdout]   11:     0x5bc9da2813b2 - core[df12db4294e9bfd3]::result::unwrap_failed
[INFO] [stdout]   12:     0x5bc9da1d82dc - wasmut_wasm[e279feb0e20be02f]::elements::module::integration_tests::serde_code
[INFO] [stdout]   13:     0x5bc9da1cfbc9 - <wasmut_wasm[e279feb0e20be02f]::elements::module::integration_tests::serde_code::{closure#0} as core[df12db4294e9bfd3]::ops::function::FnOnce<()>>::call_once
[INFO] [stdout]   14:     0x5bc9da1f46cb - test[9d35eded1c95d3be]::__rust_begin_short_backtrace::<core[df12db4294e9bfd3]::result::Result<(), alloc[2182bb758b4b3781]::string::String>, fn() -> core[df12db4294e9bfd3]::result::Result<(), alloc[2182bb758b4b3781]::string::String>>
[INFO] [stdout]   15:     0x5bc9da201d35 - test[9d35eded1c95d3be]::run_test::{closure#0}
[INFO] [stdout]   16:     0x5bc9da1fb5f4 - std[70759c8f55707aa4]::sys::backtrace::__rust_begin_short_backtrace::<test[9d35eded1c95d3be]::run_test::{closure#1}, ()>
[INFO] [stdout]   17:     0x5bc9da204e92 - <std[70759c8f55707aa4]::thread::lifecycle::spawn_unchecked<test[9d35eded1c95d3be]::run_test::{closure#1}, ()>::{closure#1} as core[df12db4294e9bfd3]::ops::function::FnOnce<()>>::call_once::{shim:vtable#0}
[INFO] [stdout]   18:     0x5bc9da26c0c9 - <std[70759c8f55707aa4]::sys::thread::unix::Thread>::new::thread_start
[INFO] [stdout]   19:     0x74a804289dfa - <unknown>
[INFO] [stdout]   20:     0x74a80431d3d4 - clone
[INFO] [stdout]   21:                0x0 - <unknown>
[INFO] [stdout] 
[INFO] [stdout] ---- elements::module::integration_tests::memory_space stdout ----
[INFO] [stdout] 
[INFO] [stdout] thread 'elements::module::integration_tests::memory_space' (242) panicked at src/elements/module.rs:957:62:
[INFO] [stdout] failed to deserialize: HeapOther("Can't read from the file: Os { code: 2, kind: NotFound, message: \"No such file or directory\" }")
[INFO] [stdout] stack backtrace:
[INFO] [stdout]    0:     0x5bc9da26c7f1 - <<std[70759c8f55707aa4]::sys::backtrace::BacktraceLock>::print::DisplayBacktrace as core[df12db4294e9bfd3]::fmt::Display>::fmt
[INFO] [stdout]    1:     0x5bc9da280eaa - core[df12db4294e9bfd3]::fmt::write
[INFO] [stdout]    2:     0x5bc9da270c8c - <alloc[2182bb758b4b3781]::vec::Vec<u8> as core[df12db4294e9bfd3]::io::write::Write>::write_fmt
[INFO] [stdout]    3:     0x5bc9da248de6 - std[70759c8f55707aa4]::panicking::default_hook::{closure#0}
[INFO] [stdout]    4:     0x5bc9da264f59 - std[70759c8f55707aa4]::panicking::default_hook
[INFO] [stdout]    5:     0x5bc9da2013e0 - test[9d35eded1c95d3be]::test_main_inner::<test[9d35eded1c95d3be]::test_main_static::{closure#0}>::{closure#0}
[INFO] [stdout]    6:     0x5bc9da265112 - std[70759c8f55707aa4]::panicking::panic_with_hook
[INFO] [stdout]    7:     0x5bc9da248e92 - std[70759c8f55707aa4]::panicking::panic_handler::{closure#0}
[INFO] [stdout]    8:     0x5bc9da241c19 - std[70759c8f55707aa4]::sys::backtrace::__rust_end_short_backtrace::<std[70759c8f55707aa4]::panicking::panic_handler::{closure#0}, !>
[INFO] [stdout]    9:     0x5bc9da249a8d - __rustc[8fa7c3cbc660c2b3]::rust_begin_unwind
[INFO] [stdout]   10:     0x5bc9da2815dc - core[df12db4294e9bfd3]::panicking::panic_fmt
[INFO] [stdout]   11:     0x5bc9da2813b2 - core[df12db4294e9bfd3]::result::unwrap_failed
[INFO] [stdout]   12:     0x5bc9da1d8ee1 - wasmut_wasm[e279feb0e20be02f]::elements::module::integration_tests::memory_space
[INFO] [stdout]   13:     0x5bc9da1cfc09 - <wasmut_wasm[e279feb0e20be02f]::elements::module::integration_tests::memory_space::{closure#0} as core[df12db4294e9bfd3]::ops::function::FnOnce<()>>::call_once
[INFO] [stdout]   14:     0x5bc9da1f46cb - test[9d35eded1c95d3be]::__rust_begin_short_backtrace::<core[df12db4294e9bfd3]::result::Result<(), alloc[2182bb758b4b3781]::string::String>, fn() -> core[df12db4294e9bfd3]::result::Result<(), alloc[2182bb758b4b3781]::string::String>>
[INFO] [stdout]   15:     0x5bc9da201d35 - test[9d35eded1c95d3be]::run_test::{closure#0}
[INFO] [stdout]   16:     0x5bc9da1fb5f4 - std[70759c8f55707aa4]::sys::backtrace::__rust_begin_short_backtrace::<test[9d35eded1c95d3be]::run_test::{closure#1}, ()>
[INFO] [stdout]   17:     0x5bc9da204e92 - <std[70759c8f55707aa4]::thread::lifecycle::spawn_unchecked<test[9d35eded1c95d3be]::run_test::{closure#1}, ()>::{closure#1} as core[df12db4294e9bfd3]::ops::function::FnOnce<()>>::call_once::{shim:vtable#0}
[INFO] [stdout]   18:     0x5bc9da26c0c9 - <std[70759c8f55707aa4]::sys::thread::unix::Thread>::new::thread_start
[INFO] [stdout]   19:     0x74a804289dfa - <unknown>
[INFO] [stdout]   20:     0x74a80431d3d4 - clone
[INFO] [stdout]   21:                0x0 - <unknown>
[INFO] [stdout] 
[INFO] [stdout] ---- elements::module::integration_tests::mut_start stdout ----
[INFO] [stdout] 
[INFO] [stdout] thread 'elements::module::integration_tests::mut_start' (244) panicked at src/elements/module.rs:983:63:
[INFO] [stdout] failed to deserialize: HeapOther("Can't read from the file: Os { code: 2, kind: NotFound, message: \"No such file or directory\" }")
[INFO] [stdout] stack backtrace:
[INFO] [stdout]    0:     0x5bc9da26c7f1 - <<std[70759c8f55707aa4]::sys::backtrace::BacktraceLock>::print::DisplayBacktrace as core[df12db4294e9bfd3]::fmt::Display>::fmt
[INFO] [stdout]    1:     0x5bc9da280eaa - core[df12db4294e9bfd3]::fmt::write
[INFO] [stdout]    2:     0x5bc9da270c8c - <alloc[2182bb758b4b3781]::vec::Vec<u8> as core[df12db4294e9bfd3]::io::write::Write>::write_fmt
[INFO] [stdout]    3:     0x5bc9da248de6 - std[70759c8f55707aa4]::panicking::default_hook::{closure#0}
[INFO] [stdout]    4:     0x5bc9da264f59 - std[70759c8f55707aa4]::panicking::default_hook
[INFO] [stdout]    5:     0x5bc9da2013e0 - test[9d35eded1c95d3be]::test_main_inner::<test[9d35eded1c95d3be]::test_main_static::{closure#0}>::{closure#0}
[INFO] [stdout]    6:     0x5bc9da265112 - std[70759c8f55707aa4]::panicking::panic_with_hook
[INFO] [stdout]    7:     0x5bc9da248e92 - std[70759c8f55707aa4]::panicking::panic_handler::{closure#0}
[INFO] [stdout]    8:     0x5bc9da241c19 - std[70759c8f55707aa4]::sys::backtrace::__rust_end_short_backtrace::<std[70759c8f55707aa4]::panicking::panic_handler::{closure#0}, !>
[INFO] [stdout]    9:     0x5bc9da249a8d - __rustc[8fa7c3cbc660c2b3]::rust_begin_unwind
[INFO] [stdout]   10:     0x5bc9da2815dc - core[df12db4294e9bfd3]::panicking::panic_fmt
[INFO] [stdout]   11:     0x5bc9da2813b2 - core[df12db4294e9bfd3]::result::unwrap_failed
[INFO] [stdout]   12:     0x5bc9da1ddad5 - wasmut_wasm[e279feb0e20be02f]::elements::module::integration_tests::mut_start
[INFO] [stdout]   13:     0x5bc9da1cfee9 - <wasmut_wasm[e279feb0e20be02f]::elements::module::integration_tests::mut_start::{closure#0} as core[df12db4294e9bfd3]::ops::function::FnOnce<()>>::call_once
[INFO] [stdout]   14:     0x5bc9da1f46cb - test[9d35eded1c95d3be]::__rust_begin_short_backtrace::<core[df12db4294e9bfd3]::result::Result<(), alloc[2182bb758b4b3781]::string::String>, fn() -> core[df12db4294e9bfd3]::result::Result<(), alloc[2182bb758b4b3781]::string::String>>
[INFO] [stdout]   15:     0x5bc9da201d35 - test[9d35eded1c95d3be]::run_test::{closure#0}
[INFO] [stdout]   16:     0x5bc9da1fb5f4 - std[70759c8f55707aa4]::sys::backtrace::__rust_begin_short_backtrace::<test[9d35eded1c95d3be]::run_test::{closure#1}, ()>
[INFO] [stdout]   17:     0x5bc9da204e92 - <std[70759c8f55707aa4]::thread::lifecycle::spawn_unchecked<test[9d35eded1c95d3be]::run_test::{closure#1}, ()>::{closure#1} as core[df12db4294e9bfd3]::ops::function::FnOnce<()>>::call_once::{shim:vtable#0}
[INFO] [stdout]   18:     0x5bc9da26c0c9 - <std[70759c8f55707aa4]::sys::thread::unix::Thread>::new::thread_start
[INFO] [stdout]   19:     0x74a804289dfa - <unknown>
[INFO] [stdout]   20:     0x74a80431d3d4 - clone
[INFO] [stdout]   21:                0x0 - <unknown>
[INFO] [stdout] 
[INFO] [stdout] ---- elements::module::integration_tests::store stdout ----
[INFO] [stdout] 
[INFO] [stdout] thread 'elements::module::integration_tests::store' (258) panicked at src/elements/module.rs:839:60:
[INFO] [stdout] Should be deserialized: HeapOther("Can't read from the file: Os { code: 2, kind: NotFound, message: \"No such file or directory\" }")
[INFO] [stdout] stack backtrace:
[INFO] [stdout]    0:     0x5bc9da26c7f1 - <<std[70759c8f55707aa4]::sys::backtrace::BacktraceLock>::print::DisplayBacktrace as core[df12db4294e9bfd3]::fmt::Display>::fmt
[INFO] [stdout]    1:     0x5bc9da280eaa - core[df12db4294e9bfd3]::fmt::write
[INFO] [stdout]    2:     0x5bc9da270c8c - <alloc[2182bb758b4b3781]::vec::Vec<u8> as core[df12db4294e9bfd3]::io::write::Write>::write_fmt
[INFO] [stdout]    3:     0x5bc9da248de6 - std[70759c8f55707aa4]::panicking::default_hook::{closure#0}
[INFO] [stdout]    4:     0x5bc9da264f59 - std[70759c8f55707aa4]::panicking::default_hook
[INFO] [stdout]    5:     0x5bc9da2013e0 - test[9d35eded1c95d3be]::test_main_inner::<test[9d35eded1c95d3be]::test_main_static::{closure#0}>::{closure#0}
[INFO] [stdout]    6:     0x5bc9da265112 - std[70759c8f55707aa4]::panicking::panic_with_hook
[INFO] [stdout]    7:     0x5bc9da248e92 - std[70759c8f55707aa4]::panicking::panic_handler::{closure#0}
[INFO] [stdout]    8:     0x5bc9da241c19 - std[70759c8f55707aa4]::sys::backtrace::__rust_end_short_backtrace::<std[70759c8f55707aa4]::panicking::panic_handler::{closure#0}, !>
[INFO] [stdout]    9:     0x5bc9da249a8d - __rustc[8fa7c3cbc660c2b3]::rust_begin_unwind
[INFO] [stdout]   10:     0x5bc9da2815dc - core[df12db4294e9bfd3]::panicking::panic_fmt
[INFO] [stdout]   11:     0x5bc9da2813b2 - core[df12db4294e9bfd3]::result::unwrap_failed
[INFO] [stdout]   12:     0x5bc9da1dc9cd - wasmut_wasm[e279feb0e20be02f]::elements::module::integration_tests::store
[INFO] [stdout]   13:     0x5bc9da1cfe49 - <wasmut_wasm[e279feb0e20be02f]::elements::module::integration_tests::store::{closure#0} as core[df12db4294e9bfd3]::ops::function::FnOnce<()>>::call_once
[INFO] [stdout]   14:     0x5bc9da1f46cb - test[9d35eded1c95d3be]::__rust_begin_short_backtrace::<core[df12db4294e9bfd3]::result::Result<(), alloc[2182bb758b4b3781]::string::String>, fn() -> core[df12db4294e9bfd3]::result::Result<(), alloc[2182bb758b4b3781]::string::String>>
[INFO] [stdout]   15:     0x5bc9da201d35 - test[9d35eded1c95d3be]::run_test::{closure#0}
[INFO] [stdout]   16:     0x5bc9da1fb5f4 - std[70759c8f55707aa4]::sys::backtrace::__rust_begin_short_backtrace::<test[9d35eded1c95d3be]::run_test::{closure#1}, ()>
[INFO] [stdout]   17:     0x5bc9da204e92 - <std[70759c8f55707aa4]::thread::lifecycle::spawn_unchecked<test[9d35eded1c95d3be]::run_test::{closure#1}, ()>::{closure#1} as core[df12db4294e9bfd3]::ops::function::FnOnce<()>>::call_once::{shim:vtable#0}
[INFO] [stdout]   18:     0x5bc9da26c0c9 - <std[70759c8f55707aa4]::sys::thread::unix::Thread>::new::thread_start
[INFO] [stdout]   19:     0x74a804289dfa - <unknown>
[INFO] [stdout]   20:     0x74a80431d3d4 - clone
[INFO] [stdout]   21:                0x0 - <unknown>
[INFO] [stdout] 
[INFO] [stdout] ---- elements::module::integration_tests::names_section_not_present stdout ----
[INFO] [stdout] 
[INFO] [stdout] thread 'elements::module::integration_tests::names_section_not_present' (246) panicked at src/elements/module.rs:1039:58:
[INFO] [stdout] failed to deserialize: HeapOther("Can't read from the file: Os { code: 2, kind: NotFound, message: \"No such file or directory\" }")
[INFO] [stdout] stack backtrace:
[INFO] [stdout]    0:     0x5bc9da26c7f1 - <<std[70759c8f55707aa4]::sys::backtrace::BacktraceLock>::print::DisplayBacktrace as core[df12db4294e9bfd3]::fmt::Display>::fmt
[INFO] [stdout]    1:     0x5bc9da280eaa - core[df12db4294e9bfd3]::fmt::write
[INFO] [stdout]    2:     0x5bc9da270c8c - <alloc[2182bb758b4b3781]::vec::Vec<u8> as core[df12db4294e9bfd3]::io::write::Write>::write_fmt
[INFO] [stdout]    3:     0x5bc9da248de6 - std[70759c8f55707aa4]::panicking::default_hook::{closure#0}
[INFO] [stdout]    4:     0x5bc9da264f59 - std[70759c8f55707aa4]::panicking::default_hook
[INFO] [stdout]    5:     0x5bc9da2013e0 - test[9d35eded1c95d3be]::test_main_inner::<test[9d35eded1c95d3be]::test_main_static::{closure#0}>::{closure#0}
[INFO] [stdout]    6:     0x5bc9da265112 - std[70759c8f55707aa4]::panicking::panic_with_hook
[INFO] [stdout]    7:     0x5bc9da248e92 - std[70759c8f55707aa4]::panicking::panic_handler::{closure#0}
[INFO] [stdout]    8:     0x5bc9da241c19 - std[70759c8f55707aa4]::sys::backtrace::__rust_end_short_backtrace::<std[70759c8f55707aa4]::panicking::panic_handler::{closure#0}, !>
[INFO] [stdout]    9:     0x5bc9da249a8d - __rustc[8fa7c3cbc660c2b3]::rust_begin_unwind
[INFO] [stdout]   10:     0x5bc9da2815dc - core[df12db4294e9bfd3]::panicking::panic_fmt
[INFO] [stdout]   11:     0x5bc9da2813b2 - core[df12db4294e9bfd3]::result::unwrap_failed
[INFO] [stdout]   12:     0x5bc9da1db6a8 - wasmut_wasm[e279feb0e20be02f]::elements::module::integration_tests::names_section_not_present
[INFO] [stdout]   13:     0x5bc9da1cfd89 - <wasmut_wasm[e279feb0e20be02f]::elements::module::integration_tests::names_section_not_present::{closure#0} as core[df12db4294e9bfd3]::ops::function::FnOnce<()>>::call_once
[INFO] [stdout]   14:     0x5bc9da1f46cb - test[9d35eded1c95d3be]::__rust_begin_short_backtrace::<core[df12db4294e9bfd3]::result::Result<(), alloc[2182bb758b4b3781]::string::String>, fn() -> core[df12db4294e9bfd3]::result::Result<(), alloc[2182bb758b4b3781]::string::String>>
[INFO] [stdout]   15:     0x5bc9da201d35 - test[9d35eded1c95d3be]::run_test::{closure#0}
[INFO] [stdout]   16:     0x5bc9da1fb5f4 - std[70759c8f55707aa4]::sys::backtrace::__rust_begin_short_backtrace::<test[9d35eded1c95d3be]::run_test::{closure#1}, ()>
[INFO] [stdout]   17:     0x5bc9da204e92 - <std[70759c8f55707aa4]::thread::lifecycle::spawn_unchecked<test[9d35eded1c95d3be]::run_test::{closure#1}, ()>::{closure#1} as core[df12db4294e9bfd3]::ops::function::FnOnce<()>>::call_once::{shim:vtable#0}
[INFO] [stdout]   18:     0x5bc9da26c0c9 - <std[70759c8f55707aa4]::sys::thread::unix::Thread>::new::thread_start
[INFO] [stdout]   19:     0x74a804289dfa - <unknown>
[INFO] [stdout]   20:     0x74a80431d3d4 - clone
[INFO] [stdout]   21:                0x0 - <unknown>
[INFO] [stdout] 
[INFO] [stdout] ---- elements::name_section::tests::deserialize_local_names stdout ----
[INFO] [stdout] 
[INFO] [stdout] thread 'elements::name_section::tests::deserialize_local_names' (259) panicked at src/elements/name_section.rs:359:14:
[INFO] [stdout] Should be deserialized: HeapOther("Can't read from the file: Os { code: 2, kind: NotFound, message: \"No such file or directory\" }")
[INFO] [stdout] stack backtrace:
[INFO] [stdout]    0:     0x5bc9da26c7f1 - <<std[70759c8f55707aa4]::sys::backtrace::BacktraceLock>::print::DisplayBacktrace as core[df12db4294e9bfd3]::fmt::Display>::fmt
[INFO] [stdout]    1:     0x5bc9da280eaa - core[df12db4294e9bfd3]::fmt::write
[INFO] [stdout]    2:     0x5bc9da270c8c - <alloc[2182bb758b4b3781]::vec::Vec<u8> as core[df12db4294e9bfd3]::io::write::Write>::write_fmt
[INFO] [stdout]    3:     0x5bc9da248de6 - std[70759c8f55707aa4]::panicking::default_hook::{closure#0}
[INFO] [stdout]    4:     0x5bc9da264f59 - std[70759c8f55707aa4]::panicking::default_hook
[INFO] [stdout]    5:     0x5bc9da2013e0 - test[9d35eded1c95d3be]::test_main_inner::<test[9d35eded1c95d3be]::test_main_static::{closure#0}>::{closure#0}
[INFO] [stdout]    6:     0x5bc9da265112 - std[70759c8f55707aa4]::panicking::panic_with_hook
[INFO] [stdout]    7:     0x5bc9da248e92 - std[70759c8f55707aa4]::panicking::panic_handler::{closure#0}
[INFO] [stdout]    8:     0x5bc9da241c19 - std[70759c8f55707aa4]::sys::backtrace::__rust_end_short_backtrace::<std[70759c8f55707aa4]::panicking::panic_handler::{closure#0}, !>
[INFO] [stdout]    9:     0x5bc9da249a8d - __rustc[8fa7c3cbc660c2b3]::rust_begin_unwind
[INFO] [stdout]   10:     0x5bc9da2815dc - core[df12db4294e9bfd3]::panicking::panic_fmt
[INFO] [stdout]   11:     0x5bc9da2813b2 - core[df12db4294e9bfd3]::result::unwrap_failed
[INFO] [stdout]   12:     0x5bc9da1e2ca9 - wasmut_wasm[e279feb0e20be02f]::elements::name_section::tests::deserialize_local_names
[INFO] [stdout]   13:     0x5bc9da1cfb49 - <wasmut_wasm[e279feb0e20be02f]::elements::name_section::tests::deserialize_local_names::{closure#0} as core[df12db4294e9bfd3]::ops::function::FnOnce<()>>::call_once
[INFO] [stdout]   14:     0x5bc9da1f46cb - test[9d35eded1c95d3be]::__rust_begin_short_backtrace::<core[df12db4294e9bfd3]::result::Result<(), alloc[2182bb758b4b3781]::string::String>, fn() -> core[df12db4294e9bfd3]::result::Result<(), alloc[2182bb758b4b3781]::string::String>>
[INFO] [stdout]   15:     0x5bc9da201d35 - test[9d35eded1c95d3be]::run_test::{closure#0}
[INFO] [stdout]   16:     0x5bc9da1fb5f4 - std[70759c8f55707aa4]::sys::backtrace::__rust_begin_short_backtrace::<test[9d35eded1c95d3be]::run_test::{closure#1}, ()>
[INFO] [stdout]   17:     0x5bc9da204e92 - <std[70759c8f55707aa4]::thread::lifecycle::spawn_unchecked<test[9d35eded1c95d3be]::run_test::{closure#1}, ()>::{closure#1} as core[df12db4294e9bfd3]::ops::function::FnOnce<()>>::call_once::{shim:vtable#0}
[INFO] [stdout]   18:     0x5bc9da26c0c9 - <std[70759c8f55707aa4]::sys::thread::unix::Thread>::new::thread_start
[INFO] [stdout]   19:     0x74a804289dfa - <unknown>
[INFO] [stdout]   20:     0x74a80431d3d4 - clone
[INFO] [stdout]   21:                0x0 - <unknown>
[INFO] [stdout] 
[INFO] [stdout] ---- elements::module::integration_tests::names stdout ----
[INFO] [stdout] 
[INFO] [stdout] thread 'elements::module::integration_tests::names' (245) panicked at src/elements/module.rs:894:14:
[INFO] [stdout] Should be deserialized: HeapOther("Can't read from the file: Os { code: 2, kind: NotFound, message: \"No such file or directory\" }")
[INFO] [stdout] stack backtrace:
[INFO] [stdout]    0:     0x5bc9da26c7f1 - <<std[70759c8f55707aa4]::sys::backtrace::BacktraceLock>::print::DisplayBacktrace as core[df12db4294e9bfd3]::fmt::Display>::fmt
[INFO] [stdout]    1:     0x5bc9da280eaa - core[df12db4294e9bfd3]::fmt::write
[INFO] [stdout]    2:     0x5bc9da270c8c - <alloc[2182bb758b4b3781]::vec::Vec<u8> as core[df12db4294e9bfd3]::io::write::Write>::write_fmt
[INFO] [stdout]    3:     0x5bc9da248de6 - std[70759c8f55707aa4]::panicking::default_hook::{closure#0}
[INFO] [stdout]    4:     0x5bc9da264f59 - std[70759c8f55707aa4]::panicking::default_hook
[INFO] [stdout]    5:     0x5bc9da2013e0 - test[9d35eded1c95d3be]::test_main_inner::<test[9d35eded1c95d3be]::test_main_static::{closure#0}>::{closure#0}
[INFO] [stdout]    6:     0x5bc9da265112 - std[70759c8f55707aa4]::panicking::panic_with_hook
[INFO] [stdout]    7:     0x5bc9da248e92 - std[70759c8f55707aa4]::panicking::panic_handler::{closure#0}
[INFO] [stdout]    8:     0x5bc9da241c19 - std[70759c8f55707aa4]::sys::backtrace::__rust_end_short_backtrace::<std[70759c8f55707aa4]::panicking::panic_handler::{closure#0}, !>
[INFO] [stdout]    9:     0x5bc9da249a8d - __rustc[8fa7c3cbc660c2b3]::rust_begin_unwind
[INFO] [stdout]   10:     0x5bc9da2815dc - core[df12db4294e9bfd3]::panicking::panic_fmt
[INFO] [stdout]   11:     0x5bc9da2813b2 - core[df12db4294e9bfd3]::result::unwrap_failed
[INFO] [stdout]   12:     0x5bc9da1dc27c - wasmut_wasm[e279feb0e20be02f]::elements::module::integration_tests::names
[INFO] [stdout]   13:     0x5bc9da1cfe09 - <wasmut_wasm[e279feb0e20be02f]::elements::module::integration_tests::names::{closure#0} as core[df12db4294e9bfd3]::ops::function::FnOnce<()>>::call_once
[INFO] [stdout]   14:     0x5bc9da1f46cb - test[9d35eded1c95d3be]::__rust_begin_short_backtrace::<core[df12db4294e9bfd3]::result::Result<(), alloc[2182bb758b4b3781]::string::String>, fn() -> core[df12db4294e9bfd3]::result::Result<(), alloc[2182bb758b4b3781]::string::String>>
[INFO] [stdout]   15:     0x5bc9da201d35 - test[9d35eded1c95d3be]::run_test::{closure#0}
[INFO] [stdout]   16:     0x5bc9da1fb5f4 - std[70759c8f55707aa4]::sys::backtrace::__rust_begin_short_backtrace::<test[9d35eded1c95d3be]::run_test::{closure#1}, ()>
[INFO] [stdout]   17:     0x5bc9da204e92 - <std[70759c8f55707aa4]::thread::lifecycle::spawn_unchecked<test[9d35eded1c95d3be]::run_test::{closure#1}, ()>::{closure#1} as core[df12db4294e9bfd3]::ops::function::FnOnce<()>>::call_once::{shim:vtable#0}
[INFO] [stdout]   18:     0x5bc9da26c0c9 - <std[70759c8f55707aa4]::sys::thread::unix::Thread>::new::thread_start
[INFO] [stdout]   19:     0x74a804289dfa - <unknown>
[INFO] [stdout]   20:     0x74a80431d3d4 - clone
[INFO] [stdout]   21:                0x0 - <unknown>
[INFO] [stdout] 
[INFO] [stdout] ---- elements::module::integration_tests::peek_2 stdout ----
[INFO] [stdout] 
[INFO] [stdout] thread 'elements::module::integration_tests::peek_2' (250) panicked at src/elements/module.rs:863:60:
[INFO] [stdout] Should be deserialized: HeapOther("Can't read from the file: Os { code: 2, kind: NotFound, message: \"No such file or directory\" }")
[INFO] [stdout] stack backtrace:
[INFO] [stdout]    0:     0x5bc9da26c7f1 - <<std[70759c8f55707aa4]::sys::backtrace::BacktraceLock>::print::DisplayBacktrace as core[df12db4294e9bfd3]::fmt::Display>::fmt
[INFO] [stdout]    1:     0x5bc9da280eaa - core[df12db4294e9bfd3]::fmt::write
[INFO] [stdout]    2:     0x5bc9da270c8c - <alloc[2182bb758b4b3781]::vec::Vec<u8> as core[df12db4294e9bfd3]::io::write::Write>::write_fmt
[INFO] [stdout]    3:     0x5bc9da248de6 - std[70759c8f55707aa4]::panicking::default_hook::{closure#0}
[INFO] [stdout]    4:     0x5bc9da264f59 - std[70759c8f55707aa4]::panicking::default_hook
[INFO] [stdout]    5:     0x5bc9da2013e0 - test[9d35eded1c95d3be]::test_main_inner::<test[9d35eded1c95d3be]::test_main_static::{closure#0}>::{closure#0}
[INFO] [stdout]    6:     0x5bc9da265112 - std[70759c8f55707aa4]::panicking::panic_with_hook
[INFO] [stdout]    7:     0x5bc9da248e92 - std[70759c8f55707aa4]::panicking::panic_handler::{closure#0}
[INFO] [stdout]    8:     0x5bc9da241c19 - std[70759c8f55707aa4]::sys::backtrace::__rust_end_short_backtrace::<std[70759c8f55707aa4]::panicking::panic_handler::{closure#0}, !>
[INFO] [stdout]    9:     0x5bc9da249a8d - __rustc[8fa7c3cbc660c2b3]::rust_begin_unwind
[INFO] [stdout]   10:     0x5bc9da2815dc - core[df12db4294e9bfd3]::panicking::panic_fmt
[INFO] [stdout]   11:     0x5bc9da2813b2 - core[df12db4294e9bfd3]::result::unwrap_failed
[INFO] [stdout]   12:     0x5bc9da1dd105 - wasmut_wasm[e279feb0e20be02f]::elements::module::integration_tests::peek_2
[INFO] [stdout]   13:     0x5bc9da1cfe89 - <wasmut_wasm[e279feb0e20be02f]::elements::module::integration_tests::peek_2::{closure#0} as core[df12db4294e9bfd3]::ops::function::FnOnce<()>>::call_once
[INFO] [stdout]   14:     0x5bc9da1f46cb - test[9d35eded1c95d3be]::__rust_begin_short_backtrace::<core[df12db4294e9bfd3]::result::Result<(), alloc[2182bb758b4b3781]::string::String>, fn() -> core[df12db4294e9bfd3]::result::Result<(), alloc[2182bb758b4b3781]::string::String>>
[INFO] [stdout]   15:     0x5bc9da201d35 - test[9d35eded1c95d3be]::run_test::{closure#0}
[INFO] [stdout]   16:     0x5bc9da1fb5f4 - std[70759c8f55707aa4]::sys::backtrace::__rust_begin_short_backtrace::<test[9d35eded1c95d3be]::run_test::{closure#1}, ()>
[INFO] [stdout]   17:     0x5bc9da204e92 - <std[70759c8f55707aa4]::thread::lifecycle::spawn_unchecked<test[9d35eded1c95d3be]::run_test::{closure#1}, ()>::{closure#1} as core[df12db4294e9bfd3]::ops::function::FnOnce<()>>::call_once::{shim:vtable#0}
[INFO] [stdout]   18:     0x5bc9da26c0c9 - <std[70759c8f55707aa4]::sys::thread::unix::Thread>::new::thread_start
[INFO] [stdout]   19:     0x74a804289dfa - <unknown>
[INFO] [stdout]   20:     0x74a80431d3d4 - clone
[INFO] [stdout]   21:                0x0 - <unknown>
[INFO] [stdout] 
[INFO] [stdout] ---- elements::module::integration_tests::peek_3 stdout ----
[INFO] [stdout] 
[INFO] [stdout] thread 'elements::module::integration_tests::peek_3' (251) panicked at src/elements/module.rs:876:65:
[INFO] [stdout] Should be deserialized: HeapOther("Can't read from the file: Os { code: 2, kind: NotFound, message: \"No such file or directory\" }")
[INFO] [stdout] stack backtrace:
[INFO] [stdout]    0:     0x5bc9da26c7f1 - <<std[70759c8f55707aa4]::sys::backtrace::BacktraceLock>::print::DisplayBacktrace as core[df12db4294e9bfd3]::fmt::Display>::fmt
[INFO] [stdout]    1:     0x5bc9da280eaa - core[df12db4294e9bfd3]::fmt::write
[INFO] [stdout]    2:     0x5bc9da270c8c - <alloc[2182bb758b4b3781]::vec::Vec<u8> as core[df12db4294e9bfd3]::io::write::Write>::write_fmt
[INFO] [stdout]    3:     0x5bc9da248de6 - std[70759c8f55707aa4]::panicking::default_hook::{closure#0}
[INFO] [stdout]    4:     0x5bc9da264f59 - std[70759c8f55707aa4]::panicking::default_hook
[INFO] [stderr] error: test failed, to rerun pass `--lib`
[INFO] [stdout]    5:     0x5bc9da2013e0 - test[9d35eded1c95d3be]::test_main_inner::<test[9d35eded1c95d3be]::test_main_static::{closure#0}>::{closure#0}
[INFO] [stdout]    6:     0x5bc9da265112 - std[70759c8f55707aa4]::panicking::panic_with_hook
[INFO] [stdout]    7:     0x5bc9da248e92 - std[70759c8f55707aa4]::panicking::panic_handler::{closure#0}
[INFO] [stdout]    8:     0x5bc9da241c19 - std[70759c8f55707aa4]::sys::backtrace::__rust_end_short_backtrace::<std[70759c8f55707aa4]::panicking::panic_handler::{closure#0}, !>
[INFO] [stdout]    9:     0x5bc9da249a8d - __rustc[8fa7c3cbc660c2b3]::rust_begin_unwind
[INFO] [stdout]   10:     0x5bc9da2815dc - core[df12db4294e9bfd3]::panicking::panic_fmt
[INFO] [stdout]   11:     0x5bc9da2813b2 - core[df12db4294e9bfd3]::result::unwrap_failed
[INFO] [stdout]   12:     0x5bc9da1dd30f - wasmut_wasm[e279feb0e20be02f]::elements::module::integration_tests::peek_3
[INFO] [stdout]   13:     0x5bc9da1cfea9 - <wasmut_wasm[e279feb0e20be02f]::elements::module::integration_tests::peek_3::{closure#0} as core[df12db4294e9bfd3]::ops::function::FnOnce<()>>::call_once
[INFO] [stdout]   14:     0x5bc9da1f46cb - test[9d35eded1c95d3be]::__rust_begin_short_backtrace::<core[df12db4294e9bfd3]::result::Result<(), alloc[2182bb758b4b3781]::string::String>, fn() -> core[df12db4294e9bfd3]::result::Result<(), alloc[2182bb758b4b3781]::string::String>>
[INFO] [stdout]   15:     0x5bc9da201d35 - test[9d35eded1c95d3be]::run_test::{closure#0}
[INFO] [stdout]   16:     0x5bc9da1fb5f4 - std[70759c8f55707aa4]::sys::backtrace::__rust_begin_short_backtrace::<test[9d35eded1c95d3be]::run_test::{closure#1}, ()>
[INFO] [stdout]   17:     0x5bc9da204e92 - <std[70759c8f55707aa4]::thread::lifecycle::spawn_unchecked<test[9d35eded1c95d3be]::run_test::{closure#1}, ()>::{closure#1} as core[df12db4294e9bfd3]::ops::function::FnOnce<()>>::call_once::{shim:vtable#0}
[INFO] [stdout]   18:     0x5bc9da26c0c9 - <std[70759c8f55707aa4]::sys::thread::unix::Thread>::new::thread_start
[INFO] [stdout]   19:     0x74a804289dfa - <unknown>
[INFO] [stdout]   20:     0x74a80431d3d4 - clone
[INFO] [stdout]   21:                0x0 - <unknown>
[INFO] [stdout] 
[INFO] [stdout] ---- elements::module::integration_tests::serde stdout ----
[INFO] [stdout] 
[INFO] [stdout] thread 'elements::module::integration_tests::serde' (252) panicked at src/elements/module.rs:737:68:
[INFO] [stdout] Should be deserialized: HeapOther("Can't read from the file: Os { code: 2, kind: NotFound, message: \"No such file or directory\" }")
[INFO] [stdout] stack backtrace:
[INFO] [stdout]    0:     0x5bc9da26c7f1 - <<std[70759c8f55707aa4]::sys::backtrace::BacktraceLock>::print::DisplayBacktrace as core[df12db4294e9bfd3]::fmt::Display>::fmt
[INFO] [stdout]    1:     0x5bc9da280eaa - core[df12db4294e9bfd3]::fmt::write
[INFO] [stdout]    2:     0x5bc9da270c8c - <alloc[2182bb758b4b3781]::vec::Vec<u8> as core[df12db4294e9bfd3]::io::write::Write>::write_fmt
[INFO] [stdout]    3:     0x5bc9da248de6 - std[70759c8f55707aa4]::panicking::default_hook::{closure#0}
[INFO] [stdout]    4:     0x5bc9da264f59 - std[70759c8f55707aa4]::panicking::default_hook
[INFO] [stdout]    5:     0x5bc9da2013e0 - test[9d35eded1c95d3be]::test_main_inner::<test[9d35eded1c95d3be]::test_main_static::{closure#0}>::{closure#0}
[INFO] [stdout]    6:     0x5bc9da265112 - std[70759c8f55707aa4]::panicking::panic_with_hook
[INFO] [stdout]    7:     0x5bc9da248e92 - std[70759c8f55707aa4]::panicking::panic_handler::{closure#0}
[INFO] [stdout]    8:     0x5bc9da241c19 - std[70759c8f55707aa4]::sys::backtrace::__rust_end_short_backtrace::<std[70759c8f55707aa4]::panicking::panic_handler::{closure#0}, !>
[INFO] [stdout]    9:     0x5bc9da249a8d - __rustc[8fa7c3cbc660c2b3]::rust_begin_unwind
[INFO] [stdout]   10:     0x5bc9da2815dc - core[df12db4294e9bfd3]::panicking::panic_fmt
[INFO] [stdout]   11:     0x5bc9da2813b2 - core[df12db4294e9bfd3]::result::unwrap_failed
[INFO] [stdout]   12:     0x5bc9da1dc5ef - wasmut_wasm[e279feb0e20be02f]::elements::module::integration_tests::serde
[INFO] [stdout]   13:     0x5bc9da1cfe29 - <wasmut_wasm[e279feb0e20be02f]::elements::module::integration_tests::serde::{closure#0} as core[df12db4294e9bfd3]::ops::function::FnOnce<()>>::call_once
[INFO] [stdout]   14:     0x5bc9da1f46cb - test[9d35eded1c95d3be]::__rust_begin_short_backtrace::<core[df12db4294e9bfd3]::result::Result<(), alloc[2182bb758b4b3781]::string::String>, fn() -> core[df12db4294e9bfd3]::result::Result<(), alloc[2182bb758b4b3781]::string::String>>
[INFO] [stdout]   15:     0x5bc9da201d35 - test[9d35eded1c95d3be]::run_test::{closure#0}
[INFO] [stdout]   16:     0x5bc9da1fb5f4 - std[70759c8f55707aa4]::sys::backtrace::__rust_begin_short_backtrace::<test[9d35eded1c95d3be]::run_test::{closure#1}, ()>
[INFO] [stdout]   17:     0x5bc9da204e92 - <std[70759c8f55707aa4]::thread::lifecycle::spawn_unchecked<test[9d35eded1c95d3be]::run_test::{closure#1}, ()>::{closure#1} as core[df12db4294e9bfd3]::ops::function::FnOnce<()>>::call_once::{shim:vtable#0}
[INFO] [stdout]   18:     0x5bc9da26c0c9 - <std[70759c8f55707aa4]::sys::thread::unix::Thread>::new::thread_start
[INFO] [stdout]   19:     0x74a804289dfa - <unknown>
[INFO] [stdout]   20:     0x74a80431d3d4 - clone
[INFO] [stdout]   21:                0x0 - <unknown>
[INFO] [stdout] 
[INFO] [stdout] ---- elements::module::integration_tests::names_section_present stdout ----
[INFO] [stdout] 
[INFO] [stdout] thread 'elements::module::integration_tests::names_section_present' (247) panicked at src/elements/module.rs:1022:59:
[INFO] [stdout] failed to deserialize: HeapOther("Can't read from the file: Os { code: 2, kind: NotFound, message: \"No such file or directory\" }")
[INFO] [stdout] stack backtrace:
[INFO] [stdout]    0:     0x5bc9da26c7f1 - <<std[70759c8f55707aa4]::sys::backtrace::BacktraceLock>::print::DisplayBacktrace as core[df12db4294e9bfd3]::fmt::Display>::fmt
[INFO] [stdout]    1:     0x5bc9da280eaa - core[df12db4294e9bfd3]::fmt::write
[INFO] [stdout]    2:     0x5bc9da270c8c - <alloc[2182bb758b4b3781]::vec::Vec<u8> as core[df12db4294e9bfd3]::io::write::Write>::write_fmt
[INFO] [stdout]    3:     0x5bc9da248de6 - std[70759c8f55707aa4]::panicking::default_hook::{closure#0}
[INFO] [stdout]    4:     0x5bc9da264f59 - std[70759c8f55707aa4]::panicking::default_hook
[INFO] [stdout]    5:     0x5bc9da2013e0 - test[9d35eded1c95d3be]::test_main_inner::<test[9d35eded1c95d3be]::test_main_static::{closure#0}>::{closure#0}
[INFO] [stdout]    6:     0x5bc9da265112 - std[70759c8f55707aa4]::panicking::panic_with_hook
[INFO] [stdout]    7:     0x5bc9da248e92 - std[70759c8f55707aa4]::panicking::panic_handler::{closure#0}
[INFO] [stdout]    8:     0x5bc9da241c19 - std[70759c8f55707aa4]::sys::backtrace::__rust_end_short_backtrace::<std[70759c8f55707aa4]::panicking::panic_handler::{closure#0}, !>
[INFO] [stdout]    9:     0x5bc9da249a8d - __rustc[8fa7c3cbc660c2b3]::rust_begin_unwind
[INFO] [stdout]   10:     0x5bc9da2815dc - core[df12db4294e9bfd3]::panicking::panic_fmt
[INFO] [stdout]   11:     0x5bc9da2813b2 - core[df12db4294e9bfd3]::result::unwrap_failed
[INFO] [stdout]   12:     0x5bc9da1daac8 - wasmut_wasm[e279feb0e20be02f]::elements::module::integration_tests::names_section_present
[INFO] [stdout]   13:     0x5bc9da1cfd29 - <wasmut_wasm[e279feb0e20be02f]::elements::module::integration_tests::names_section_present::{closure#0} as core[df12db4294e9bfd3]::ops::function::FnOnce<()>>::call_once
[INFO] [stdout]   14:     0x5bc9da1f46cb - test[9d35eded1c95d3be]::__rust_begin_short_backtrace::<core[df12db4294e9bfd3]::result::Result<(), alloc[2182bb758b4b3781]::string::String>, fn() -> core[df12db4294e9bfd3]::result::Result<(), alloc[2182bb758b4b3781]::string::String>>
[INFO] [stdout]   15:     0x5bc9da201d35 - test[9d35eded1c95d3be]::run_test::{closure#0}
[INFO] [stdout]   16:     0x5bc9da1fb5f4 - std[70759c8f55707aa4]::sys::backtrace::__rust_begin_short_backtrace::<test[9d35eded1c95d3be]::run_test::{closure#1}, ()>
[INFO] [stdout]   17:     0x5bc9da204e92 - <std[70759c8f55707aa4]::thread::lifecycle::spawn_unchecked<test[9d35eded1c95d3be]::run_test::{closure#1}, ()>::{closure#1} as core[df12db4294e9bfd3]::ops::function::FnOnce<()>>::call_once::{shim:vtable#0}
[INFO] [stdout]   18:     0x5bc9da26c0c9 - <std[70759c8f55707aa4]::sys::thread::unix::Thread>::new::thread_start
[INFO] [stdout]   19:     0x74a804289dfa - <unknown>
[INFO] [stdout]   20:     0x74a80431d3d4 - clone
[INFO] [stdout]   21:                0x0 - <unknown>
[INFO] [stdout] 
[INFO] [stdout] ---- elements::module::integration_tests::serde_type stdout ----
[INFO] [stdout] 
[INFO] [stdout] thread 'elements::module::integration_tests::serde_type' (255) panicked at src/elements/module.rs:750:59:
[INFO] [stdout] Should be deserialized: HeapOther("Can't read from the file: Os { code: 2, kind: NotFound, message: \"No such file or directory\" }")
[INFO] [stdout] stack backtrace:
[INFO] [stdout]    0:     0x5bc9da26c7f1 - <<std[70759c8f55707aa4]::sys::backtrace::BacktraceLock>::print::DisplayBacktrace as core[df12db4294e9bfd3]::fmt::Display>::fmt
[INFO] [stdout]    1:     0x5bc9da280eaa - core[df12db4294e9bfd3]::fmt::write
[INFO] [stdout]    2:     0x5bc9da270c8c - <alloc[2182bb758b4b3781]::vec::Vec<u8> as core[df12db4294e9bfd3]::io::write::Write>::write_fmt
[INFO] [stdout]    3:     0x5bc9da248de6 - std[70759c8f55707aa4]::panicking::default_hook::{closure#0}
[INFO] [stdout]    4:     0x5bc9da264f59 - std[70759c8f55707aa4]::panicking::default_hook
[INFO] [stdout]    5:     0x5bc9da2013e0 - test[9d35eded1c95d3be]::test_main_inner::<test[9d35eded1c95d3be]::test_main_static::{closure#0}>::{closure#0}
[INFO] [stdout]    6:     0x5bc9da265112 - std[70759c8f55707aa4]::panicking::panic_with_hook
[INFO] [stdout]    7:     0x5bc9da248e92 - std[70759c8f55707aa4]::panicking::panic_handler::{closure#0}
[INFO] [stdout]    8:     0x5bc9da241c19 - std[70759c8f55707aa4]::sys::backtrace::__rust_end_short_backtrace::<std[70759c8f55707aa4]::panicking::panic_handler::{closure#0}, !>
[INFO] [stdout]    9:     0x5bc9da249a8d - __rustc[8fa7c3cbc660c2b3]::rust_begin_unwind
[INFO] [stdout]   10:     0x5bc9da2815dc - core[df12db4294e9bfd3]::panicking::panic_fmt
[INFO] [stdout]   11:     0x5bc9da2813b2 - core[df12db4294e9bfd3]::result::unwrap_failed
[INFO] [stdout]   12:     0x5bc9da1d89c1 - wasmut_wasm[e279feb0e20be02f]::elements::module::integration_tests::serde_type
[INFO] [stdout]   13:     0x5bc9da1cfbe9 - <wasmut_wasm[e279feb0e20be02f]::elements::module::integration_tests::serde_type::{closure#0} as core[df12db4294e9bfd3]::ops::function::FnOnce<()>>::call_once
[INFO] [stdout]   14:     0x5bc9da1f46cb - test[9d35eded1c95d3be]::__rust_begin_short_backtrace::<core[df12db4294e9bfd3]::result::Result<(), alloc[2182bb758b4b3781]::string::String>, fn() -> core[df12db4294e9bfd3]::result::Result<(), alloc[2182bb758b4b3781]::string::String>>
[INFO] [stdout]   15:     0x5bc9da201d35 - test[9d35eded1c95d3be]::run_test::{closure#0}
[INFO] [stdout]   16:     0x5bc9da1fb5f4 - std[70759c8f55707aa4]::sys::backtrace::__rust_begin_short_backtrace::<test[9d35eded1c95d3be]::run_test::{closure#1}, ()>
[INFO] [stdout]   17:     0x5bc9da204e92 - <std[70759c8f55707aa4]::thread::lifecycle::spawn_unchecked<test[9d35eded1c95d3be]::run_test::{closure#1}, ()>::{closure#1} as core[df12db4294e9bfd3]::ops::function::FnOnce<()>>::call_once::{shim:vtable#0}
[INFO] [stdout]   18:     0x5bc9da26c0c9 - <std[70759c8f55707aa4]::sys::thread::unix::Thread>::new::thread_start
[INFO] [stdout]   19:     0x74a804289dfa - <unknown>
[INFO] [stdout]   20:     0x74a80431d3d4 - clone
[INFO] [stdout]   21:                0x0 - <unknown>
[INFO] [stdout] 
[INFO] [stdout] ---- elements::module::integration_tests::serde_import stdout ----
[INFO] [stdout] 
[INFO] [stdout] thread 'elements::module::integration_tests::serde_import' (254) panicked at src/elements/module.rs:768:59:
[INFO] [stdout] Should be deserialized: HeapOther("Can't read from the file: Os { code: 2, kind: NotFound, message: \"No such file or directory\" }")
[INFO] [stdout] stack backtrace:
[INFO] [stdout]    0:     0x5bc9da26c7f1 - <<std[70759c8f55707aa4]::sys::backtrace::BacktraceLock>::print::DisplayBacktrace as core[df12db4294e9bfd3]::fmt::Display>::fmt
[INFO] [stdout]    1:     0x5bc9da280eaa - core[df12db4294e9bfd3]::fmt::write
[INFO] [stdout]    2:     0x5bc9da270c8c - <alloc[2182bb758b4b3781]::vec::Vec<u8> as core[df12db4294e9bfd3]::io::write::Write>::write_fmt
[INFO] [stdout]    3:     0x5bc9da248de6 - std[70759c8f55707aa4]::panicking::default_hook::{closure#0}
[INFO] [stdout]    4:     0x5bc9da264f59 - std[70759c8f55707aa4]::panicking::default_hook
[INFO] [stdout]    5:     0x5bc9da2013e0 - test[9d35eded1c95d3be]::test_main_inner::<test[9d35eded1c95d3be]::test_main_static::{closure#0}>::{closure#0}
[INFO] [stdout]    6:     0x5bc9da265112 - std[70759c8f55707aa4]::panicking::panic_with_hook
[INFO] [stdout]    7:     0x5bc9da248e92 - std[70759c8f55707aa4]::panicking::panic_handler::{closure#0}
[INFO] [stdout]    8:     0x5bc9da241c19 - std[70759c8f55707aa4]::sys::backtrace::__rust_end_short_backtrace::<std[70759c8f55707aa4]::panicking::panic_handler::{closure#0}, !>
[INFO] [stdout]    9:     0x5bc9da249a8d - __rustc[8fa7c3cbc660c2b3]::rust_begin_unwind
[INFO] [stdout]   10:     0x5bc9da2815dc - core[df12db4294e9bfd3]::panicking::panic_fmt
[INFO] [stdout]   11:     0x5bc9da2813b2 - core[df12db4294e9bfd3]::result::unwrap_failed
[INFO] [stdout]   12:     0x5bc9da1d93a1 - wasmut_wasm[e279feb0e20be02f]::elements::module::integration_tests::serde_import
[INFO] [stdout]   13:     0x5bc9da1cfc29 - <wasmut_wasm[e279feb0e20be02f]::elements::module::integration_tests::serde_import::{closure#0} as core[df12db4294e9bfd3]::ops::function::FnOnce<()>>::call_once
[INFO] [stdout]   14:     0x5bc9da1f46cb - test[9d35eded1c95d3be]::__rust_begin_short_backtrace::<core[df12db4294e9bfd3]::result::Result<(), alloc[2182bb758b4b3781]::string::String>, fn() -> core[df12db4294e9bfd3]::result::Result<(), alloc[2182bb758b4b3781]::string::String>>
[INFO] [stdout]   15:     0x5bc9da201d35 - test[9d35eded1c95d3be]::run_test::{closure#0}
[INFO] [stdout]   16:     0x5bc9da1fb5f4 - std[70759c8f55707aa4]::sys::backtrace::__rust_begin_short_backtrace::<test[9d35eded1c95d3be]::run_test::{closure#1}, ()>
[INFO] [stdout]   17:     0x5bc9da204e92 - <std[70759c8f55707aa4]::thread::lifecycle::spawn_unchecked<test[9d35eded1c95d3be]::run_test::{closure#1}, ()>::{closure#1} as core[df12db4294e9bfd3]::ops::function::FnOnce<()>>::call_once::{shim:vtable#0}
[INFO] [stdout]   18:     0x5bc9da26c0c9 - <std[70759c8f55707aa4]::sys::thread::unix::Thread>::new::thread_start
[INFO] [stdout]   19:     0x74a804289dfa - <unknown>
[INFO] [stdout]   20:     0x74a80431d3d4 - clone
[INFO] [stdout]   21:                0x0 - <unknown>
[INFO] [stdout] 
[INFO] [stdout] ---- elements::module::integration_tests::serialization_roundtrip stdout ----
[INFO] [stdout] 
[INFO] [stdout] thread 'elements::module::integration_tests::serialization_roundtrip' (256) panicked at src/elements/module.rs:1088:67:
[INFO] [stdout] failed to deserialize: HeapOther("Can't read from the file: Os { code: 2, kind: NotFound, message: \"No such file or directory\" }")
[INFO] [stdout] stack backtrace:
[INFO] [stdout]    0:     0x5bc9da26c7f1 - <<std[70759c8f55707aa4]::sys::backtrace::BacktraceLock>::print::DisplayBacktrace as core[df12db4294e9bfd3]::fmt::Display>::fmt
[INFO] [stdout]    1:     0x5bc9da280eaa - core[df12db4294e9bfd3]::fmt::write
[INFO] [stdout]    2:     0x5bc9da270c8c - <alloc[2182bb758b4b3781]::vec::Vec<u8> as core[df12db4294e9bfd3]::io::write::Write>::write_fmt
[INFO] [stdout]    3:     0x5bc9da248de6 - std[70759c8f55707aa4]::panicking::default_hook::{closure#0}
[INFO] [stdout]    4:     0x5bc9da264f59 - std[70759c8f55707aa4]::panicking::default_hook
[INFO] [stdout]    5:     0x5bc9da2013e0 - test[9d35eded1c95d3be]::test_main_inner::<test[9d35eded1c95d3be]::test_main_static::{closure#0}>::{closure#0}
[INFO] [stdout]    6:     0x5bc9da265112 - std[70759c8f55707aa4]::panicking::panic_with_hook
[INFO] [stdout]    7:     0x5bc9da248e92 - std[70759c8f55707aa4]::panicking::panic_handler::{closure#0}
[INFO] [stdout]    8:     0x5bc9da241c19 - std[70759c8f55707aa4]::sys::backtrace::__rust_end_short_backtrace::<std[70759c8f55707aa4]::panicking::panic_handler::{closure#0}, !>
[INFO] [stdout]    9:     0x5bc9da249a8d - __rustc[8fa7c3cbc660c2b3]::rust_begin_unwind
[INFO] [stdout]   10:     0x5bc9da2815dc - core[df12db4294e9bfd3]::panicking::panic_fmt
[INFO] [stdout]   11:     0x5bc9da2813b2 - core[df12db4294e9bfd3]::result::unwrap_failed
[INFO] [stdout]   12:     0x5bc9da1dae2f - wasmut_wasm[e279feb0e20be02f]::elements::module::integration_tests::serialization_roundtrip
[INFO] [stdout]   13:     0x5bc9da1cfd49 - <wasmut_wasm[e279feb0e20be02f]::elements::module::integration_tests::serialization_roundtrip::{closure#0} as core[df12db4294e9bfd3]::ops::function::FnOnce<()>>::call_once
[INFO] [stdout]   14:     0x5bc9da1f46cb - test[9d35eded1c95d3be]::__rust_begin_short_backtrace::<core[df12db4294e9bfd3]::result::Result<(), alloc[2182bb758b4b3781]::string::String>, fn() -> core[df12db4294e9bfd3]::result::Result<(), alloc[2182bb758b4b3781]::string::String>>
[INFO] [stdout]   15:     0x5bc9da201d35 - test[9d35eded1c95d3be]::run_test::{closure#0}
[INFO] [stdout]   16:     0x5bc9da1fb5f4 - std[70759c8f55707aa4]::sys::backtrace::__rust_begin_short_backtrace::<test[9d35eded1c95d3be]::run_test::{closure#1}, ()>
[INFO] [stdout]   17:     0x5bc9da204e92 - <std[70759c8f55707aa4]::thread::lifecycle::spawn_unchecked<test[9d35eded1c95d3be]::run_test::{closure#1}, ()>::{closure#1} as core[df12db4294e9bfd3]::ops::function::FnOnce<()>>::call_once::{shim:vtable#0}
[INFO] [stdout]   18:     0x5bc9da26c0c9 - <std[70759c8f55707aa4]::sys::thread::unix::Thread>::new::thread_start
[INFO] [stdout]   19:     0x74a804289dfa - <unknown>
[INFO] [stdout]   20:     0x74a80431d3d4 - clone
[INFO] [stdout]   21:                0x0 - <unknown>
[INFO] [stdout] 
[INFO] [stdout] ---- elements::reloc_section::tests::reloc_section stdout ----
[INFO] [stdout] 
[INFO] [stdout] thread 'elements::reloc_section::tests::reloc_section' (297) panicked at src/elements/reloc_section.rs:322:14:
[INFO] [stdout] Module should be deserialized: HeapOther("Can't read from the file: Os { code: 2, kind: NotFound, message: \"No such file or directory\" }")
[INFO] [stdout] stack backtrace:
[INFO] [stdout]    0:     0x5bc9da26c7f1 - <<std[70759c8f55707aa4]::sys::backtrace::BacktraceLock>::print::DisplayBacktrace as core[df12db4294e9bfd3]::fmt::Display>::fmt
[INFO] [stdout]    1:     0x5bc9da280eaa - core[df12db4294e9bfd3]::fmt::write
[INFO] [stdout]    2:     0x5bc9da270c8c - <alloc[2182bb758b4b3781]::vec::Vec<u8> as core[df12db4294e9bfd3]::io::write::Write>::write_fmt
[INFO] [stdout]    3:     0x5bc9da248de6 - std[70759c8f55707aa4]::panicking::default_hook::{closure#0}
[INFO] [stdout]    4:     0x5bc9da264f59 - std[70759c8f55707aa4]::panicking::default_hook
[INFO] [stdout]    5:     0x5bc9da2013e0 - test[9d35eded1c95d3be]::test_main_inner::<test[9d35eded1c95d3be]::test_main_static::{closure#0}>::{closure#0}
[INFO] [stdout]    6:     0x5bc9da265112 - std[70759c8f55707aa4]::panicking::panic_with_hook
[INFO] [stdout]    7:     0x5bc9da248e92 - std[70759c8f55707aa4]::panicking::panic_handler::{closure#0}
[INFO] [stdout]    8:     0x5bc9da241c19 - std[70759c8f55707aa4]::sys::backtrace::__rust_end_short_backtrace::<std[70759c8f55707aa4]::panicking::panic_handler::{closure#0}, !>
[INFO] [stdout]    9:     0x5bc9da249a8d - __rustc[8fa7c3cbc660c2b3]::rust_begin_unwind
[INFO] [stdout]   10:     0x5bc9da2815dc - core[df12db4294e9bfd3]::panicking::panic_fmt
[INFO] [stdout]   11:     0x5bc9da2813b2 - core[df12db4294e9bfd3]::result::unwrap_failed
[INFO] [stdout]   12:     0x5bc9da1e355b - wasmut_wasm[e279feb0e20be02f]::elements::reloc_section::tests::reloc_section
[INFO] [stdout]   13:     0x5bc9da1cfba9 - <wasmut_wasm[e279feb0e20be02f]::elements::reloc_section::tests::reloc_section::{closure#0} as core[df12db4294e9bfd3]::ops::function::FnOnce<()>>::call_once
[INFO] [stdout]   14:     0x5bc9da1f46cb - test[9d35eded1c95d3be]::__rust_begin_short_backtrace::<core[df12db4294e9bfd3]::result::Result<(), alloc[2182bb758b4b3781]::string::String>, fn() -> core[df12db4294e9bfd3]::result::Result<(), alloc[2182bb758b4b3781]::string::String>>
[INFO] [stdout]   15:     0x5bc9da201d35 - test[9d35eded1c95d3be]::run_test::{closure#0}
[INFO] [stdout]   16:     0x5bc9da1fb5f4 - std[70759c8f55707aa4]::sys::backtrace::__rust_begin_short_backtrace::<test[9d35eded1c95d3be]::run_test::{closure#1}, ()>
[INFO] [stdout]   17:     0x5bc9da204e92 - <std[70759c8f55707aa4]::thread::lifecycle::spawn_unchecked<test[9d35eded1c95d3be]::run_test::{closure#1}, ()>::{closure#1} as core[df12db4294e9bfd3]::ops::function::FnOnce<()>>::call_once::{shim:vtable#0}
[INFO] [stdout]   18:     0x5bc9da26c0c9 - <std[70759c8f55707aa4]::sys::thread::unix::Thread>::new::thread_start
[INFO] [stdout]   19:     0x74a804289dfa - <unknown>
[INFO] [stdout]   20:     0x74a80431d3d4 - clone
[INFO] [stdout]   21:                0x0 - <unknown>
[INFO] [stdout] 
[INFO] [stdout] ---- elements::section::tests::import_section stdout ----
[INFO] [stdout] 
[INFO] [stdout] thread 'elements::section::tests::import_section' (307) panicked at src/elements/section.rs:815:68:
[INFO] [stdout] Should be deserialized: HeapOther("Can't read from the file: Os { code: 2, kind: NotFound, message: \"No such file or directory\" }")
[INFO] [stdout] stack backtrace:
[INFO] [stdout]    0:     0x5bc9da26c7f1 - <<std[70759c8f55707aa4]::sys::backtrace::BacktraceLock>::print::DisplayBacktrace as core[df12db4294e9bfd3]::fmt::Display>::fmt
[INFO] [stdout]    1:     0x5bc9da280eaa - core[df12db4294e9bfd3]::fmt::write
[INFO] [stdout]    2:     0x5bc9da270c8c - <alloc[2182bb758b4b3781]::vec::Vec<u8> as core[df12db4294e9bfd3]::io::write::Write>::write_fmt
[INFO] [stdout]    3:     0x5bc9da248de6 - std[70759c8f55707aa4]::panicking::default_hook::{closure#0}
[INFO] [stdout]    4:     0x5bc9da264f59 - std[70759c8f55707aa4]::panicking::default_hook
[INFO] [stdout]    5:     0x5bc9da2013e0 - test[9d35eded1c95d3be]::test_main_inner::<test[9d35eded1c95d3be]::test_main_static::{closure#0}>::{closure#0}
[INFO] [stdout]    6:     0x5bc9da265112 - std[70759c8f55707aa4]::panicking::panic_with_hook
[INFO] [stdout]    7:     0x5bc9da248e92 - std[70759c8f55707aa4]::panicking::panic_handler::{closure#0}
[INFO] [stdout]    8:     0x5bc9da241c19 - std[70759c8f55707aa4]::sys::backtrace::__rust_end_short_backtrace::<std[70759c8f55707aa4]::panicking::panic_handler::{closure#0}, !>
[INFO] [stdout]    9:     0x5bc9da249a8d - __rustc[8fa7c3cbc660c2b3]::rust_begin_unwind
[INFO] [stdout]   10:     0x5bc9da2815dc - core[df12db4294e9bfd3]::panicking::panic_fmt
[INFO] [stdout]   11:     0x5bc9da2813b2 - core[df12db4294e9bfd3]::result::unwrap_failed
[INFO] [stdout]   12:     0x5bc9da1ec988 - wasmut_wasm[e279feb0e20be02f]::elements::section::tests::import_section
[INFO] [stdout]   13:     0x5bc9da1cff89 - <wasmut_wasm[e279feb0e20be02f]::elements::section::tests::import_section::{closure#0} as core[df12db4294e9bfd3]::ops::function::FnOnce<()>>::call_once
[INFO] [stdout]   14:     0x5bc9da1f46cb - test[9d35eded1c95d3be]::__rust_begin_short_backtrace::<core[df12db4294e9bfd3]::result::Result<(), alloc[2182bb758b4b3781]::string::String>, fn() -> core[df12db4294e9bfd3]::result::Result<(), alloc[2182bb758b4b3781]::string::String>>
[INFO] [stdout]   15:     0x5bc9da201d35 - test[9d35eded1c95d3be]::run_test::{closure#0}
[INFO] [stdout]   16:     0x5bc9da1fb5f4 - std[70759c8f55707aa4]::sys::backtrace::__rust_begin_short_backtrace::<test[9d35eded1c95d3be]::run_test::{closure#1}, ()>
[INFO] [stdout]   17:     0x5bc9da204e92 - <std[70759c8f55707aa4]::thread::lifecycle::spawn_unchecked<test[9d35eded1c95d3be]::run_test::{closure#1}, ()>::{closure#1} as core[df12db4294e9bfd3]::ops::function::FnOnce<()>>::call_once::{shim:vtable#0}
[INFO] [stdout]   18:     0x5bc9da26c0c9 - <std[70759c8f55707aa4]::sys::thread::unix::Thread>::new::thread_start
[INFO] [stdout]   19:     0x74a804289dfa - <unknown>
[INFO] [stdout]   20:     0x74a80431d3d4 - clone
[INFO] [stdout]   21:                0x0 - <unknown>
[INFO] [stdout] 
[INFO] [stdout] 
[INFO] [stdout] failures:
[INFO] [stdout]     elements::module::integration_tests::add_custom_section
[INFO] [stdout]     elements::module::integration_tests::add_start
[INFO] [stdout]     elements::module::integration_tests::add_start_custom
[INFO] [stdout]     elements::module::integration_tests::const_
[INFO] [stdout]     elements::module::integration_tests::hello
[INFO] [stdout]     elements::module::integration_tests::memory_space
[INFO] [stdout]     elements::module::integration_tests::mut_start
[INFO] [stdout]     elements::module::integration_tests::names
[INFO] [stdout]     elements::module::integration_tests::names_section_not_present
[INFO] [stdout]     elements::module::integration_tests::names_section_present
[INFO] [stdout]     elements::module::integration_tests::names_with_global_section
[INFO] [stdout]     elements::module::integration_tests::peek
[INFO] [stdout]     elements::module::integration_tests::peek_2
[INFO] [stdout]     elements::module::integration_tests::peek_3
[INFO] [stdout]     elements::module::integration_tests::serde
[INFO] [stdout]     elements::module::integration_tests::serde_code
[INFO] [stdout]     elements::module::integration_tests::serde_import
[INFO] [stdout]     elements::module::integration_tests::serde_type
[INFO] [stdout]     elements::module::integration_tests::serialization_roundtrip
[INFO] [stdout]     elements::module::integration_tests::store
[INFO] [stdout]     elements::name_section::tests::deserialize_local_names
[INFO] [stdout]     elements::reloc_section::tests::reloc_section
[INFO] [stdout]     elements::section::tests::import_section
[INFO] [stdout] 
[INFO] [stdout] test result: FAILED. 80 passed; 23 failed; 0 ignored; 0 measured; 0 filtered out; finished in 0.02s
[INFO] [stdout] 
[INFO] running `Command { std: "docker" "inspect" "332a752485355734f04c3fde7c0d00972a215e8e30a1e272765d2f7e2a850abc", kill_on_drop: false }`
[INFO] running `Command { std: "docker" "rm" "-f" "332a752485355734f04c3fde7c0d00972a215e8e30a1e272765d2f7e2a850abc", kill_on_drop: false }`
[INFO] [stdout] 332a752485355734f04c3fde7c0d00972a215e8e30a1e272765d2f7e2a850abc
