[INFO] fetching crate wasmsh-testkit 0.9.0...
[INFO] testing wasmsh-testkit-0.9.0 against 1.99.0-beta.8+cargoflags=--release for beta-release-1.100-2
[INFO] extracting crate wasmsh-testkit 0.9.0 into /workspace/builds/worker-0-tc1/source
[INFO] started tweaking crates.io crate wasmsh-testkit 0.9.0
[INFO] removed 0 missing tests
[INFO] finished tweaking crates.io crate wasmsh-testkit 0.9.0
[INFO] tweaked toml for crates.io crate wasmsh-testkit 0.9.0 written to /workspace/builds/worker-0-tc1/source/Cargo.toml
[INFO] validating manifest of crates.io crate wasmsh-testkit 0.9.0 on toolchain 1.99.0-beta.8
[INFO] running `Command { std: CARGO_HOME="/workspace/cargo-home" RUSTUP_HOME="/workspace/rustup-home" "/workspace/cargo-home/bin/cargo" "+1.99.0-beta.8" "metadata" "--manifest-path" "Cargo.toml" "--no-deps", kill_on_drop: false }`
[INFO] crate crates.io crate wasmsh-testkit 0.9.0 already has a lockfile, it will not be regenerated
[INFO] running `Command { std: CARGO_HOME="/workspace/cargo-home" RUSTUP_HOME="/workspace/rustup-home" "/workspace/cargo-home/bin/cargo" "+1.99.0-beta.8" "fetch" "--manifest-path" "Cargo.toml", kill_on_drop: false }`
[INFO] [stderr]     Updating crates.io index
[INFO] [stderr]  Downloading crates ...
[INFO] [stderr]   Downloaded wasmsh-vm v0.9.0
[INFO] [stderr]   Downloaded wasmsh-ir v0.9.0
[INFO] [stderr]   Downloaded wasmsh-hir v0.9.0
[INFO] [stderr]   Downloaded wasmsh-state v0.9.0
[INFO] [stderr]   Downloaded wasmsh-runtime v0.9.0
[INFO] [stderr]   Downloaded wasmsh-fs v0.9.0
[INFO] [stderr]   Downloaded jaq-std v2.1.2
[INFO] [stderr]   Downloaded wasmsh-protocol v0.9.0
[INFO] [stderr]   Downloaded wasmsh-builtins v0.9.0
[INFO] [stderr]   Downloaded wasmsh-ast v0.9.0
[INFO] [stderr]   Downloaded saphyr v0.0.6
[INFO] [stderr]   Downloaded wasmsh-lex v0.9.0
[INFO] [stderr]   Downloaded posix-regex v0.1.4
[INFO] [stderr]   Downloaded jaq-json v1.1.3
[INFO] [stderr]   Downloaded wasmsh-parse v0.9.0
[INFO] [stderr]   Downloaded wasmsh-expand v0.9.0
[INFO] [stderr]   Downloaded ordered-float v5.4.0
[INFO] [stderr]   Downloaded jaq-core v2.2.1
[INFO] [stderr]   Downloaded hifijson v0.2.3
[INFO] [stderr]   Downloaded saphyr-parser v0.0.6
[INFO] [stderr]   Downloaded zip v2.4.2
[INFO] [stderr]   Downloaded wasmsh-utils v0.9.0
[INFO] running `Command { std: "docker" "create" "-v" "/var/lib/crater-agent-workspace/builds/worker-0-tc1/source:/opt/rustwide/workdir:ro,Z" "-v" "/var/lib/crater-agent-workspace/builds/worker-0-tc1/target:/opt/rustwide/target:rw,Z" "-v" "/var/lib/crater-agent-workspace/cargo-home:/opt/rustwide/cargo-home:ro,Z" "-v" "/var/lib/crater-agent-workspace/rustup-home:/opt/rustwide/rustup-home:ro,Z" "-m" "1610612736" "--network" "none" "ghcr.io/rust-lang/crates-build-env/linux@sha256:77db811e55d90add9212f6832c23229e3de5f1c1f9905e8cb07319ea15df73ac" "sleep" "infinity", kill_on_drop: false }`
[INFO] [stdout] 4d833a1155059176b1e683c96ce85fddb6212cc2396b07108d1fbc09a6a9f6e8
[INFO] running `Command { std: "docker" "start" "4d833a1155059176b1e683c96ce85fddb6212cc2396b07108d1fbc09a6a9f6e8", kill_on_drop: false }`
[INFO] running `Command { std: "docker" "inspect" "4d833a1155059176b1e683c96ce85fddb6212cc2396b07108d1fbc09a6a9f6e8", kill_on_drop: false }`
[INFO] running `Command { std: "docker" "exec" "-e" "SOURCE_DIR=/opt/rustwide/workdir" "-e" "CARGO_HOME=/opt/rustwide/cargo-home" "-e" "RUSTUP_HOME=/opt/rustwide/rustup-home" "-e" "CARGO_TARGET_DIR=/opt/rustwide/target" "-w" "/opt/rustwide/workdir" "--user" "0:0" "4d833a1155059176b1e683c96ce85fddb6212cc2396b07108d1fbc09a6a9f6e8" "/opt/rustwide/cargo-home/bin/cargo" "+1.99.0-beta.8" "metadata" "--no-deps" "--format-version=1", kill_on_drop: false }`
[INFO] running `Command { std: "docker" "inspect" "4d833a1155059176b1e683c96ce85fddb6212cc2396b07108d1fbc09a6a9f6e8", kill_on_drop: false }`
[INFO] running `Command { std: "docker" "exec" "-e" "SOURCE_DIR=/opt/rustwide/workdir" "-e" "CARGO_HOME=/opt/rustwide/cargo-home" "-e" "RUSTUP_HOME=/opt/rustwide/rustup-home" "-e" "CARGO_TARGET_DIR=/opt/rustwide/target" "-e" "CARGO_INCREMENTAL=0" "-e" "RUST_BACKTRACE=full" "-e" "RUSTFLAGS=--cap-lints=warn" "-e" "RUSTDOCFLAGS=--cap-lints=warn" "-w" "/opt/rustwide/workdir" "--user" "0:0" "4d833a1155059176b1e683c96ce85fddb6212cc2396b07108d1fbc09a6a9f6e8" "/opt/rustwide/cargo-home/bin/cargo" "+1.99.0-beta.8" "build" "--frozen" "--message-format=json" "--release", kill_on_drop: false }`
[INFO] [stderr]    Compiling unicode-ident v1.0.26
[INFO] [stderr]    Compiling smol_str v0.3.6
[INFO] [stderr]    Compiling indexmap v2.14.2
[INFO] [stderr]    Compiling num-traits v0.2.19
[INFO] [stderr]    Compiling crc32fast v1.5.2
[INFO] [stderr]    Compiling log v0.4.34
[INFO] [stderr]    Compiling smallvec v1.16.1
[INFO] [stderr]    Compiling simd-adler32 v0.3.10
[INFO] [stderr]    Compiling hashbrown v0.15.5
[INFO] [stderr]    Compiling typed-arena v2.0.2
[INFO] [stderr]    Compiling crypto-common v0.1.7
[INFO] [stderr]    Compiling regex-lite v0.1.9
[INFO] [stderr]    Compiling bumpalo v3.20.3
[INFO] [stderr]    Compiling zip v2.4.2
[INFO] [stderr]    Compiling urlencoding v2.1.3
[INFO] [stderr]    Compiling hifijson v0.2.3
[INFO] [stderr]    Compiling proc-macro2 v1.0.107
[INFO] [stderr]    Compiling digest v0.10.7
[INFO] [stderr]    Compiling wasmsh-ast v0.9.0
[INFO] [stderr]    Compiling jaq-core v2.2.1
[INFO] [stderr]    Compiling miniz_oxide v0.9.1
[INFO] [stderr]    Compiling sha2 v0.10.9
[INFO] [stderr]    Compiling sha1 v0.10.7
[INFO] [stderr]    Compiling wasmsh-hir v0.9.0
[INFO] [stderr]    Compiling wasmsh-lex v0.9.0
[INFO] [stderr]    Compiling md-5 v0.10.6
[INFO] [stderr]    Compiling miniz_oxide v0.8.9
[INFO] [stderr]    Compiling quote v1.0.47
[INFO] [stderr]    Compiling zopfli v0.8.3
[INFO] [stderr]    Compiling syn v3.0.6
[INFO] [stderr]    Compiling wasmsh-ir v0.9.0
[INFO] [stderr]    Compiling hex v0.4.3
[INFO] [stderr]    Compiling posix-regex v0.1.4
[INFO] [stderr]    Compiling wasmsh-parse v0.9.0
[INFO] [stderr]    Compiling hashlink v0.10.0
[INFO] [stderr]    Compiling flate2 v1.1.10
[INFO] [stderr]    Compiling wasmsh-state v0.9.0
[INFO] [stderr]    Compiling chrono v0.4.45
[INFO] [stderr]    Compiling ordered-float v5.4.0
[INFO] [stderr]    Compiling saphyr-parser v0.0.6
[INFO] [stderr]    Compiling wasmsh-expand v0.9.0
[INFO] [stderr]    Compiling jaq-std v2.1.2
[INFO] [stderr]    Compiling jaq-json v1.1.3
[INFO] [stderr]    Compiling synstructure v0.14.0
[INFO] [stderr]    Compiling zerofrom-derive v0.1.8
[INFO] [stderr]    Compiling yoke-derive v0.8.3
[INFO] [stderr]    Compiling displaydoc v0.2.7
[INFO] [stderr]    Compiling zerovec-derive v0.11.6
[INFO] [stderr]    Compiling thiserror-impl v2.0.20
[INFO] [stderr]    Compiling serde_derive v1.0.229
[INFO] [stderr]    Compiling multiversion-macros v0.9.0
[INFO] [stderr]    Compiling zerofrom v0.1.8
[INFO] [stderr]    Compiling yoke v0.8.3
[INFO] [stderr]    Compiling thiserror v2.0.20
[INFO] [stderr]    Compiling wasmsh-fs v0.9.0
[INFO] [stderr]    Compiling zerotrie v0.2.5
[INFO] [stderr]    Compiling multiversion v0.9.0
[INFO] [stderr]    Compiling encoding_rs v0.8.41
[INFO] [stderr]    Compiling zerovec v0.11.8
[INFO] [stderr]    Compiling wasmsh-builtins v0.9.0
[INFO] [stderr]    Compiling wasmsh-vm v0.9.0
[INFO] [stderr]    Compiling tinystr v0.8.4
[INFO] [stderr]    Compiling potential_utf v0.1.6
[INFO] [stderr]    Compiling icu_collections v2.3.0
[INFO] [stderr]    Compiling icu_locale_core v2.3.0
[INFO] [stderr]    Compiling saphyr v0.0.6
[INFO] [stderr]    Compiling icu_provider v2.3.1
[INFO] [stderr]    Compiling serde v1.0.229
[INFO] [stderr]    Compiling icu_normalizer v2.3.0
[INFO] [stderr]    Compiling icu_properties v2.3.0
[INFO] [stderr]    Compiling toml_datetime v0.6.11
[INFO] [stderr]    Compiling serde_spanned v0.6.9
[INFO] [stderr]    Compiling wasmsh-protocol v0.9.0
[INFO] [stderr]    Compiling toml_edit v0.22.27
[INFO] [stderr]    Compiling idna_adapter v1.2.2
[INFO] [stderr]    Compiling idna v1.1.0
[INFO] [stderr]    Compiling url v2.5.8
[INFO] [stderr]    Compiling wasmsh-utils v0.9.0
[INFO] [stderr]    Compiling toml v0.8.23
[INFO] [stderr]    Compiling wasmsh-runtime v0.9.0
[INFO] [stderr]    Compiling wasmsh-testkit v0.9.0 (/opt/rustwide/workdir)
[INFO] [stderr]     Finished `release` profile [optimized] target(s) in 1m 21s
[INFO] running `Command { std: "docker" "inspect" "4d833a1155059176b1e683c96ce85fddb6212cc2396b07108d1fbc09a6a9f6e8", kill_on_drop: false }`
[INFO] running `Command { std: "docker" "exec" "-e" "SOURCE_DIR=/opt/rustwide/workdir" "-e" "CARGO_HOME=/opt/rustwide/cargo-home" "-e" "RUSTUP_HOME=/opt/rustwide/rustup-home" "-e" "CARGO_TARGET_DIR=/opt/rustwide/target" "-e" "CARGO_INCREMENTAL=0" "-e" "RUST_BACKTRACE=full" "-e" "RUSTFLAGS=--cap-lints=warn" "-e" "RUSTDOCFLAGS=--cap-lints=warn" "-w" "/opt/rustwide/workdir" "--user" "0:0" "4d833a1155059176b1e683c96ce85fddb6212cc2396b07108d1fbc09a6a9f6e8" "/opt/rustwide/cargo-home/bin/cargo" "+1.99.0-beta.8" "test" "--frozen" "--no-run" "--message-format=json" "--release", kill_on_drop: false }`
[INFO] [stderr]    Compiling wasmsh-testkit v0.9.0 (/opt/rustwide/workdir)
[INFO] [stderr]     Finished `release` profile [optimized] target(s) in 3.97s
[INFO] running `Command { std: "docker" "inspect" "4d833a1155059176b1e683c96ce85fddb6212cc2396b07108d1fbc09a6a9f6e8", kill_on_drop: false }`
[INFO] running `Command { std: "docker" "exec" "-e" "SOURCE_DIR=/opt/rustwide/workdir" "-e" "CARGO_HOME=/opt/rustwide/cargo-home" "-e" "RUSTUP_HOME=/opt/rustwide/rustup-home" "-e" "CARGO_TARGET_DIR=/opt/rustwide/target" "-e" "CARGO_INCREMENTAL=0" "-e" "RUST_BACKTRACE=full" "-e" "RUSTFLAGS=--cap-lints=warn" "-e" "RUSTDOCFLAGS=--cap-lints=warn" "-w" "/opt/rustwide/workdir" "--user" "0:0" "4d833a1155059176b1e683c96ce85fddb6212cc2396b07108d1fbc09a6a9f6e8" "/opt/rustwide/cargo-home/bin/cargo" "+1.99.0-beta.8" "test" "--frozen" "--release", kill_on_drop: false }`
[INFO] [stderr]     Finished `release` profile [optimized] target(s) in 0.12s
[INFO] [stderr]      Running unittests src/lib.rs (/opt/rustwide/target/release/deps/wasmsh_testkit-a69bf42e65635491)
[INFO] [stdout] 
[INFO] [stdout] running 6 tests
[INFO] [stdout] test compat::tests::check_case_status_mismatch ... ok
[INFO] [stderr]      Running tests/invariants.rs (/opt/rustwide/target/release/deps/invariants-3cfdff2e97a6086d)
[INFO] [stdout] test runner::tests::oracle_disabled_case_ignores_oracle_runner ... ok
[INFO] [stdout] test runner::tests::oracle_mismatch_fails_when_oracle_runner_reports_diff ... ok
[INFO] [stdout] test compat::tests::check_case_passes ... ok
[INFO] [stdout] test compat::tests::core_cases_not_empty ... ok
[INFO] [stdout] test compat::tests::check_case_stdout_mismatch ... ok
[INFO] [stdout] 
[INFO] [stdout] test result: ok. 6 passed; 0 failed; 0 ignored; 0 measured; 0 filtered out; finished in 0.01s
[INFO] [stdout] 
[INFO] [stdout] 
[INFO] [stdout] running 1 test
[INFO] [stdout] test prompt_09_invariant_suite_cases_pass ... FAILED
[INFO] [stderr] error: test failed, to rerun pass `--test invariants`
[INFO] [stdout] 
[INFO] [stdout] failures:
[INFO] [stdout] 
[INFO] [stdout] ---- prompt_09_invariant_suite_cases_pass stdout ----
[INFO] [stdout] 
[INFO] [stdout] thread 'prompt_09_invariant_suite_cases_pass' (1586) panicked at tests/invariants.rs:28:17:
[INFO] [stdout] invariant case /opt/tests/suite/redirections/r21_stdout_redirect_then_stderr_merge.toml failed:
[INFO] [stdout] cannot read /opt/tests/suite/redirections/r21_stdout_redirect_then_stderr_merge.toml: No such file or directory (os error 2)
[INFO] [stdout] stack backtrace:
[INFO] [stdout]    0:     0x556150a2e291 - <<std[70759c8f55707aa4]::sys::backtrace::BacktraceLock>::print::DisplayBacktrace as core[df12db4294e9bfd3]::fmt::Display>::fmt
[INFO] [stdout]    1:     0x556150a463da - core[df12db4294e9bfd3]::fmt::write
[INFO] [stdout]    2:     0x556150a3296c - <alloc[2182bb758b4b3781]::vec::Vec<u8> as core[df12db4294e9bfd3]::io::write::Write>::write_fmt
[INFO] [stdout]    3:     0x556150a09b46 - std[70759c8f55707aa4]::panicking::default_hook::{closure#0}
[INFO] [stdout]    4:     0x556150a26149 - std[70759c8f55707aa4]::panicking::default_hook
[INFO] [stdout]    5:     0x5561506107e0 - test[9d35eded1c95d3be]::test_main_inner::<test[9d35eded1c95d3be]::test_main_static::{closure#0}>::{closure#0}
[INFO] [stdout]    6:     0x556150a26302 - std[70759c8f55707aa4]::panicking::panic_with_hook
[INFO] [stdout]    7:     0x556150a09bf2 - std[70759c8f55707aa4]::panicking::panic_handler::{closure#0}
[INFO] [stdout]    8:     0x556150a027e9 - std[70759c8f55707aa4]::sys::backtrace::__rust_end_short_backtrace::<std[70759c8f55707aa4]::panicking::panic_handler::{closure#0}, !>
[INFO] [stdout]    9:     0x556150a0a7ed - __rustc[8fa7c3cbc660c2b3]::rust_begin_unwind
[INFO] [stdout]   10:     0x556150a46bfc - core[df12db4294e9bfd3]::panicking::panic_fmt
[INFO] [stdout]   11:     0x55615060392f - <invariants[360f0ac2ab1a027]::prompt_09_invariant_suite_cases_pass::{closure#0} as core[df12db4294e9bfd3]::ops::function::FnOnce<()>>::call_once
[INFO] [stdout]   12:     0x556150603acb - test[9d35eded1c95d3be]::__rust_begin_short_backtrace::<core[df12db4294e9bfd3]::result::Result<(), alloc[2182bb758b4b3781]::string::String>, fn() -> core[df12db4294e9bfd3]::result::Result<(), alloc[2182bb758b4b3781]::string::String>>
[INFO] [stdout]   13:     0x556150611135 - test[9d35eded1c95d3be]::run_test::{closure#0}
[INFO] [stdout]   14:     0x55615060a9f4 - std[70759c8f55707aa4]::sys::backtrace::__rust_begin_short_backtrace::<test[9d35eded1c95d3be]::run_test::{closure#1}, ()>
[INFO] [stdout]   15:     0x556150614292 - <std[70759c8f55707aa4]::thread::lifecycle::spawn_unchecked<test[9d35eded1c95d3be]::run_test::{closure#1}, ()>::{closure#1} as core[df12db4294e9bfd3]::ops::function::FnOnce<()>>::call_once::{shim:vtable#0}
[INFO] [stdout]   16:     0x556150a2d4d9 - <std[70759c8f55707aa4]::sys::thread::unix::Thread>::new::thread_start
[INFO] [stdout]   17:     0x7a8866f4cdfa - <unknown>
[INFO] [stdout]   18:     0x7a8866fe03d4 - clone
[INFO] [stdout]   19:                0x0 - <unknown>
[INFO] [stdout] 
[INFO] [stdout] 
[INFO] [stdout] failures:
[INFO] [stdout]     prompt_09_invariant_suite_cases_pass
[INFO] [stdout] 
[INFO] [stdout] test result: FAILED. 0 passed; 1 failed; 0 ignored; 0 measured; 0 filtered out; finished in 0.01s
[INFO] [stdout] 
[INFO] running `Command { std: "docker" "inspect" "4d833a1155059176b1e683c96ce85fddb6212cc2396b07108d1fbc09a6a9f6e8", kill_on_drop: false }`
[INFO] running `Command { std: "docker" "rm" "-f" "4d833a1155059176b1e683c96ce85fddb6212cc2396b07108d1fbc09a6a9f6e8", kill_on_drop: false }`
[INFO] [stdout] 4d833a1155059176b1e683c96ce85fddb6212cc2396b07108d1fbc09a6a9f6e8
