[INFO] fetching crate wasmind_actor_loader 0.1.0...
[INFO] testing wasmind_actor_loader-0.1.0 against 1.99.0-beta.8+cargoflags=--release for beta-release-1.100-2
[INFO] extracting crate wasmind_actor_loader 0.1.0 into /workspace/builds/worker-7-tc1/source
[INFO] started tweaking crates.io crate wasmind_actor_loader 0.1.0
[INFO] removed 0 missing tests
[INFO] finished tweaking crates.io crate wasmind_actor_loader 0.1.0
[INFO] tweaked toml for crates.io crate wasmind_actor_loader 0.1.0 written to /workspace/builds/worker-7-tc1/source/Cargo.toml
[INFO] validating manifest of crates.io crate wasmind_actor_loader 0.1.0 on toolchain 1.99.0-beta.8
[INFO] running `Command { std: CARGO_HOME="/workspace/cargo-home" RUSTUP_HOME="/workspace/rustup-home" "/workspace/cargo-home/bin/cargo" "+1.99.0-beta.8" "metadata" "--manifest-path" "Cargo.toml" "--no-deps", kill_on_drop: false }`
[INFO] crate crates.io crate wasmind_actor_loader 0.1.0 already has a lockfile, it will not be regenerated
[INFO] running `Command { std: CARGO_HOME="/workspace/cargo-home" RUSTUP_HOME="/workspace/rustup-home" "/workspace/cargo-home/bin/cargo" "+1.99.0-beta.8" "fetch" "--manifest-path" "Cargo.toml", kill_on_drop: false }`
[INFO] [stderr]     Updating crates.io index
[INFO] [stderr]  Downloading crates ...
[INFO] [stderr]   Downloaded wasmind_config v0.1.0
[INFO] [stderr]   Downloaded env_home v0.1.0
[INFO] [stderr]   Downloaded which v8.0.0
[INFO] [stderr]   Downloaded snafu v0.8.7
[INFO] [stderr]   Downloaded tokio-test v0.4.4
[INFO] [stderr]   Downloaded etcetera v0.10.0
[INFO] [stderr]   Downloaded snafu-derive v0.8.7
[INFO] [stderr]   Downloaded tempfile v3.21.0
[INFO] [stderr]   Downloaded winsafe v0.0.19
[INFO] running `Command { std: "docker" "create" "-v" "/var/lib/crater-agent-workspace/builds/worker-7-tc1/source:/opt/rustwide/workdir:ro,Z" "-v" "/var/lib/crater-agent-workspace/builds/worker-7-tc1/target:/opt/rustwide/target:rw,Z" "-v" "/var/lib/crater-agent-workspace/cargo-home:/opt/rustwide/cargo-home:ro,Z" "-v" "/var/lib/crater-agent-workspace/rustup-home:/opt/rustwide/rustup-home:ro,Z" "-m" "1610612736" "--network" "none" "ghcr.io/rust-lang/crates-build-env/linux@sha256:77db811e55d90add9212f6832c23229e3de5f1c1f9905e8cb07319ea15df73ac" "sleep" "infinity", kill_on_drop: false }`
[INFO] [stdout] f335be91233e90197039db4084b2f2c73c7b26e2099407b60f1830dc9cbf0690
[INFO] running `Command { std: "docker" "start" "f335be91233e90197039db4084b2f2c73c7b26e2099407b60f1830dc9cbf0690", kill_on_drop: false }`
[INFO] running `Command { std: "docker" "inspect" "f335be91233e90197039db4084b2f2c73c7b26e2099407b60f1830dc9cbf0690", kill_on_drop: false }`
[INFO] running `Command { std: "docker" "exec" "-e" "SOURCE_DIR=/opt/rustwide/workdir" "-e" "CARGO_HOME=/opt/rustwide/cargo-home" "-e" "RUSTUP_HOME=/opt/rustwide/rustup-home" "-e" "CARGO_TARGET_DIR=/opt/rustwide/target" "-w" "/opt/rustwide/workdir" "--user" "0:0" "f335be91233e90197039db4084b2f2c73c7b26e2099407b60f1830dc9cbf0690" "/opt/rustwide/cargo-home/bin/cargo" "+1.99.0-beta.8" "metadata" "--no-deps" "--format-version=1", kill_on_drop: false }`
[INFO] running `Command { std: "docker" "inspect" "f335be91233e90197039db4084b2f2c73c7b26e2099407b60f1830dc9cbf0690", kill_on_drop: false }`
[INFO] running `Command { std: "docker" "exec" "-e" "SOURCE_DIR=/opt/rustwide/workdir" "-e" "CARGO_HOME=/opt/rustwide/cargo-home" "-e" "RUSTUP_HOME=/opt/rustwide/rustup-home" "-e" "CARGO_TARGET_DIR=/opt/rustwide/target" "-e" "CARGO_INCREMENTAL=0" "-e" "RUST_BACKTRACE=full" "-e" "RUSTFLAGS=--cap-lints=warn" "-e" "RUSTDOCFLAGS=--cap-lints=warn" "-w" "/opt/rustwide/workdir" "--user" "0:0" "f335be91233e90197039db4084b2f2c73c7b26e2099407b60f1830dc9cbf0690" "/opt/rustwide/cargo-home/bin/cargo" "+1.99.0-beta.8" "build" "--frozen" "--message-format=json" "--release", kill_on_drop: false }`
[INFO] [stderr]    Compiling proc-macro2 v1.0.101
[INFO] [stderr]    Compiling cfg-if v1.0.3
[INFO] [stderr]    Compiling futures-core v0.3.31
[INFO] [stderr]    Compiling generic-array v0.14.7
[INFO] [stderr]    Compiling futures-sink v0.3.31
[INFO] [stderr]    Compiling bitflags v2.9.3
[INFO] [stderr]    Compiling winnow v0.7.13
[INFO] [stderr]    Compiling serde_json v1.0.143
[INFO] [stderr]    Compiling env_home v0.1.0
[INFO] [stderr]    Compiling parking_lot_core v0.9.11
[INFO] [stderr]    Compiling getrandom v0.3.3
[INFO] [stderr]    Compiling etcetera v0.10.0
[INFO] [stderr]    Compiling futures-channel v0.3.31
[INFO] [stderr]    Compiling rustix v1.0.8
[INFO] [stderr]    Compiling parking_lot v0.12.4
[INFO] [stderr]    Compiling quote v1.0.40
[INFO] [stderr]    Compiling block-buffer v0.10.4
[INFO] [stderr]    Compiling crypto-common v0.1.6
[INFO] [stderr]    Compiling syn v2.0.106
[INFO] [stderr]    Compiling digest v0.10.7
[INFO] [stderr]    Compiling sha2 v0.10.9
[INFO] [stderr]    Compiling tempfile v3.21.0
[INFO] [stderr]    Compiling which v8.0.0
[INFO] [stderr]    Compiling toml_parser v1.0.2
[INFO] [stderr]    Compiling synstructure v0.13.2
[INFO] [stderr]    Compiling zerofrom-derive v0.1.6
[INFO] [stderr]    Compiling yoke-derive v0.8.0
[INFO] [stderr]    Compiling zerovec-derive v0.11.1
[INFO] [stderr]    Compiling displaydoc v0.2.5
[INFO] [stderr]    Compiling serde_derive v1.0.219
[INFO] [stderr]    Compiling futures-macro v0.3.31
[INFO] [stderr]    Compiling snafu-derive v0.8.7
[INFO] [stderr]    Compiling tracing-attributes v0.1.30
[INFO] [stderr]    Compiling tokio-macros v2.5.0
[INFO] [stderr]    Compiling futures-util v0.3.31
[INFO] [stderr]    Compiling tokio v1.47.1
[INFO] [stderr]    Compiling zerofrom v0.1.6
[INFO] [stderr]    Compiling yoke v0.8.0
[INFO] [stderr]    Compiling zerotrie v0.2.2
[INFO] [stderr]    Compiling zerovec v0.11.4
[INFO] [stderr]    Compiling tracing v0.1.41
[INFO] [stderr]    Compiling snafu v0.8.7
[INFO] [stderr]    Compiling tinystr v0.8.1
[INFO] [stderr]    Compiling potential_utf v0.1.2
[INFO] [stderr]    Compiling icu_collections v2.0.0
[INFO] [stderr]    Compiling icu_locale_core v2.0.0
[INFO] [stderr]    Compiling serde v1.0.219
[INFO] [stderr]    Compiling icu_provider v2.0.0
[INFO] [stderr]    Compiling icu_normalizer v2.0.0
[INFO] [stderr]    Compiling icu_properties v2.0.1
[INFO] [stderr]    Compiling futures-executor v0.3.31
[INFO] [stderr]    Compiling futures v0.3.31
[INFO] [stderr]    Compiling idna_adapter v1.2.1
[INFO] [stderr]    Compiling idna v1.1.0
[INFO] [stderr]    Compiling toml_datetime v0.7.0
[INFO] [stderr]    Compiling serde_spanned v1.0.0
[INFO] [stderr]    Compiling url v2.5.7
[INFO] [stderr]    Compiling chrono v0.4.41
[INFO] [stderr]    Compiling toml v0.9.5
[INFO] [stderr]    Compiling wasmind_config v0.1.0
[INFO] [stderr]    Compiling wasmind_actor_loader v0.1.0 (/opt/rustwide/workdir)
[INFO] [stderr]     Finished `release` profile [optimized] target(s) in 39.76s
[INFO] running `Command { std: "docker" "inspect" "f335be91233e90197039db4084b2f2c73c7b26e2099407b60f1830dc9cbf0690", kill_on_drop: false }`
[INFO] running `Command { std: "docker" "exec" "-e" "SOURCE_DIR=/opt/rustwide/workdir" "-e" "CARGO_HOME=/opt/rustwide/cargo-home" "-e" "RUSTUP_HOME=/opt/rustwide/rustup-home" "-e" "CARGO_TARGET_DIR=/opt/rustwide/target" "-e" "CARGO_INCREMENTAL=0" "-e" "RUST_BACKTRACE=full" "-e" "RUSTFLAGS=--cap-lints=warn" "-e" "RUSTDOCFLAGS=--cap-lints=warn" "-w" "/opt/rustwide/workdir" "--user" "0:0" "f335be91233e90197039db4084b2f2c73c7b26e2099407b60f1830dc9cbf0690" "/opt/rustwide/cargo-home/bin/cargo" "+1.99.0-beta.8" "test" "--frozen" "--no-run" "--message-format=json" "--release", kill_on_drop: false }`
[INFO] [stderr]    Compiling futures-channel v0.3.31
[INFO] [stderr]    Compiling tokio v1.47.1
[INFO] [stderr]    Compiling async-stream-impl v0.3.6
[INFO] [stderr]    Compiling futures-util v0.3.31
[INFO] [stderr]    Compiling async-stream v0.3.6
[INFO] [stderr]    Compiling futures-executor v0.3.31
[INFO] [stderr]    Compiling futures v0.3.31
[INFO] [stderr]    Compiling tokio-stream v0.1.17
[INFO] [stderr]    Compiling wasmind_actor_loader v0.1.0 (/opt/rustwide/workdir)
[INFO] [stderr]    Compiling tokio-test v0.4.4
[INFO] [stderr]     Finished `release` profile [optimized] target(s) in 27.37s
[INFO] running `Command { std: "docker" "inspect" "f335be91233e90197039db4084b2f2c73c7b26e2099407b60f1830dc9cbf0690", kill_on_drop: false }`
[INFO] running `Command { std: "docker" "exec" "-e" "SOURCE_DIR=/opt/rustwide/workdir" "-e" "CARGO_HOME=/opt/rustwide/cargo-home" "-e" "RUSTUP_HOME=/opt/rustwide/rustup-home" "-e" "CARGO_TARGET_DIR=/opt/rustwide/target" "-e" "CARGO_INCREMENTAL=0" "-e" "RUST_BACKTRACE=full" "-e" "RUSTFLAGS=--cap-lints=warn" "-e" "RUSTDOCFLAGS=--cap-lints=warn" "-w" "/opt/rustwide/workdir" "--user" "0:0" "f335be91233e90197039db4084b2f2c73c7b26e2099407b60f1830dc9cbf0690" "/opt/rustwide/cargo-home/bin/cargo" "+1.99.0-beta.8" "test" "--frozen" "--release", kill_on_drop: false }`
[INFO] [stderr]     Finished `release` profile [optimized] target(s) in 0.16s
[INFO] [stderr]      Running unittests src/lib.rs (/opt/rustwide/target/release/deps/wasmind_actor_loader-788a8c845f97128b)
[INFO] [stdout] 
[INFO] [stdout] running 15 tests
[INFO] [stdout] test tests::test_actor_hash_computation ... ok
[INFO] [stdout] test dependency_resolver::tests::test_merge_toml_tables ... ok
[INFO] [stdout] test tests::test_multiple_target_directories_prefers_closest ... ok
[INFO] [stdout] test tests::test_git_vs_path_source_behavior ... FAILED
[INFO] [stdout] test tests::test_cache_and_load_actor ... ok
[INFO] [stdout] test dependency_resolver::tests::test_merge_toml_tables_nested_override ... ok
[INFO] [stdout] test tests::test_load_local_path_actor_builds_in_place ... FAILED
[INFO] [stdout] test tests::test_hash_differs_for_path_vs_git_sources ... ok
[INFO] [stdout] test dependency_resolver::tests::test_missing_manifest_fails ... ok
[INFO] [stdout] test dependency_resolver::tests::test_actor_override_config_merging_integration ... ok
[INFO] [stdout] test tests::test_wasm_file_discovery ... FAILED
[INFO] [stdout] test tests::test_get_actor_version_nonexistent ... ok
[INFO] [stderr] error: test failed, to rerun pass `--lib`
[INFO] [stdout] test tests::test_get_actor_version_success ... FAILED
[INFO] [stdout] test tests::test_build_failing_actor ... FAILED
[INFO] [stdout] test tests::test_build_successful_actor ... FAILED
[INFO] [stdout] 
[INFO] [stdout] failures:
[INFO] [stdout] 
[INFO] [stdout] ---- tests::test_git_vs_path_source_behavior stdout ----
[INFO] [stdout]   Loading path_actor
[INFO] [stdout] 
[INFO] [stdout] thread 'tests::test_git_vs_path_source_behavior' (1707) panicked at src/lib.rs:1004:9:
[INFO] [stdout] Path actor should load successfully
[INFO] [stdout] stack backtrace:
[INFO] [stdout]    0:     0x5a9a6ce4c571 - <<std[70759c8f55707aa4]::sys::backtrace::BacktraceLock>::print::DisplayBacktrace as core[df12db4294e9bfd3]::fmt::Display>::fmt
[INFO] [stdout]    1:     0x5a9a6ce629aa - core[df12db4294e9bfd3]::fmt::write
[INFO] [stdout]    2:     0x5a9a6ce5115c - <alloc[2182bb758b4b3781]::vec::Vec<u8> as core[df12db4294e9bfd3]::io::write::Write>::write_fmt
[INFO] [stdout]    3:     0x5a9a6ce26046 - std[70759c8f55707aa4]::panicking::default_hook::{closure#0}
[INFO] [stdout]    4:     0x5a9a6ce439c9 - std[70759c8f55707aa4]::panicking::default_hook
[INFO] [stdout]    5:     0x5a9a6cd7c790 - test[9d35eded1c95d3be]::test_main_inner::<test[9d35eded1c95d3be]::test_main_static::{closure#0}>::{closure#0}
[INFO] [stdout]    6:     0x5a9a6ce43cf2 - std[70759c8f55707aa4]::panicking::panic_with_hook
[INFO] [stdout]    7:     0x5a9a6ce26124 - std[70759c8f55707aa4]::panicking::panic_handler::{closure#0}
[INFO] [stdout]    8:     0x5a9a6ce1eb99 - std[70759c8f55707aa4]::sys::backtrace::__rust_end_short_backtrace::<std[70759c8f55707aa4]::panicking::panic_handler::{closure#0}, !>
[INFO] [stdout]    9:     0x5a9a6ce26ced - __rustc[8fa7c3cbc660c2b3]::rust_begin_unwind
[INFO] [stdout]   10:     0x5a9a6ce6314c - core[df12db4294e9bfd3]::panicking::panic_fmt
[INFO] [stdout]   11:     0x5a9a6cd20641 - wasmind_actor_loader[c00d8c5033ea9097]::tests::test_git_vs_path_source_behavior::{closure#0}
[INFO] [stdout]   12:     0x5a9a6cd5c433 - <tokio[dff47284f8982aee]::runtime::scheduler::current_thread::Context>::enter::<core[df12db4294e9bfd3]::task::poll::Poll<()>, <tokio[dff47284f8982aee]::runtime::scheduler::current_thread::CoreGuard>::block_on<core[df12db4294e9bfd3]::pin::Pin<&mut core[df12db4294e9bfd3]::pin::Pin<&mut dyn core[df12db4294e9bfd3]::future::future::Future<Output = ()>>>>::{closure#0}::{closure#0}>
[INFO] [stdout]   13:     0x5a9a6cd3adcc - <tokio[dff47284f8982aee]::runtime::context::scoped::Scoped<tokio[dff47284f8982aee]::runtime::scheduler::Context>>::set::<<tokio[dff47284f8982aee]::runtime::scheduler::current_thread::CoreGuard>::enter<<tokio[dff47284f8982aee]::runtime::scheduler::current_thread::CoreGuard>::block_on<core[df12db4294e9bfd3]::pin::Pin<&mut core[df12db4294e9bfd3]::pin::Pin<&mut dyn core[df12db4294e9bfd3]::future::future::Future<Output = ()>>>>::{closure#0}, core[df12db4294e9bfd3]::option::Option<()>>::{closure#0}, (alloc[2182bb758b4b3781]::boxed::Box<tokio[dff47284f8982aee]::runtime::scheduler::current_thread::Core>, core[df12db4294e9bfd3]::option::Option<()>)>
[INFO] [stdout]   14:     0x5a9a6cd5c787 - <tokio[dff47284f8982aee]::runtime::scheduler::current_thread::CoreGuard>::block_on::<core[df12db4294e9bfd3]::pin::Pin<&mut core[df12db4294e9bfd3]::pin::Pin<&mut dyn core[df12db4294e9bfd3]::future::future::Future<Output = ()>>>>
[INFO] [stdout]   15:     0x5a9a6cd3c9c7 - tokio[dff47284f8982aee]::runtime::context::runtime::enter_runtime::<<tokio[dff47284f8982aee]::runtime::scheduler::current_thread::CurrentThread>::block_on<core[df12db4294e9bfd3]::pin::Pin<&mut dyn core[df12db4294e9bfd3]::future::future::Future<Output = ()>>>::{closure#0}, ()>
[INFO] [stdout]   16:     0x5a9a6cd3d3d5 - <tokio[dff47284f8982aee]::runtime::runtime::Runtime>::block_on::<core[df12db4294e9bfd3]::pin::Pin<&mut dyn core[df12db4294e9bfd3]::future::future::Future<Output = ()>>>
[INFO] [stdout]   17:     0x5a9a6cd22ecb - wasmind_actor_loader[c00d8c5033ea9097]::tests::test_git_vs_path_source_behavior
[INFO] [stdout]   18:     0x5a9a6cd68be9 - <wasmind_actor_loader[c00d8c5033ea9097]::tests::test_git_vs_path_source_behavior::{closure#0} as core[df12db4294e9bfd3]::ops::function::FnOnce<()>>::call_once
[INFO] [stdout]   19:     0x5a9a6cd6fa7b - test[9d35eded1c95d3be]::__rust_begin_short_backtrace::<core[df12db4294e9bfd3]::result::Result<(), alloc[2182bb758b4b3781]::string::String>, fn() -> core[df12db4294e9bfd3]::result::Result<(), alloc[2182bb758b4b3781]::string::String>>
[INFO] [stdout]   20:     0x5a9a6cd7d0e5 - test[9d35eded1c95d3be]::run_test::{closure#0}
[INFO] [stdout]   21:     0x5a9a6cd769a4 - std[70759c8f55707aa4]::sys::backtrace::__rust_begin_short_backtrace::<test[9d35eded1c95d3be]::run_test::{closure#1}, ()>
[INFO] [stdout]   22:     0x5a9a6cd80242 - <std[70759c8f55707aa4]::thread::lifecycle::spawn_unchecked<test[9d35eded1c95d3be]::run_test::{closure#1}, ()>::{closure#1} as core[df12db4294e9bfd3]::ops::function::FnOnce<()>>::call_once::{shim:vtable#0}
[INFO] [stdout]   23:     0x5a9a6ce4b589 - <std[70759c8f55707aa4]::sys::thread::unix::Thread>::new::thread_start
[INFO] [stdout]   24:     0x7a82c96d1dfa - <unknown>
[INFO] [stdout]   25:     0x7a82c97653d4 - clone
[INFO] [stdout]   26:                0x0 - <unknown>
[INFO] [stdout] 
[INFO] [stdout] ---- tests::test_load_local_path_actor_builds_in_place stdout ----
[INFO] [stdout]   Loading test_in_place
[INFO] [stdout] 
[INFO] [stdout] thread 'tests::test_load_local_path_actor_builds_in_place' (1709) panicked at src/lib.rs:966:9:
[INFO] [stdout] Failed to load local path actor: Some(InvalidPath { actor_name: "test_in_place", path: "/opt/rustwide/workdir/test_actors/buildable_simple", location: Location { file: "src/lib.rs", line: 425, column: 17 } })
[INFO] [stdout] stack backtrace:
[INFO] [stdout]    0:     0x5a9a6ce4c571 - <<std[70759c8f55707aa4]::sys::backtrace::BacktraceLock>::print::DisplayBacktrace as core[df12db4294e9bfd3]::fmt::Display>::fmt
[INFO] [stdout]    1:     0x5a9a6ce629aa - core[df12db4294e9bfd3]::fmt::write
[INFO] [stdout]    2:     0x5a9a6ce5115c - <alloc[2182bb758b4b3781]::vec::Vec<u8> as core[df12db4294e9bfd3]::io::write::Write>::write_fmt
[INFO] [stdout]    3:     0x5a9a6ce26046 - std[70759c8f55707aa4]::panicking::default_hook::{closure#0}
[INFO] [stdout]    4:     0x5a9a6ce439c9 - std[70759c8f55707aa4]::panicking::default_hook
[INFO] [stdout]    5:     0x5a9a6cd7c790 - test[9d35eded1c95d3be]::test_main_inner::<test[9d35eded1c95d3be]::test_main_static::{closure#0}>::{closure#0}
[INFO] [stdout]    6:     0x5a9a6ce43cf2 - std[70759c8f55707aa4]::panicking::panic_with_hook
[INFO] [stdout]    7:     0x5a9a6ce260f2 - std[70759c8f55707aa4]::panicking::panic_handler::{closure#0}
[INFO] [stdout]    8:     0x5a9a6ce1eb99 - std[70759c8f55707aa4]::sys::backtrace::__rust_end_short_backtrace::<std[70759c8f55707aa4]::panicking::panic_handler::{closure#0}, !>
[INFO] [stdout]    9:     0x5a9a6ce26ced - __rustc[8fa7c3cbc660c2b3]::rust_begin_unwind
[INFO] [stdout]   10:     0x5a9a6ce6314c - core[df12db4294e9bfd3]::panicking::panic_fmt
[INFO] [stdout]   11:     0x5a9a6cd21a20 - wasmind_actor_loader[c00d8c5033ea9097]::tests::test_load_local_path_actor_builds_in_place::{closure#0}
[INFO] [stdout]   12:     0x5a9a6cd5c433 - <tokio[dff47284f8982aee]::runtime::scheduler::current_thread::Context>::enter::<core[df12db4294e9bfd3]::task::poll::Poll<()>, <tokio[dff47284f8982aee]::runtime::scheduler::current_thread::CoreGuard>::block_on<core[df12db4294e9bfd3]::pin::Pin<&mut core[df12db4294e9bfd3]::pin::Pin<&mut dyn core[df12db4294e9bfd3]::future::future::Future<Output = ()>>>>::{closure#0}::{closure#0}>
[INFO] [stdout]   13:     0x5a9a6cd3adcc - <tokio[dff47284f8982aee]::runtime::context::scoped::Scoped<tokio[dff47284f8982aee]::runtime::scheduler::Context>>::set::<<tokio[dff47284f8982aee]::runtime::scheduler::current_thread::CoreGuard>::enter<<tokio[dff47284f8982aee]::runtime::scheduler::current_thread::CoreGuard>::block_on<core[df12db4294e9bfd3]::pin::Pin<&mut core[df12db4294e9bfd3]::pin::Pin<&mut dyn core[df12db4294e9bfd3]::future::future::Future<Output = ()>>>>::{closure#0}, core[df12db4294e9bfd3]::option::Option<()>>::{closure#0}, (alloc[2182bb758b4b3781]::boxed::Box<tokio[dff47284f8982aee]::runtime::scheduler::current_thread::Core>, core[df12db4294e9bfd3]::option::Option<()>)>
[INFO] [stdout]   14:     0x5a9a6cd5c787 - <tokio[dff47284f8982aee]::runtime::scheduler::current_thread::CoreGuard>::block_on::<core[df12db4294e9bfd3]::pin::Pin<&mut core[df12db4294e9bfd3]::pin::Pin<&mut dyn core[df12db4294e9bfd3]::future::future::Future<Output = ()>>>>
[INFO] [stdout]   15:     0x5a9a6cd3c9c7 - tokio[dff47284f8982aee]::runtime::context::runtime::enter_runtime::<<tokio[dff47284f8982aee]::runtime::scheduler::current_thread::CurrentThread>::block_on<core[df12db4294e9bfd3]::pin::Pin<&mut dyn core[df12db4294e9bfd3]::future::future::Future<Output = ()>>>::{closure#0}, ()>
[INFO] [stdout]   16:     0x5a9a6cd3d3d5 - <tokio[dff47284f8982aee]::runtime::runtime::Runtime>::block_on::<core[df12db4294e9bfd3]::pin::Pin<&mut dyn core[df12db4294e9bfd3]::future::future::Future<Output = ()>>>
[INFO] [stdout]   17:     0x5a9a6cd2329b - wasmind_actor_loader[c00d8c5033ea9097]::tests::test_load_local_path_actor_builds_in_place
[INFO] [stdout]   18:     0x5a9a6cd68c49 - <wasmind_actor_loader[c00d8c5033ea9097]::tests::test_load_local_path_actor_builds_in_place::{closure#0} as core[df12db4294e9bfd3]::ops::function::FnOnce<()>>::call_once
[INFO] [stdout]   19:     0x5a9a6cd6fa7b - test[9d35eded1c95d3be]::__rust_begin_short_backtrace::<core[df12db4294e9bfd3]::result::Result<(), alloc[2182bb758b4b3781]::string::String>, fn() -> core[df12db4294e9bfd3]::result::Result<(), alloc[2182bb758b4b3781]::string::String>>
[INFO] [stdout]   20:     0x5a9a6cd7d0e5 - test[9d35eded1c95d3be]::run_test::{closure#0}
[INFO] [stdout]   21:     0x5a9a6cd769a4 - std[70759c8f55707aa4]::sys::backtrace::__rust_begin_short_backtrace::<test[9d35eded1c95d3be]::run_test::{closure#1}, ()>
[INFO] [stdout]   22:     0x5a9a6cd80242 - <std[70759c8f55707aa4]::thread::lifecycle::spawn_unchecked<test[9d35eded1c95d3be]::run_test::{closure#1}, ()>::{closure#1} as core[df12db4294e9bfd3]::ops::function::FnOnce<()>>::call_once::{shim:vtable#0}
[INFO] [stdout]   23:     0x5a9a6ce4b589 - <std[70759c8f55707aa4]::sys::thread::unix::Thread>::new::thread_start
[INFO] [stdout]   24:     0x7a82c96d1dfa - <unknown>
[INFO] [stdout]   25:     0x7a82c97653d4 - clone
[INFO] [stdout]   26:                0x0 - <unknown>
[INFO] [stdout] 
[INFO] [stdout] ---- tests::test_wasm_file_discovery stdout ----
[INFO] [stdout] 
[INFO] [stdout] thread 'tests::test_wasm_file_discovery' (1711) panicked at src/lib.rs:890:9:
[INFO] [stdout] Build should succeed for file discovery test
[INFO] [stdout] stack backtrace:
[INFO] [stdout]    0:     0x5a9a6ce4c571 - <<std[70759c8f55707aa4]::sys::backtrace::BacktraceLock>::print::DisplayBacktrace as core[df12db4294e9bfd3]::fmt::Display>::fmt
[INFO] [stdout]    1:     0x5a9a6ce629aa - core[df12db4294e9bfd3]::fmt::write
[INFO] [stdout]    2:     0x5a9a6ce5115c - <alloc[2182bb758b4b3781]::vec::Vec<u8> as core[df12db4294e9bfd3]::io::write::Write>::write_fmt
[INFO] [stdout]    3:     0x5a9a6ce26046 - std[70759c8f55707aa4]::panicking::default_hook::{closure#0}
[INFO] [stdout]    4:     0x5a9a6ce439c9 - std[70759c8f55707aa4]::panicking::default_hook
[INFO] [stdout]    5:     0x5a9a6cd7c790 - test[9d35eded1c95d3be]::test_main_inner::<test[9d35eded1c95d3be]::test_main_static::{closure#0}>::{closure#0}
[INFO] [stdout]    6:     0x5a9a6ce43cf2 - std[70759c8f55707aa4]::panicking::panic_with_hook
[INFO] [stdout]    7:     0x5a9a6ce26124 - std[70759c8f55707aa4]::panicking::panic_handler::{closure#0}
[INFO] [stdout]    8:     0x5a9a6ce1eb99 - std[70759c8f55707aa4]::sys::backtrace::__rust_end_short_backtrace::<std[70759c8f55707aa4]::panicking::panic_handler::{closure#0}, !>
[INFO] [stdout]    9:     0x5a9a6ce26ced - __rustc[8fa7c3cbc660c2b3]::rust_begin_unwind
[INFO] [stdout]   10:     0x5a9a6ce6314c - core[df12db4294e9bfd3]::panicking::panic_fmt
[INFO] [stdout]   11:     0x5a9a6cd1e1e0 - wasmind_actor_loader[c00d8c5033ea9097]::tests::test_wasm_file_discovery::{closure#0}
[INFO] [stdout]   12:     0x5a9a6cd5c433 - <tokio[dff47284f8982aee]::runtime::scheduler::current_thread::Context>::enter::<core[df12db4294e9bfd3]::task::poll::Poll<()>, <tokio[dff47284f8982aee]::runtime::scheduler::current_thread::CoreGuard>::block_on<core[df12db4294e9bfd3]::pin::Pin<&mut core[df12db4294e9bfd3]::pin::Pin<&mut dyn core[df12db4294e9bfd3]::future::future::Future<Output = ()>>>>::{closure#0}::{closure#0}>
[INFO] [stdout]   13:     0x5a9a6cd3adcc - <tokio[dff47284f8982aee]::runtime::context::scoped::Scoped<tokio[dff47284f8982aee]::runtime::scheduler::Context>>::set::<<tokio[dff47284f8982aee]::runtime::scheduler::current_thread::CoreGuard>::enter<<tokio[dff47284f8982aee]::runtime::scheduler::current_thread::CoreGuard>::block_on<core[df12db4294e9bfd3]::pin::Pin<&mut core[df12db4294e9bfd3]::pin::Pin<&mut dyn core[df12db4294e9bfd3]::future::future::Future<Output = ()>>>>::{closure#0}, core[df12db4294e9bfd3]::option::Option<()>>::{closure#0}, (alloc[2182bb758b4b3781]::boxed::Box<tokio[dff47284f8982aee]::runtime::scheduler::current_thread::Core>, core[df12db4294e9bfd3]::option::Option<()>)>
[INFO] [stdout]   14:     0x5a9a6cd5c787 - <tokio[dff47284f8982aee]::runtime::scheduler::current_thread::CoreGuard>::block_on::<core[df12db4294e9bfd3]::pin::Pin<&mut core[df12db4294e9bfd3]::pin::Pin<&mut dyn core[df12db4294e9bfd3]::future::future::Future<Output = ()>>>>
[INFO] [stdout]   15:     0x5a9a6cd3c9c7 - tokio[dff47284f8982aee]::runtime::context::runtime::enter_runtime::<<tokio[dff47284f8982aee]::runtime::scheduler::current_thread::CurrentThread>::block_on<core[df12db4294e9bfd3]::pin::Pin<&mut dyn core[df12db4294e9bfd3]::future::future::Future<Output = ()>>>::{closure#0}, ()>
[INFO] [stdout]   16:     0x5a9a6cd3d3d5 - <tokio[dff47284f8982aee]::runtime::runtime::Runtime>::block_on::<core[df12db4294e9bfd3]::pin::Pin<&mut dyn core[df12db4294e9bfd3]::future::future::Future<Output = ()>>>
[INFO] [stdout]   17:     0x5a9a6cd2285b - wasmind_actor_loader[c00d8c5033ea9097]::tests::test_wasm_file_discovery
[INFO] [stdout]   18:     0x5a9a6cd68b49 - <wasmind_actor_loader[c00d8c5033ea9097]::tests::test_wasm_file_discovery::{closure#0} as core[df12db4294e9bfd3]::ops::function::FnOnce<()>>::call_once
[INFO] [stdout]   19:     0x5a9a6cd6fa7b - test[9d35eded1c95d3be]::__rust_begin_short_backtrace::<core[df12db4294e9bfd3]::result::Result<(), alloc[2182bb758b4b3781]::string::String>, fn() -> core[df12db4294e9bfd3]::result::Result<(), alloc[2182bb758b4b3781]::string::String>>
[INFO] [stdout]   20:     0x5a9a6cd7d0e5 - test[9d35eded1c95d3be]::run_test::{closure#0}
[INFO] [stdout]   21:     0x5a9a6cd769a4 - std[70759c8f55707aa4]::sys::backtrace::__rust_begin_short_backtrace::<test[9d35eded1c95d3be]::run_test::{closure#1}, ()>
[INFO] [stdout]   22:     0x5a9a6cd80242 - <std[70759c8f55707aa4]::thread::lifecycle::spawn_unchecked<test[9d35eded1c95d3be]::run_test::{closure#1}, ()>::{closure#1} as core[df12db4294e9bfd3]::ops::function::FnOnce<()>>::call_once::{shim:vtable#0}
[INFO] [stdout]   23:     0x5a9a6ce4b589 - <std[70759c8f55707aa4]::sys::thread::unix::Thread>::new::thread_start
[INFO] [stdout]   24:     0x7a82c96d1dfa - <unknown>
[INFO] [stdout]   25:     0x7a82c97653d4 - clone
[INFO] [stdout]   26:                0x0 - <unknown>
[INFO] [stdout] 
[INFO] [stdout] ---- tests::test_get_actor_version_success stdout ----
[INFO] [stdout] 
[INFO] [stdout] thread 'tests::test_get_actor_version_success' (1706) panicked at src/lib.rs:827:9:
[INFO] [stdout] Failed to get version: Some(Io { source: Os { code: 2, kind: NotFound, message: "No such file or directory" }, path: Some("/opt/rustwide/workdir/test_actors/buildable_simple/Cargo.toml"), location: Location { file: "src/lib.rs", line: 740, column: 69 } })
[INFO] [stdout] stack backtrace:
[INFO] [stdout]    0:     0x5a9a6ce4c571 - <<std[70759c8f55707aa4]::sys::backtrace::BacktraceLock>::print::DisplayBacktrace as core[df12db4294e9bfd3]::fmt::Display>::fmt
[INFO] [stdout]    1:     0x5a9a6ce629aa - core[df12db4294e9bfd3]::fmt::write
[INFO] [stdout]    2:     0x5a9a6ce5115c - <alloc[2182bb758b4b3781]::vec::Vec<u8> as core[df12db4294e9bfd3]::io::write::Write>::write_fmt
[INFO] [stdout]    3:     0x5a9a6ce26046 - std[70759c8f55707aa4]::panicking::default_hook::{closure#0}
[INFO] [stdout]    4:     0x5a9a6ce439c9 - std[70759c8f55707aa4]::panicking::default_hook
[INFO] [stdout]    5:     0x5a9a6cd7c790 - test[9d35eded1c95d3be]::test_main_inner::<test[9d35eded1c95d3be]::test_main_static::{closure#0}>::{closure#0}
[INFO] [stdout]    6:     0x5a9a6ce43cf2 - std[70759c8f55707aa4]::panicking::panic_with_hook
[INFO] [stdout]    7:     0x5a9a6ce260f2 - std[70759c8f55707aa4]::panicking::panic_handler::{closure#0}
[INFO] [stdout]    8:     0x5a9a6ce1eb99 - std[70759c8f55707aa4]::sys::backtrace::__rust_end_short_backtrace::<std[70759c8f55707aa4]::panicking::panic_handler::{closure#0}, !>
[INFO] [stdout]    9:     0x5a9a6ce26ced - __rustc[8fa7c3cbc660c2b3]::rust_begin_unwind
[INFO] [stdout]   10:     0x5a9a6ce6314c - core[df12db4294e9bfd3]::panicking::panic_fmt
[INFO] [stdout]   11:     0x5a9a6cd1ffd6 - wasmind_actor_loader[c00d8c5033ea9097]::tests::test_get_actor_version_success::{closure#0}
[INFO] [stdout]   12:     0x5a9a6cd5c433 - <tokio[dff47284f8982aee]::runtime::scheduler::current_thread::Context>::enter::<core[df12db4294e9bfd3]::task::poll::Poll<()>, <tokio[dff47284f8982aee]::runtime::scheduler::current_thread::CoreGuard>::block_on<core[df12db4294e9bfd3]::pin::Pin<&mut core[df12db4294e9bfd3]::pin::Pin<&mut dyn core[df12db4294e9bfd3]::future::future::Future<Output = ()>>>>::{closure#0}::{closure#0}>
[INFO] [stdout]   13:     0x5a9a6cd3adcc - <tokio[dff47284f8982aee]::runtime::context::scoped::Scoped<tokio[dff47284f8982aee]::runtime::scheduler::Context>>::set::<<tokio[dff47284f8982aee]::runtime::scheduler::current_thread::CoreGuard>::enter<<tokio[dff47284f8982aee]::runtime::scheduler::current_thread::CoreGuard>::block_on<core[df12db4294e9bfd3]::pin::Pin<&mut core[df12db4294e9bfd3]::pin::Pin<&mut dyn core[df12db4294e9bfd3]::future::future::Future<Output = ()>>>>::{closure#0}, core[df12db4294e9bfd3]::option::Option<()>>::{closure#0}, (alloc[2182bb758b4b3781]::boxed::Box<tokio[dff47284f8982aee]::runtime::scheduler::current_thread::Core>, core[df12db4294e9bfd3]::option::Option<()>)>
[INFO] [stdout]   14:     0x5a9a6cd5c787 - <tokio[dff47284f8982aee]::runtime::scheduler::current_thread::CoreGuard>::block_on::<core[df12db4294e9bfd3]::pin::Pin<&mut core[df12db4294e9bfd3]::pin::Pin<&mut dyn core[df12db4294e9bfd3]::future::future::Future<Output = ()>>>>
[INFO] [stdout]   15:     0x5a9a6cd3c9c7 - tokio[dff47284f8982aee]::runtime::context::runtime::enter_runtime::<<tokio[dff47284f8982aee]::runtime::scheduler::current_thread::CurrentThread>::block_on<core[df12db4294e9bfd3]::pin::Pin<&mut dyn core[df12db4294e9bfd3]::future::future::Future<Output = ()>>>::{closure#0}, ()>
[INFO] [stdout]   16:     0x5a9a6cd3d3d5 - <tokio[dff47284f8982aee]::runtime::runtime::Runtime>::block_on::<core[df12db4294e9bfd3]::pin::Pin<&mut dyn core[df12db4294e9bfd3]::future::future::Future<Output = ()>>>
[INFO] [stdout]   17:     0x5a9a6cd22d7b - wasmind_actor_loader[c00d8c5033ea9097]::tests::test_get_actor_version_success
[INFO] [stdout]   18:     0x5a9a6cd68bc9 - <wasmind_actor_loader[c00d8c5033ea9097]::tests::test_get_actor_version_success::{closure#0} as core[df12db4294e9bfd3]::ops::function::FnOnce<()>>::call_once
[INFO] [stdout]   19:     0x5a9a6cd6fa7b - test[9d35eded1c95d3be]::__rust_begin_short_backtrace::<core[df12db4294e9bfd3]::result::Result<(), alloc[2182bb758b4b3781]::string::String>, fn() -> core[df12db4294e9bfd3]::result::Result<(), alloc[2182bb758b4b3781]::string::String>>
[INFO] [stdout]   20:     0x5a9a6cd7d0e5 - test[9d35eded1c95d3be]::run_test::{closure#0}
[INFO] [stdout]   21:     0x5a9a6cd769a4 - std[70759c8f55707aa4]::sys::backtrace::__rust_begin_short_backtrace::<test[9d35eded1c95d3be]::run_test::{closure#1}, ()>
[INFO] [stdout]   22:     0x5a9a6cd80242 - <std[70759c8f55707aa4]::thread::lifecycle::spawn_unchecked<test[9d35eded1c95d3be]::run_test::{closure#1}, ()>::{closure#1} as core[df12db4294e9bfd3]::ops::function::FnOnce<()>>::call_once::{shim:vtable#0}
[INFO] [stdout]   23:     0x5a9a6ce4b589 - <std[70759c8f55707aa4]::sys::thread::unix::Thread>::new::thread_start
[INFO] [stdout]   24:     0x7a82c96d1dfa - <unknown>
[INFO] [stdout]   25:     0x7a82c97653d4 - clone
[INFO] [stdout]   26:                0x0 - <unknown>
[INFO] [stdout] 
[INFO] [stdout] ---- tests::test_build_failing_actor stdout ----
[INFO] [stdout] 
[INFO] [stdout] thread 'tests::test_build_failing_actor' (1702) panicked at src/lib.rs:814:22:
[INFO] [stdout] Expected CommandFailed error, got: Command { source: Os { code: 2, kind: NotFound, message: "No such file or directory" }, location: Location { file: "src/lib.rs", line: 644, column: 41 } }
[INFO] [stdout] stack backtrace:
[INFO] [stdout]    0:     0x5a9a6ce4c571 - <<std[70759c8f55707aa4]::sys::backtrace::BacktraceLock>::print::DisplayBacktrace as core[df12db4294e9bfd3]::fmt::Display>::fmt
[INFO] [stdout]    1:     0x5a9a6ce629aa - core[df12db4294e9bfd3]::fmt::write
[INFO] [stdout]    2:     0x5a9a6ce5115c - <alloc[2182bb758b4b3781]::vec::Vec<u8> as core[df12db4294e9bfd3]::io::write::Write>::write_fmt
[INFO] [stdout]    3:     0x5a9a6ce26046 - std[70759c8f55707aa4]::panicking::default_hook::{closure#0}
[INFO] [stdout]    4:     0x5a9a6ce439c9 - std[70759c8f55707aa4]::panicking::default_hook
[INFO] [stdout]    5:     0x5a9a6cd7c790 - test[9d35eded1c95d3be]::test_main_inner::<test[9d35eded1c95d3be]::test_main_static::{closure#0}>::{closure#0}
[INFO] [stdout]    6:     0x5a9a6ce43cf2 - std[70759c8f55707aa4]::panicking::panic_with_hook
[INFO] [stdout]    7:     0x5a9a6ce260f2 - std[70759c8f55707aa4]::panicking::panic_handler::{closure#0}
[INFO] [stdout]    8:     0x5a9a6ce1eb99 - std[70759c8f55707aa4]::sys::backtrace::__rust_end_short_backtrace::<std[70759c8f55707aa4]::panicking::panic_handler::{closure#0}, !>
[INFO] [stdout]    9:     0x5a9a6ce26ced - __rustc[8fa7c3cbc660c2b3]::rust_begin_unwind
[INFO] [stdout]   10:     0x5a9a6ce6314c - core[df12db4294e9bfd3]::panicking::panic_fmt
[INFO] [stdout]   11:     0x5a9a6cd1db3a - wasmind_actor_loader[c00d8c5033ea9097]::tests::test_build_failing_actor::{closure#0}
[INFO] [stdout]   12:     0x5a9a6cd5c433 - <tokio[dff47284f8982aee]::runtime::scheduler::current_thread::Context>::enter::<core[df12db4294e9bfd3]::task::poll::Poll<()>, <tokio[dff47284f8982aee]::runtime::scheduler::current_thread::CoreGuard>::block_on<core[df12db4294e9bfd3]::pin::Pin<&mut core[df12db4294e9bfd3]::pin::Pin<&mut dyn core[df12db4294e9bfd3]::future::future::Future<Output = ()>>>>::{closure#0}::{closure#0}>
[INFO] [stdout]   13:     0x5a9a6cd3adcc - <tokio[dff47284f8982aee]::runtime::context::scoped::Scoped<tokio[dff47284f8982aee]::runtime::scheduler::Context>>::set::<<tokio[dff47284f8982aee]::runtime::scheduler::current_thread::CoreGuard>::enter<<tokio[dff47284f8982aee]::runtime::scheduler::current_thread::CoreGuard>::block_on<core[df12db4294e9bfd3]::pin::Pin<&mut core[df12db4294e9bfd3]::pin::Pin<&mut dyn core[df12db4294e9bfd3]::future::future::Future<Output = ()>>>>::{closure#0}, core[df12db4294e9bfd3]::option::Option<()>>::{closure#0}, (alloc[2182bb758b4b3781]::boxed::Box<tokio[dff47284f8982aee]::runtime::scheduler::current_thread::Core>, core[df12db4294e9bfd3]::option::Option<()>)>
[INFO] [stdout]   14:     0x5a9a6cd5c787 - <tokio[dff47284f8982aee]::runtime::scheduler::current_thread::CoreGuard>::block_on::<core[df12db4294e9bfd3]::pin::Pin<&mut core[df12db4294e9bfd3]::pin::Pin<&mut dyn core[df12db4294e9bfd3]::future::future::Future<Output = ()>>>>
[INFO] [stdout]   15:     0x5a9a6cd3c9c7 - tokio[dff47284f8982aee]::runtime::context::runtime::enter_runtime::<<tokio[dff47284f8982aee]::runtime::scheduler::current_thread::CurrentThread>::block_on<core[df12db4294e9bfd3]::pin::Pin<&mut dyn core[df12db4294e9bfd3]::future::future::Future<Output = ()>>>::{closure#0}, ()>
[INFO] [stdout]   16:     0x5a9a6cd3d3d5 - <tokio[dff47284f8982aee]::runtime::runtime::Runtime>::block_on::<core[df12db4294e9bfd3]::pin::Pin<&mut dyn core[df12db4294e9bfd3]::future::future::Future<Output = ()>>>
[INFO] [stdout]   17:     0x5a9a6cd2270b - wasmind_actor_loader[c00d8c5033ea9097]::tests::test_build_failing_actor
[INFO] [stdout]   18:     0x5a9a6cd68b29 - <wasmind_actor_loader[c00d8c5033ea9097]::tests::test_build_failing_actor::{closure#0} as core[df12db4294e9bfd3]::ops::function::FnOnce<()>>::call_once
[INFO] [stdout]   19:     0x5a9a6cd6fa7b - test[9d35eded1c95d3be]::__rust_begin_short_backtrace::<core[df12db4294e9bfd3]::result::Result<(), alloc[2182bb758b4b3781]::string::String>, fn() -> core[df12db4294e9bfd3]::result::Result<(), alloc[2182bb758b4b3781]::string::String>>
[INFO] [stdout]   20:     0x5a9a6cd7d0e5 - test[9d35eded1c95d3be]::run_test::{closure#0}
[INFO] [stdout]   21:     0x5a9a6cd769a4 - std[70759c8f55707aa4]::sys::backtrace::__rust_begin_short_backtrace::<test[9d35eded1c95d3be]::run_test::{closure#1}, ()>
[INFO] [stdout]   22:     0x5a9a6cd80242 - <std[70759c8f55707aa4]::thread::lifecycle::spawn_unchecked<test[9d35eded1c95d3be]::run_test::{closure#1}, ()>::{closure#1} as core[df12db4294e9bfd3]::ops::function::FnOnce<()>>::call_once::{shim:vtable#0}
[INFO] [stdout]   23:     0x5a9a6ce4b589 - <std[70759c8f55707aa4]::sys::thread::unix::Thread>::new::thread_start
[INFO] [stdout]   24:     0x7a82c96d1dfa - <unknown>
[INFO] [stdout]   25:     0x7a82c97653d4 - clone
[INFO] [stdout]   26:                0x0 - <unknown>
[INFO] [stdout] 
[INFO] [stdout] ---- tests::test_build_successful_actor stdout ----
[INFO] [stdout] 
[INFO] [stdout] thread 'tests::test_build_successful_actor' (1703) panicked at src/lib.rs:776:9:
[INFO] [stdout] Failed to build buildable_simple: Some(Command { source: Os { code: 2, kind: NotFound, message: "No such file or directory" }, location: Location { file: "src/lib.rs", line: 644, column: 41 } })
[INFO] [stdout] stack backtrace:
[INFO] [stdout]    0:     0x5a9a6ce4c571 - <<std[70759c8f55707aa4]::sys::backtrace::BacktraceLock>::print::DisplayBacktrace as core[df12db4294e9bfd3]::fmt::Display>::fmt
[INFO] [stdout]    1:     0x5a9a6ce629aa - core[df12db4294e9bfd3]::fmt::write
[INFO] [stdout]    2:     0x5a9a6ce5115c - <alloc[2182bb758b4b3781]::vec::Vec<u8> as core[df12db4294e9bfd3]::io::write::Write>::write_fmt
[INFO] [stdout]    3:     0x5a9a6ce26046 - std[70759c8f55707aa4]::panicking::default_hook::{closure#0}
[INFO] [stdout]    4:     0x5a9a6ce439c9 - std[70759c8f55707aa4]::panicking::default_hook
[INFO] [stdout]    5:     0x5a9a6cd7c790 - test[9d35eded1c95d3be]::test_main_inner::<test[9d35eded1c95d3be]::test_main_static::{closure#0}>::{closure#0}
[INFO] [stdout]    6:     0x5a9a6ce43cf2 - std[70759c8f55707aa4]::panicking::panic_with_hook
[INFO] [stdout]    7:     0x5a9a6ce260f2 - std[70759c8f55707aa4]::panicking::panic_handler::{closure#0}
[INFO] [stdout]    8:     0x5a9a6ce1eb99 - std[70759c8f55707aa4]::sys::backtrace::__rust_end_short_backtrace::<std[70759c8f55707aa4]::panicking::panic_handler::{closure#0}, !>
[INFO] [stdout]    9:     0x5a9a6ce26ced - __rustc[8fa7c3cbc660c2b3]::rust_begin_unwind
[INFO] [stdout]   10:     0x5a9a6ce6314c - core[df12db4294e9bfd3]::panicking::panic_fmt
[INFO] [stdout]   11:     0x5a9a6cd1f9da - wasmind_actor_loader[c00d8c5033ea9097]::tests::test_build_successful_actor::{closure#0}
[INFO] [stdout]   12:     0x5a9a6cd5c433 - <tokio[dff47284f8982aee]::runtime::scheduler::current_thread::Context>::enter::<core[df12db4294e9bfd3]::task::poll::Poll<()>, <tokio[dff47284f8982aee]::runtime::scheduler::current_thread::CoreGuard>::block_on<core[df12db4294e9bfd3]::pin::Pin<&mut core[df12db4294e9bfd3]::pin::Pin<&mut dyn core[df12db4294e9bfd3]::future::future::Future<Output = ()>>>>::{closure#0}::{closure#0}>
[INFO] [stdout]   13:     0x5a9a6cd3adcc - <tokio[dff47284f8982aee]::runtime::context::scoped::Scoped<tokio[dff47284f8982aee]::runtime::scheduler::Context>>::set::<<tokio[dff47284f8982aee]::runtime::scheduler::current_thread::CoreGuard>::enter<<tokio[dff47284f8982aee]::runtime::scheduler::current_thread::CoreGuard>::block_on<core[df12db4294e9bfd3]::pin::Pin<&mut core[df12db4294e9bfd3]::pin::Pin<&mut dyn core[df12db4294e9bfd3]::future::future::Future<Output = ()>>>>::{closure#0}, core[df12db4294e9bfd3]::option::Option<()>>::{closure#0}, (alloc[2182bb758b4b3781]::boxed::Box<tokio[dff47284f8982aee]::runtime::scheduler::current_thread::Core>, core[df12db4294e9bfd3]::option::Option<()>)>
[INFO] [stdout]   14:     0x5a9a6cd5c787 - <tokio[dff47284f8982aee]::runtime::scheduler::current_thread::CoreGuard>::block_on::<core[df12db4294e9bfd3]::pin::Pin<&mut core[df12db4294e9bfd3]::pin::Pin<&mut dyn core[df12db4294e9bfd3]::future::future::Future<Output = ()>>>>
[INFO] [stdout]   15:     0x5a9a6cd3c9c7 - tokio[dff47284f8982aee]::runtime::context::runtime::enter_runtime::<<tokio[dff47284f8982aee]::runtime::scheduler::current_thread::CurrentThread>::block_on<core[df12db4294e9bfd3]::pin::Pin<&mut dyn core[df12db4294e9bfd3]::future::future::Future<Output = ()>>>::{closure#0}, ()>
[INFO] [stdout]   16:     0x5a9a6cd3d3d5 - <tokio[dff47284f8982aee]::runtime::runtime::Runtime>::block_on::<core[df12db4294e9bfd3]::pin::Pin<&mut dyn core[df12db4294e9bfd3]::future::future::Future<Output = ()>>>
[INFO] [stdout]   17:     0x5a9a6cd22c2b - wasmind_actor_loader[c00d8c5033ea9097]::tests::test_build_successful_actor
[INFO] [stdout]   18:     0x5a9a6cd68ba9 - <wasmind_actor_loader[c00d8c5033ea9097]::tests::test_build_successful_actor::{closure#0} as core[df12db4294e9bfd3]::ops::function::FnOnce<()>>::call_once
[INFO] [stdout]   19:     0x5a9a6cd6fa7b - test[9d35eded1c95d3be]::__rust_begin_short_backtrace::<core[df12db4294e9bfd3]::result::Result<(), alloc[2182bb758b4b3781]::string::String>, fn() -> core[df12db4294e9bfd3]::result::Result<(), alloc[2182bb758b4b3781]::string::String>>
[INFO] [stdout]   20:     0x5a9a6cd7d0e5 - test[9d35eded1c95d3be]::run_test::{closure#0}
[INFO] [stdout]   21:     0x5a9a6cd769a4 - std[70759c8f55707aa4]::sys::backtrace::__rust_begin_short_backtrace::<test[9d35eded1c95d3be]::run_test::{closure#1}, ()>
[INFO] [stdout]   22:     0x5a9a6cd80242 - <std[70759c8f55707aa4]::thread::lifecycle::spawn_unchecked<test[9d35eded1c95d3be]::run_test::{closure#1}, ()>::{closure#1} as core[df12db4294e9bfd3]::ops::function::FnOnce<()>>::call_once::{shim:vtable#0}
[INFO] [stdout]   23:     0x5a9a6ce4b589 - <std[70759c8f55707aa4]::sys::thread::unix::Thread>::new::thread_start
[INFO] [stdout]   24:     0x7a82c96d1dfa - <unknown>
[INFO] [stdout]   25:     0x7a82c97653d4 - clone
[INFO] [stdout]   26:                0x0 - <unknown>
[INFO] [stdout] 
[INFO] [stdout] 
[INFO] [stdout] failures:
[INFO] [stdout]     tests::test_build_failing_actor
[INFO] [stdout]     tests::test_build_successful_actor
[INFO] [stdout]     tests::test_get_actor_version_success
[INFO] [stdout]     tests::test_git_vs_path_source_behavior
[INFO] [stdout]     tests::test_load_local_path_actor_builds_in_place
[INFO] [stdout]     tests::test_wasm_file_discovery
[INFO] [stdout] 
[INFO] [stdout] test result: FAILED. 9 passed; 6 failed; 0 ignored; 0 measured; 0 filtered out; finished in 0.03s
[INFO] [stdout] 
[INFO] running `Command { std: "docker" "inspect" "f335be91233e90197039db4084b2f2c73c7b26e2099407b60f1830dc9cbf0690", kill_on_drop: false }`
[INFO] running `Command { std: "docker" "rm" "-f" "f335be91233e90197039db4084b2f2c73c7b26e2099407b60f1830dc9cbf0690", kill_on_drop: false }`
[INFO] [stdout] f335be91233e90197039db4084b2f2c73c7b26e2099407b60f1830dc9cbf0690
