[INFO] fetching crate wasmhub 0.5.0...
[INFO] testing wasmhub-0.5.0 against 1.99.0-beta.8+cargoflags=--release for beta-release-1.100-2
[INFO] extracting crate wasmhub 0.5.0 into /workspace/builds/worker-5-tc1/source
[INFO] started tweaking crates.io crate wasmhub 0.5.0
[INFO] removed 0 missing tests
[INFO] finished tweaking crates.io crate wasmhub 0.5.0
[INFO] tweaked toml for crates.io crate wasmhub 0.5.0 written to /workspace/builds/worker-5-tc1/source/Cargo.toml
[INFO] validating manifest of crates.io crate wasmhub 0.5.0 on toolchain 1.99.0-beta.8
[INFO] running `Command { std: CARGO_HOME="/workspace/cargo-home" RUSTUP_HOME="/workspace/rustup-home" "/workspace/cargo-home/bin/cargo" "+1.99.0-beta.8" "metadata" "--manifest-path" "Cargo.toml" "--no-deps", kill_on_drop: false }`
[INFO] crate crates.io crate wasmhub 0.5.0 already has a lockfile, it will not be regenerated
[INFO] running `Command { std: CARGO_HOME="/workspace/cargo-home" RUSTUP_HOME="/workspace/rustup-home" "/workspace/cargo-home/bin/cargo" "+1.99.0-beta.8" "fetch" "--manifest-path" "Cargo.toml", kill_on_drop: false }`
[INFO] [stderr]  Downloading crates ...
[INFO] [stderr]   Downloaded bstr v1.12.3
[INFO] running `Command { std: "docker" "create" "-v" "/var/lib/crater-agent-workspace/builds/worker-5-tc1/source:/opt/rustwide/workdir:ro,Z" "-v" "/var/lib/crater-agent-workspace/builds/worker-5-tc1/target:/opt/rustwide/target:rw,Z" "-v" "/var/lib/crater-agent-workspace/cargo-home:/opt/rustwide/cargo-home:ro,Z" "-v" "/var/lib/crater-agent-workspace/rustup-home:/opt/rustwide/rustup-home:ro,Z" "-m" "1610612736" "--network" "none" "ghcr.io/rust-lang/crates-build-env/linux@sha256:77db811e55d90add9212f6832c23229e3de5f1c1f9905e8cb07319ea15df73ac" "sleep" "infinity", kill_on_drop: false }`
[INFO] [stdout] a68d735c44ed66827ec0c76b1bcfc1fff8b01a43f14c755165c7a55a3476438f
[INFO] running `Command { std: "docker" "start" "a68d735c44ed66827ec0c76b1bcfc1fff8b01a43f14c755165c7a55a3476438f", kill_on_drop: false }`
[INFO] running `Command { std: "docker" "inspect" "a68d735c44ed66827ec0c76b1bcfc1fff8b01a43f14c755165c7a55a3476438f", kill_on_drop: false }`
[INFO] running `Command { std: "docker" "exec" "-e" "SOURCE_DIR=/opt/rustwide/workdir" "-e" "CARGO_HOME=/opt/rustwide/cargo-home" "-e" "RUSTUP_HOME=/opt/rustwide/rustup-home" "-e" "CARGO_TARGET_DIR=/opt/rustwide/target" "-w" "/opt/rustwide/workdir" "--user" "0:0" "a68d735c44ed66827ec0c76b1bcfc1fff8b01a43f14c755165c7a55a3476438f" "/opt/rustwide/cargo-home/bin/cargo" "+1.99.0-beta.8" "metadata" "--no-deps" "--format-version=1", kill_on_drop: false }`
[INFO] running `Command { std: "docker" "inspect" "a68d735c44ed66827ec0c76b1bcfc1fff8b01a43f14c755165c7a55a3476438f", kill_on_drop: false }`
[INFO] running `Command { std: "docker" "exec" "-e" "SOURCE_DIR=/opt/rustwide/workdir" "-e" "CARGO_HOME=/opt/rustwide/cargo-home" "-e" "RUSTUP_HOME=/opt/rustwide/rustup-home" "-e" "CARGO_TARGET_DIR=/opt/rustwide/target" "-e" "CARGO_INCREMENTAL=0" "-e" "RUST_BACKTRACE=full" "-e" "RUSTFLAGS=--cap-lints=warn" "-e" "RUSTDOCFLAGS=--cap-lints=warn" "-w" "/opt/rustwide/workdir" "--user" "0:0" "a68d735c44ed66827ec0c76b1bcfc1fff8b01a43f14c755165c7a55a3476438f" "/opt/rustwide/cargo-home/bin/cargo" "+1.99.0-beta.8" "build" "--frozen" "--message-format=json" "--release", kill_on_drop: false }`
[INFO] [stderr]    Compiling quote v1.0.46
[INFO] [stderr]    Compiling smallvec v1.15.2
[INFO] [stderr]    Compiling stable_deref_trait v1.2.1
[INFO] [stderr]    Compiling cfg-if v1.0.4
[INFO] [stderr]    Compiling shlex v2.0.1
[INFO] [stderr]    Compiling find-msvc-tools v0.1.9
[INFO] [stderr]    Compiling pin-project-lite v0.2.17
[INFO] [stderr]    Compiling bytes v1.12.1
[INFO] [stderr]    Compiling pkg-config v0.3.33
[INFO] [stderr]    Compiling dunce v1.0.5
[INFO] [stderr]    Compiling fs_extra v1.3.0
[INFO] [stderr]    Compiling futures-core v0.3.32
[INFO] [stderr]    Compiling libc v0.2.186
[INFO] [stderr]    Compiling scopeguard v1.2.0
[INFO] [stderr]    Compiling itoa v1.0.18
[INFO] [stderr]    Compiling once_cell v1.21.4
[INFO] [stderr]    Compiling writeable v0.6.3
[INFO] [stderr]    Compiling zeroize v1.9.0
[INFO] [stderr]    Compiling litemap v0.8.2
[INFO] [stderr]    Compiling aws-lc-rs v1.17.1
[INFO] [stderr]    Compiling lock_api v0.4.14
[INFO] [stderr]    Compiling slab v0.4.12
[INFO] [stderr]    Compiling icu_normalizer_data v2.2.0
[INFO] [stderr]    Compiling utf8_iter v1.0.4
[INFO] [stderr]    Compiling icu_properties_data v2.2.0
[INFO] [stderr]    Compiling rustls-pki-types v1.15.0
[INFO] [stderr]    Compiling hashbrown v0.17.1
[INFO] [stderr]    Compiling syn v2.0.118
[INFO] [stderr]    Compiling tracing-core v0.1.36
[INFO] [stderr]    Compiling futures-sink v0.3.32
[INFO] [stderr]    Compiling httparse v1.10.1
[INFO] [stderr]    Compiling futures-task v0.3.32
[INFO] [stderr]    Compiling untrusted v0.9.0
[INFO] [stderr]    Compiling percent-encoding v2.3.2
[INFO] [stderr]    Compiling rustls v0.23.41
[INFO] [stderr]    Compiling equivalent v1.0.2
[INFO] [stderr]    Compiling tower-service v0.3.3
[INFO] [stderr]    Compiling atomic-waker v1.1.2
[INFO] [stderr]    Compiling subtle v2.6.1
[INFO] [stderr]    Compiling typenum v1.20.1
[INFO] [stderr]    Compiling fnv v1.0.7
[INFO] [stderr]    Compiling try-lock v0.2.5
[INFO] [stderr]    Compiling serde_core v1.0.228
[INFO] [stderr]    Compiling futures-channel v0.3.32
[INFO] [stderr]    Compiling sync_wrapper v1.0.2
[INFO] [stderr]    Compiling want v0.3.1
[INFO] [stderr]    Compiling form_urlencoded v1.2.2
[INFO] [stderr]    Compiling tower-layer v0.3.3
[INFO] [stderr]    Compiling base64 v0.22.1
[INFO] [stderr]    Compiling serde_json v1.0.150
[INFO] [stderr]    Compiling http v1.4.2
[INFO] [stderr]    Compiling ipnet v2.12.0
[INFO] [stderr]    Compiling openssl-probe v0.2.1
[INFO] [stderr]    Compiling zmij v1.0.21
[INFO] [stderr]    Compiling memchr v2.8.3
[INFO] [stderr]    Compiling rustls-native-certs v0.8.4
[INFO] [stderr]    Compiling const-oid v0.10.2
[INFO] [stderr]    Compiling option-ext v0.2.0
[INFO] [stderr]    Compiling tracing v0.1.44
[INFO] [stderr]    Compiling log v0.4.33
[INFO] [stderr]    Compiling bitflags v2.13.0
[INFO] [stderr]    Compiling encoding_rs v0.8.35
[INFO] [stderr]    Compiling cpufeatures v0.3.0
[INFO] [stderr]    Compiling jobserver v0.1.35
[INFO] [stderr]    Compiling parking_lot_core v0.9.12
[INFO] [stderr]    Compiling errno v0.3.14
[INFO] [stderr]    Compiling mio v1.2.1
[INFO] [stderr]    Compiling socket2 v0.6.4
[INFO] [stderr]    Compiling dirs-sys v0.5.0
[INFO] [stderr]    Compiling signal-hook-registry v1.4.8
[INFO] [stderr]    Compiling hybrid-array v0.4.13
[INFO] [stderr]    Compiling mime v0.3.17
[INFO] [stderr]    Compiling parking_lot v0.12.5
[INFO] [stderr]    Compiling cc v1.2.66
[INFO] [stderr]    Compiling http-body v1.0.1
[INFO] [stderr]    Compiling dirs v6.0.0
[INFO] [stderr]    Compiling indexmap v2.14.0
[INFO] [stderr]    Compiling http-body-util v0.1.3
[INFO] [stderr]    Compiling block-buffer v0.12.1
[INFO] [stderr]    Compiling crypto-common v0.2.2
[INFO] [stderr]    Compiling cmake v0.1.58
[INFO] [stderr]    Compiling aws-lc-sys v0.42.0
[INFO] [stderr]    Compiling digest v0.11.3
[INFO] [stderr]    Compiling sha2 v0.11.0
[INFO] [stderr]    Compiling synstructure v0.13.2
[INFO] [stderr]    Compiling zerovec-derive v0.11.3
[INFO] [stderr]    Compiling displaydoc v0.2.6
[INFO] [stderr]    Compiling tokio-macros v2.7.0
[INFO] [stderr]    Compiling futures-macro v0.3.32
[INFO] [stderr]    Compiling serde_derive v1.0.228
[INFO] [stderr]    Compiling thiserror-impl v2.0.18
[INFO] [stderr]    Compiling zerofrom-derive v0.1.7
[INFO] [stderr]    Compiling yoke-derive v0.8.2
[INFO] [stderr]    Compiling tokio v1.52.3
[INFO] [stderr]    Compiling futures-util v0.3.32
[INFO] [stderr]    Compiling thiserror v2.0.18
[INFO] [stderr]    Compiling zerofrom v0.1.8
[INFO] [stderr]    Compiling yoke v0.8.3
[INFO] [stderr]    Compiling zerovec v0.11.6
[INFO] [stderr]    Compiling zerotrie v0.2.4
[INFO] [stderr]    Compiling tinystr v0.8.3
[INFO] [stderr]    Compiling potential_utf v0.1.5
[INFO] [stderr]    Compiling icu_collections v2.2.0
[INFO] [stderr]    Compiling icu_locale_core v2.2.0
[INFO] [stderr]    Compiling icu_provider v2.2.0
[INFO] [stderr]    Compiling icu_properties v2.2.0
[INFO] [stderr]    Compiling icu_normalizer v2.2.0
[INFO] [stderr]    Compiling serde v1.0.228
[INFO] [stderr]    Compiling idna_adapter v1.2.2
[INFO] [stderr]    Compiling idna v1.1.0
[INFO] [stderr]    Compiling url v2.5.8
[INFO] [stderr]    Compiling tokio-util v0.7.18
[INFO] [stderr]    Compiling tower v0.5.3
[INFO] [stderr]    Compiling h2 v0.4.15
[INFO] [stderr]    Compiling tower-http v0.6.11
[INFO] [stderr]    Compiling hyper v1.10.1
[INFO] [stderr]    Compiling hyper-util v0.1.20
[INFO] [stderr]    Compiling rustls-webpki v0.103.13
[INFO] [stderr]    Compiling tokio-rustls v0.26.4
[INFO] [stderr]    Compiling rustls-platform-verifier v0.7.0
[INFO] [stderr]    Compiling hyper-rustls v0.27.9
[INFO] [stderr]    Compiling reqwest v0.13.4
[INFO] [stderr]    Compiling wasmhub v0.5.0 (/opt/rustwide/workdir)
[INFO] [stderr]     Finished `release` profile [optimized] target(s) in 1m 31s
[INFO] running `Command { std: "docker" "inspect" "a68d735c44ed66827ec0c76b1bcfc1fff8b01a43f14c755165c7a55a3476438f", kill_on_drop: false }`
[INFO] running `Command { std: "docker" "exec" "-e" "SOURCE_DIR=/opt/rustwide/workdir" "-e" "CARGO_HOME=/opt/rustwide/cargo-home" "-e" "RUSTUP_HOME=/opt/rustwide/rustup-home" "-e" "CARGO_TARGET_DIR=/opt/rustwide/target" "-e" "CARGO_INCREMENTAL=0" "-e" "RUST_BACKTRACE=full" "-e" "RUSTFLAGS=--cap-lints=warn" "-e" "RUSTDOCFLAGS=--cap-lints=warn" "-w" "/opt/rustwide/workdir" "--user" "0:0" "a68d735c44ed66827ec0c76b1bcfc1fff8b01a43f14c755165c7a55a3476438f" "/opt/rustwide/cargo-home/bin/cargo" "+1.99.0-beta.8" "test" "--frozen" "--no-run" "--message-format=json" "--release", kill_on_drop: false }`
[INFO] [stderr]    Compiling memchr v2.8.3
[INFO] [stderr]    Compiling futures-channel v0.3.32
[INFO] [stderr]    Compiling futures-io v0.3.32
[INFO] [stderr]    Compiling tokio v1.52.3
[INFO] [stderr]    Compiling httpdate v1.0.3
[INFO] [stderr]    Compiling autocfg v1.5.1
[INFO] [stderr]    Compiling regex-syntax v0.8.11
[INFO] [stderr]    Compiling bitflags v2.13.0
[INFO] [stderr]    Compiling getrandom v0.4.3
[INFO] [stderr]    Compiling predicates-core v1.0.10
[INFO] [stderr]    Compiling num_cpus v1.17.0
[INFO] [stderr]    Compiling termtree v0.5.1
[INFO] [stderr]    Compiling assert_cmd v2.2.2
[INFO] [stderr]    Compiling anstyle v1.0.14
[INFO] [stderr]    Compiling linux-raw-sys v0.12.1
[INFO] [stderr]    Compiling lazy_static v1.5.0
[INFO] [stderr]    Compiling deadpool-runtime v0.1.4
[INFO] [stderr]    Compiling normalize-line-endings v0.3.0
[INFO] [stderr]    Compiling difflib v0.4.0
[INFO] [stderr]    Compiling wait-timeout v0.2.1
[INFO] [stderr]    Compiling fastrand v2.4.1
[INFO] [stderr]    Compiling predicates-tree v1.0.13
[INFO] [stderr]    Compiling num-traits v0.2.19
[INFO] [stderr]    Compiling rustix v1.1.4
[INFO] [stderr]    Compiling futures-util v0.3.32
[INFO] [stderr]    Compiling aho-corasick v1.1.4
[INFO] [stderr]    Compiling serde_json v1.0.150
[INFO] [stderr]    Compiling float-cmp v0.10.0
[INFO] [stderr]    Compiling assert-json-diff v2.0.2
[INFO] [stderr]    Compiling regex-automata v0.4.14
[INFO] [stderr]    Compiling tempfile v3.27.0
[INFO] [stderr]    Compiling futures-executor v0.3.32
[INFO] [stderr]    Compiling futures v0.3.32
[INFO] [stderr]    Compiling tokio-util v0.7.18
[INFO] [stderr]    Compiling tokio-rustls v0.26.4
[INFO] [stderr]    Compiling tower v0.5.3
[INFO] [stderr]    Compiling deadpool v0.12.3
[INFO] [stderr]    Compiling tokio-stream v0.1.18
[INFO] [stderr]    Compiling regex v1.12.4
[INFO] [stderr]    Compiling bstr v1.12.3
[INFO] [stderr]    Compiling tokio-test v0.4.5
[INFO] [stderr]    Compiling tower-http v0.6.11
[INFO] [stderr]    Compiling h2 v0.4.15
[INFO] [stderr]    Compiling predicates v3.1.4
[INFO] [stderr]    Compiling hyper v1.10.1
[INFO] [stderr]    Compiling hyper-util v0.1.20
[INFO] [stderr]    Compiling hyper-rustls v0.27.9
[INFO] [stderr]    Compiling wiremock v0.6.5
[INFO] [stderr]    Compiling reqwest v0.13.4
[INFO] [stderr]    Compiling wasmhub v0.5.0 (/opt/rustwide/workdir)
[INFO] [stderr]     Finished `release` profile [optimized] target(s) in 1m 43s
[INFO] running `Command { std: "docker" "inspect" "a68d735c44ed66827ec0c76b1bcfc1fff8b01a43f14c755165c7a55a3476438f", kill_on_drop: false }`
[INFO] running `Command { std: "docker" "exec" "-e" "SOURCE_DIR=/opt/rustwide/workdir" "-e" "CARGO_HOME=/opt/rustwide/cargo-home" "-e" "RUSTUP_HOME=/opt/rustwide/rustup-home" "-e" "CARGO_TARGET_DIR=/opt/rustwide/target" "-e" "CARGO_INCREMENTAL=0" "-e" "RUST_BACKTRACE=full" "-e" "RUSTFLAGS=--cap-lints=warn" "-e" "RUSTDOCFLAGS=--cap-lints=warn" "-w" "/opt/rustwide/workdir" "--user" "0:0" "a68d735c44ed66827ec0c76b1bcfc1fff8b01a43f14c755165c7a55a3476438f" "/opt/rustwide/cargo-home/bin/cargo" "+1.99.0-beta.8" "test" "--frozen" "--release", kill_on_drop: false }`
[INFO] [stderr]     Finished `release` profile [optimized] target(s) in 0.25s
[INFO] [stderr]      Running unittests src/lib.rs (/opt/rustwide/target/release/deps/wasmhub-ba893824690a81ec)
[INFO] [stdout] 
[INFO] [stdout] running 28 tests
[INFO] [stdout] test error::tests::test_error_display ... ok
[INFO] [stdout] test cache::tests::test_get_path ... ok
[INFO] [stdout] test loader::tests::test_cdn_source_base_url ... ok
[INFO] [stdout] test cache::tests::test_store_and_get ... ok
[INFO] [stdout] test loader::tests::test_is_retryable ... ok
[INFO] [stdout] test cache::tests::test_verify_integrity ... ok
[INFO] [stdout] test cache::tests::test_clear ... ok
[INFO] [stdout] test cache::tests::test_clear_all ... ok
[INFO] [stdout] test error::tests::test_error_from_string ... ok
[INFO] [stdout] test cache::tests::test_get_nonexistent ... ok
[INFO] [stdout] test cache::tests::test_list ... ok
[INFO] [stdout] test manifest::tests::test_global_manifest ... ok
[INFO] [stdout] test runtime::tests::test_language_display ... ok
[INFO] [stdout] test runtime::tests::test_language_as_str ... ok
[INFO] [stdout] test runtime::tests::test_language_all ... ok
[INFO] [stdout] test runtime::tests::test_runtime_filename ... ok
[INFO] [stdout] test runtime::tests::test_language_from_str ... ok
[INFO] [stdout] test cache::tests::test_compute_sha256 ... ok
[INFO] [stdout] test manifest::tests::test_manifest_serialization ... ok
[INFO] [stdout] test manifest::tests::test_runtime_info ... ok
[INFO] [stdout] test manifest::tests::test_runtime_manifest ... ok
[INFO] [stdout] test manifest::tests::test_runtime_version ... ok
[INFO] [stdout] test runtime::tests::test_runtime_new ... ok
[INFO] [stdout] test loader::tests::test_builder_with_retry_config ... ok
[INFO] [stdout] test loader::tests::test_compute_hash ... ok
[INFO] [stdout] test loader::tests::test_builder ... ok
[INFO] [stdout] test loader::tests::test_build_download_url ... ok
[INFO] [stdout] test loader::tests::test_builder_with_cache_dir ... ok
[INFO] [stdout] 
[INFO] [stdout] test result: ok. 28 passed; 0 failed; 0 ignored; 0 measured; 0 filtered out; finished in 0.09s
[INFO] [stdout] 
[INFO] [stderr]      Running tests/cli_integration.rs (/opt/rustwide/target/release/deps/cli_integration-52a2771d1fad608f)
[INFO] [stdout] 
[INFO] [stdout] running 18 tests
[INFO] [stdout] test test_cache_clear_missing_args ... FAILED
[INFO] [stdout] test test_cache_help ... FAILED
[INFO] [stdout] test test_cache_clear_invalid_language ... FAILED
[INFO] [stdout] test test_cache_clear_all_with_yes ... FAILED
[INFO] [stdout] test test_cache_clear_all_no_confirm ... FAILED
[INFO] [stdout] test test_get_missing_language ... FAILED
[INFO] [stdout] test test_info_missing_language ... FAILED
[INFO] [stdout] test test_language_aliases_parse ... FAILED
[INFO] [stdout] test test_get_invalid_language ... FAILED
[INFO] [stdout] test test_list_help ... FAILED
[INFO] [stdout] test test_version ... FAILED
[INFO] [stdout] test test_info_help ... FAILED
[INFO] [stdout] test test_no_args_shows_help ... FAILED
[INFO] [stdout] test test_get_help ... FAILED
[INFO] [stdout] test test_info_invalid_language ... FAILED
[INFO] [stdout] test test_cache_show ... FAILED
[INFO] [stdout] test test_help ... FAILED
[INFO] [stdout] test test_unknown_subcommand ... FAILED
[INFO] [stdout] 
[INFO] [stdout] failures:
[INFO] [stdout] 
[INFO] [stdout] ---- test_cache_clear_missing_args stdout ----
[INFO] [stdout] 
[INFO] [stdout] thread 'test_cache_clear_missing_args' (3239) panicked at tests/cli_integration.rs:11:35:
[INFO] [stdout] wasmhub binary not found — build with --features cli: CargoError { cause: Some(NotFoundError { path: "/opt/rustwide/target/release/wasmhub" }) }
[INFO] [stdout] stack backtrace:
[INFO] [stdout]    0:     0x626c1ebcad97 - <unknown>
[INFO] [stdout]    1:     0x626c1ebb065a - <unknown>
[INFO] [stdout]    2:     0x626c1ebca34b - <unknown>
[INFO] [stdout]    3:     0x626c1ebc9e2f - <unknown>
[INFO] [stdout]    4:     0x626c1ebc9a5a - <unknown>
[INFO] [stdout]    5:     0x626c1ebc9592 - <unknown>
[INFO] [stdout]    6:     0x626c1ebf02b1 - <unknown>
[INFO] [stdout]    7:     0x626c1ebf0269 - <unknown>
[INFO] [stdout]    8:     0x626c1ebf077c - <unknown>
[INFO] [stdout]    9:     0x626c1ebb04eb - <unknown>
[INFO] [stdout]   10:     0x626c1ebb37a1 - <unknown>
[INFO] [stdout]   11:     0x626c1eb9f4fb - <unknown>
[INFO] [stdout]   12:     0x626c1eba578d - <unknown>
[INFO] [stdout]   13:     0x626c1ec0b8db - <unknown>
[INFO] [stdout]   14:     0x626c1ec0753c - <unknown>
[INFO] [stdout]   15:     0x626c1ec06c6c - <unknown>
[INFO] [stdout]   16:     0x626c1ec2357c - <unknown>
[INFO] [stdout]   17:     0x626c1ebf1ef2 - <unknown>
[INFO] [stdout]   18:     0x716428cffdfa - <unknown>
[INFO] [stdout]   19:     0x716428d933d4 - clone
[INFO] [stdout]   20:                0x0 - <unknown>
[INFO] [stdout] 
[INFO] [stdout] ---- test_cache_help stdout ----
[INFO] [stdout] 
[INFO] [stdout] thread 'test_cache_help' (3240) panicked at tests/cli_integration.rs:11:35:
[INFO] [stdout] wasmhub binary not found — build with --features cli: CargoError { cause: Some(NotFoundError { path: "/opt/rustwide/target/release/wasmhub" }) }
[INFO] [stdout] stack backtrace:
[INFO] [stdout]    0:     0x626c1ebcad97 - <unknown>
[INFO] [stdout]    1:     0x626c1ebb065a - <unknown>
[INFO] [stdout]    2:     0x626c1ebca34b - <unknown>
[INFO] [stdout]    3:     0x626c1ebc9e2f - <unknown>
[INFO] [stdout]    4:     0x626c1ebc9a5a - <unknown>
[INFO] [stdout]    5:     0x626c1ebc9592 - <unknown>
[INFO] [stdout]    6:     0x626c1ebf02b1 - <unknown>
[INFO] [stdout]    7:     0x626c1ebf0269 - <unknown>
[INFO] [stdout]    8:     0x626c1ebf077c - <unknown>
[INFO] [stdout]    9:     0x626c1ebb04eb - <unknown>
[INFO] [stdout]   10:     0x626c1ebb37a1 - <unknown>
[INFO] [stdout]   11:     0x626c1eb9f4fb - <unknown>
[INFO] [stdout]   12:     0x626c1eba365d - <unknown>
[INFO] [stdout]   13:     0x626c1ec0b8db - <unknown>
[INFO] [stdout]   14:     0x626c1ec0753c - <unknown>
[INFO] [stdout]   15:     0x626c1ec06c6c - <unknown>
[INFO] [stdout]   16:     0x626c1ec2357c - <unknown>
[INFO] [stdout]   17:     0x626c1ebf1ef2 - <unknown>
[INFO] [stdout]   18:     0x716428cffdfa - <unknown>
[INFO] [stdout]   19:     0x716428d933d4 - clone
[INFO] [stdout]   20:                0x0 - <unknown>
[INFO] [stdout] 
[INFO] [stdout] ---- test_cache_clear_invalid_language stdout ----
[INFO] [stdout] 
[INFO] [stdout] thread 'test_cache_clear_invalid_language' (3238) panicked at tests/cli_integration.rs:11:35:
[INFO] [stdout] wasmhub binary not found — build with --features cli: CargoError { cause: Some(NotFoundError { path: "/opt/rustwide/target/release/wasmhub" }) }
[INFO] [stdout] stack backtrace:
[INFO] [stdout]    0:     0x626c1ebcad97 - <unknown>
[INFO] [stdout]    1:     0x626c1ebb065a - <unknown>
[INFO] [stdout]    2:     0x626c1ebca34b - <unknown>
[INFO] [stdout]    3:     0x626c1ebc9e2f - <unknown>
[INFO] [stdout]    4:     0x626c1ebc9a5a - <unknown>
[INFO] [stdout]    5:     0x626c1ebc9592 - <unknown>
[INFO] [stdout]    6:     0x626c1ebf02b1 - <unknown>
[INFO] [stdout]    7:     0x626c1ebf0269 - <unknown>
[INFO] [stdout]    8:     0x626c1ebf077c - <unknown>
[INFO] [stdout]    9:     0x626c1ebb04eb - <unknown>
[INFO] [stdout]   10:     0x626c1ebb37a1 - <unknown>
[INFO] [stdout]   11:     0x626c1eb9f4fb - <unknown>
[INFO] [stdout]   12:     0x626c1eba5dad - <unknown>
[INFO] [stdout]   13:     0x626c1ec0b8db - <unknown>
[INFO] [stdout]   14:     0x626c1ec0753c - <unknown>
[INFO] [stdout]   15:     0x626c1ec06c6c - <unknown>
[INFO] [stdout]   16:     0x626c1ec2357c - <unknown>
[INFO] [stdout]   17:     0x626c1ebf1ef2 - <unknown>
[INFO] [stdout]   18:     0x716428cffdfa - <unknown>
[INFO] [stdout]   19:     0x716428d933d4 - clone
[INFO] [stdout]   20:                0x0 - <unknown>
[INFO] [stdout] 
[INFO] [stdout] ---- test_cache_clear_all_with_yes stdout ----
[INFO] [stdout] 
[INFO] [stdout] thread 'test_cache_clear_all_with_yes' (3237) panicked at tests/cli_integration.rs:11:35:
[INFO] [stdout] wasmhub binary not found — build with --features cli: CargoError { cause: Some(NotFoundError { path: "/opt/rustwide/target/release/wasmhub" }) }
[INFO] [stdout] stack backtrace:
[INFO] [stdout]    0:     0x626c1ebcad97 - <unknown>
[INFO] [stdout]    1:     0x626c1ebb065a - <unknown>
[INFO] [stdout]    2:     0x626c1ebca34b - <unknown>
[INFO] [stdout]    3:     0x626c1ebc9e2f - <unknown>
[INFO] [stdout]    4:     0x626c1ebc9a5a - <unknown>
[INFO] [stdout]    5:     0x626c1ebc9592 - <unknown>
[INFO] [stdout]    6:     0x626c1ebf02b1 - <unknown>
[INFO] [stdout]    7:     0x626c1ebf0269 - <unknown>
[INFO] [stdout]    8:     0x626c1ebf077c - <unknown>
[INFO] [stdout]    9:     0x626c1ebb04eb - <unknown>
[INFO] [stdout]   10:     0x626c1ebb37a1 - <unknown>
[INFO] [stdout]   11:     0x626c1eb9f4fb - <unknown>
[INFO] [stdout]   12:     0x626c1eba547d - <unknown>
[INFO] [stdout]   13:     0x626c1ec0b8db - <unknown>
[INFO] [stdout]   14:     0x626c1ec0753c - <unknown>
[INFO] [stdout]   15:     0x626c1ec06c6c - <unknown>
[INFO] [stdout]   16:     0x626c1ec2357c - <unknown>
[INFO] [stdout]   17:     0x626c1ebf1ef2 - <unknown>
[INFO] [stdout]   18:     0x716428cffdfa - <unknown>
[INFO] [stdout]   19:     0x716428d933d4 - clone
[INFO] [stdout]   20:                0x0 - <unknown>
[INFO] [stdout] 
[INFO] [stdout] ---- test_cache_clear_all_no_confirm stdout ----
[INFO] [stdout] 
[INFO] [stdout] thread 'test_cache_clear_all_no_confirm' (3236) panicked at tests/cli_integration.rs:11:35:
[INFO] [stdout] wasmhub binary not found — build with --features cli: CargoError { cause: Some(NotFoundError { path: "/opt/rustwide/target/release/wasmhub" }) }
[INFO] [stdout] stack backtrace:
[INFO] [stdout]    0:     0x626c1ebcad97 - <unknown>
[INFO] [stdout]    1:     0x626c1ebb065a - <unknown>
[INFO] [stdout]    2:     0x626c1ebca34b - <unknown>
[INFO] [stdout]    3:     0x626c1ebc9e2f - <unknown>
[INFO] [stdout]    4:     0x626c1ebc9a5a - <unknown>
[INFO] [stdout]    5:     0x626c1ebc9592 - <unknown>
[INFO] [stdout]    6:     0x626c1ebf02b1 - <unknown>
[INFO] [stdout]    7:     0x626c1ebf0269 - <unknown>
[INFO] [stdout]    8:     0x626c1ebf077c - <unknown>
[INFO] [stdout]    9:     0x626c1ebb04eb - <unknown>
[INFO] [stdout]   10:     0x626c1ebb37a1 - <unknown>
[INFO] [stdout]   11:     0x626c1eb9f4fb - <unknown>
[INFO] [stdout]   12:     0x626c1eba5a6d - <unknown>
[INFO] [stdout]   13:     0x626c1ec0b8db - <unknown>
[INFO] [stdout]   14:     0x626c1ec0753c - <unknown>
[INFO] [stdout]   15:     0x626c1ec06c6c - <unknown>
[INFO] [stdout]   16:     0x626c1ec2357c - <unknown>
[INFO] [stdout]   17:     0x626c1ebf1ef2 - <unknown>
[INFO] [stdout]   18:     0x716428cffdfa - <unknown>
[INFO] [stdout]   19:     0x716428d933d4 - clone
[INFO] [stdout]   20:                0x0 - <unknown>
[INFO] [stdout] 
[INFO] [stdout] ---- test_get_missing_language stdout ----
[INFO] [stdout] 
[INFO] [stdout] thread 'test_get_missing_language' (3244) panicked at tests/cli_integration.rs:11:35:
[INFO] [stdout] wasmhub binary not found — build with --features cli: CargoError { cause: Some(NotFoundError { path: "/opt/rustwide/target/release/wasmhub" }) }
[INFO] [stdout] stack backtrace:
[INFO] [stdout]    0:     0x626c1ebcad97 - <unknown>
[INFO] [stdout]    1:     0x626c1ebb065a - <unknown>
[INFO] [stdout]    2:     0x626c1ebca34b - <unknown>
[INFO] [stdout]    3:     0x626c1ebc9e2f - <unknown>
[INFO] [stdout]    4:     0x626c1ebc9a5a - <unknown>
[INFO] [stdout]    5:     0x626c1ebc9592 - <unknown>
[INFO] [stdout]    6:     0x626c1ebf02b1 - <unknown>
[INFO] [stdout]    7:     0x626c1ebf0269 - <unknown>
[INFO] [stdout]    8:     0x626c1ebf077c - <unknown>
[INFO] [stdout]    9:     0x626c1ebb04eb - <unknown>
[INFO] [stdout]   10:     0x626c1ebb37a1 - <unknown>
[INFO] [stdout]   11:     0x626c1eb9f4fb - <unknown>
[INFO] [stdout]   12:     0x626c1eba457d - <unknown>
[INFO] [stdout]   13:     0x626c1ec0b8db - <unknown>
[INFO] [stdout]   14:     0x626c1ec0753c - <unknown>
[INFO] [stdout]   15:     0x626c1ec06c6c - <unknown>
[INFO] [stdout]   16:     0x626c1ec2357c - <unknown>
[INFO] [stdout]   17:     0x626c1ebf1ef2 - <unknown>
[INFO] [stdout]   18:     0x716428cffdfa - <unknown>
[INFO] [stdout]   19:     0x716428d933d4 - clone
[INFO] [stdout]   20:                0x0 - <unknown>
[INFO] [stdout] 
[INFO] [stdout] ---- test_info_missing_language stdout ----
[INFO] [stdout] 
[INFO] [stdout] thread 'test_info_missing_language' (3248) panicked at tests/cli_integration.rs:11:35:
[INFO] [stdout] wasmhub binary not found — build with --features cli: CargoError { cause: Some(NotFoundError { path: "/opt/rustwide/target/release/wasmhub" }) }
[INFO] [stdout] stack backtrace:
[INFO] [stdout]    0:     0x626c1ebcad97 - <unknown>
[INFO] [stdout]    1:     0x626c1ebb065a - <unknown>
[INFO] [stdout]    2:     0x626c1ebca34b - <unknown>
[INFO] [stdout]    3:     0x626c1ebc9e2f - <unknown>
[INFO] [stdout]    4:     0x626c1ebc9a5a - <unknown>
[INFO] [stdout]    5:     0x626c1ebc9592 - <unknown>
[INFO] [stdout]    6:     0x626c1ebf02b1 - <unknown>
[INFO] [stdout]    7:     0x626c1ebf0269 - <unknown>
[INFO] [stdout]    8:     0x626c1ebf077c - <unknown>
[INFO] [stdout]    9:     0x626c1ebb04eb - <unknown>
[INFO] [stdout]   10:     0x626c1ebb37a1 - <unknown>
[INFO] [stdout]   11:     0x626c1eb9f4fb - <unknown>
[INFO] [stdout]   12:     0x626c1eba4b2d - <unknown>
[INFO] [stdout]   13:     0x626c1ec0b8db - <unknown>
[INFO] [stdout]   14:     0x626c1ec0753c - <unknown>
[INFO] [stdout]   15:     0x626c1ec06c6c - <unknown>
[INFO] [stdout]   16:     0x626c1ec2357c - <unknown>
[INFO] [stdout]   17:     0x626c1ebf1ef2 - <unknown>
[INFO] [stdout]   18:     0x716428cffdfa - <unknown>
[INFO] [stdout]   19:     0x716428d933d4 - clone
[INFO] [stdout]   20:                0x0 - <unknown>
[INFO] [stdout] 
[INFO] [stdout] ---- test_language_aliases_parse stdout ----
[INFO] [stdout] 
[INFO] [stdout] thread 'test_language_aliases_parse' (3249) panicked at tests/cli_integration.rs:11:35:
[INFO] [stdout] wasmhub binary not found — build with --features cli: CargoError { cause: Some(NotFoundError { path: "/opt/rustwide/target/release/wasmhub" }) }
[INFO] [stdout] stack backtrace:
[INFO] [stdout]    0:     0x626c1ebcad97 - <unknown>
[INFO] [stdout]    1:     0x626c1ebb065a - <unknown>
[INFO] [stdout]    2:     0x626c1ebca34b - <unknown>
[INFO] [stdout]    3:     0x626c1ebc9e2f - <unknown>
[INFO] [stdout]    4:     0x626c1ebc9a5a - <unknown>
[INFO] [stdout]    5:     0x626c1ebc9592 - <unknown>
[INFO] [stdout]    6:     0x626c1ebf02b1 - <unknown>
[INFO] [stdout]    7:     0x626c1ebf0269 - <unknown>
[INFO] [stdout]    8:     0x626c1ebf077c - <unknown>
[INFO] [stdout]    9:     0x626c1ebb04eb - <unknown>
[INFO] [stdout]   10:     0x626c1ebb37a1 - <unknown>
[INFO] [stdout]   11:     0x626c1eb9f4fb - <unknown>
[INFO] [stdout]   12:     0x626c1eba4e3c - <unknown>
[INFO] [stdout]   13:     0x626c1ec0b8db - <unknown>
[INFO] [stdout]   14:     0x626c1ec0753c - <unknown>
[INFO] [stdout]   15:     0x626c1ec06c6c - <unknown>
[INFO] [stdout]   16:     0x626c1ec2357c - <unknown>
[INFO] [stdout]   17:     0x626c1ebf1ef2 - <unknown>
[INFO] [stdout]   18:     0x716428cffdfa - <unknown>
[INFO] [stdout]   19:     0x716428d933d4 - clone
[INFO] [stdout]   20:                0x0 - <unknown>
[INFO] [stdout] 
[INFO] [stdout] ---- test_get_invalid_language stdout ----
[INFO] [stdout] 
[INFO] [stdout] thread 'test_get_invalid_language' (3243) panicked at tests/cli_integration.rs:11:35:
[INFO] [stdout] wasmhub binary not found — build with --features cli: CargoError { cause: Some(NotFoundError { path: "/opt/rustwide/target/release/wasmhub" }) }
[INFO] [stdout] stack backtrace:
[INFO] [stdout]    0:     0x626c1ebcad97 - <unknown>
[INFO] [stdout]    1:     0x626c1ebb065a - <unknown>
[INFO] [stdout]    2:     0x626c1ebca34b - <unknown>
[INFO] [stdout]    3:     0x626c1ebc9e2f - <unknown>
[INFO] [stdout]    4:     0x626c1ebc9a5a - <unknown>
[INFO] [stdout]    5:     0x626c1ebc9592 - <unknown>
[INFO] [stdout]    6:     0x626c1ebf02b1 - <unknown>
[INFO] [stdout]    7:     0x626c1ebf0269 - <unknown>
[INFO] [stdout]    8:     0x626c1ebf077c - <unknown>
[INFO] [stdout]    9:     0x626c1ebb04eb - <unknown>
[INFO] [stdout]   10:     0x626c1ebb37a1 - <unknown>
[INFO] [stdout]   11:     0x626c1eb9f4fb - <unknown>
[INFO] [stdout]   12:     0x626c1eba429d - <unknown>
[INFO] [stdout]   13:     0x626c1ec0b8db - <unknown>
[INFO] [stdout]   14:     0x626c1ec0753c - <unknown>
[INFO] [stdout]   15:     0x626c1ec06c6c - <unknown>
[INFO] [stdout]   16:     0x626c1ec2357c - <unknown>
[INFO] [stdout]   17:     0x626c1ebf1ef2 - <unknown>
[INFO] [stdout]   18:     0x716428cffdfa - <unknown>
[INFO] [stdout]   19:     0x716428d933d4 - clone
[INFO] [stdout]   20:                0x0 - <unknown>
[INFO] [stdout] 
[INFO] [stdout] ---- test_list_help stdout ----
[INFO] [stdout] 
[INFO] [stdout] thread 'test_list_help' (3250) panicked at tests/cli_integration.rs:11:35:
[INFO] [stdout] wasmhub binary not found — build with --features cli: CargoError { cause: Some(NotFoundError { path: "/opt/rustwide/target/release/wasmhub" }) }
[INFO] [stdout] stack backtrace:
[INFO] [stdout]    0:     0x626c1ebcad97 - <unknown>
[INFO] [stdout]    1:     0x626c1ebb065a - <unknown>
[INFO] [stdout]    2:     0x626c1ebca34b - <unknown>
[INFO] [stdout]    3:     0x626c1ebc9e2f - <unknown>
[INFO] [stdout]    4:     0x626c1ebc9a5a - <unknown>
[INFO] [stdout]    5:     0x626c1ebc9592 - <unknown>
[INFO] [stdout]    6:     0x626c1ebf02b1 - <unknown>
[INFO] [stdout]    7:     0x626c1ebf0269 - <unknown>
[INFO] [stdout]    8:     0x626c1ebf077c - <unknown>
[INFO] [stdout]    9:     0x626c1ebb04eb - <unknown>
[INFO] [stdout]   10:     0x626c1ebb37a1 - <unknown>
[INFO] [stdout]   11:     0x626c1eb9f4fb - <unknown>
[INFO] [stdout]   12:     0x626c1eba336d - <unknown>
[INFO] [stdout]   13:     0x626c1ec0b8db - <unknown>
[INFO] [stdout]   14:     0x626c1ec0753c - <unknown>
[INFO] [stdout]   15:     0x626c1ec06c6c - <unknown>
[INFO] [stdout]   16:     0x626c1ec2357c - <unknown>
[INFO] [stdout]   17:     0x626c1ebf1ef2 - <unknown>
[INFO] [stdout]   18:     0x716428cffdfa - <unknown>
[INFO] [stdout]   19:     0x716428d933d4 - clone
[INFO] [stdout]   20:                0x0 - <unknown>
[INFO] [stdout] 
[INFO] [stdout] ---- test_version stdout ----
[INFO] [stdout] 
[INFO] [stdout] thread 'test_version' (3253) panicked at tests/cli_integration.rs:11:35:
[INFO] [stdout] wasmhub binary not found — build with --features cli: CargoError { cause: Some(NotFoundError { path: "/opt/rustwide/target/release/wasmhub" }) }
[INFO] [stdout] stack backtrace:
[INFO] [stdout]    0:     0x626c1ebcad97 - <unknown>
[INFO] [stdout]    1:     0x626c1ebb065a - <unknown>
[INFO] [stdout]    2:     0x626c1ebca34b - <unknown>
[INFO] [stdout]    3:     0x626c1ebc9e2f - <unknown>
[INFO] [stdout]    4:     0x626c1ebc9a5a - <unknown>
[INFO] [stdout]    5:     0x626c1ebc9592 - <unknown>
[INFO] [stdout]    6:     0x626c1ebf02b1 - <unknown>
[INFO] [stdout]    7:     0x626c1ebf0269 - <unknown>
[INFO] [stdout]    8:     0x626c1ebf077c - <unknown>
[INFO] [stdout]    9:     0x626c1ebb04eb - <unknown>
[INFO] [stdout]   10:     0x626c1ebb37a1 - <unknown>
[INFO] [stdout]   11:     0x626c1eb9f4fb - <unknown>
[INFO] [stdout]   12:     0x626c1eba299d - <unknown>
[INFO] [stdout]   13:     0x626c1ec0b8db - <unknown>
[INFO] [stdout]   14:     0x626c1ec0753c - <unknown>
[INFO] [stdout]   15:     0x626c1ec06c6c - <unknown>
[INFO] [stdout]   16:     0x626c1ec2357c - <unknown>
[INFO] [stdout]   17:     0x626c1ebf1ef2 - <unknown>
[INFO] [stdout]   18:     0x716428cffdfa - <unknown>
[INFO] [stdout]   19:     0x716428d933d4 - clone
[INFO] [stdout]   20:                0x0 - <unknown>
[INFO] [stdout] 
[INFO] [stdout] ---- test_info_help stdout ----
[INFO] [stdout] 
[INFO] [stdout] thread 'test_info_help' (3246) panicked at tests/cli_integration.rs:11:35:
[INFO] [stdout] wasmhub binary not found — build with --features cli: CargoError { cause: Some(NotFoundError { path: "/opt/rustwide/target/release/wasmhub" }) }
[INFO] [stdout] stack backtrace:
[INFO] [stdout]    0:     0x626c1ebcad97 - <unknown>
[INFO] [stdout]    1:     0x626c1ebb065a - <unknown>
[INFO] [stdout]    2:     0x626c1ebca34b - <unknown>
[INFO] [stdout]    3:     0x626c1ebc9e2f - <unknown>
[INFO] [stdout]    4:     0x626c1ebc9a5a - <unknown>
[INFO] [stdout]    5:     0x626c1ebc9592 - <unknown>
[INFO] [stdout]    6:     0x626c1ebf02b1 - <unknown>
[INFO] [stdout]    7:     0x626c1ebf0269 - <unknown>
[INFO] [stdout]    8:     0x626c1ebf077c - <unknown>
[INFO] [stdout]    9:     0x626c1ebb04eb - <unknown>
[INFO] [stdout]   10:     0x626c1ebb37a1 - <unknown>
[INFO] [stdout]   11:     0x626c1eb9f4fb - <unknown>
[INFO] [stdout]   12:     0x626c1eba307d - <unknown>
[INFO] [stdout]   13:     0x626c1ec0b8db - <unknown>
[INFO] [stdout]   14:     0x626c1ec0753c - <unknown>
[INFO] [stdout]   15:     0x626c1ec06c6c - <unknown>
[INFO] [stdout]   16:     0x626c1ec2357c - <unknown>
[INFO] [stdout]   17:     0x626c1ebf1ef2 - <unknown>
[INFO] [stdout]   18:     0x716428cffdfa - <unknown>
[INFO] [stdout]   19:     0x716428d933d4 - clone
[INFO] [stdout]   20:                0x0 - <unknown>
[INFO] [stdout] 
[INFO] [stdout] ---- test_no_args_shows_help stdout ----
[INFO] [stdout] 
[INFO] [stdout] thread 'test_no_args_shows_help' (3251) panicked at tests/cli_integration.rs:11:35:
[INFO] [stdout] wasmhub binary not found — build with --features cli: CargoError { cause: Some(NotFoundError { path: "/opt/rustwide/target/release/wasmhub" }) }
[INFO] [stdout] stack backtrace:
[INFO] [stdout]    0:     0x626c1ebcad97 - <unknown>
[INFO] [stdout]    1:     0x626c1ebb065a - <unknown>
[INFO] [stdout]    2:     0x626c1ebca34b - <unknown>
[INFO] [stdout]    3:     0x626c1ebc9e2f - <unknown>
[INFO] [stdout]    4:     0x626c1ebc9a5a - <unknown>
[INFO] [stdout]    5:     0x626c1ebc9592 - <unknown>
[INFO] [stdout]    6:     0x626c1ebf02b1 - <unknown>
[INFO] [stdout]    7:     0x626c1ebf0269 - <unknown>
[INFO] [stdout]    8:     0x626c1ebf077c - <unknown>
[INFO] [stdout]    9:     0x626c1ebb04eb - <unknown>
[INFO] [stdout]   10:     0x626c1ebb37a1 - <unknown>
[INFO] [stdout]   11:     0x626c1eb9f4fb - <unknown>
[INFO] [stdout]   12:     0x626c1eba3e4d - <unknown>
[INFO] [stdout]   13:     0x626c1ec0b8db - <unknown>
[INFO] [stdout]   14:     0x626c1ec0753c - <unknown>
[INFO] [stdout]   15:     0x626c1ec06c6c - <unknown>
[INFO] [stdout]   16:     0x626c1ec2357c - <unknown>
[INFO] [stdout]   17:     0x626c1ebf1ef2 - <unknown>
[INFO] [stdout]   18:     0x716428cffdfa - <unknown>
[INFO] [stdout]   19:     0x716428d933d4 - clone
[INFO] [stdout]   20:                0x0 - <unknown>
[INFO] [stdout] 
[INFO] [stdout] ---- test_get_help stdout ----
[INFO] [stdout] 
[INFO] [stdout] thread 'test_get_help' (3242) panicked at tests/cli_integration.rs:11:35:
[INFO] [stdout] wasmhub binary not found — build with --features cli: CargoError { cause: Some(NotFoundError { path: "/opt/rustwide/target/release/wasmhub" }) }
[INFO] [stdout] stack backtrace:
[INFO] [stdout]    0:     0x626c1ebcad97 - <unknown>
[INFO] [stdout]    1:     0x626c1ebb065a - <unknown>
[INFO] [stdout]    2:     0x626c1ebca34b - <unknown>
[INFO] [stdout]    3:     0x626c1ebc9e2f - <unknown>
[INFO] [stdout]    4:     0x626c1ebc9a5a - <unknown>
[INFO] [stdout]    5:     0x626c1ebc9592 - <unknown>
[INFO] [stdout]    6:     0x626c1ebf02b1 - <unknown>
[INFO] [stdout]    7:     0x626c1ebf0269 - <unknown>
[INFO] [stdout]    8:     0x626c1ebf077c - <unknown>
[INFO] [stdout]    9:     0x626c1ebb04eb - <unknown>
[INFO] [stdout]   10:     0x626c1ebb37a1 - <unknown>
[INFO] [stdout]   11:     0x626c1eb9f4fb - <unknown>
[INFO] [stdout]   12:     0x626c1eba2c7d - <unknown>
[INFO] [stdout]   13:     0x626c1ec0b8db - <unknown>
[INFO] [stdout]   14:     0x626c1ec0753c - <unknown>
[INFO] [stdout]   15:     0x626c1ec06c6c - <unknown>
[INFO] [stdout]   16:     0x626c1ec2357c - <unknown>
[INFO] [stdout]   17:     0x626c1ebf1ef2 - <unknown>
[INFO] [stdout]   18:     0x716428cffdfa - <unknown>
[INFO] [stdout]   19:     0x716428d933d4 - clone
[INFO] [stdout]   20:                0x0 - <unknown>
[INFO] [stdout] 
[INFO] [stdout] ---- test_info_invalid_language stdout ----
[INFO] [stdout] 
[INFO] [stdout] thread 'test_info_invalid_language' (3247) panicked at tests/cli_integration.rs:11:35:
[INFO] [stdout] wasmhub binary not found — build with --features cli: CargoError { cause: Some(NotFoundError { path: "/opt/rustwide/target/release/wasmhub" }) }
[INFO] [stdout] stack backtrace:
[INFO] [stdout]    0:     0x626c1ebcad97 - <unknown>
[INFO] [stdout]    1:     0x626c1ebb065a - <unknown>
[INFO] [stdout]    2:     0x626c1ebca34b - <unknown>
[INFO] [stdout]    3:     0x626c1ebc9e2f - <unknown>
[INFO] [stdout]    4:     0x626c1ebc9a5a - <unknown>
[INFO] [stdout]    5:     0x626c1ebc9592 - <unknown>
[INFO] [stdout]    6:     0x626c1ebf02b1 - <unknown>
[INFO] [stdout]    7:     0x626c1ebf0269 - <unknown>
[INFO] [stdout]    8:     0x626c1ebf077c - <unknown>
[INFO] [stdout]    9:     0x626c1ebb04eb - <unknown>
[INFO] [stdout]   10:     0x626c1ebb37a1 - <unknown>
[INFO] [stdout]   11:     0x626c1eb9f4fb - <unknown>
[INFO] [stdout]   12:     0x626c1eba484d - <unknown>
[INFO] [stdout]   13:     0x626c1ec0b8db - <unknown>
[INFO] [stdout]   14:     0x626c1ec0753c - <unknown>
[INFO] [stdout]   15:     0x626c1ec06c6c - <unknown>
[INFO] [stdout]   16:     0x626c1ec2357c - <unknown>
[INFO] [stdout]   17:     0x626c1ebf1ef2 - <unknown>
[INFO] [stdout]   18:     0x716428cffdfa - <unknown>
[INFO] [stdout]   19:     0x716428d933d4 - clone
[INFO] [stdout]   20:                0x0 - <unknown>
[INFO] [stdout] 
[INFO] [stdout] ---- test_cache_show stdout ----
[INFO] [stdout] 
[INFO] [stdout] thread 'test_cache_show' (3241) panicked at tests/cli_integration.rs:11:35:
[INFO] [stdout] wasmhub binary not found — build with --features cli: CargoError { cause: Some(NotFoundError { path: "/opt/rustwide/target/release/wasmhub" }) }
[INFO] [stdout] stack backtrace:
[INFO] [stdout]    0:     0x626c1ebcad97 - <unknown>
[INFO] [stdout]    1:     0x626c1ebb065a - <unknown>
[INFO] [stdout]    2:     0x626c1ebca34b - <unknown>
[INFO] [stdout]    3:     0x626c1ebc9e2f - <unknown>
[INFO] [stdout]    4:     0x626c1ebc9a5a - <unknown>
[INFO] [stdout]    5:     0x626c1ebc9592 - <unknown>
[INFO] [stdout]    6:     0x626c1ebf02b1 - <unknown>
[INFO] [stdout]    7:     0x626c1ebf0269 - <unknown>
[INFO] [stdout]    8:     0x626c1ebf077c - <unknown>
[INFO] [stdout]    9:     0x626c1ebb04eb - <unknown>
[INFO] [stdout]   10:     0x626c1ebb37a1 - <unknown>
[INFO] [stdout]   11:     0x626c1eb9f4fb - <unknown>
[INFO] [stdout]   12:     0x626c1eba3a4d - <unknown>
[INFO] [stdout]   13:     0x626c1ec0b8db - <unknown>
[INFO] [stdout]   14:     0x626c1ec0753c - <unknown>
[INFO] [stdout]   15:     0x626c1ec06c6c - <unknown>
[INFO] [stdout]   16:     0x626c1ec2357c - <unknown>
[INFO] [stdout]   17:     0x626c1ebf1ef2 - <unknown>
[INFO] [stdout]   18:     0x716428cffdfa - <unknown>
[INFO] [stdout]   19:     0x716428d933d4 - clone
[INFO] [stdout]   20:                0x0 - <unknown>
[INFO] [stdout] 
[INFO] [stdout] ---- test_help stdout ----
[INFO] [stdout] 
[INFO] [stdout] thread 'test_help' (3245) panicked at tests/cli_integration.rs:11:35:
[INFO] [stdout] wasmhub binary not found — build with --features cli: CargoError { cause: Some(NotFoundError { path: "/opt/rustwide/target/release/wasmhub" }) }
[INFO] [stdout] stack backtrace:
[INFO] [stdout]    0:     0x626c1ebcad97 - <unknown>
[INFO] [stdout]    1:     0x626c1ebb065a - <unknown>
[INFO] [stdout]    2:     0x626c1ebca34b - <unknown>
[INFO] [stdout]    3:     0x626c1ebc9e2f - <unknown>
[INFO] [stdout]    4:     0x626c1ebc9a5a - <unknown>
[INFO] [stdout]    5:     0x626c1ebc9592 - <unknown>
[INFO] [stdout]    6:     0x626c1ebf02b1 - <unknown>
[INFO] [stdout]    7:     0x626c1ebf0269 - <unknown>
[INFO] [stdout]    8:     0x626c1ebf077c - <unknown>
[INFO] [stdout]    9:     0x626c1ebb04eb - <unknown>
[INFO] [stdout]   10:     0x626c1ebb37a1 - <unknown>
[INFO] [stdout]   11:     0x626c1eb9f4fb - <unknown>
[INFO] [stdout]   12:     0x626c1eba60bd - <unknown>
[INFO] [stdout]   13:     0x626c1ec0b8db - <unknown>
[INFO] [stdout]   14:     0x626c1ec0753c - <unknown>
[INFO] [stdout]   15:     0x626c1ec06c6c - <unknown>
[INFO] [stdout]   16:     0x626c1ec2357c - <unknown>
[INFO] [stdout]   17:     0x626c1ebf1ef2 - <unknown>
[INFO] [stdout]   18:     0x716428cffdfa - <unknown>
[INFO] [stdout]   19:     0x716428d933d4 - clone
[INFO] [stdout]   20:                0x0 - <unknown>
[INFO] [stdout] 
[INFO] [stdout] ---- test_unknown_subcommand stdout ----
[INFO] [stdout] 
[INFO] [stdout] thread 'test_unknown_subcommand' (3252) panicked at tests/cli_integration.rs:11:35:
[INFO] [stdout] wasmhub binary not found — build with --features cli: CargoError { cause: Some(NotFoundError { path: "/opt/rustwide/target/release/wasmhub" }) }
[INFO] [stdout] stack backtrace:
[INFO] [stdout]    0:     0x626c1ebcad97 - <unknown>
[INFO] [stdout]    1:     0x626c1ebb065a - <unknown>
[INFO] [stdout]    2:     0x626c1ebca34b - <unknown>
[INFO] [stdout]    3:     0x626c1ebc9e2f - <unknown>
[INFO] [stdout]    4:     0x626c1ebc9a5a - <unknown>
[INFO] [stdout]    5:     0x626c1ebc9592 - <unknown>
[INFO] [stdout]    6:     0x626c1ebf02b1 - <unknown>
[INFO] [stdout]    7:     0x626c1ebf0269 - <unknown>
[INFO] [stdout]    8:     0x626c1ebf077c - <unknown>
[INFO] [stdout]    9:     0x626c1ebb04eb - <unknown>
[INFO] [stdout]   10:     0x626c1ebb37a1 - <unknown>
[INFO] [stdout]   11:     0x626c1eb9f4fb - <unknown>
[INFO] [stdout]   12:     0x626c1eba40fd - <unknown>
[INFO] [stdout]   13:     0x626c1ec0b8db - <unknown>
[INFO] [stdout]   14:     0x626c1ec0753c - <unknown>
[INFO] [stdout]   15:     0x626c1ec06c6c - <unknown>
[INFO] [stdout]   16:     0x626c1ec2357c - <unknown>
[INFO] [stdout]   17:     0x626c1ebf1ef2 - <unknown>
[INFO] [stdout]   18:     0x716428cffdfa - <unknown>
[INFO] [stdout]   19:     0x716428d933d4 - clone
[INFO] [stdout]   20:                0x0 - <unknown>
[INFO] [stdout] 
[INFO] [stdout] 
[INFO] [stdout] failures:
[INFO] [stdout]     test_cache_clear_all_no_confirm
[INFO] [stdout]     test_cache_clear_all_with_yes
[INFO] [stdout]     test_cache_clear_invalid_language
[INFO] [stdout]     test_cache_clear_missing_args
[INFO] [stdout]     test_cache_help
[INFO] [stdout]     test_cache_show
[INFO] [stdout]     test_get_help
[INFO] [stdout]     test_get_invalid_language
[INFO] [stdout]     test_get_missing_language
[INFO] [stdout]     test_help
[INFO] [stdout]     test_info_help
[INFO] [stdout]     test_info_invalid_language
[INFO] [stdout]     test_info_missing_language
[INFO] [stdout]     test_language_aliases_parse
[INFO] [stdout]     test_list_help
[INFO] [stdout]     test_no_args_shows_help
[INFO] [stdout]     test_unknown_subcommand
[INFO] [stdout]     test_version
[INFO] [stdout] 
[INFO] [stdout] test result: FAILED. 0 passed; 18 failed; 0 ignored; 0 measured; 0 filtered out; finished in 0.01s
[INFO] [stdout] 
[INFO] [stderr] error: test failed, to rerun pass `--test cli_integration`
[INFO] running `Command { std: "docker" "inspect" "a68d735c44ed66827ec0c76b1bcfc1fff8b01a43f14c755165c7a55a3476438f", kill_on_drop: false }`
[INFO] running `Command { std: "docker" "rm" "-f" "a68d735c44ed66827ec0c76b1bcfc1fff8b01a43f14c755165c7a55a3476438f", kill_on_drop: false }`
[INFO] [stdout] a68d735c44ed66827ec0c76b1bcfc1fff8b01a43f14c755165c7a55a3476438f
