[INFO] fetching crate wasmer-package 0.705.0...
[INFO] testing wasmer-package-0.705.0 against 1.100.0-beta.1+cargoflags=--release for beta-release-1.100-2
[INFO] extracting crate wasmer-package 0.705.0 into /workspace/builds/worker-2-tc2/source
[INFO] started tweaking crates.io crate wasmer-package 0.705.0
[INFO] finished tweaking crates.io crate wasmer-package 0.705.0
[INFO] tweaked toml for crates.io crate wasmer-package 0.705.0 written to /workspace/builds/worker-2-tc2/source/Cargo.toml
[INFO] validating manifest of crates.io crate wasmer-package 0.705.0 on toolchain 1.100.0-beta.1
[INFO] running `Command { std: CARGO_HOME="/workspace/cargo-home" RUSTUP_HOME="/workspace/rustup-home" "/workspace/cargo-home/bin/cargo" "+1.100.0-beta.1" "metadata" "--manifest-path" "Cargo.toml" "--no-deps", kill_on_drop: false }`
[INFO] crate crates.io crate wasmer-package 0.705.0 already has a lockfile, it will not be regenerated
[INFO] running `Command { std: CARGO_HOME="/workspace/cargo-home" RUSTUP_HOME="/workspace/rustup-home" "/workspace/cargo-home/bin/cargo" "+1.100.0-beta.1" "fetch" "--manifest-path" "Cargo.toml", kill_on_drop: false }`
[INFO] running `Command { std: "docker" "create" "-v" "/var/lib/crater-agent-workspace/builds/worker-2-tc2/source:/opt/rustwide/workdir:ro,Z" "-v" "/var/lib/crater-agent-workspace/builds/worker-2-tc2/target:/opt/rustwide/target:rw,Z" "-v" "/var/lib/crater-agent-workspace/cargo-home:/opt/rustwide/cargo-home:ro,Z" "-v" "/var/lib/crater-agent-workspace/rustup-home:/opt/rustwide/rustup-home:ro,Z" "-m" "1610612736" "--network" "none" "ghcr.io/rust-lang/crates-build-env/linux@sha256:77db811e55d90add9212f6832c23229e3de5f1c1f9905e8cb07319ea15df73ac" "sleep" "infinity", kill_on_drop: false }`
[INFO] [stdout] a777246678422dbf061b4db3e02374434bfdd3e80468798cb311044bea947383
[INFO] running `Command { std: "docker" "start" "a777246678422dbf061b4db3e02374434bfdd3e80468798cb311044bea947383", kill_on_drop: false }`
[INFO] running `Command { std: "docker" "inspect" "a777246678422dbf061b4db3e02374434bfdd3e80468798cb311044bea947383", kill_on_drop: false }`
[INFO] running `Command { std: "docker" "exec" "-e" "SOURCE_DIR=/opt/rustwide/workdir" "-e" "CARGO_HOME=/opt/rustwide/cargo-home" "-e" "RUSTUP_HOME=/opt/rustwide/rustup-home" "-e" "CARGO_TARGET_DIR=/opt/rustwide/target" "-w" "/opt/rustwide/workdir" "--user" "0:0" "a777246678422dbf061b4db3e02374434bfdd3e80468798cb311044bea947383" "/opt/rustwide/cargo-home/bin/cargo" "+1.100.0-beta.1" "metadata" "--no-deps" "--format-version=1", kill_on_drop: false }`
[INFO] running `Command { std: "docker" "inspect" "a777246678422dbf061b4db3e02374434bfdd3e80468798cb311044bea947383", kill_on_drop: false }`
[INFO] running `Command { std: "docker" "exec" "-e" "SOURCE_DIR=/opt/rustwide/workdir" "-e" "CARGO_HOME=/opt/rustwide/cargo-home" "-e" "RUSTUP_HOME=/opt/rustwide/rustup-home" "-e" "CARGO_TARGET_DIR=/opt/rustwide/target" "-e" "CARGO_INCREMENTAL=0" "-e" "RUST_BACKTRACE=full" "-e" "RUSTFLAGS=--cap-lints=warn" "-e" "RUSTDOCFLAGS=--cap-lints=warn" "-w" "/opt/rustwide/workdir" "--user" "0:0" "a777246678422dbf061b4db3e02374434bfdd3e80468798cb311044bea947383" "/opt/rustwide/cargo-home/bin/cargo" "+1.100.0-beta.1" "build" "--frozen" "--message-format=json" "--release", kill_on_drop: false }`
[INFO] [stderr]    Compiling smallvec v1.16.2
[INFO] [stderr]    Compiling zerocopy v0.8.59
[INFO] [stderr]    Compiling regex-syntax v0.8.11
[INFO] [stderr]    Compiling syn v3.0.6
[INFO] [stderr]    Compiling syn v2.0.119
[INFO] [stderr]    Compiling serde_json v1.0.151
[INFO] [stderr]    Compiling getrandom v0.4.3
[INFO] [stderr]    Compiling nom v5.1.3
[INFO] [stderr]    Compiling simdutf8 v0.1.5
[INFO] [stderr]    Compiling winnow v1.0.4
[INFO] [stderr]    Compiling target-lexicon v0.13.5
[INFO] [stderr]    Compiling chrono v0.4.45
[INFO] [stderr]    Compiling toml_datetime v1.1.1+spec-1.1.0
[INFO] [stderr]    Compiling memmap2 v0.6.2
[INFO] [stderr]    Compiling serde_spanned v1.1.1
[INFO] [stderr]    Compiling vte v0.14.1
[INFO] [stderr]    Compiling toml_writer v1.1.2+spec-1.1.0
[INFO] [stderr]    Compiling itertools v0.15.0
[INFO] [stderr]    Compiling strip-ansi-escapes v0.2.1
[INFO] [stderr]    Compiling xattr v1.6.1
[INFO] [stderr]    Compiling tempfile v3.27.0
[INFO] [stderr]    Compiling console v0.16.6
[INFO] [stderr]    Compiling filetime v0.2.29
[INFO] [stderr]    Compiling semver v1.0.28
[INFO] [stderr]    Compiling bytesize v2.7.0
[INFO] [stderr]    Compiling toml_parser v1.1.3+spec-1.1.0
[INFO] [stderr]    Compiling wasmparser v0.259.0
[INFO] [stderr]    Compiling similar v2.7.0
[INFO] [stderr]    Compiling more-asserts v0.3.1
[INFO] [stderr]    Compiling tar v0.4.46
[INFO] [stderr]    Compiling flate2 v1.1.10
[INFO] [stderr]    Compiling toml v1.1.6+spec-1.1.0
[INFO] [stderr]    Compiling saffron v0.1.0
[INFO] [stderr]    Compiling regex-automata v0.4.18
[INFO] [stderr]    Compiling synstructure v0.14.0
[INFO] [stderr]    Compiling serde_derive_internals v0.30.0
[INFO] [stderr]    Compiling zerofrom-derive v0.1.8
[INFO] [stderr]    Compiling zerovec-derive v0.11.6
[INFO] [stderr]    Compiling displaydoc v0.2.7
[INFO] [stderr]    Compiling serde_derive v1.0.229
[INFO] [stderr]    Compiling ptr_meta_derive v0.3.2
[INFO] [stderr]    Compiling thiserror-impl v2.0.21
[INFO] [stderr]    Compiling bytecheck_derive v0.8.3
[INFO] [stderr]    Compiling ref-cast-impl v1.0.27
[INFO] [stderr]    Compiling rkyv_derive v0.8.18
[INFO] [stderr]    Compiling schemars_derive v1.2.2
[INFO] [stderr]    Compiling ptr_meta v0.3.2
[INFO] [stderr]    Compiling rancor v0.1.3
[INFO] [stderr]    Compiling ref-cast v1.0.27
[INFO] [stderr]    Compiling synstructure v0.13.2
[INFO] [stderr]    Compiling darling_core v0.20.11
[INFO] [stderr]    Compiling darling_core v0.21.3
[INFO] [stderr]    Compiling bytecheck v0.8.3
[INFO] [stderr]    Compiling rend v0.5.4
[INFO] [stderr]    Compiling globset v0.4.20
[INFO] [stderr]    Compiling regex v1.13.1
[INFO] [stderr]    Compiling ignore v0.4.33
[INFO] [stderr]    Compiling zerofrom v0.1.8
[INFO] [stderr]    Compiling thiserror v2.0.21
[INFO] [stderr]    Compiling yoke-derive v0.8.2
[INFO] [stderr]    Compiling zerocopy-derive v0.8.59
[INFO] [stderr]    Compiling munge_macro v0.4.7
[INFO] [stderr]    Compiling num_enum_derive v0.7.6
[INFO] [stderr]    Compiling munge v0.4.7
[INFO] [stderr]    Compiling darling_macro v0.20.11
[INFO] [stderr]    Compiling enum-iterator-derive v1.5.0
[INFO] [stderr]    Compiling darling v0.20.11
[INFO] [stderr]    Compiling yoke v0.8.3
[INFO] [stderr]    Compiling derive_builder_core v0.20.2
[INFO] [stderr]    Compiling zerovec v0.11.8
[INFO] [stderr]    Compiling serde v1.0.229
[INFO] [stderr]    Compiling zerotrie v0.2.5
[INFO] [stderr]    Compiling num_enum v0.7.6
[INFO] [stderr]    Compiling darling_macro v0.21.3
[INFO] [stderr]    Compiling enum-iterator v2.3.0
[INFO] [stderr]    Compiling darling v0.21.3
[INFO] [stderr]    Compiling enumset_derive v0.15.0
[INFO] [stderr]    Compiling tinystr v0.8.4
[INFO] [stderr]    Compiling potential_utf v0.1.6
[INFO] [stderr]    Compiling icu_locale_core v2.3.0
[INFO] [stderr]    Compiling icu_collections v2.3.0
[INFO] [stderr]    Compiling derive_builder_macro v0.20.2
[INFO] [stderr]    Compiling derive_builder v0.20.2
[INFO] [stderr]    Compiling bytes v1.12.1
[INFO] [stderr]    Compiling serde_yaml v0.9.34+deprecated
[INFO] [stderr]    Compiling insta v1.48.0
[INFO] [stderr]    Compiling enumset v1.1.14
[INFO] [stderr]    Compiling rkyv v0.8.18
[INFO] [stderr]    Compiling shared-buffer v0.1.4
[INFO] [stderr]    Compiling icu_provider v2.3.1
[INFO] [stderr]    Compiling icu_properties v2.3.0
[INFO] [stderr]    Compiling icu_normalizer v2.3.0
[INFO] [stderr]    Compiling idna_adapter v1.2.2
[INFO] [stderr]    Compiling idna v1.1.0
[INFO] [stderr]    Compiling url v2.5.8
[INFO] [stderr]    Compiling schemars v1.2.2
[INFO] [stderr]    Compiling half v2.7.1
[INFO] [stderr]    Compiling ciborium-ll v0.2.2
[INFO] [stderr]    Compiling wasmer-types v7.5.0
[INFO] [stderr]    Compiling ciborium v0.2.2
[INFO] [stderr]    Compiling wasmer-config v0.705.0
[INFO] [stderr]    Compiling webc v12.0.1
[INFO] [stderr]    Compiling wasmer-package v0.705.0 (/opt/rustwide/workdir)
[INFO] [stderr] warning: unused dependency `insta`
[INFO] [stderr]   --> Cargo.toml:16:15
[INFO] [stderr]    |
[INFO] [stderr] 16 | [dependencies.insta]
[INFO] [stderr]    |               ^^^^^^
[INFO] [stderr]    |
[INFO] [stderr]    = note: `cargo::unused_dependencies` is set to `warn` by default
[INFO] [stderr] help: consider removing the dependency on `insta`
[INFO] [stderr] warning: `wasmer-package` (manifest) generated 1 warning
[INFO] [stderr]     Finished `release` profile [optimized] target(s) in 2m 03s
[INFO] running `Command { std: "docker" "inspect" "a777246678422dbf061b4db3e02374434bfdd3e80468798cb311044bea947383", kill_on_drop: false }`
[INFO] running `Command { std: "docker" "exec" "-e" "SOURCE_DIR=/opt/rustwide/workdir" "-e" "CARGO_HOME=/opt/rustwide/cargo-home" "-e" "RUSTUP_HOME=/opt/rustwide/rustup-home" "-e" "CARGO_TARGET_DIR=/opt/rustwide/target" "-e" "CARGO_INCREMENTAL=0" "-e" "RUST_BACKTRACE=full" "-e" "RUSTFLAGS=--cap-lints=warn" "-e" "RUSTDOCFLAGS=--cap-lints=warn" "-w" "/opt/rustwide/workdir" "--user" "0:0" "a777246678422dbf061b4db3e02374434bfdd3e80468798cb311044bea947383" "/opt/rustwide/cargo-home/bin/cargo" "+1.100.0-beta.1" "test" "--frozen" "--no-run" "--message-format=json" "--release", kill_on_drop: false }`
[INFO] [stderr]    Compiling regex-automata v0.4.18
[INFO] [stderr]    Compiling getrandom v0.2.17
[INFO] [stderr]    Compiling httparse v1.10.1
[INFO] [stderr]    Compiling rustls v0.23.45
[INFO] [stderr]    Compiling http v1.5.0
[INFO] [stderr]    Compiling url v2.5.8
[INFO] [stderr]    Compiling base64 v0.23.1
[INFO] [stderr]    Compiling diff v0.1.13
[INFO] [stderr]    Compiling hexdump v0.1.3
[INFO] [stderr]    Compiling pretty_assertions v1.4.1
[INFO] [stderr]    Compiling ring v0.17.14
[INFO] [stderr]    Compiling schemars v1.2.2
[INFO] [stderr]    Compiling ureq-proto v0.6.4
[INFO] [stderr]    Compiling rustls-webpki v0.103.15
[INFO] [stderr]    Compiling wasmer-config v0.705.0
[INFO] [stderr]    Compiling globset v0.4.20
[INFO] [stderr]    Compiling regex v1.13.1
[INFO] [stderr]    Compiling insta v1.48.0
[INFO] [stderr]    Compiling ignore v0.4.33
[INFO] [stderr]    Compiling webc v12.0.1
[INFO] [stderr]    Compiling wasmer-package v0.705.0 (/opt/rustwide/workdir)
[INFO] [stderr]    Compiling ureq v3.4.2
[INFO] [stderr] warning: unused dependency `insta`
[INFO] [stderr]   --> Cargo.toml:16:15
[INFO] [stderr]    |
[INFO] [stderr] 16 | [dependencies.insta]
[INFO] [stderr]    |               ^^^^^^
[INFO] [stderr]    |
[INFO] [stderr]    = note: `cargo::unused_dependencies` is set to `warn` by default
[INFO] [stderr] help: consider removing the dependency on `insta`
[INFO] [stderr] help: to still use for development builds, move to `dev-dependencies`
[INFO] [stderr] warning: `wasmer-package` (manifest) generated 1 warning
[INFO] [stderr]     Finished `release` profile [optimized] target(s) in 1m 04s
[INFO] running `Command { std: "docker" "inspect" "a777246678422dbf061b4db3e02374434bfdd3e80468798cb311044bea947383", kill_on_drop: false }`
[INFO] running `Command { std: "docker" "exec" "-e" "SOURCE_DIR=/opt/rustwide/workdir" "-e" "CARGO_HOME=/opt/rustwide/cargo-home" "-e" "RUSTUP_HOME=/opt/rustwide/rustup-home" "-e" "CARGO_TARGET_DIR=/opt/rustwide/target" "-e" "CARGO_INCREMENTAL=0" "-e" "RUST_BACKTRACE=full" "-e" "RUSTFLAGS=--cap-lints=warn" "-e" "RUSTDOCFLAGS=--cap-lints=warn" "-w" "/opt/rustwide/workdir" "--user" "0:0" "a777246678422dbf061b4db3e02374434bfdd3e80468798cb311044bea947383" "/opt/rustwide/cargo-home/bin/cargo" "+1.100.0-beta.1" "test" "--frozen" "--release", kill_on_drop: false }`
[INFO] [stderr] warning: unused dependency `insta`
[INFO] [stderr]   --> Cargo.toml:16:15
[INFO] [stderr]    |
[INFO] [stderr] 16 | [dependencies.insta]
[INFO] [stderr]    |               ^^^^^^
[INFO] [stderr]    |
[INFO] [stderr]    = note: `cargo::unused_dependencies` is set to `warn` by default
[INFO] [stderr] help: consider removing the dependency on `insta`
[INFO] [stderr] help: to still use for development builds, move to `dev-dependencies`
[INFO] [stderr] warning: `wasmer-package` (manifest) generated 1 warning
[INFO] [stderr]     Finished `release` profile [optimized] target(s) in 0.52s
[INFO] [stderr]      Running unittests src/lib.rs (/opt/rustwide/target/release/build/wasmer-package/3c00443970cabf46/out/wasmer_package-3c00443970cabf46)
[INFO] [stdout] 
[INFO] [stdout] running 44 tests
[INFO] [stdout] test package::package::tests::compare_fs_mem_manifest ... ok
[INFO] [stdout] test convert::webc_to_package::tests::test_wasmer_package_webc_roundtrip ... ok
[INFO] [stdout] test package::package::tests::compare_fs_mem_bindings ... ok
[INFO] [stdout] test package::manifest::tests::missing_command_dependency ... ok
[INFO] [stdout] test package::package::tests::create_from_in_memory ... ok
[INFO] [stdout] test package::package::tests::compare_fs_mem_manifest_and_atoms ... ok
[INFO] [stdout] test package::package::tests::compare_fs_mem_volume ... ok
[INFO] [stdout] test package::package::tests::empty_package_on_disk ... ok
[INFO] [stdout] test package::package::tests::load_a_tarball ... FAILED
[INFO] [stdout] test package::package::tests::load_old_cowsay ... FAILED
[INFO] [stdout] test package::package::tests::metadata_only_contains_relevant_files ... ok
[INFO] [stdout] test package::package::tests::nonexistent_files ... ok
[INFO] [stdout] test package::package::tests::serialize_package_mapped_to_same_dir_without_local_base_fs_paths ... ok
[INFO] [stdout] test package::package::tests::serialize_package_with_metadata_files ... ok
[INFO] [stdout] test package::package::tests::serialize_package_with_bundled_directories ... ok
[INFO] [stdout] test package::package::tests::serialize_package_with_nested_fs_entries_without_local_base_fs_paths ... ok
[INFO] [stdout] test package::package::tests::serialize_package_with_non_existent_fs ... ok
[INFO] [stdout] test package::package::tests::serialize_package_with_symlinks ... ok
[INFO] [stdout] test package::package::tests::serialize_package_without_local_base_fs_paths ... ok
[INFO] [stdout] test package::package::tests::serializing_will_skip_missing_metadata_by_default ... ok
[INFO] [stdout] test package::package::tests::tarball_with_no_manifest ... ok
[INFO] [stdout] test package::tests::fs_entry_is_not_required_for_migration ... ok
[INFO] [stdout] test package::tests::container_unpacks_atoms ... ok
[INFO] [stdout] test package::tests::migration_roundtrip ... ok
[INFO] [stdout] test package::volume::fs::tests::directory_tree_propagates_errors ... ok
[INFO] [stdout] test package::manifest::tests::custom_annotations_are_copied_across_verbatim ... ok
[INFO] [stdout] test package::volume::fs::tests::metadata_volume ... ok
[INFO] [stdout] test package::manifest::tests::transform_wasmer_pack_manifest ... ok
[INFO] [stdout] test package::volume::in_memory::tests::create_webc_file_from_memory ... ok
[INFO] [stdout] test package::volume::in_memory::tests::volume_metadata ... ok
[INFO] [stdout] test package::manifest::tests::transform_bash_manifest ... ok
[INFO] [stdout] test package::manifest::tests::merge_custom_attributes_with_builtin_ones ... ok
[INFO] [stdout] test package::manifest::tests::transform_empty_manifest ... ok
[INFO] [stdout] test package::manifest::tests::transform_manifest_with_atom_and_command ... ok
[INFO] [stdout] test package::manifest::tests::transform_manifest_with_fs_table ... ok
[INFO] [stdout] test package::manifest::tests::transform_manifest_with_single_atom ... ok
[INFO] [stdout] test package::manifest::tests::issue_124_command_runner_is_swallowed ... ok
[INFO] [stdout] test package::package::tests::absolute_paths_in_wasmer_toml_issue_105 ... ok
[INFO] [stdout] test package::manifest::tests::transform_manifest_with_multiple_commands ... ok
[INFO] [stdout] test package::manifest::tests::transform_python_manifest ... ok
[INFO] [stdout] test package::package::tests::load_package_with_wai_bindings ... ok
[INFO] [stdout] test package::volume::fs::tests::asset_volume ... ok
[INFO] [stdout] test package::volume::fs::tests::fs_volume_preserves_symlinks ... ok
[INFO] [stdout] test package::package::tests::load_package_with_wit_bindings ... ok
[INFO] [stdout] 
[INFO] [stdout] failures:
[INFO] [stdout] 
[INFO] [stdout] ---- package::package::tests::load_a_tarball stdout ----
[INFO] [stdout] 
[INFO] [stdout] thread 'package::package::tests::load_a_tarball' (2862) panicked at src/package/package.rs:897:9:
[INFO] [stdout] assertion failed: coreutils.exists()
[INFO] [stdout] stack backtrace:
[INFO] [stdout]    0:     0x648a25874cd1 - <<std[617be2ca0a6fd877]::sys::backtrace::BacktraceLock>::print::DisplayBacktrace as core[a373ad73a504971]::fmt::Display>::fmt
[INFO] [stdout]    1:     0x648a2588dd4a - core[a373ad73a504971]::fmt::write
[INFO] [stdout]    2:     0x648a25879bcc - <alloc[2e1b2a31b91974c5]::vec::Vec<u8> as core[a373ad73a504971]::io::write::Write>::write_fmt
[INFO] [stdout]    3:     0x648a2584ca36 - std[617be2ca0a6fd877]::panicking::default_hook::{closure#0}
[INFO] [stdout]    4:     0x648a2586b739 - std[617be2ca0a6fd877]::panicking::default_hook
[INFO] [stdout]    5:     0x648a25562370 - test[aada8e7e76ba119b]::test_main_inner::{closure#0}
[INFO] [stdout]    6:     0x648a2586b8f2 - std[617be2ca0a6fd877]::panicking::panic_with_hook
[INFO] [stdout]    7:     0x648a2584cb14 - std[617be2ca0a6fd877]::panicking::panic_handler::{closure#0}
[INFO] [stdout]    8:     0x648a25844cb9 - std[617be2ca0a6fd877]::sys::backtrace::__rust_end_short_backtrace::<std[617be2ca0a6fd877]::panicking::panic_handler::{closure#0}, !>
[INFO] [stdout]    9:     0x648a2584db3d - __rustc[ea4f61d10b84890b]::rust_begin_unwind
[INFO] [stdout]   10:     0x648a2588e56c - core[a373ad73a504971]::panicking::panic_fmt
[INFO] [stdout]   11:     0x648a2588e532 - core[a373ad73a504971]::panicking::panic
[INFO] [stdout]   12:     0x648a25481290 - <wasmer_package[d93e406a50e4a9be]::package::package::tests::load_a_tarball::{closure#0} as core[a373ad73a504971]::ops::function::FnOnce<()>>::call_once
[INFO] [stdout]   13:     0x648a255557bb - test[aada8e7e76ba119b]::__rust_begin_short_backtrace::<core[a373ad73a504971]::result::Result<(), alloc[2e1b2a31b91974c5]::string::String>, fn() -> core[a373ad73a504971]::result::Result<(), alloc[2e1b2a31b91974c5]::string::String>>
[INFO] [stdout]   14:     0x648a25562995 - test[aada8e7e76ba119b]::run_test::{closure#0}
[INFO] [stdout]   15:     0x648a2555c284 - std[617be2ca0a6fd877]::sys::backtrace::__rust_begin_short_backtrace::<test[aada8e7e76ba119b]::run_test::{closure#1}, ()>
[INFO] [stdout]   16:     0x648a25565a22 - <std[617be2ca0a6fd877]::thread::lifecycle::spawn_unchecked<test[aada8e7e76ba119b]::run_test::{closure#1}, ()>::{closure#1} as core[a373ad73a504971]::ops::function::FnOnce<()>>::call_once::{shim:vtable#0}
[INFO] [stdout]   17:     0x648a25873caf - <std[617be2ca0a6fd877]::sys::thread::unix::Thread>::new::thread_start
[INFO] [stdout]   18:     0x72c8be895dfa - <unknown>
[INFO] [stdout]   19:     0x72c8be9293d4 - clone
[INFO] [stdout]   20:                0x0 - <unknown>
[INFO] [stdout] 
[INFO] [stdout] ---- package::package::tests::load_old_cowsay stdout ----
[INFO] [stdout] 
[INFO] [stdout] thread 'package::package::tests::load_old_cowsay' (2863) panicked at src/package/package.rs:951:55:
[INFO] [stdout] called `Result::unwrap()` on an `Err` value: FileOpen { path: "/opt/rustwide/workdir/../../wasmer-test-files/legacy/cowsay-0.3.0.tar.gz", error: Os { code: 2, kind: NotFound, message: "No such file or directory" } }
[INFO] [stdout] stack backtrace:
[INFO] [stdout]    0:     0x648a25874cd1 - <<std[617be2ca0a6fd877]::sys::backtrace::BacktraceLock>::print::DisplayBacktrace as core[a373ad73a504971]::fmt::Display>::fmt
[INFO] [stdout]    1:     0x648a2588dd4a - core[a373ad73a504971]::fmt::write
[INFO] [stdout]    2:     0x648a25879bcc - <alloc[2e1b2a31b91974c5]::vec::Vec<u8> as core[a373ad73a504971]::io::write::Write>::write_fmt
[INFO] [stdout]    3:     0x648a2584ca36 - std[617be2ca0a6fd877]::panicking::default_hook::{closure#0}
[INFO] [stdout]    4:     0x648a2586b739 - std[617be2ca0a6fd877]::panicking::default_hook
[INFO] [stdout]    5:     0x648a25562370 - test[aada8e7e76ba119b]::test_main_inner::{closure#0}
[INFO] [stdout]    6:     0x648a2586b8f2 - std[617be2ca0a6fd877]::panicking::panic_with_hook
[INFO] [stdout]    7:     0x648a2584cae2 - std[617be2ca0a6fd877]::panicking::panic_handler::{closure#0}
[INFO] [stdout]    8:     0x648a25844cb9 - std[617be2ca0a6fd877]::sys::backtrace::__rust_end_short_backtrace::<std[617be2ca0a6fd877]::panicking::panic_handler::{closure#0}, !>
[INFO] [stdout]    9:     0x648a2584db3d - __rustc[ea4f61d10b84890b]::rust_begin_unwind
[INFO] [stdout]   10:     0x648a2588e56c - core[a373ad73a504971]::panicking::panic_fmt
[INFO] [stdout]   11:     0x648a2588e342 - core[a373ad73a504971]::result::unwrap_failed
[INFO] [stdout]   12:     0x648a2548189d - <wasmer_package[d93e406a50e4a9be]::package::package::tests::load_old_cowsay::{closure#0} as core[a373ad73a504971]::ops::function::FnOnce<()>>::call_once
[INFO] [stdout]   13:     0x648a255557bb - test[aada8e7e76ba119b]::__rust_begin_short_backtrace::<core[a373ad73a504971]::result::Result<(), alloc[2e1b2a31b91974c5]::string::String>, fn() -> core[a373ad73a504971]::result::Result<(), alloc[2e1b2a31b91974c5]::string::String>>
[INFO] [stdout]   14:     0x648a25562995 - test[aada8e7e76ba119b]::run_test::{closure#0}
[INFO] [stdout]   15:     0x648a2555c284 - std[617be2ca0a6fd877]::sys::backtrace::__rust_begin_short_backtrace::<test[aada8e7e76ba119b]::run_test::{closure#1}, ()>
[INFO] [stdout]   16:     0x648a25565a22 - <std[617be2ca0a6fd877]::thread::lifecycle::spawn_unchecked<test[aada8e7e76ba119b]::run_test::{closure#1}, ()>::{closure#1} as core[a373ad73a504971]::ops::function::FnOnce<()>>::call_once::{shim:vtable#0}
[INFO] [stdout]   17:     0x648a25873caf - <std[617be2ca0a6fd877]::sys::thread::unix::Thread>::new::thread_start
[INFO] [stdout]   18:     0x72c8be895dfa - <unknown>
[INFO] [stdout]   19:     0x72c8be9293d4 - clone
[INFO] [stdout]   20:                0x0 - <unknown>
[INFO] [stdout] 
[INFO] [stdout] 
[INFO] [stdout] failures:
[INFO] [stdout]     package::package::tests::load_a_tarball
[INFO] [stdout]     package::package::tests::load_old_cowsay
[INFO] [stdout] 
[INFO] [stdout] test result: FAILED. 42 passed; 2 failed; 0 ignored; 0 measured; 0 filtered out; finished in 0.14s
[INFO] [stdout] 
[INFO] [stderr] error: test failed, to rerun pass `--lib`
[INFO] running `Command { std: "docker" "inspect" "a777246678422dbf061b4db3e02374434bfdd3e80468798cb311044bea947383", kill_on_drop: false }`
[INFO] running `Command { std: "docker" "rm" "-f" "a777246678422dbf061b4db3e02374434bfdd3e80468798cb311044bea947383", kill_on_drop: false }`
[INFO] [stdout] a777246678422dbf061b4db3e02374434bfdd3e80468798cb311044bea947383
