[INFO] fetching crate wasmer-config 0.705.0...
[INFO] testing wasmer-config-0.705.0 against 1.99.0-beta.8+cargoflags=--release for beta-release-1.100-2
[INFO] extracting crate wasmer-config 0.705.0 into /workspace/builds/worker-1-tc1/source
[INFO] started tweaking crates.io crate wasmer-config 0.705.0
[INFO] finished tweaking crates.io crate wasmer-config 0.705.0
[INFO] tweaked toml for crates.io crate wasmer-config 0.705.0 written to /workspace/builds/worker-1-tc1/source/Cargo.toml
[INFO] validating manifest of crates.io crate wasmer-config 0.705.0 on toolchain 1.99.0-beta.8
[INFO] running `Command { std: CARGO_HOME="/workspace/cargo-home" RUSTUP_HOME="/workspace/rustup-home" "/workspace/cargo-home/bin/cargo" "+1.99.0-beta.8" "metadata" "--manifest-path" "Cargo.toml" "--no-deps", kill_on_drop: false }`
[INFO] crate crates.io crate wasmer-config 0.705.0 already has a lockfile, it will not be regenerated
[INFO] running `Command { std: CARGO_HOME="/workspace/cargo-home" RUSTUP_HOME="/workspace/rustup-home" "/workspace/cargo-home/bin/cargo" "+1.99.0-beta.8" "fetch" "--manifest-path" "Cargo.toml", kill_on_drop: false }`
[INFO] [stderr]     Updating crates.io index
[INFO] [stderr]  Downloading crates ...
[INFO] [stderr]   Downloaded toml_writer v1.1.2+spec-1.1.0
[INFO] [stderr]   Downloaded bytesize v2.7.0
[INFO] [stderr]   Downloaded toml v1.1.6+spec-1.1.0
[INFO] [stderr]   Downloaded nom v5.1.3
[INFO] [stderr]   Downloaded saffron v0.1.0
[INFO] running `Command { std: "docker" "create" "-v" "/var/lib/crater-agent-workspace/builds/worker-1-tc1/source:/opt/rustwide/workdir:ro,Z" "-v" "/var/lib/crater-agent-workspace/builds/worker-1-tc1/target:/opt/rustwide/target:rw,Z" "-v" "/var/lib/crater-agent-workspace/cargo-home:/opt/rustwide/cargo-home:ro,Z" "-v" "/var/lib/crater-agent-workspace/rustup-home:/opt/rustwide/rustup-home:ro,Z" "-m" "1610612736" "--network" "none" "ghcr.io/rust-lang/crates-build-env/linux@sha256:77db811e55d90add9212f6832c23229e3de5f1c1f9905e8cb07319ea15df73ac" "sleep" "infinity", kill_on_drop: false }`
[INFO] [stdout] 73a2d768923c1f32cc0453ea115f936e25c6977fdd4bdf80a5522446b289eaf2
[INFO] running `Command { std: "docker" "start" "73a2d768923c1f32cc0453ea115f936e25c6977fdd4bdf80a5522446b289eaf2", kill_on_drop: false }`
[INFO] running `Command { std: "docker" "inspect" "73a2d768923c1f32cc0453ea115f936e25c6977fdd4bdf80a5522446b289eaf2", kill_on_drop: false }`
[INFO] running `Command { std: "docker" "exec" "-e" "SOURCE_DIR=/opt/rustwide/workdir" "-e" "CARGO_HOME=/opt/rustwide/cargo-home" "-e" "RUSTUP_HOME=/opt/rustwide/rustup-home" "-e" "CARGO_TARGET_DIR=/opt/rustwide/target" "-w" "/opt/rustwide/workdir" "--user" "0:0" "73a2d768923c1f32cc0453ea115f936e25c6977fdd4bdf80a5522446b289eaf2" "/opt/rustwide/cargo-home/bin/cargo" "+1.99.0-beta.8" "metadata" "--no-deps" "--format-version=1", kill_on_drop: false }`
[INFO] running `Command { std: "docker" "inspect" "73a2d768923c1f32cc0453ea115f936e25c6977fdd4bdf80a5522446b289eaf2", kill_on_drop: false }`
[INFO] running `Command { std: "docker" "exec" "-e" "SOURCE_DIR=/opt/rustwide/workdir" "-e" "CARGO_HOME=/opt/rustwide/cargo-home" "-e" "RUSTUP_HOME=/opt/rustwide/rustup-home" "-e" "CARGO_TARGET_DIR=/opt/rustwide/target" "-e" "CARGO_INCREMENTAL=0" "-e" "RUST_BACKTRACE=full" "-e" "RUSTFLAGS=--cap-lints=warn" "-e" "RUSTDOCFLAGS=--cap-lints=warn" "-w" "/opt/rustwide/workdir" "--user" "0:0" "73a2d768923c1f32cc0453ea115f936e25c6977fdd4bdf80a5522446b289eaf2" "/opt/rustwide/cargo-home/bin/cargo" "+1.99.0-beta.8" "build" "--frozen" "--message-format=json" "--release", kill_on_drop: false }`
[INFO] [stderr]    Compiling unicode-ident v1.0.26
[INFO] [stderr]    Compiling serde_core v1.0.229
[INFO] [stderr]    Compiling smallvec v1.16.2
[INFO] [stderr]    Compiling zerocopy v0.8.59
[INFO] [stderr]    Compiling serde_json v1.0.151
[INFO] [stderr]    Compiling ref-cast v1.0.27
[INFO] [stderr]    Compiling nom v5.1.3
[INFO] [stderr]    Compiling thiserror v2.0.21
[INFO] [stderr]    Compiling winnow v1.0.4
[INFO] [stderr]    Compiling toml_writer v1.1.2+spec-1.1.0
[INFO] [stderr]    Compiling dyn-clone v1.0.20
[INFO] [stderr]    Compiling chrono v0.4.45
[INFO] [stderr]    Compiling proc-macro2 v1.0.107
[INFO] [stderr]    Compiling toml_parser v1.1.3+spec-1.1.0
[INFO] [stderr]    Compiling quote v1.0.47
[INFO] [stderr]    Compiling syn v3.0.6
[INFO] [stderr]    Compiling syn v2.0.119
[INFO] [stderr]    Compiling saffron v0.1.0
[INFO] [stderr]    Compiling indexmap v2.14.2
[INFO] [stderr]    Compiling serde_spanned v1.1.1
[INFO] [stderr]    Compiling toml_datetime v1.1.1+spec-1.1.0
[INFO] [stderr]    Compiling bytesize v2.7.0
[INFO] [stderr]    Compiling semver v1.0.28
[INFO] [stderr]    Compiling synstructure v0.14.0
[INFO] [stderr]    Compiling serde_derive_internals v0.30.0
[INFO] [stderr]    Compiling toml v1.1.6+spec-1.1.0
[INFO] [stderr]    Compiling zerovec-derive v0.11.6
[INFO] [stderr]    Compiling displaydoc v0.2.7
[INFO] [stderr]    Compiling serde_derive v1.0.229
[INFO] [stderr]    Compiling ref-cast-impl v1.0.27
[INFO] [stderr]    Compiling thiserror-impl v2.0.21
[INFO] [stderr]    Compiling zerofrom-derive v0.1.8
[INFO] [stderr]    Compiling schemars_derive v1.2.2
[INFO] [stderr]    Compiling zerofrom v0.1.8
[INFO] [stderr]    Compiling synstructure v0.13.2
[INFO] [stderr]    Compiling darling_core v0.20.11
[INFO] [stderr]    Compiling yoke-derive v0.8.2
[INFO] [stderr]    Compiling zerocopy-derive v0.8.59
[INFO] [stderr]    Compiling serde v1.0.229
[INFO] [stderr]    Compiling yoke v0.8.3
[INFO] [stderr]    Compiling zerovec v0.11.8
[INFO] [stderr]    Compiling zerotrie v0.2.5
[INFO] [stderr]    Compiling serde_yaml v0.9.34+deprecated
[INFO] [stderr]    Compiling darling_macro v0.20.11
[INFO] [stderr]    Compiling tinystr v0.8.4
[INFO] [stderr]    Compiling potential_utf v0.1.6
[INFO] [stderr]    Compiling darling v0.20.11
[INFO] [stderr]    Compiling derive_builder_core v0.20.2
[INFO] [stderr]    Compiling icu_collections v2.3.0
[INFO] [stderr]    Compiling icu_locale_core v2.3.0
[INFO] [stderr]    Compiling derive_builder_macro v0.20.2
[INFO] [stderr]    Compiling derive_builder v0.20.2
[INFO] [stderr]    Compiling icu_provider v2.3.1
[INFO] [stderr]    Compiling icu_normalizer v2.3.0
[INFO] [stderr]    Compiling icu_properties v2.3.0
[INFO] [stderr]    Compiling idna_adapter v1.2.2
[INFO] [stderr]    Compiling idna v1.1.0
[INFO] [stderr]    Compiling url v2.5.8
[INFO] [stderr]    Compiling schemars v1.2.2
[INFO] [stderr]    Compiling half v2.7.1
[INFO] [stderr]    Compiling ciborium-ll v0.2.2
[INFO] [stderr]    Compiling ciborium v0.2.2
[INFO] [stderr]    Compiling wasmer-config v0.705.0 (/opt/rustwide/workdir)
[INFO] [stderr]     Finished `release` profile [optimized] target(s) in 53.36s
[INFO] running `Command { std: "docker" "inspect" "73a2d768923c1f32cc0453ea115f936e25c6977fdd4bdf80a5522446b289eaf2", kill_on_drop: false }`
[INFO] running `Command { std: "docker" "exec" "-e" "SOURCE_DIR=/opt/rustwide/workdir" "-e" "CARGO_HOME=/opt/rustwide/cargo-home" "-e" "RUSTUP_HOME=/opt/rustwide/rustup-home" "-e" "CARGO_TARGET_DIR=/opt/rustwide/target" "-e" "CARGO_INCREMENTAL=0" "-e" "RUST_BACKTRACE=full" "-e" "RUSTFLAGS=--cap-lints=warn" "-e" "RUSTDOCFLAGS=--cap-lints=warn" "-w" "/opt/rustwide/workdir" "--user" "0:0" "73a2d768923c1f32cc0453ea115f936e25c6977fdd4bdf80a5522446b289eaf2" "/opt/rustwide/cargo-home/bin/cargo" "+1.99.0-beta.8" "test" "--frozen" "--no-run" "--message-format=json" "--release", kill_on_drop: false }`
[INFO] [stderr]    Compiling libc v0.2.189
[INFO] [stderr]    Compiling rustix v1.1.5
[INFO] [stderr]    Compiling yansi v1.0.1
[INFO] [stderr]    Compiling diff v0.1.13
[INFO] [stderr]    Compiling pretty_assertions v1.4.1
[INFO] [stderr]    Compiling getrandom v0.4.3
[INFO] [stderr]    Compiling tempfile v3.27.0
[INFO] [stderr]    Compiling wasmer-config v0.705.0 (/opt/rustwide/workdir)
[INFO] [stderr]     Finished `release` profile [optimized] target(s) in 24.07s
[INFO] running `Command { std: "docker" "inspect" "73a2d768923c1f32cc0453ea115f936e25c6977fdd4bdf80a5522446b289eaf2", kill_on_drop: false }`
[INFO] running `Command { std: "docker" "exec" "-e" "SOURCE_DIR=/opt/rustwide/workdir" "-e" "CARGO_HOME=/opt/rustwide/cargo-home" "-e" "RUSTUP_HOME=/opt/rustwide/rustup-home" "-e" "CARGO_TARGET_DIR=/opt/rustwide/target" "-e" "CARGO_INCREMENTAL=0" "-e" "RUST_BACKTRACE=full" "-e" "RUSTFLAGS=--cap-lints=warn" "-e" "RUSTDOCFLAGS=--cap-lints=warn" "-w" "/opt/rustwide/workdir" "--user" "0:0" "73a2d768923c1f32cc0453ea115f936e25c6977fdd4bdf80a5522446b289eaf2" "/opt/rustwide/cargo-home/bin/cargo" "+1.99.0-beta.8" "test" "--frozen" "--release", kill_on_drop: false }`
[INFO] [stderr]     Finished `release` profile [optimized] target(s) in 0.12s
[INFO] [stderr]      Running unittests src/lib.rs (/opt/rustwide/target/release/deps/wasmer_config-f541be1dda2abe43)
[INFO] [stdout] 
[INFO] [stdout] running 48 tests
[INFO] [stdout] test app::pretty_duration::tests::compound_and_long_form_units_are_accepted ... ok
[INFO] [stdout] test app::pretty_duration::tests::equal_durations_compare_equal_regardless_of_spelling ... ok
[INFO] [stdout] test app::pretty_duration::tests::sub_second_precision_is_truncated ... ok
[INFO] [stdout] test app::pretty_duration::tests::unit_constructors_saturate_instead_of_overflowing ... ok
[INFO] [stdout] test app::tests::test_app_config_v1_deser ... ok
[INFO] [stdout] test app::tests::test_app_config_v1_volumes ... ok
[INFO] [stdout] test app::job::tests::job_trigger_serialization_roundtrip ... ok
[INFO] [stdout] test app::pretty_duration::tests::cant_parse_negative_duration - should panic ... ok
[INFO] [stdout] test app::pretty_duration::tests::formatted_durations_reparse_to_the_same_value ... ok
[INFO] [stdout] test package::named_package_ident::tests::test_serde_serialize_package_ident_with_repo ... ok
[INFO] [stdout] test package::named_package_ident::tests::test_serde_serialize_webc_str_ident_without_repo ... ok
[INFO] [stdout] test package::package_hash::tests::package_hash_serde_roundtrip ... ok
[INFO] [stdout] test package::package_hash::tests::parse_package_hash_roundtrip ... ok
[INFO] [stdout] test app::pretty_duration::tests::parsing_preserves_the_original_spelling ... ok
[INFO] [stdout] test package::package_source::tests::test_parse_package_specifier ... ok
[INFO] [stdout] test app::job::tests::job_action_serialization_roundtrip ... ok
[INFO] [stdout] test package::tests::bindings_table_that_is_neither_wit_nor_wai ... ok
[INFO] [stdout] test hash::tests::hash_sha256_parse_fails ... ok
[INFO] [stdout] test hash::tests::hash_sha256_parse_roundtrip ... ok
[INFO] [stdout] test package::named_package_ident::tests::test_parse_webc_ident ... ok
[INFO] [stdout] test package::named_package_ident::tests::test_named_package_ident_matches_id ... ok
[INFO] [stdout] test package::package_source::tests::parse_package_sources ... ok
[INFO] [stdout] test app::pretty_duration::tests::invalid_durations_are_rejected ... ok
[INFO] [stdout] test package::tests::command_with_module_from_nonexistent_dependency ... ok
[INFO] [stdout] test package::tests::duplicate_commands_are_invalid ... ok
[INFO] [stdout] test package::tests::command_v2_isnt_ambiguous_with_command_v1 ... ok
[INFO] [stdout] test package::tests::command_with_nonexistent_module ... ok
[INFO] [stdout] test package::tests::duplicate_modules_are_invalid ... ok
[INFO] [stdout] test package::tests::get_manifest ... ok
[INFO] [stdout] test package::tests::interface_test ... ok
[INFO] [stdout] test package::tests::deserialize_command_referring_to_module_from_dependency ... ok
[INFO] [stdout] test package::tests::nonexistent_entrypoint ... ok
[INFO] [stdout] test package::tests::get_commands ... ok
[INFO] [stdout] test package::tests::add_new_dependency ... ok
[INFO] [stdout] test package::tests::imports_and_exports_are_optional_with_wai ... ok
[INFO] [stdout] test app::job::tests::job_action_rejects_anything_but_exactly_one_action ... ok
[INFO] [stdout] test app::job::tests::job_serialization_roundtrip ... ok
[INFO] [stdout] test package::package_ident::tests::test_package_ident_matches_id ... ok
[INFO] [stdout] test app::pretty_duration::tests::pretty_duration_serialize ... ok
[INFO] [stdout] test package::tests::parse_manifest_without_package_section ... ok
[INFO] [stdout] test package::tests::parse_wai_bindings ... ok
[INFO] [stdout] test package::tests::parse_wit_bindings ... ok
[INFO] [stdout] test app::pretty_duration::tests::pretty_duration_deserialize ... ok
[INFO] [stdout] test package::tests::round_trip_dependency_module_ref ... ok
[INFO] [stdout] test package::tests::test_to_string ... ok
[INFO] [stderr]      Running unittests src/bin/generate-core-schemas.rs (/opt/rustwide/target/release/deps/generate_core_schemas-bd6e893e91ade906)
[INFO] [stdout] test package::tests::use_builder_api_to_create_simplest_manifest ... ok
[INFO] [stdout] test package::tests::ambiguous_bindings_table ... ok
[INFO] [stdout] test package::named_package_ident::tests::test_reject_build_metadata_in_version_req ... ok
[INFO] [stdout] 
[INFO] [stdout] test result: ok. 48 passed; 0 failed; 0 ignored; 0 measured; 0 filtered out; finished in 0.01s
[INFO] [stdout] 
[INFO] [stdout] 
[INFO] [stdout] running 1 test
[INFO] [stdout] test codegen::test_generated_schemas_up_to_date ... FAILED
[INFO] [stderr] error: test failed, to rerun pass `--bin generate-core-schemas`
[INFO] [stdout] 
[INFO] [stdout] failures:
[INFO] [stdout] 
[INFO] [stdout] ---- codegen::test_generated_schemas_up_to_date stdout ----
[INFO] [stdout] 
[INFO] [stdout] thread 'codegen::test_generated_schemas_up_to_date' (1684) panicked at src/bin/generate-core-schemas.rs:68:9:
[INFO] [stdout] Expected the /opt/docs/schema/generated directory to exist
[INFO] [stdout] stack backtrace:
[INFO] [stdout]    0:     0x62d1bc07b5b1 - <<std[70759c8f55707aa4]::sys::backtrace::BacktraceLock>::print::DisplayBacktrace as core[df12db4294e9bfd3]::fmt::Display>::fmt
[INFO] [stdout]    1:     0x62d1bc08faea - core[df12db4294e9bfd3]::fmt::write
[INFO] [stdout]    2:     0x62d1bc07fd3c - <alloc[2182bb758b4b3781]::vec::Vec<u8> as core[df12db4294e9bfd3]::io::write::Write>::write_fmt
[INFO] [stdout]    3:     0x62d1bc057246 - std[70759c8f55707aa4]::panicking::default_hook::{closure#0}
[INFO] [stdout]    4:     0x62d1bc073799 - std[70759c8f55707aa4]::panicking::default_hook
[INFO] [stdout]    5:     0x62d1bc00ed60 - test[9d35eded1c95d3be]::test_main_inner::<test[9d35eded1c95d3be]::test_main_static::{closure#0}>::{closure#0}
[INFO] [stdout]    6:     0x62d1bc073952 - std[70759c8f55707aa4]::panicking::panic_with_hook
[INFO] [stdout]    7:     0x62d1bc0572f2 - std[70759c8f55707aa4]::panicking::panic_handler::{closure#0}
[INFO] [stdout]    8:     0x62d1bc04fe49 - std[70759c8f55707aa4]::sys::backtrace::__rust_end_short_backtrace::<std[70759c8f55707aa4]::panicking::panic_handler::{closure#0}, !>
[INFO] [stdout]    9:     0x62d1bc057eed - __rustc[8fa7c3cbc660c2b3]::rust_begin_unwind
[INFO] [stdout]   10:     0x62d1bc09021c - core[df12db4294e9bfd3]::panicking::panic_fmt
[INFO] [stdout]   11:     0x62d1bbfbba72 - generate_core_schemas[52bf9696e98acb64]::codegen::test_generated_schemas_up_to_date
[INFO] [stdout]   12:     0x62d1bbfbcd69 - <generate_core_schemas[52bf9696e98acb64]::codegen::test_generated_schemas_up_to_date::{closure#0} as core[df12db4294e9bfd3]::ops::function::FnOnce<()>>::call_once
[INFO] [stdout]   13:     0x62d1bc00204b - test[9d35eded1c95d3be]::__rust_begin_short_backtrace::<core[df12db4294e9bfd3]::result::Result<(), alloc[2182bb758b4b3781]::string::String>, fn() -> core[df12db4294e9bfd3]::result::Result<(), alloc[2182bb758b4b3781]::string::String>>
[INFO] [stdout]   14:     0x62d1bc00f6b5 - test[9d35eded1c95d3be]::run_test::{closure#0}
[INFO] [stdout]   15:     0x62d1bc008f74 - std[70759c8f55707aa4]::sys::backtrace::__rust_begin_short_backtrace::<test[9d35eded1c95d3be]::run_test::{closure#1}, ()>
[INFO] [stdout]   16:     0x62d1bc012812 - <std[70759c8f55707aa4]::thread::lifecycle::spawn_unchecked<test[9d35eded1c95d3be]::run_test::{closure#1}, ()>::{closure#1} as core[df12db4294e9bfd3]::ops::function::FnOnce<()>>::call_once::{shim:vtable#0}
[INFO] [stdout]   17:     0x62d1bc07ab19 - <std[70759c8f55707aa4]::sys::thread::unix::Thread>::new::thread_start
[INFO] [stdout]   18:     0x7dd84b34ddfa - <unknown>
[INFO] [stdout]   19:     0x7dd84b3e13d4 - clone
[INFO] [stdout]   20:                0x0 - <unknown>
[INFO] [stdout] 
[INFO] [stdout] 
[INFO] [stdout] failures:
[INFO] [stdout]     codegen::test_generated_schemas_up_to_date
[INFO] [stdout] 
[INFO] [stdout] test result: FAILED. 0 passed; 1 failed; 0 ignored; 0 measured; 0 filtered out; finished in 0.00s
[INFO] [stdout] 
[INFO] running `Command { std: "docker" "inspect" "73a2d768923c1f32cc0453ea115f936e25c6977fdd4bdf80a5522446b289eaf2", kill_on_drop: false }`
[INFO] running `Command { std: "docker" "rm" "-f" "73a2d768923c1f32cc0453ea115f936e25c6977fdd4bdf80a5522446b289eaf2", kill_on_drop: false }`
[INFO] [stdout] 73a2d768923c1f32cc0453ea115f936e25c6977fdd4bdf80a5522446b289eaf2
