[INFO] fetching crate wasmer-capi-examples-runner 7.5.0...
[INFO] testing wasmer-capi-examples-runner-7.5.0 against 1.99.0-beta.8+cargoflags=--release for beta-release-1.100-2
[INFO] extracting crate wasmer-capi-examples-runner 7.5.0 into /workspace/builds/worker-5-tc1/source
[INFO] started tweaking crates.io crate wasmer-capi-examples-runner 7.5.0
[INFO] finished tweaking crates.io crate wasmer-capi-examples-runner 7.5.0
[INFO] tweaked toml for crates.io crate wasmer-capi-examples-runner 7.5.0 written to /workspace/builds/worker-5-tc1/source/Cargo.toml
[INFO] validating manifest of crates.io crate wasmer-capi-examples-runner 7.5.0 on toolchain 1.99.0-beta.8
[INFO] running `Command { std: CARGO_HOME="/workspace/cargo-home" RUSTUP_HOME="/workspace/rustup-home" "/workspace/cargo-home/bin/cargo" "+1.99.0-beta.8" "metadata" "--manifest-path" "Cargo.toml" "--no-deps", kill_on_drop: false }`
[INFO] crate crates.io crate wasmer-capi-examples-runner 7.5.0 already has a lockfile, it will not be regenerated
[INFO] running `Command { std: CARGO_HOME="/workspace/cargo-home" RUSTUP_HOME="/workspace/rustup-home" "/workspace/cargo-home/bin/cargo" "+1.99.0-beta.8" "fetch" "--manifest-path" "Cargo.toml", kill_on_drop: false }`
[INFO] running `Command { std: "docker" "create" "-v" "/var/lib/crater-agent-workspace/builds/worker-5-tc1/source:/opt/rustwide/workdir:ro,Z" "-v" "/var/lib/crater-agent-workspace/builds/worker-5-tc1/target:/opt/rustwide/target:rw,Z" "-v" "/var/lib/crater-agent-workspace/cargo-home:/opt/rustwide/cargo-home:ro,Z" "-v" "/var/lib/crater-agent-workspace/rustup-home:/opt/rustwide/rustup-home:ro,Z" "-m" "1610612736" "--network" "none" "ghcr.io/rust-lang/crates-build-env/linux@sha256:77db811e55d90add9212f6832c23229e3de5f1c1f9905e8cb07319ea15df73ac" "sleep" "infinity", kill_on_drop: false }`
[INFO] [stdout] 98c620b1971e7c987a0e48839870e72e6244d27d17724bcc8d9d26a31838fabf
[INFO] running `Command { std: "docker" "start" "98c620b1971e7c987a0e48839870e72e6244d27d17724bcc8d9d26a31838fabf", kill_on_drop: false }`
[INFO] running `Command { std: "docker" "inspect" "98c620b1971e7c987a0e48839870e72e6244d27d17724bcc8d9d26a31838fabf", kill_on_drop: false }`
[INFO] running `Command { std: "docker" "exec" "-e" "SOURCE_DIR=/opt/rustwide/workdir" "-e" "CARGO_HOME=/opt/rustwide/cargo-home" "-e" "RUSTUP_HOME=/opt/rustwide/rustup-home" "-e" "CARGO_TARGET_DIR=/opt/rustwide/target" "-w" "/opt/rustwide/workdir" "--user" "0:0" "98c620b1971e7c987a0e48839870e72e6244d27d17724bcc8d9d26a31838fabf" "/opt/rustwide/cargo-home/bin/cargo" "+1.99.0-beta.8" "metadata" "--no-deps" "--format-version=1", kill_on_drop: false }`
[INFO] running `Command { std: "docker" "inspect" "98c620b1971e7c987a0e48839870e72e6244d27d17724bcc8d9d26a31838fabf", kill_on_drop: false }`
[INFO] running `Command { std: "docker" "exec" "-e" "SOURCE_DIR=/opt/rustwide/workdir" "-e" "CARGO_HOME=/opt/rustwide/cargo-home" "-e" "RUSTUP_HOME=/opt/rustwide/rustup-home" "-e" "CARGO_TARGET_DIR=/opt/rustwide/target" "-e" "CARGO_INCREMENTAL=0" "-e" "RUST_BACKTRACE=full" "-e" "RUSTFLAGS=--cap-lints=warn" "-e" "RUSTDOCFLAGS=--cap-lints=warn" "-w" "/opt/rustwide/workdir" "--user" "0:0" "98c620b1971e7c987a0e48839870e72e6244d27d17724bcc8d9d26a31838fabf" "/opt/rustwide/cargo-home/bin/cargo" "+1.99.0-beta.8" "build" "--frozen" "--message-format=json" "--release", kill_on_drop: false }`
[INFO] [stderr]    Compiling target-lexicon v0.13.5
[INFO] [stderr]    Compiling regex-automata v0.4.18
[INFO] [stderr]    Compiling shlex v2.0.1
[INFO] [stderr]    Compiling find-msvc-tools v0.1.14
[INFO] [stderr]    Compiling cc v1.5.1
[INFO] [stderr]    Compiling regex v1.13.1
[INFO] [stderr]    Compiling wasmer-capi-examples-runner v7.5.0 (/opt/rustwide/workdir)
[INFO] [stderr]     Finished `release` profile [optimized] target(s) in 23.77s
[INFO] running `Command { std: "docker" "inspect" "98c620b1971e7c987a0e48839870e72e6244d27d17724bcc8d9d26a31838fabf", kill_on_drop: false }`
[INFO] running `Command { std: "docker" "exec" "-e" "SOURCE_DIR=/opt/rustwide/workdir" "-e" "CARGO_HOME=/opt/rustwide/cargo-home" "-e" "RUSTUP_HOME=/opt/rustwide/rustup-home" "-e" "CARGO_TARGET_DIR=/opt/rustwide/target" "-e" "CARGO_INCREMENTAL=0" "-e" "RUST_BACKTRACE=full" "-e" "RUSTFLAGS=--cap-lints=warn" "-e" "RUSTDOCFLAGS=--cap-lints=warn" "-w" "/opt/rustwide/workdir" "--user" "0:0" "98c620b1971e7c987a0e48839870e72e6244d27d17724bcc8d9d26a31838fabf" "/opt/rustwide/cargo-home/bin/cargo" "+1.99.0-beta.8" "test" "--frozen" "--no-run" "--message-format=json" "--release", kill_on_drop: false }`
[INFO] [stderr]    Compiling wasmer-capi-examples-runner v7.5.0 (/opt/rustwide/workdir)
[INFO] [stderr]     Finished `release` profile [optimized] target(s) in 2.03s
[INFO] running `Command { std: "docker" "inspect" "98c620b1971e7c987a0e48839870e72e6244d27d17724bcc8d9d26a31838fabf", kill_on_drop: false }`
[INFO] running `Command { std: "docker" "exec" "-e" "SOURCE_DIR=/opt/rustwide/workdir" "-e" "CARGO_HOME=/opt/rustwide/cargo-home" "-e" "RUSTUP_HOME=/opt/rustwide/rustup-home" "-e" "CARGO_TARGET_DIR=/opt/rustwide/target" "-e" "CARGO_INCREMENTAL=0" "-e" "RUST_BACKTRACE=full" "-e" "RUSTFLAGS=--cap-lints=warn" "-e" "RUSTDOCFLAGS=--cap-lints=warn" "-w" "/opt/rustwide/workdir" "--user" "0:0" "98c620b1971e7c987a0e48839870e72e6244d27d17724bcc8d9d26a31838fabf" "/opt/rustwide/cargo-home/bin/cargo" "+1.99.0-beta.8" "test" "--frozen" "--release", kill_on_drop: false }`
[INFO] [stderr]     Finished `release` profile [optimized] target(s) in 0.07s
[INFO] [stderr]      Running unittests src/lib.rs (/opt/rustwide/target/release/deps/wasmer_capi_examples_runner-f23fd4feced3804c)
[INFO] [stdout] 
[INFO] [stdout] running 1 test
[INFO] [stdout] test test_run ... FAILED
[INFO] [stdout] 
[INFO] [stdout] failures:
[INFO] [stdout] 
[INFO] [stdout] ---- test_run stdout ----
[INFO] [stdout] manifest dir = /opt/rustwide/workdir, wasmer root dir = 
[INFO] [stdout] running make build-capi...
[INFO] [stdout] make build-capi: Err(
[INFO] [stdout]     Os {
[INFO] [stdout]         code: 2,
[INFO] [stdout]         kind: NotFound,
[INFO] [stdout]         message: "No such file or directory",
[INFO] [stdout]     },
[INFO] [stdout] )
[INFO] [stdout] running make package-capi...
[INFO] [stdout] copying done (make package)
[INFO] [stdout] make package: Err(
[INFO] [stdout]     Os {
[INFO] [stdout]         code: 2,
[INFO] [stdout]         kind: NotFound,
[INFO] [stdout]         message: "No such file or directory",
[INFO] [stdout]     },
[INFO] [stdout] )
[INFO] [stdout] list /package
[INFO] [stdout]     Some("lib")
[INFO] [stdout]     Some("include")
[INFO] [stdout] config: Config {
[INFO] [stdout]     wasmer_dir: "/package",
[INFO] [stdout]     root_dir: "/lib/c-api/examples",
[INFO] [stdout] }
[INFO] [stdout] copying /lib/c-api/examples/lib/c-api/tests/wasm-c-api/include/wasm.h -> /lib/c-api/examples/lib/c-api/tests/wasm.h
[INFO] [stdout] compiling LINUX Command {
[INFO] [stdout]     program: "cc",
[INFO] [stdout]     args: [
[INFO] [stdout]         "cc",
[INFO] [stdout]         "-I",
[INFO] [stdout]         "/package/include",
[INFO] [stdout]         "/opt/rustwide/deprecated-header.c",
[INFO] [stdout]         "-L",
[INFO] [stdout]         "/package/lib/",
[INFO] [stdout]         "-lwasmer",
[INFO] [stdout]         "-Wl,-rpath,/package/lib/",
[INFO] [stdout]         "-o",
[INFO] [stdout]         "/opt/rustwide/workdir/../deprecated-header",
[INFO] [stdout]     ],
[INFO] [stdout]     create_pidfd: false,
[INFO] [stdout] }
[INFO] [stdout] stdout: 
[INFO] [stdout] stderr: cc1: fatal error: /opt/rustwide/deprecated-header.c: No such file or directory
[INFO] [stdout] compilation terminated.
[INFO] [stdout] 
[INFO] [stdout] 
[INFO] [stdout] thread 'test_run' (282) panicked at src/lib.rs:357:17:
[INFO] [stdout] failed to compile deprecated-header: Command {
[INFO] [stdout]     program: "cc",
[INFO] [stdout]     args: [
[INFO] [stdout]         "cc",
[INFO] [stdout]         "-I",
[INFO] [stdout]         "/package/include",
[INFO] [stdout]         "/opt/rustwide/deprecated-header.c",
[INFO] [stdout]         "-L",
[INFO] [stdout]         "/package/lib/",
[INFO] [stdout]         "-lwasmer",
[INFO] [stdout]         "-Wl,-rpath,/package/lib/",
[INFO] [stdout]         "-o",
[INFO] [stdout]         "/opt/rustwide/workdir/../deprecated-header",
[INFO] [stdout]     ],
[INFO] [stdout]     create_pidfd: false,
[INFO] [stdout] }
[INFO] [stdout] stack backtrace:
[INFO] [stdout]    0:     0x5d1c230e7601 - <<std[70759c8f55707aa4]::sys::backtrace::BacktraceLock>::print::DisplayBacktrace as core[df12db4294e9bfd3]::fmt::Display>::fmt
[INFO] [stdout]    1:     0x5d1c230febea - core[df12db4294e9bfd3]::fmt::write
[INFO] [stdout]    2:     0x5d1c230ed56c - <alloc[2182bb758b4b3781]::vec::Vec<u8> as core[df12db4294e9bfd3]::io::write::Write>::write_fmt
[INFO] [stdout]    3:     0x5d1c230c0886 - std[70759c8f55707aa4]::panicking::default_hook::{closure#0}
[INFO] [stdout]    4:     0x5d1c230de7a9 - std[70759c8f55707aa4]::panicking::default_hook
[INFO] [stdout]    5:     0x5d1c23077c30 - test[9d35eded1c95d3be]::test_main_inner::<test[9d35eded1c95d3be]::test_main_static::{closure#0}>::{closure#0}
[INFO] [stdout]    6:     0x5d1c230de962 - std[70759c8f55707aa4]::panicking::panic_with_hook
[INFO] [stdout]    7:     0x5d1c230c0932 - std[70759c8f55707aa4]::panicking::panic_handler::{closure#0}
[INFO] [stdout]    8:     0x5d1c230b9369 - std[70759c8f55707aa4]::sys::backtrace::__rust_end_short_backtrace::<std[70759c8f55707aa4]::panicking::panic_handler::{closure#0}, !>
[INFO] [stdout]    9:     0x5d1c230c152d - __rustc[8fa7c3cbc660c2b3]::rust_begin_unwind
[INFO] [stdout]   10:     0x5d1c230ff3cc - core[df12db4294e9bfd3]::panicking::panic_fmt
[INFO] [stdout]   11:     0x5d1c22f6fc3e - wasmer_capi_examples_runner[a40e95815258cf2e]::test_run
[INFO] [stdout]   12:     0x5d1c22f71909 - <wasmer_capi_examples_runner[a40e95815258cf2e]::test_run::{closure#0} as core[df12db4294e9bfd3]::ops::function::FnOnce<()>>::call_once
[INFO] [stdout]   13:     0x5d1c2306af1b - test[9d35eded1c95d3be]::__rust_begin_short_backtrace::<core[df12db4294e9bfd3]::result::Result<(), alloc[2182bb758b4b3781]::string::String>, fn() -> core[df12db4294e9bfd3]::result::Result<(), alloc[2182bb758b4b3781]::string::String>>
[INFO] [stdout]   14:     0x5d1c23078585 - test[9d35eded1c95d3be]::run_test::{closure#0}
[INFO] [stdout]   15:     0x5d1c23071e44 - std[70759c8f55707aa4]::sys::backtrace::__rust_begin_short_backtrace::<test[9d35eded1c95d3be]::run_test::{closure#1}, ()>
[INFO] [stdout]   16:     0x5d1c2307b6e2 - <std[70759c8f55707aa4]::thread::lifecycle::spawn_unchecked<test[9d35eded1c95d3be]::run_test::{closure#1}, ()>::{closure#1} as core[df12db4294e9bfd3]::ops::function::FnOnce<()>>::call_once::{shim:vtable#0}
[INFO] [stdout]   17:     0x5d1c230e6839 - <std[70759c8f55707aa4]::sys::thread::unix::Thread>::new::thread_start
[INFO] [stdout]   18:     0x7ad6e5635dfa - <unknown>
[INFO] [stdout]   19:     0x7ad6e56c93d4 - clone
[INFO] [stdout]   20:                0x0 - <unknown>
[INFO] [stdout] 
[INFO] [stdout] 
[INFO] [stdout] failures:
[INFO] [stdout]     test_run
[INFO] [stdout] 
[INFO] [stdout] test result: FAILED. 0 passed; 1 failed; 0 ignored; 0 measured; 0 filtered out; finished in 0.04s
[INFO] [stdout] 
[INFO] [stderr] error: test failed, to rerun pass `--lib`
[INFO] running `Command { std: "docker" "inspect" "98c620b1971e7c987a0e48839870e72e6244d27d17724bcc8d9d26a31838fabf", kill_on_drop: false }`
[INFO] running `Command { std: "docker" "rm" "-f" "98c620b1971e7c987a0e48839870e72e6244d27d17724bcc8d9d26a31838fabf", kill_on_drop: false }`
[INFO] [stdout] 98c620b1971e7c987a0e48839870e72e6244d27d17724bcc8d9d26a31838fabf
