[INFO] fetching crate wasm-snip 0.4.0...
[INFO] testing wasm-snip-0.4.0 against 1.99.0-beta.8+cargoflags=--release for beta-release-1.100-2
[INFO] extracting crate wasm-snip 0.4.0 into /workspace/builds/worker-5-tc1/source
[INFO] started tweaking crates.io crate wasm-snip 0.4.0
[INFO] finished tweaking crates.io crate wasm-snip 0.4.0
[INFO] tweaked toml for crates.io crate wasm-snip 0.4.0 written to /workspace/builds/worker-5-tc1/source/Cargo.toml
[INFO] validating manifest of crates.io crate wasm-snip 0.4.0 on toolchain 1.99.0-beta.8
[INFO] running `Command { std: CARGO_HOME="/workspace/cargo-home" RUSTUP_HOME="/workspace/rustup-home" "/workspace/cargo-home/bin/cargo" "+1.99.0-beta.8" "metadata" "--manifest-path" "Cargo.toml" "--no-deps", kill_on_drop: false }`
[INFO] crate crates.io crate wasm-snip 0.4.0 already has a lockfile, it will not be regenerated
[INFO] running `Command { std: CARGO_HOME="/workspace/cargo-home" RUSTUP_HOME="/workspace/rustup-home" "/workspace/cargo-home/bin/cargo" "+1.99.0-beta.8" "fetch" "--manifest-path" "Cargo.toml", kill_on_drop: false }`
[INFO] [stderr]     Blocking waiting for file lock on package cache
[INFO] [stderr]     Updating crates.io index
[INFO] [stderr]     Blocking waiting for file lock on package cache
[INFO] [stderr]  Downloading crates ...
[INFO] [stderr]   Downloaded walrus-macro v0.12.0
[INFO] [stderr]   Downloaded leb128 v0.2.4
[INFO] [stderr]   Downloaded memoffset v0.5.1
[INFO] [stderr]   Downloaded nodrop v0.1.13
[INFO] [stderr]   Downloaded failure_derive v0.1.5
[INFO] [stderr]   Downloaded escargot v0.4.0
[INFO] [stderr]   Downloaded walrus v0.12.0
[INFO] [stderr]   Downloaded num_cpus v1.10.1
[INFO] [stderr]   Downloaded either v1.5.2
[INFO] [stderr]   Downloaded assert_cmd v0.11.1
[INFO] [stderr]   Downloaded ryu v1.0.0
[INFO] [stderr]   Downloaded proc-macro2 v1.0.3
[INFO] [stderr]   Downloaded crossbeam-deque v0.7.1
[INFO] [stderr]   Downloaded arrayvec v0.4.11
[INFO] [stderr]   Downloaded synstructure v0.10.2
[INFO] [stderr]   Downloaded cc v1.0.45
[INFO] [stderr]   Downloaded serde_derive v1.0.100
[INFO] [stderr]   Downloaded wasmparser v0.37.2
[INFO] [stderr]   Downloaded rayon-core v1.6.0
[INFO] [stderr]   Downloaded predicates v1.0.1
[INFO] [stderr]   Downloaded serde_json v1.0.40
[INFO] [stderr]   Downloaded failure v0.1.5
[INFO] [stderr]   Downloaded serde v1.0.100
[INFO] [stderr]   Downloaded unicode-segmentation v1.3.0
[INFO] [stderr]   Downloaded backtrace v0.3.37
[INFO] [stderr]   Downloaded aho-corasick v0.7.6
[INFO] [stderr]   Downloaded syn v1.0.5
[INFO] [stderr]   Downloaded rayon v1.2.0
[INFO] [stderr]   Downloaded regex v1.3.1
[INFO] [stderr]   Downloaded regex-syntax v0.6.12
[INFO] [stderr]   Downloaded backtrace-sys v0.1.31
[INFO] running `Command { std: "docker" "create" "-v" "/var/lib/crater-agent-workspace/builds/worker-5-tc1/source:/opt/rustwide/workdir:ro,Z" "-v" "/var/lib/crater-agent-workspace/builds/worker-5-tc1/target:/opt/rustwide/target:rw,Z" "-v" "/var/lib/crater-agent-workspace/cargo-home:/opt/rustwide/cargo-home:ro,Z" "-v" "/var/lib/crater-agent-workspace/rustup-home:/opt/rustwide/rustup-home:ro,Z" "-m" "1610612736" "--network" "none" "ghcr.io/rust-lang/crates-build-env/linux@sha256:77db811e55d90add9212f6832c23229e3de5f1c1f9905e8cb07319ea15df73ac" "sleep" "infinity", kill_on_drop: false }`
[INFO] [stdout] a49e2e137fa65b954a91acdaee1bad530c7e5834d11ebc2d2702032ff5555d05
[INFO] running `Command { std: "docker" "start" "a49e2e137fa65b954a91acdaee1bad530c7e5834d11ebc2d2702032ff5555d05", kill_on_drop: false }`
[INFO] running `Command { std: "docker" "inspect" "a49e2e137fa65b954a91acdaee1bad530c7e5834d11ebc2d2702032ff5555d05", kill_on_drop: false }`
[INFO] running `Command { std: "docker" "exec" "-e" "SOURCE_DIR=/opt/rustwide/workdir" "-e" "CARGO_HOME=/opt/rustwide/cargo-home" "-e" "RUSTUP_HOME=/opt/rustwide/rustup-home" "-e" "CARGO_TARGET_DIR=/opt/rustwide/target" "-w" "/opt/rustwide/workdir" "--user" "0:0" "a49e2e137fa65b954a91acdaee1bad530c7e5834d11ebc2d2702032ff5555d05" "/opt/rustwide/cargo-home/bin/cargo" "+1.99.0-beta.8" "metadata" "--no-deps" "--format-version=1", kill_on_drop: false }`
[INFO] running `Command { std: "docker" "inspect" "a49e2e137fa65b954a91acdaee1bad530c7e5834d11ebc2d2702032ff5555d05", kill_on_drop: false }`
[INFO] running `Command { std: "docker" "exec" "-e" "SOURCE_DIR=/opt/rustwide/workdir" "-e" "CARGO_HOME=/opt/rustwide/cargo-home" "-e" "RUSTUP_HOME=/opt/rustwide/rustup-home" "-e" "CARGO_TARGET_DIR=/opt/rustwide/target" "-e" "CARGO_INCREMENTAL=0" "-e" "RUST_BACKTRACE=full" "-e" "RUSTFLAGS=--cap-lints=warn" "-e" "RUSTDOCFLAGS=--cap-lints=warn" "-w" "/opt/rustwide/workdir" "--user" "0:0" "a49e2e137fa65b954a91acdaee1bad530c7e5834d11ebc2d2702032ff5555d05" "/opt/rustwide/cargo-home/bin/cargo" "+1.99.0-beta.8" "build" "--frozen" "--message-format=json" "--release", kill_on_drop: false }`
[INFO] [stderr]    Compiling libc v0.2.62
[INFO] [stderr]    Compiling cfg-if v0.1.9
[INFO] [stderr]    Compiling arrayvec v0.4.11
[INFO] [stderr]    Compiling proc-macro2 v0.4.30
[INFO] [stderr]    Compiling nodrop v0.1.13
[INFO] [stderr]    Compiling cc v1.0.45
[INFO] [stderr]    Compiling syn v0.15.44
[INFO] [stderr]    Compiling proc-macro2 v1.0.3
[INFO] [stderr]    Compiling scopeguard v1.0.0
[INFO] [stderr]    Compiling rayon-core v1.6.0
[INFO] [stderr]    Compiling syn v1.0.5
[INFO] [stderr]    Compiling memchr v2.2.1
[INFO] [stderr]    Compiling failure_derive v0.1.5
[INFO] [stderr]    Compiling bitflags v1.1.0
[INFO] [stderr]    Compiling either v1.5.2
[INFO] [stderr]    Compiling memoffset v0.5.1
[INFO] [stderr]    Compiling crossbeam-utils v0.6.6
[INFO] [stderr]    Compiling unicode-segmentation v1.3.0
[INFO] [stderr]    Compiling rustc-demangle v0.1.16
[INFO] [stderr]    Compiling unicode-width v0.1.6
[INFO] [stderr]    Compiling log v0.4.8
[INFO] [stderr]    Compiling textwrap v0.11.0
[INFO] [stderr]    Compiling thread_local v0.3.6
[INFO] [stderr]    Compiling regex-syntax v0.6.12
[INFO] [stderr]    Compiling leb128 v0.2.4
[INFO] [stderr]    Compiling vec_map v0.8.1
[INFO] [stderr]    Compiling heck v0.3.1
[INFO] [stderr]    Compiling wasmparser v0.37.2
[INFO] [stderr]    Compiling crossbeam-queue v0.1.2
[INFO] [stderr]    Compiling quote v0.6.13
[INFO] [stderr]    Compiling crossbeam-epoch v0.7.2
[INFO] [stderr]    Compiling crossbeam-deque v0.7.1
[INFO] [stderr]    Compiling aho-corasick v0.7.6
[INFO] [stderr]    Compiling quote v1.0.2
[INFO] [stderr]    Compiling backtrace-sys v0.1.31
[INFO] [stderr]    Compiling num_cpus v1.10.1
[INFO] [stderr]    Compiling atty v0.2.13
[INFO] [stderr]    Compiling clap v2.33.0
[INFO] [stderr]    Compiling rayon v1.2.0
[INFO] [stderr]    Compiling synstructure v0.10.2
[INFO] [stderr]    Compiling regex v1.3.1
[INFO] [stderr]    Compiling id-arena v2.2.1
[INFO] [stderr]    Compiling walrus-macro v0.12.0
[INFO] [stderr]    Compiling backtrace v0.3.37
[INFO] [stderr]    Compiling failure v0.1.5
[INFO] [stderr]    Compiling walrus v0.12.0
[INFO] [stderr]    Compiling wasm-snip v0.4.0 (/opt/rustwide/workdir)
[INFO] [stderr]     Finished `release` profile [optimized] target(s) in 43.66s
[INFO] running `Command { std: "docker" "inspect" "a49e2e137fa65b954a91acdaee1bad530c7e5834d11ebc2d2702032ff5555d05", kill_on_drop: false }`
[INFO] running `Command { std: "docker" "exec" "-e" "SOURCE_DIR=/opt/rustwide/workdir" "-e" "CARGO_HOME=/opt/rustwide/cargo-home" "-e" "RUSTUP_HOME=/opt/rustwide/rustup-home" "-e" "CARGO_TARGET_DIR=/opt/rustwide/target" "-e" "CARGO_INCREMENTAL=0" "-e" "RUST_BACKTRACE=full" "-e" "RUSTFLAGS=--cap-lints=warn" "-e" "RUSTDOCFLAGS=--cap-lints=warn" "-w" "/opt/rustwide/workdir" "--user" "0:0" "a49e2e137fa65b954a91acdaee1bad530c7e5834d11ebc2d2702032ff5555d05" "/opt/rustwide/cargo-home/bin/cargo" "+1.99.0-beta.8" "test" "--frozen" "--no-run" "--message-format=json" "--release", kill_on_drop: false }`
[INFO] [stderr]    Compiling serde v1.0.100
[INFO] [stderr]    Compiling ryu v1.0.0
[INFO] [stderr]    Compiling escargot v0.4.0
[INFO] [stderr]    Compiling predicates-core v1.0.0
[INFO] [stderr]    Compiling itoa v0.4.4
[INFO] [stderr]    Compiling treeline v0.1.0
[INFO] [stderr]    Compiling difference v2.0.0
[INFO] [stderr]    Compiling serde_derive v1.0.100
[INFO] [stderr]    Compiling predicates-tree v1.0.0
[INFO] [stderr]    Compiling predicates v1.0.1
[INFO] [stderr]    Compiling serde_json v1.0.40
[INFO] [stderr]    Compiling assert_cmd v0.11.1
[INFO] [stderr]    Compiling wasm-snip v0.4.0 (/opt/rustwide/workdir)
[INFO] [stderr]     Finished `release` profile [optimized] target(s) in 16.70s
[INFO] running `Command { std: "docker" "inspect" "a49e2e137fa65b954a91acdaee1bad530c7e5834d11ebc2d2702032ff5555d05", kill_on_drop: false }`
[INFO] running `Command { std: "docker" "exec" "-e" "SOURCE_DIR=/opt/rustwide/workdir" "-e" "CARGO_HOME=/opt/rustwide/cargo-home" "-e" "RUSTUP_HOME=/opt/rustwide/rustup-home" "-e" "CARGO_TARGET_DIR=/opt/rustwide/target" "-e" "CARGO_INCREMENTAL=0" "-e" "RUST_BACKTRACE=full" "-e" "RUSTFLAGS=--cap-lints=warn" "-e" "RUSTDOCFLAGS=--cap-lints=warn" "-w" "/opt/rustwide/workdir" "--user" "0:0" "a49e2e137fa65b954a91acdaee1bad530c7e5834d11ebc2d2702032ff5555d05" "/opt/rustwide/cargo-home/bin/cargo" "+1.99.0-beta.8" "test" "--frozen" "--release", kill_on_drop: false }`
[INFO] [stderr]     Finished `release` profile [optimized] target(s) in 0.09s
[INFO] [stderr]      Running unittests src/lib.rs (/opt/rustwide/target/release/deps/wasm_snip-ff229ddf3cea7329)
[INFO] [stdout] 
[INFO] [stdout] running 0 tests
[INFO] [stdout] 
[INFO] [stdout] test result: ok. 0 passed; 0 failed; 0 ignored; 0 measured; 0 filtered out; finished in 0.00s
[INFO] [stdout] 
[INFO] [stderr]      Running unittests src/bin/wasm-snip.rs (/opt/rustwide/target/release/deps/wasm_snip-610d0cbe4426c418)
[INFO] [stdout] 
[INFO] [stdout] running 0 tests
[INFO] [stdout] 
[INFO] [stdout] test result: ok. 0 passed; 0 failed; 0 ignored; 0 measured; 0 filtered out; finished in 0.00s
[INFO] [stdout] 
[INFO] [stderr]      Running tests/hello.rs (/opt/rustwide/target/release/deps/hello-872862416c6642cf)
[INFO] [stderr]      Running tests/tests.rs (/opt/rustwide/target/release/deps/tests-5d1cbf84d703d251)
[INFO] [stdout] 
[INFO] [stdout] running 0 tests
[INFO] [stdout] 
[INFO] [stdout] test result: ok. 0 passed; 0 failed; 0 ignored; 0 measured; 0 filtered out; finished in 0.00s
[INFO] [stdout] 
[INFO] [stdout] 
[INFO] [stdout] running 5 tests
[INFO] [stdout] test snip_rust_fmt_code ... FAILED
[INFO] [stdout] test snip_me ... FAILED
[INFO] [stdout] test patterns ... FAILED
[INFO] [stdout] test cargo_readme_up_to_date ... FAILED
[INFO] [stderr] error: test failed, to rerun pass `--test tests`
[INFO] [stdout] test snip_rust_panicking_code ... FAILED
[INFO] [stdout] 
[INFO] [stdout] failures:
[INFO] [stdout] 
[INFO] [stdout] ---- snip_rust_fmt_code stdout ----
[INFO] [stdout] 
[INFO] [stdout] thread 'snip_rust_fmt_code' (1573) panicked at /opt/rustwide/cargo-home/registry/src/index.crates.io-1949cf8c6b5b557f/assert_cmd-0.11.1/src/assert.rs:154:13:
[INFO] [stdout] Unexpected failure.
[INFO] [stdout] code-1
[INFO] [stdout] stderr=```error: failed to emit snipped wasm to /opt/rustwide/workdir/tests/no_fmt.wasm.actual
[INFO] [stdout]   caused by failed to write wasm module
[INFO] [stdout]   caused by Read-only file system (os error 30)
[INFO] [stdout] stack backtrace:
[INFO] [stdout]    0: <failure::backtrace::Backtrace>::new
[INFO] [stdout]    1: <failure::error::error_impl::ErrorImpl as core::convert::From<core::io::error::Error>>::from
[INFO] [stdout]    2: <walrus::module::Module>::emit_wasm_file::<&str>
[INFO] [stdout]    3: wasm_snip::main
[INFO] [stdout]    4: std::sys::backtrace::__rust_begin_short_backtrace::<fn(), ()>
[INFO] [stdout]    5: std::rt::lang_start::<()>::{closure#0}
[INFO] [stdout]    6: std::rt::lang_start_internal
[INFO] [stdout]    7: main
[INFO] [stdout]    8: <unknown>
[INFO] [stdout]    9: __libc_start_main
[INFO] [stdout]   10: _start
[INFO] [stdout] 
[INFO] [stdout] ```
[INFO] [stdout] command=`"/opt/rustwide/target/release/wasm-snip" "/opt/rustwide/workdir/tests/hello.wasm" "--snip-rust-fmt-code" "--skip-producers-section" "-o" "/opt/rustwide/workdir/tests/no_fmt.wasm.actual"`
[INFO] [stdout] code=1
[INFO] [stdout] stdout=``````
[INFO] [stdout] stderr=```error: failed to emit snipped wasm to /opt/rustwide/workdir/tests/no_fmt.wasm.actual
[INFO] [stdout]   caused by failed to write wasm module
[INFO] [stdout]   caused by Read-only file system (os error 30)
[INFO] [stdout] stack backtrace:
[INFO] [stdout]    0: <failure::backtrace::Backtrace>::new
[INFO] [stdout]    1: <failure::error::error_impl::ErrorImpl as core::convert::From<core::io::error::Error>>::from
[INFO] [stdout]    2: <walrus::module::Module>::emit_wasm_file::<&str>
[INFO] [stdout]    3: wasm_snip::main
[INFO] [stdout]    4: std::sys::backtrace::__rust_begin_short_backtrace::<fn(), ()>
[INFO] [stdout]    5: std::rt::lang_start::<()>::{closure#0}
[INFO] [stdout]    6: std::rt::lang_start_internal
[INFO] [stdout]    7: main
[INFO] [stdout]    8: <unknown>
[INFO] [stdout]    9: __libc_start_main
[INFO] [stdout]   10: _start
[INFO] [stdout] 
[INFO] [stdout] ```
[INFO] [stdout] 
[INFO] [stdout] stack backtrace:
[INFO] [stdout]    0:     0x5759ecf2cf31 - <<std[70759c8f55707aa4]::sys::backtrace::BacktraceLock>::print::DisplayBacktrace as core[df12db4294e9bfd3]::fmt::Display>::fmt
[INFO] [stdout]    1:     0x5759ecf4289a - core[df12db4294e9bfd3]::fmt::write
[INFO] [stdout]    2:     0x5759ecf3272c - <alloc[2182bb758b4b3781]::vec::Vec<u8> as core[df12db4294e9bfd3]::io::write::Write>::write_fmt
[INFO] [stdout]    3:     0x5759ecf08636 - std[70759c8f55707aa4]::panicking::default_hook::{closure#0}
[INFO] [stdout]    4:     0x5759ecf24f89 - std[70759c8f55707aa4]::panicking::default_hook
[INFO] [stdout]    5:     0x5759ecebf5c0 - test[9d35eded1c95d3be]::test_main_inner::<test[9d35eded1c95d3be]::test_main_static::{closure#0}>::{closure#0}
[INFO] [stdout]    6:     0x5759ecf25142 - std[70759c8f55707aa4]::panicking::panic_with_hook
[INFO] [stdout]    7:     0x5759ecf086e2 - std[70759c8f55707aa4]::panicking::panic_handler::{closure#0}
[INFO] [stdout]    8:     0x5759ecf012a9 - std[70759c8f55707aa4]::sys::backtrace::__rust_end_short_backtrace::<std[70759c8f55707aa4]::panicking::panic_handler::{closure#0}, !>
[INFO] [stdout]    9:     0x5759ecf092dd - __rustc[8fa7c3cbc660c2b3]::rust_begin_unwind
[INFO] [stdout]   10:     0x5759ecf42fcc - core[df12db4294e9bfd3]::panicking::panic_fmt
[INFO] [stdout]   11:     0x5759ecef4194 - <assert_cmd[c8cc851332c43588]::assert::Assert>::success
[INFO] [stdout]   12:     0x5759eceb0f66 - tests[6e086bee04789528]::assert_snip::<&str>
[INFO] [stdout]   13:     0x5759eceb23b1 - <tests[6e086bee04789528]::snip_rust_fmt_code::{closure#0} as core[df12db4294e9bfd3]::ops::function::FnOnce<()>>::call_once
[INFO] [stdout]   14:     0x5759eceb28ab - test[9d35eded1c95d3be]::__rust_begin_short_backtrace::<core[df12db4294e9bfd3]::result::Result<(), alloc[2182bb758b4b3781]::string::String>, fn() -> core[df12db4294e9bfd3]::result::Result<(), alloc[2182bb758b4b3781]::string::String>>
[INFO] [stdout]   15:     0x5759ecebff15 - test[9d35eded1c95d3be]::run_test::{closure#0}
[INFO] [stdout]   16:     0x5759eceb97d4 - std[70759c8f55707aa4]::sys::backtrace::__rust_begin_short_backtrace::<test[9d35eded1c95d3be]::run_test::{closure#1}, ()>
[INFO] [stdout]   17:     0x5759ecec3072 - <std[70759c8f55707aa4]::thread::lifecycle::spawn_unchecked<test[9d35eded1c95d3be]::run_test::{closure#1}, ()>::{closure#1} as core[df12db4294e9bfd3]::ops::function::FnOnce<()>>::call_once::{shim:vtable#0}
[INFO] [stdout]   18:     0x5759ecf2c0f9 - <std[70759c8f55707aa4]::sys::thread::unix::Thread>::new::thread_start
[INFO] [stdout]   19:     0x7801af766dfa - <unknown>
[INFO] [stdout]   20:     0x7801af7fa3d4 - clone
[INFO] [stdout]   21:                0x0 - <unknown>
[INFO] [stdout] 
[INFO] [stdout] ---- snip_me stdout ----
[INFO] [stdout] 
[INFO] [stdout] thread 'snip_me' (1572) panicked at /opt/rustwide/cargo-home/registry/src/index.crates.io-1949cf8c6b5b557f/assert_cmd-0.11.1/src/assert.rs:154:13:
[INFO] [stdout] Unexpected failure.
[INFO] [stdout] code-1
[INFO] [stdout] stderr=```error: failed to emit snipped wasm to /opt/rustwide/workdir/tests/snip_me.wasm.actual
[INFO] [stdout]   caused by failed to write wasm module
[INFO] [stdout]   caused by Read-only file system (os error 30)
[INFO] [stdout] stack backtrace:
[INFO] [stdout]    0: <failure::backtrace::Backtrace>::new
[INFO] [stdout]    1: <failure::error::error_impl::ErrorImpl as core::convert::From<core::io::error::Error>>::from
[INFO] [stdout]    2: <walrus::module::Module>::emit_wasm_file::<&str>
[INFO] [stdout]    3: wasm_snip::main
[INFO] [stdout]    4: std::sys::backtrace::__rust_begin_short_backtrace::<fn(), ()>
[INFO] [stdout]    5: std::rt::lang_start::<()>::{closure#0}
[INFO] [stdout]    6: std::rt::lang_start_internal
[INFO] [stdout]    7: main
[INFO] [stdout]    8: <unknown>
[INFO] [stdout]    9: __libc_start_main
[INFO] [stdout]   10: _start
[INFO] [stdout] 
[INFO] [stdout] ```
[INFO] [stdout] command=`"/opt/rustwide/target/release/wasm-snip" "/opt/rustwide/workdir/tests/hello.wasm" "_ZN5hello7snip_me17hf15dbd799e7ad6aaE" "--skip-producers-section" "-o" "/opt/rustwide/workdir/tests/snip_me.wasm.actual"`
[INFO] [stdout] code=1
[INFO] [stdout] stdout=``````
[INFO] [stdout] stderr=```error: failed to emit snipped wasm to /opt/rustwide/workdir/tests/snip_me.wasm.actual
[INFO] [stdout]   caused by failed to write wasm module
[INFO] [stdout]   caused by Read-only file system (os error 30)
[INFO] [stdout] stack backtrace:
[INFO] [stdout]    0: <failure::backtrace::Backtrace>::new
[INFO] [stdout]    1: <failure::error::error_impl::ErrorImpl as core::convert::From<core::io::error::Error>>::from
[INFO] [stdout]    2: <walrus::module::Module>::emit_wasm_file::<&str>
[INFO] [stdout]    3: wasm_snip::main
[INFO] [stdout]    4: std::sys::backtrace::__rust_begin_short_backtrace::<fn(), ()>
[INFO] [stdout]    5: std::rt::lang_start::<()>::{closure#0}
[INFO] [stdout]    6: std::rt::lang_start_internal
[INFO] [stdout]    7: main
[INFO] [stdout]    8: <unknown>
[INFO] [stdout]    9: __libc_start_main
[INFO] [stdout]   10: _start
[INFO] [stdout] 
[INFO] [stdout] ```
[INFO] [stdout] 
[INFO] [stdout] stack backtrace:
[INFO] [stdout]    0:     0x5759ecf2cf31 - <<std[70759c8f55707aa4]::sys::backtrace::BacktraceLock>::print::DisplayBacktrace as core[df12db4294e9bfd3]::fmt::Display>::fmt
[INFO] [stdout]    1:     0x5759ecf4289a - core[df12db4294e9bfd3]::fmt::write
[INFO] [stdout]    2:     0x5759ecf3272c - <alloc[2182bb758b4b3781]::vec::Vec<u8> as core[df12db4294e9bfd3]::io::write::Write>::write_fmt
[INFO] [stdout]    3:     0x5759ecf08636 - std[70759c8f55707aa4]::panicking::default_hook::{closure#0}
[INFO] [stdout]    4:     0x5759ecf24f89 - std[70759c8f55707aa4]::panicking::default_hook
[INFO] [stdout]    5:     0x5759ecebf5c0 - test[9d35eded1c95d3be]::test_main_inner::<test[9d35eded1c95d3be]::test_main_static::{closure#0}>::{closure#0}
[INFO] [stdout]    6:     0x5759ecf25142 - std[70759c8f55707aa4]::panicking::panic_with_hook
[INFO] [stdout]    7:     0x5759ecf086e2 - std[70759c8f55707aa4]::panicking::panic_handler::{closure#0}
[INFO] [stdout]    8:     0x5759ecf012a9 - std[70759c8f55707aa4]::sys::backtrace::__rust_end_short_backtrace::<std[70759c8f55707aa4]::panicking::panic_handler::{closure#0}, !>
[INFO] [stdout]    9:     0x5759ecf092dd - __rustc[8fa7c3cbc660c2b3]::rust_begin_unwind
[INFO] [stdout]   10:     0x5759ecf42fcc - core[df12db4294e9bfd3]::panicking::panic_fmt
[INFO] [stdout]   11:     0x5759ecef4194 - <assert_cmd[c8cc851332c43588]::assert::Assert>::success
[INFO] [stdout]   12:     0x5759eceb0f66 - tests[6e086bee04789528]::assert_snip::<&str>
[INFO] [stdout]   13:     0x5759eceb2771 - <tests[6e086bee04789528]::snip_me::{closure#0} as core[df12db4294e9bfd3]::ops::function::FnOnce<()>>::call_once
[INFO] [stdout]   14:     0x5759eceb28ab - test[9d35eded1c95d3be]::__rust_begin_short_backtrace::<core[df12db4294e9bfd3]::result::Result<(), alloc[2182bb758b4b3781]::string::String>, fn() -> core[df12db4294e9bfd3]::result::Result<(), alloc[2182bb758b4b3781]::string::String>>
[INFO] [stdout]   15:     0x5759ecebff15 - test[9d35eded1c95d3be]::run_test::{closure#0}
[INFO] [stdout]   16:     0x5759eceb97d4 - std[70759c8f55707aa4]::sys::backtrace::__rust_begin_short_backtrace::<test[9d35eded1c95d3be]::run_test::{closure#1}, ()>
[INFO] [stdout]   17:     0x5759ecec3072 - <std[70759c8f55707aa4]::thread::lifecycle::spawn_unchecked<test[9d35eded1c95d3be]::run_test::{closure#1}, ()>::{closure#1} as core[df12db4294e9bfd3]::ops::function::FnOnce<()>>::call_once::{shim:vtable#0}
[INFO] [stdout]   18:     0x5759ecf2c0f9 - <std[70759c8f55707aa4]::sys::thread::unix::Thread>::new::thread_start
[INFO] [stdout]   19:     0x7801af766dfa - <unknown>
[INFO] [stdout]   20:     0x7801af7fa3d4 - clone
[INFO] [stdout]   21:                0x0 - <unknown>
[INFO] [stdout] 
[INFO] [stdout] ---- patterns stdout ----
[INFO] [stdout] 
[INFO] [stdout] thread 'patterns' (1571) panicked at /opt/rustwide/cargo-home/registry/src/index.crates.io-1949cf8c6b5b557f/assert_cmd-0.11.1/src/assert.rs:154:13:
[INFO] [stdout] Unexpected failure.
[INFO] [stdout] code-1
[INFO] [stdout] stderr=```error: failed to emit snipped wasm to /opt/rustwide/workdir/tests/no_alloc.wasm.actual
[INFO] [stdout]   caused by failed to write wasm module
[INFO] [stdout]   caused by Read-only file system (os error 30)
[INFO] [stdout] stack backtrace:
[INFO] [stdout]    0: <failure::backtrace::Backtrace>::new
[INFO] [stdout]    1: <failure::error::error_impl::ErrorImpl as core::convert::From<core::io::error::Error>>::from
[INFO] [stdout]    2: <walrus::module::Module>::emit_wasm_file::<&str>
[INFO] [stdout]    3: wasm_snip::main
[INFO] [stdout]    4: std::sys::backtrace::__rust_begin_short_backtrace::<fn(), ()>
[INFO] [stdout]    5: std::rt::lang_start::<()>::{closure#0}
[INFO] [stdout]    6: std::rt::lang_start_internal
[INFO] [stdout]    7: main
[INFO] [stdout]    8: <unknown>
[INFO] [stdout]    9: __libc_start_main
[INFO] [stdout]   10: _start
[INFO] [stdout] 
[INFO] [stdout] ```
[INFO] [stdout] command=`"/opt/rustwide/target/release/wasm-snip" "/opt/rustwide/workdir/tests/hello.wasm" "-p" ".*alloc.*" "--skip-producers-section" "-o" "/opt/rustwide/workdir/tests/no_alloc.wasm.actual"`
[INFO] [stdout] code=1
[INFO] [stdout] stdout=``````
[INFO] [stdout] stderr=```error: failed to emit snipped wasm to /opt/rustwide/workdir/tests/no_alloc.wasm.actual
[INFO] [stdout]   caused by failed to write wasm module
[INFO] [stdout]   caused by Read-only file system (os error 30)
[INFO] [stdout] stack backtrace:
[INFO] [stdout]    0: <failure::backtrace::Backtrace>::new
[INFO] [stdout]    1: <failure::error::error_impl::ErrorImpl as core::convert::From<core::io::error::Error>>::from
[INFO] [stdout]    2: <walrus::module::Module>::emit_wasm_file::<&str>
[INFO] [stdout]    3: wasm_snip::main
[INFO] [stdout]    4: std::sys::backtrace::__rust_begin_short_backtrace::<fn(), ()>
[INFO] [stdout]    5: std::rt::lang_start::<()>::{closure#0}
[INFO] [stdout]    6: std::rt::lang_start_internal
[INFO] [stdout]    7: main
[INFO] [stdout]    8: <unknown>
[INFO] [stdout]    9: __libc_start_main
[INFO] [stdout]   10: _start
[INFO] [stdout] 
[INFO] [stdout] ```
[INFO] [stdout] 
[INFO] [stdout] stack backtrace:
[INFO] [stdout]    0:     0x5759ecf2cf31 - <<std[70759c8f55707aa4]::sys::backtrace::BacktraceLock>::print::DisplayBacktrace as core[df12db4294e9bfd3]::fmt::Display>::fmt
[INFO] [stdout]    1:     0x5759ecf4289a - core[df12db4294e9bfd3]::fmt::write
[INFO] [stdout]    2:     0x5759ecf3272c - <alloc[2182bb758b4b3781]::vec::Vec<u8> as core[df12db4294e9bfd3]::io::write::Write>::write_fmt
[INFO] [stdout]    3:     0x5759ecf08636 - std[70759c8f55707aa4]::panicking::default_hook::{closure#0}
[INFO] [stdout]    4:     0x5759ecf24f89 - std[70759c8f55707aa4]::panicking::default_hook
[INFO] [stdout]    5:     0x5759ecebf5c0 - test[9d35eded1c95d3be]::test_main_inner::<test[9d35eded1c95d3be]::test_main_static::{closure#0}>::{closure#0}
[INFO] [stdout]    6:     0x5759ecf25142 - std[70759c8f55707aa4]::panicking::panic_with_hook
[INFO] [stdout]    7:     0x5759ecf086e2 - std[70759c8f55707aa4]::panicking::panic_handler::{closure#0}
[INFO] [stdout]    8:     0x5759ecf012a9 - std[70759c8f55707aa4]::sys::backtrace::__rust_end_short_backtrace::<std[70759c8f55707aa4]::panicking::panic_handler::{closure#0}, !>
[INFO] [stdout]    9:     0x5759ecf092dd - __rustc[8fa7c3cbc660c2b3]::rust_begin_unwind
[INFO] [stdout]   10:     0x5759ecf42fcc - core[df12db4294e9bfd3]::panicking::panic_fmt
[INFO] [stdout]   11:     0x5759ecef4194 - <assert_cmd[c8cc851332c43588]::assert::Assert>::success
[INFO] [stdout]   12:     0x5759eceb0f66 - tests[6e086bee04789528]::assert_snip::<&str>
[INFO] [stdout]   13:     0x5759eceb2806 - <tests[6e086bee04789528]::patterns::{closure#0} as core[df12db4294e9bfd3]::ops::function::FnOnce<()>>::call_once
[INFO] [stdout]   14:     0x5759eceb28ab - test[9d35eded1c95d3be]::__rust_begin_short_backtrace::<core[df12db4294e9bfd3]::result::Result<(), alloc[2182bb758b4b3781]::string::String>, fn() -> core[df12db4294e9bfd3]::result::Result<(), alloc[2182bb758b4b3781]::string::String>>
[INFO] [stdout]   15:     0x5759ecebff15 - test[9d35eded1c95d3be]::run_test::{closure#0}
[INFO] [stdout]   16:     0x5759eceb97d4 - std[70759c8f55707aa4]::sys::backtrace::__rust_begin_short_backtrace::<test[9d35eded1c95d3be]::run_test::{closure#1}, ()>
[INFO] [stdout]   17:     0x5759ecec3072 - <std[70759c8f55707aa4]::thread::lifecycle::spawn_unchecked<test[9d35eded1c95d3be]::run_test::{closure#1}, ()>::{closure#1} as core[df12db4294e9bfd3]::ops::function::FnOnce<()>>::call_once::{shim:vtable#0}
[INFO] [stdout]   18:     0x5759ecf2c0f9 - <std[70759c8f55707aa4]::sys::thread::unix::Thread>::new::thread_start
[INFO] [stdout]   19:     0x7801af766dfa - <unknown>
[INFO] [stdout]   20:     0x7801af7fa3d4 - clone
[INFO] [stdout]   21:                0x0 - <unknown>
[INFO] [stdout] 
[INFO] [stdout] ---- cargo_readme_up_to_date stdout ----
[INFO] [stdout] Checking that `cargo readme > README.md` is up to date...
[INFO] [stdout] 
[INFO] [stdout] thread 'cargo_readme_up_to_date' (1570) panicked at tests/tests.rs:22:9:
[INFO] [stdout] Run `cargo readme > README.md` to update README.md
[INFO] [stdout] stack backtrace:
[INFO] [stdout]    0:     0x5759ecf2cf31 - <<std[70759c8f55707aa4]::sys::backtrace::BacktraceLock>::print::DisplayBacktrace as core[df12db4294e9bfd3]::fmt::Display>::fmt
[INFO] [stdout]    1:     0x5759ecf4289a - core[df12db4294e9bfd3]::fmt::write
[INFO] [stdout]    2:     0x5759ecf3272c - <alloc[2182bb758b4b3781]::vec::Vec<u8> as core[df12db4294e9bfd3]::io::write::Write>::write_fmt
[INFO] [stdout]    3:     0x5759ecf08636 - std[70759c8f55707aa4]::panicking::default_hook::{closure#0}
[INFO] [stdout]    4:     0x5759ecf24f89 - std[70759c8f55707aa4]::panicking::default_hook
[INFO] [stdout]    5:     0x5759ecebf5c0 - test[9d35eded1c95d3be]::test_main_inner::<test[9d35eded1c95d3be]::test_main_static::{closure#0}>::{closure#0}
[INFO] [stdout]    6:     0x5759ecf25142 - std[70759c8f55707aa4]::panicking::panic_with_hook
[INFO] [stdout]    7:     0x5759ecf07c9c - std[70759c8f55707aa4]::panicking::begin_panic::<&str>::{closure#0}
[INFO] [stdout]    8:     0x5759ecf01289 - std[70759c8f55707aa4]::sys::backtrace::__rust_end_short_backtrace::<std[70759c8f55707aa4]::panicking::begin_panic<&str>::{closure#0}, !>
[INFO] [stdout]    9:     0x5759ecefdacb - std[70759c8f55707aa4]::panicking::begin_panic::<&str>
[INFO] [stdout]   10:     0x5759eceb256b - <tests[6e086bee04789528]::cargo_readme_up_to_date::{closure#0} as core[df12db4294e9bfd3]::ops::function::FnOnce<()>>::call_once
[INFO] [stdout]   11:     0x5759eceb28ab - test[9d35eded1c95d3be]::__rust_begin_short_backtrace::<core[df12db4294e9bfd3]::result::Result<(), alloc[2182bb758b4b3781]::string::String>, fn() -> core[df12db4294e9bfd3]::result::Result<(), alloc[2182bb758b4b3781]::string::String>>
[INFO] [stdout]   12:     0x5759ecebff15 - test[9d35eded1c95d3be]::run_test::{closure#0}
[INFO] [stdout]   13:     0x5759eceb97d4 - std[70759c8f55707aa4]::sys::backtrace::__rust_begin_short_backtrace::<test[9d35eded1c95d3be]::run_test::{closure#1}, ()>
[INFO] [stdout]   14:     0x5759ecec3072 - <std[70759c8f55707aa4]::thread::lifecycle::spawn_unchecked<test[9d35eded1c95d3be]::run_test::{closure#1}, ()>::{closure#1} as core[df12db4294e9bfd3]::ops::function::FnOnce<()>>::call_once::{shim:vtable#0}
[INFO] [stdout]   15:     0x5759ecf2c0f9 - <std[70759c8f55707aa4]::sys::thread::unix::Thread>::new::thread_start
[INFO] [stdout]   16:     0x7801af766dfa - <unknown>
[INFO] [stdout]   17:     0x7801af7fa3d4 - clone
[INFO] [stdout]   18:                0x0 - <unknown>
[INFO] [stdout] 
[INFO] [stdout] ---- snip_rust_panicking_code stdout ----
[INFO] [stdout] 
[INFO] [stdout] thread 'snip_rust_panicking_code' (1574) panicked at /opt/rustwide/cargo-home/registry/src/index.crates.io-1949cf8c6b5b557f/assert_cmd-0.11.1/src/assert.rs:154:13:
[INFO] [stdout] Unexpected failure.
[INFO] [stdout] code-1
[INFO] [stdout] stderr=```error: failed to emit snipped wasm to /opt/rustwide/workdir/tests/no_panicking.wasm.actual
[INFO] [stdout]   caused by failed to write wasm module
[INFO] [stdout]   caused by Read-only file system (os error 30)
[INFO] [stdout] stack backtrace:
[INFO] [stdout]    0: <failure::backtrace::Backtrace>::new
[INFO] [stdout]    1: <failure::error::error_impl::ErrorImpl as core::convert::From<core::io::error::Error>>::from
[INFO] [stdout]    2: <walrus::module::Module>::emit_wasm_file::<&str>
[INFO] [stdout]    3: wasm_snip::main
[INFO] [stdout]    4: std::sys::backtrace::__rust_begin_short_backtrace::<fn(), ()>
[INFO] [stdout]    5: std::rt::lang_start::<()>::{closure#0}
[INFO] [stdout]    6: std::rt::lang_start_internal
[INFO] [stdout]    7: main
[INFO] [stdout]    8: <unknown>
[INFO] [stdout]    9: __libc_start_main
[INFO] [stdout]   10: _start
[INFO] [stdout] 
[INFO] [stdout] ```
[INFO] [stdout] command=`"/opt/rustwide/target/release/wasm-snip" "/opt/rustwide/workdir/tests/hello.wasm" "--snip-rust-panicking-code" "--skip-producers-section" "-o" "/opt/rustwide/workdir/tests/no_panicking.wasm.actual"`
[INFO] [stdout] code=1
[INFO] [stdout] stdout=``````
[INFO] [stdout] stderr=```error: failed to emit snipped wasm to /opt/rustwide/workdir/tests/no_panicking.wasm.actual
[INFO] [stdout]   caused by failed to write wasm module
[INFO] [stdout]   caused by Read-only file system (os error 30)
[INFO] [stdout] stack backtrace:
[INFO] [stdout]    0: <failure::backtrace::Backtrace>::new
[INFO] [stdout]    1: <failure::error::error_impl::ErrorImpl as core::convert::From<core::io::error::Error>>::from
[INFO] [stdout]    2: <walrus::module::Module>::emit_wasm_file::<&str>
[INFO] [stdout]    3: wasm_snip::main
[INFO] [stdout]    4: std::sys::backtrace::__rust_begin_short_backtrace::<fn(), ()>
[INFO] [stdout]    5: std::rt::lang_start::<()>::{closure#0}
[INFO] [stdout]    6: std::rt::lang_start_internal
[INFO] [stdout]    7: main
[INFO] [stdout]    8: <unknown>
[INFO] [stdout]    9: __libc_start_main
[INFO] [stdout]   10: _start
[INFO] [stdout] 
[INFO] [stdout] ```
[INFO] [stdout] 
[INFO] [stdout] stack backtrace:
[INFO] [stdout]    0:     0x5759ecf2cf31 - <<std[70759c8f55707aa4]::sys::backtrace::BacktraceLock>::print::DisplayBacktrace as core[df12db4294e9bfd3]::fmt::Display>::fmt
[INFO] [stdout]    1:     0x5759ecf4289a - core[df12db4294e9bfd3]::fmt::write
[INFO] [stdout]    2:     0x5759ecf3272c - <alloc[2182bb758b4b3781]::vec::Vec<u8> as core[df12db4294e9bfd3]::io::write::Write>::write_fmt
[INFO] [stdout]    3:     0x5759ecf08636 - std[70759c8f55707aa4]::panicking::default_hook::{closure#0}
[INFO] [stdout]    4:     0x5759ecf24f89 - std[70759c8f55707aa4]::panicking::default_hook
[INFO] [stdout]    5:     0x5759ecebf5c0 - test[9d35eded1c95d3be]::test_main_inner::<test[9d35eded1c95d3be]::test_main_static::{closure#0}>::{closure#0}
[INFO] [stdout]    6:     0x5759ecf25142 - std[70759c8f55707aa4]::panicking::panic_with_hook
[INFO] [stdout]    7:     0x5759ecf086e2 - std[70759c8f55707aa4]::panicking::panic_handler::{closure#0}
[INFO] [stdout]    8:     0x5759ecf012a9 - std[70759c8f55707aa4]::sys::backtrace::__rust_end_short_backtrace::<std[70759c8f55707aa4]::panicking::panic_handler::{closure#0}, !>
[INFO] [stdout]    9:     0x5759ecf092dd - __rustc[8fa7c3cbc660c2b3]::rust_begin_unwind
[INFO] [stdout]   10:     0x5759ecf42fcc - core[df12db4294e9bfd3]::panicking::panic_fmt
[INFO] [stdout]   11:     0x5759ecef4194 - <assert_cmd[c8cc851332c43588]::assert::Assert>::success
[INFO] [stdout]   12:     0x5759eceb0f66 - tests[6e086bee04789528]::assert_snip::<&str>
[INFO] [stdout]   13:     0x5759eceb26f1 - <tests[6e086bee04789528]::snip_rust_panicking_code::{closure#0} as core[df12db4294e9bfd3]::ops::function::FnOnce<()>>::call_once
[INFO] [stdout]   14:     0x5759eceb28ab - test[9d35eded1c95d3be]::__rust_begin_short_backtrace::<core[df12db4294e9bfd3]::result::Result<(), alloc[2182bb758b4b3781]::string::String>, fn() -> core[df12db4294e9bfd3]::result::Result<(), alloc[2182bb758b4b3781]::string::String>>
[INFO] [stdout]   15:     0x5759ecebff15 - test[9d35eded1c95d3be]::run_test::{closure#0}
[INFO] [stdout]   16:     0x5759eceb97d4 - std[70759c8f55707aa4]::sys::backtrace::__rust_begin_short_backtrace::<test[9d35eded1c95d3be]::run_test::{closure#1}, ()>
[INFO] [stdout]   17:     0x5759ecec3072 - <std[70759c8f55707aa4]::thread::lifecycle::spawn_unchecked<test[9d35eded1c95d3be]::run_test::{closure#1}, ()>::{closure#1} as core[df12db4294e9bfd3]::ops::function::FnOnce<()>>::call_once::{shim:vtable#0}
[INFO] [stdout]   18:     0x5759ecf2c0f9 - <std[70759c8f55707aa4]::sys::thread::unix::Thread>::new::thread_start
[INFO] [stdout]   19:     0x7801af766dfa - <unknown>
[INFO] [stdout]   20:     0x7801af7fa3d4 - clone
[INFO] [stdout]   21:                0x0 - <unknown>
[INFO] [stdout] 
[INFO] [stdout] 
[INFO] [stdout] failures:
[INFO] [stdout]     cargo_readme_up_to_date
[INFO] [stdout]     patterns
[INFO] [stdout]     snip_me
[INFO] [stdout]     snip_rust_fmt_code
[INFO] [stdout]     snip_rust_panicking_code
[INFO] [stdout] 
[INFO] [stdout] test result: FAILED. 0 passed; 5 failed; 0 ignored; 0 measured; 0 filtered out; finished in 0.07s
[INFO] [stdout] 
[INFO] running `Command { std: "docker" "inspect" "a49e2e137fa65b954a91acdaee1bad530c7e5834d11ebc2d2702032ff5555d05", kill_on_drop: false }`
[INFO] running `Command { std: "docker" "rm" "-f" "a49e2e137fa65b954a91acdaee1bad530c7e5834d11ebc2d2702032ff5555d05", kill_on_drop: false }`
[INFO] [stdout] a49e2e137fa65b954a91acdaee1bad530c7e5834d11ebc2d2702032ff5555d05
