[INFO] fetching crate wasm-nm 0.2.1...
[INFO] testing wasm-nm-0.2.1 against 1.99.0-beta.8+cargoflags=--release for beta-release-1.100-2
[INFO] extracting crate wasm-nm 0.2.1 into /workspace/builds/worker-5-tc1/source
[INFO] started tweaking crates.io crate wasm-nm 0.2.1
[INFO] finished tweaking crates.io crate wasm-nm 0.2.1
[INFO] tweaked toml for crates.io crate wasm-nm 0.2.1 written to /workspace/builds/worker-5-tc1/source/Cargo.toml
[INFO] validating manifest of crates.io crate wasm-nm 0.2.1 on toolchain 1.99.0-beta.8
[INFO] running `Command { std: CARGO_HOME="/workspace/cargo-home" RUSTUP_HOME="/workspace/rustup-home" "/workspace/cargo-home/bin/cargo" "+1.99.0-beta.8" "metadata" "--manifest-path" "Cargo.toml" "--no-deps", kill_on_drop: false }`
[INFO] running `Command { std: CARGO_HOME="/workspace/cargo-home" RUSTUP_HOME="/workspace/rustup-home" "/workspace/cargo-home/bin/cargo" "+1.99.0-beta.8" "generate-lockfile" "--manifest-path" "Cargo.toml", kill_on_drop: false }`
[INFO] [stderr]     Updating crates.io index
[INFO] [stderr]      Locking 46 packages to highest compatible versions
[INFO] [stderr]       Adding clap v2.34.0 (available: v4.6.7)
[INFO] [stderr]       Adding parity-wasm v0.19.3 (available: v0.45.0)
[INFO] running `Command { std: CARGO_HOME="/workspace/cargo-home" RUSTUP_HOME="/workspace/rustup-home" "/workspace/cargo-home/bin/cargo" "+1.99.0-beta.8" "fetch" "--manifest-path" "Cargo.toml", kill_on_drop: false }`
[INFO] [stderr] warning: Cargo.toml: `package.edition` is unspecified, defaulting to `2015` while the latest is `2024`
[INFO] [stderr] warning: `wasm-nm` (manifest) generated 1 warning
[INFO] [stderr]  Downloading crates ...
[INFO] [stderr]   Downloaded parking_lot v0.4.8
[INFO] [stderr]   Downloaded parking_lot_core v0.2.14
[INFO] [stderr]   Downloaded parity-wasm v0.19.3
[INFO] [stderr]   Downloaded owning_ref v0.3.3
[INFO] running `Command { std: "docker" "create" "-v" "/var/lib/crater-agent-workspace/builds/worker-5-tc1/source:/opt/rustwide/workdir:ro,Z" "-v" "/var/lib/crater-agent-workspace/builds/worker-5-tc1/target:/opt/rustwide/target:rw,Z" "-v" "/var/lib/crater-agent-workspace/cargo-home:/opt/rustwide/cargo-home:ro,Z" "-v" "/var/lib/crater-agent-workspace/rustup-home:/opt/rustwide/rustup-home:ro,Z" "-m" "1610612736" "--network" "none" "ghcr.io/rust-lang/crates-build-env/linux@sha256:77db811e55d90add9212f6832c23229e3de5f1c1f9905e8cb07319ea15df73ac" "sleep" "infinity", kill_on_drop: false }`
[INFO] [stdout] 24d2f09614d9685f57c0d2669619db6ee742ff41c9100574158280d4dd8f5316
[INFO] running `Command { std: "docker" "start" "24d2f09614d9685f57c0d2669619db6ee742ff41c9100574158280d4dd8f5316", kill_on_drop: false }`
[INFO] running `Command { std: "docker" "inspect" "24d2f09614d9685f57c0d2669619db6ee742ff41c9100574158280d4dd8f5316", kill_on_drop: false }`
[INFO] running `Command { std: "docker" "exec" "-e" "SOURCE_DIR=/opt/rustwide/workdir" "-e" "CARGO_HOME=/opt/rustwide/cargo-home" "-e" "RUSTUP_HOME=/opt/rustwide/rustup-home" "-e" "CARGO_TARGET_DIR=/opt/rustwide/target" "-w" "/opt/rustwide/workdir" "--user" "0:0" "24d2f09614d9685f57c0d2669619db6ee742ff41c9100574158280d4dd8f5316" "/opt/rustwide/cargo-home/bin/cargo" "+1.99.0-beta.8" "metadata" "--no-deps" "--format-version=1", kill_on_drop: false }`
[INFO] running `Command { std: "docker" "inspect" "24d2f09614d9685f57c0d2669619db6ee742ff41c9100574158280d4dd8f5316", kill_on_drop: false }`
[INFO] running `Command { std: "docker" "exec" "-e" "SOURCE_DIR=/opt/rustwide/workdir" "-e" "CARGO_HOME=/opt/rustwide/cargo-home" "-e" "RUSTUP_HOME=/opt/rustwide/rustup-home" "-e" "CARGO_TARGET_DIR=/opt/rustwide/target" "-e" "CARGO_INCREMENTAL=0" "-e" "RUST_BACKTRACE=full" "-e" "RUSTFLAGS=--cap-lints=warn" "-e" "RUSTDOCFLAGS=--cap-lints=warn" "-w" "/opt/rustwide/workdir" "--user" "0:0" "24d2f09614d9685f57c0d2669619db6ee742ff41c9100574158280d4dd8f5316" "/opt/rustwide/cargo-home/bin/cargo" "+1.99.0-beta.8" "build" "--frozen" "--message-format=json" "--release", kill_on_drop: false }`
[INFO] [stderr] warning: Cargo.toml: `package.edition` is unspecified, defaulting to `2015` while the latest is `2024`
[INFO] [stderr] warning: `wasm-nm` (manifest) generated 1 warning
[INFO] [stderr]    Compiling maybe-uninit v2.0.0
[INFO] [stderr]    Compiling syn v1.0.109
[INFO] [stderr]    Compiling rand v0.4.6
[INFO] [stderr]    Compiling failure_derive v0.1.8
[INFO] [stderr]    Compiling stable_deref_trait v1.2.1
[INFO] [stderr]    Compiling unicode-xid v0.2.6
[INFO] [stderr]    Compiling log v0.3.9
[INFO] [stderr]    Compiling textwrap v0.11.0
[INFO] [stderr]    Compiling owning_ref v0.3.3
[INFO] [stderr]    Compiling atty v0.2.14
[INFO] [stderr]    Compiling strsim v0.8.0
[INFO] [stderr]    Compiling bitflags v1.3.2
[INFO] [stderr]    Compiling ansi_term v0.12.1
[INFO] [stderr]    Compiling vec_map v0.8.2
[INFO] [stderr]    Compiling smallvec v0.6.14
[INFO] [stderr]    Compiling clap v2.34.0
[INFO] [stderr]    Compiling parking_lot_core v0.2.14
[INFO] [stderr]    Compiling parking_lot v0.4.8
[INFO] [stderr]    Compiling parity-wasm v0.19.3
[INFO] [stderr]    Compiling synstructure v0.12.6
[INFO] [stderr]    Compiling failure v0.1.8
[INFO] [stderr]    Compiling wasm-nm v0.2.1 (/opt/rustwide/workdir)
[INFO] [stdout] warning: hiding a lifetime that's elided elsewhere is confusing
[INFO] [stdout]    --> src/lib.rs:200:17
[INFO] [stdout]     |
[INFO] [stdout] 200 |     pub fn iter(&self) -> SymbolsIter {
[INFO] [stdout]     |                 ^^^^^     ^^^^^^^^^^^ the same lifetime is hidden here
[INFO] [stdout]     |                 |
[INFO] [stdout]     |                 the lifetime is elided here
[INFO] [stdout]     |
[INFO] [stdout]     = help: the same lifetime is referred to in inconsistent ways, making the signature confusing
[INFO] [stdout]     = note: `#[warn(mismatched_lifetime_syntaxes)]` on by default
[INFO] [stdout] help: use `'_` for type paths
[INFO] [stdout]     |
[INFO] [stdout] 200 |     pub fn iter(&self) -> SymbolsIter<'_> {
[INFO] [stdout]     |                                      ++++
[INFO] [stdout] 
[INFO] [stdout] 
[INFO] [stderr]     Finished `release` profile [optimized] target(s) in 38.29s
[INFO] running `Command { std: "docker" "inspect" "24d2f09614d9685f57c0d2669619db6ee742ff41c9100574158280d4dd8f5316", kill_on_drop: false }`
[INFO] running `Command { std: "docker" "exec" "-e" "SOURCE_DIR=/opt/rustwide/workdir" "-e" "CARGO_HOME=/opt/rustwide/cargo-home" "-e" "RUSTUP_HOME=/opt/rustwide/rustup-home" "-e" "CARGO_TARGET_DIR=/opt/rustwide/target" "-e" "CARGO_INCREMENTAL=0" "-e" "RUST_BACKTRACE=full" "-e" "RUSTFLAGS=--cap-lints=warn" "-e" "RUSTDOCFLAGS=--cap-lints=warn" "-w" "/opt/rustwide/workdir" "--user" "0:0" "24d2f09614d9685f57c0d2669619db6ee742ff41c9100574158280d4dd8f5316" "/opt/rustwide/cargo-home/bin/cargo" "+1.99.0-beta.8" "test" "--frozen" "--no-run" "--message-format=json" "--release", kill_on_drop: false }`
[INFO] [stderr] warning: Cargo.toml: `package.edition` is unspecified, defaulting to `2015` while the latest is `2024`
[INFO] [stderr] warning: `wasm-nm` (manifest) generated 1 warning
[INFO] [stderr]    Compiling wasm-nm v0.2.1 (/opt/rustwide/workdir)
[INFO] [stdout] warning: hiding a lifetime that's elided elsewhere is confusing
[INFO] [stdout]    --> src/lib.rs:200:17
[INFO] [stdout]     |
[INFO] [stdout] 200 |     pub fn iter(&self) -> SymbolsIter {
[INFO] [stdout]     |                 ^^^^^     ^^^^^^^^^^^ the same lifetime is hidden here
[INFO] [stdout]     |                 |
[INFO] [stdout]     |                 the lifetime is elided here
[INFO] [stdout]     |
[INFO] [stdout]     = help: the same lifetime is referred to in inconsistent ways, making the signature confusing
[INFO] [stdout]     = note: `#[warn(mismatched_lifetime_syntaxes)]` on by default
[INFO] [stdout] help: use `'_` for type paths
[INFO] [stdout]     |
[INFO] [stdout] 200 |     pub fn iter(&self) -> SymbolsIter<'_> {
[INFO] [stdout]     |                                      ++++
[INFO] [stdout] 
[INFO] [stdout] 
[INFO] [stdout] warning: hiding a lifetime that's elided elsewhere is confusing
[INFO] [stdout]    --> src/lib.rs:200:17
[INFO] [stdout]     |
[INFO] [stdout] 200 |     pub fn iter(&self) -> SymbolsIter {
[INFO] [stdout]     |                 ^^^^^     ^^^^^^^^^^^ the same lifetime is hidden here
[INFO] [stdout]     |                 |
[INFO] [stdout]     |                 the lifetime is elided here
[INFO] [stdout]     |
[INFO] [stdout]     = help: the same lifetime is referred to in inconsistent ways, making the signature confusing
[INFO] [stdout]     = note: `#[warn(mismatched_lifetime_syntaxes)]` on by default
[INFO] [stdout] help: use `'_` for type paths
[INFO] [stdout]     |
[INFO] [stdout] 200 |     pub fn iter(&self) -> SymbolsIter<'_> {
[INFO] [stdout]     |                                      ++++
[INFO] [stdout] 
[INFO] [stdout] 
[INFO] [stderr]     Finished `release` profile [optimized] target(s) in 0.78s
[INFO] running `Command { std: "docker" "inspect" "24d2f09614d9685f57c0d2669619db6ee742ff41c9100574158280d4dd8f5316", kill_on_drop: false }`
[INFO] running `Command { std: "docker" "exec" "-e" "SOURCE_DIR=/opt/rustwide/workdir" "-e" "CARGO_HOME=/opt/rustwide/cargo-home" "-e" "RUSTUP_HOME=/opt/rustwide/rustup-home" "-e" "CARGO_TARGET_DIR=/opt/rustwide/target" "-e" "CARGO_INCREMENTAL=0" "-e" "RUST_BACKTRACE=full" "-e" "RUSTFLAGS=--cap-lints=warn" "-e" "RUSTDOCFLAGS=--cap-lints=warn" "-w" "/opt/rustwide/workdir" "--user" "0:0" "24d2f09614d9685f57c0d2669619db6ee742ff41c9100574158280d4dd8f5316" "/opt/rustwide/cargo-home/bin/cargo" "+1.99.0-beta.8" "test" "--frozen" "--release", kill_on_drop: false }`
[INFO] [stderr] warning: Cargo.toml: `package.edition` is unspecified, defaulting to `2015` while the latest is `2024`
[INFO] [stderr] warning: `wasm-nm` (manifest) generated 1 warning
[INFO] [stderr] warning: hiding a lifetime that's elided elsewhere is confusing
[INFO] [stderr]    --> src/lib.rs:200:17
[INFO] [stderr]     |
[INFO] [stderr] 200 |     pub fn iter(&self) -> SymbolsIter {
[INFO] [stderr]     |                 ^^^^^     ^^^^^^^^^^^ the same lifetime is hidden here
[INFO] [stderr]     |                 |
[INFO] [stderr]     |                 the lifetime is elided here
[INFO] [stderr]     |
[INFO] [stderr]     = help: the same lifetime is referred to in inconsistent ways, making the signature confusing
[INFO] [stderr]     = note: `#[warn(mismatched_lifetime_syntaxes)]` on by default
[INFO] [stderr] help: use `'_` for type paths
[INFO] [stderr]     |
[INFO] [stderr] 200 |     pub fn iter(&self) -> SymbolsIter<'_> {
[INFO] [stderr]     |                                      ++++
[INFO] [stderr] 
[INFO] [stderr] warning: `wasm-nm` (lib) generated 1 warning (run `cargo fix --lib -p wasm-nm` to apply 1 suggestion)
[INFO] [stderr] warning: `wasm-nm` (lib test) generated 1 warning (1 duplicate)
[INFO] [stderr]     Finished `release` profile [optimized] target(s) in 0.07s
[INFO] [stderr]      Running unittests src/lib.rs (/opt/rustwide/target/release/deps/wasm_nm-04586cf5e2276487)
[INFO] [stderr]      Running unittests src/bin/wasm-nm.rs (/opt/rustwide/target/release/deps/wasm_nm-5fbfe23c81021ad1)
[INFO] [stdout] 
[INFO] [stdout] running 0 tests
[INFO] [stdout] 
[INFO] [stdout] test result: ok. 0 passed; 0 failed; 0 ignored; 0 measured; 0 filtered out; finished in 0.00s
[INFO] [stdout] 
[INFO] [stdout] 
[INFO] [stdout] running 0 tests
[INFO] [stdout] 
[INFO] [stdout] test result: ok. 0 passed; 0 failed; 0 ignored; 0 measured; 0 filtered out; finished in 0.00s
[INFO] [stdout] 
[INFO] [stderr]      Running tests/hello.rs (/opt/rustwide/target/release/deps/hello-1cff1d896221807a)
[INFO] [stdout] 
[INFO] [stdout] running 0 tests
[INFO] [stdout] 
[INFO] [stdout] test result: ok. 0 passed; 0 failed; 0 ignored; 0 measured; 0 filtered out; finished in 0.00s
[INFO] [stdout] 
[INFO] [stderr]      Running tests/tests.rs (/opt/rustwide/target/release/deps/tests-4be5bb2c55fe4cc2)
[INFO] [stdout] 
[INFO] [stdout] running 6 tests
[INFO] [stdout] test cargo_readme_up_to_date ... FAILED
[INFO] [stdout] test small_hello_dash_j ... ok
[INFO] [stdout] test hello ... ok
[INFO] [stdout] test hello_dash_i ... ok
[INFO] [stdout] test small_hello_dash_e ... ok
[INFO] [stdout] test small_hello ... ok
[INFO] [stdout] 
[INFO] [stdout] failures:
[INFO] [stdout] 
[INFO] [stdout] ---- cargo_readme_up_to_date stdout ----
[INFO] [stdout] Checking that `cargo readme > README.md` is up to date...
[INFO] [stdout] 
[INFO] [stdout] thread 'cargo_readme_up_to_date' (578) panicked at tests/tests.rs:27:9:
[INFO] [stdout] Run `cargo readme > README.md` to update README.md
[INFO] [stdout] stack backtrace:
[INFO] [stdout]    0:     0x59a0a4d85fc1 - <<std[70759c8f55707aa4]::sys::backtrace::BacktraceLock>::print::DisplayBacktrace as core[df12db4294e9bfd3]::fmt::Display>::fmt
[INFO] [stdout]    1:     0x59a0a4d9a26a - core[df12db4294e9bfd3]::fmt::write
[INFO] [stdout]    2:     0x59a0a4d8a52c - <alloc[2182bb758b4b3781]::vec::Vec<u8> as core[df12db4294e9bfd3]::io::write::Write>::write_fmt
[INFO] [stdout]    3:     0x59a0a4d623d6 - std[70759c8f55707aa4]::panicking::default_hook::{closure#0}
[INFO] [stdout]    4:     0x59a0a4d7e729 - std[70759c8f55707aa4]::panicking::default_hook
[INFO] [stdout]    5:     0x59a0a4d1a970 - test[9d35eded1c95d3be]::test_main_inner::<test[9d35eded1c95d3be]::test_main_static::{closure#0}>::{closure#0}
[INFO] [stdout]    6:     0x59a0a4d7e8e2 - std[70759c8f55707aa4]::panicking::panic_with_hook
[INFO] [stdout]    7:     0x59a0a4d61a3c - std[70759c8f55707aa4]::panicking::begin_panic::<&str>::{closure#0}
[INFO] [stdout]    8:     0x59a0a4d5b1b9 - std[70759c8f55707aa4]::sys::backtrace::__rust_end_short_backtrace::<std[70759c8f55707aa4]::panicking::begin_panic<&str>::{closure#0}, !>
[INFO] [stdout]    9:     0x59a0a4d5804b - std[70759c8f55707aa4]::panicking::begin_panic::<&str>
[INFO] [stdout]   10:     0x59a0a4d0d6f4 - <tests[5260862fda0dbfdd]::cargo_readme_up_to_date::{closure#0} as core[df12db4294e9bfd3]::ops::function::FnOnce<()>>::call_once
[INFO] [stdout]   11:     0x59a0a4d0dc5b - test[9d35eded1c95d3be]::__rust_begin_short_backtrace::<core[df12db4294e9bfd3]::result::Result<(), alloc[2182bb758b4b3781]::string::String>, fn() -> core[df12db4294e9bfd3]::result::Result<(), alloc[2182bb758b4b3781]::string::String>>
[INFO] [stdout]   12:     0x59a0a4d1b2c5 - test[9d35eded1c95d3be]::run_test::{closure#0}
[INFO] [stdout]   13:     0x59a0a4d14b84 - std[70759c8f55707aa4]::sys::backtrace::__rust_begin_short_backtrace::<test[9d35eded1c95d3be]::run_test::{closure#1}, ()>
[INFO] [stdout]   14:     0x59a0a4d1e422 - <std[70759c8f55707aa4]::thread::lifecycle::spawn_unchecked<test[9d35eded1c95d3be]::run_test::{closure#1}, ()>::{closure#1} as core[df12db4294e9bfd3]::ops::function::FnOnce<()>>::call_once::{shim:vtable#0}
[INFO] [stdout]   15:     0x59a0a4d85899 - <std[70759c8f55707aa4]::sys::thread::unix::Thread>::new::thread_start
[INFO] [stdout]   16:     0x77d3e8214dfa - <unknown>
[INFO] [stdout]   17:     0x77d3e82a83d4 - clone
[INFO] [stdout]   18:                0x0 - <unknown>
[INFO] [stdout] 
[INFO] [stdout] 
[INFO] [stdout] failures:
[INFO] [stdout]     cargo_readme_up_to_date
[INFO] [stdout] 
[INFO] [stdout] test result: FAILED. 5 passed; 1 failed; 0 ignored; 0 measured; 0 filtered out; finished in 30.80s
[INFO] [stdout] 
[INFO] [stderr] error: test failed, to rerun pass `--test tests`
[INFO] running `Command { std: "docker" "inspect" "24d2f09614d9685f57c0d2669619db6ee742ff41c9100574158280d4dd8f5316", kill_on_drop: false }`
[INFO] running `Command { std: "docker" "rm" "-f" "24d2f09614d9685f57c0d2669619db6ee742ff41c9100574158280d4dd8f5316", kill_on_drop: false }`
[INFO] [stdout] 24d2f09614d9685f57c0d2669619db6ee742ff41c9100574158280d4dd8f5316
