[INFO] fetching crate wasm-component-ld 0.5.31...
[INFO] testing wasm-component-ld-0.5.31 against 1.100.0-beta.1+cargoflags=--release for beta-release-1.100-2
[INFO] extracting crate wasm-component-ld 0.5.31 into /workspace/builds/worker-1-tc2/source
[INFO] started tweaking crates.io crate wasm-component-ld 0.5.31
[INFO] removed 0 missing tests
[INFO] finished tweaking crates.io crate wasm-component-ld 0.5.31
[INFO] tweaked toml for crates.io crate wasm-component-ld 0.5.31 written to /workspace/builds/worker-1-tc2/source/Cargo.toml
[INFO] validating manifest of crates.io crate wasm-component-ld 0.5.31 on toolchain 1.100.0-beta.1
[INFO] running `Command { std: CARGO_HOME="/workspace/cargo-home" RUSTUP_HOME="/workspace/rustup-home" "/workspace/cargo-home/bin/cargo" "+1.100.0-beta.1" "metadata" "--manifest-path" "Cargo.toml" "--no-deps", kill_on_drop: false }`
[INFO] crate crates.io crate wasm-component-ld 0.5.31 already has a lockfile, it will not be regenerated
[INFO] running `Command { std: CARGO_HOME="/workspace/cargo-home" RUSTUP_HOME="/workspace/rustup-home" "/workspace/cargo-home/bin/cargo" "+1.100.0-beta.1" "fetch" "--manifest-path" "Cargo.toml", kill_on_drop: false }`
[INFO] running `Command { std: "docker" "create" "-v" "/var/lib/crater-agent-workspace/builds/worker-1-tc2/source:/opt/rustwide/workdir:ro,Z" "-v" "/var/lib/crater-agent-workspace/builds/worker-1-tc2/target:/opt/rustwide/target:rw,Z" "-v" "/var/lib/crater-agent-workspace/cargo-home:/opt/rustwide/cargo-home:ro,Z" "-v" "/var/lib/crater-agent-workspace/rustup-home:/opt/rustwide/rustup-home:ro,Z" "-m" "1610612736" "--network" "none" "ghcr.io/rust-lang/crates-build-env/linux@sha256:77db811e55d90add9212f6832c23229e3de5f1c1f9905e8cb07319ea15df73ac" "sleep" "infinity", kill_on_drop: false }`
[INFO] [stdout] 4fdad25ce73a95652b017297cb264a05b93bdadd91df18b4a78c7f0edf920bed
[INFO] running `Command { std: "docker" "start" "4fdad25ce73a95652b017297cb264a05b93bdadd91df18b4a78c7f0edf920bed", kill_on_drop: false }`
[INFO] running `Command { std: "docker" "inspect" "4fdad25ce73a95652b017297cb264a05b93bdadd91df18b4a78c7f0edf920bed", kill_on_drop: false }`
[INFO] running `Command { std: "docker" "exec" "-e" "SOURCE_DIR=/opt/rustwide/workdir" "-e" "CARGO_HOME=/opt/rustwide/cargo-home" "-e" "RUSTUP_HOME=/opt/rustwide/rustup-home" "-e" "CARGO_TARGET_DIR=/opt/rustwide/target" "-w" "/opt/rustwide/workdir" "--user" "0:0" "4fdad25ce73a95652b017297cb264a05b93bdadd91df18b4a78c7f0edf920bed" "/opt/rustwide/cargo-home/bin/cargo" "+1.100.0-beta.1" "metadata" "--no-deps" "--format-version=1", kill_on_drop: false }`
[INFO] running `Command { std: "docker" "inspect" "4fdad25ce73a95652b017297cb264a05b93bdadd91df18b4a78c7f0edf920bed", kill_on_drop: false }`
[INFO] running `Command { std: "docker" "exec" "-e" "SOURCE_DIR=/opt/rustwide/workdir" "-e" "CARGO_HOME=/opt/rustwide/cargo-home" "-e" "RUSTUP_HOME=/opt/rustwide/rustup-home" "-e" "CARGO_TARGET_DIR=/opt/rustwide/target" "-e" "CARGO_INCREMENTAL=0" "-e" "RUST_BACKTRACE=full" "-e" "RUSTFLAGS=--cap-lints=warn" "-e" "RUSTDOCFLAGS=--cap-lints=warn" "-w" "/opt/rustwide/workdir" "--user" "0:0" "4fdad25ce73a95652b017297cb264a05b93bdadd91df18b4a78c7f0edf920bed" "/opt/rustwide/cargo-home/bin/cargo" "+1.100.0-beta.1" "build" "--frozen" "--message-format=json" "--release", kill_on_drop: false }`
[INFO] [stderr]    Compiling serde v1.0.228
[INFO] [stderr]    Compiling bitflags v2.13.0
[INFO] [stderr]    Compiling hashbrown v0.17.1
[INFO] [stderr]    Compiling semver v1.0.28
[INFO] [stderr]    Compiling leb128fmt v0.1.0
[INFO] [stderr]    Compiling anyhow v1.0.103
[INFO] [stderr]    Compiling serde_json v1.0.150
[INFO] [stderr]    Compiling id-arena v2.3.0
[INFO] [stderr]    Compiling clap_derive v4.6.1
[INFO] [stderr]    Compiling getrandom v0.4.3
[INFO] [stderr]    Compiling rustix v1.1.4
[INFO] [stderr]    Compiling wasi-preview1-component-adapter-provider v49.0.1
[INFO] [stderr]    Compiling lexopt v0.3.2
[INFO] [stderr]    Compiling indexmap v2.14.0
[INFO] [stderr]    Compiling clap v4.6.1
[INFO] [stderr]    Compiling wasmparser v0.261.0
[INFO] [stderr]    Compiling tempfile v3.27.0
[INFO] [stderr]    Compiling wasm-encoder v0.261.0
[INFO] [stderr]    Compiling wit-parser v0.261.0
[INFO] [stderr]    Compiling wast v261.0.0
[INFO] [stderr]    Compiling wasm-metadata v0.261.0
[INFO] [stderr]    Compiling wit-component v0.261.0
[INFO] [stderr]    Compiling wat v1.261.0
[INFO] [stderr]    Compiling wasm-component-ld v0.5.31 (/opt/rustwide/workdir)
[INFO] [stderr]     Finished `release` profile [optimized] target(s) in 2m 34s
[INFO] running `Command { std: "docker" "inspect" "4fdad25ce73a95652b017297cb264a05b93bdadd91df18b4a78c7f0edf920bed", kill_on_drop: false }`
[INFO] running `Command { std: "docker" "exec" "-e" "SOURCE_DIR=/opt/rustwide/workdir" "-e" "CARGO_HOME=/opt/rustwide/cargo-home" "-e" "RUSTUP_HOME=/opt/rustwide/rustup-home" "-e" "CARGO_TARGET_DIR=/opt/rustwide/target" "-e" "CARGO_INCREMENTAL=0" "-e" "RUST_BACKTRACE=full" "-e" "RUSTFLAGS=--cap-lints=warn" "-e" "RUSTDOCFLAGS=--cap-lints=warn" "-w" "/opt/rustwide/workdir" "--user" "0:0" "4fdad25ce73a95652b017297cb264a05b93bdadd91df18b4a78c7f0edf920bed" "/opt/rustwide/cargo-home/bin/cargo" "+1.100.0-beta.1" "test" "--frozen" "--no-run" "--message-format=json" "--release", kill_on_drop: false }`
[INFO] [stderr]    Compiling wasm-component-ld v0.5.31 (/opt/rustwide/workdir)
[INFO] [stderr]     Finished `release` profile [optimized] target(s) in 2.69s
[INFO] running `Command { std: "docker" "inspect" "4fdad25ce73a95652b017297cb264a05b93bdadd91df18b4a78c7f0edf920bed", kill_on_drop: false }`
[INFO] running `Command { std: "docker" "exec" "-e" "SOURCE_DIR=/opt/rustwide/workdir" "-e" "CARGO_HOME=/opt/rustwide/cargo-home" "-e" "RUSTUP_HOME=/opt/rustwide/rustup-home" "-e" "CARGO_TARGET_DIR=/opt/rustwide/target" "-e" "CARGO_INCREMENTAL=0" "-e" "RUST_BACKTRACE=full" "-e" "RUSTFLAGS=--cap-lints=warn" "-e" "RUSTDOCFLAGS=--cap-lints=warn" "-w" "/opt/rustwide/workdir" "--user" "0:0" "4fdad25ce73a95652b017297cb264a05b93bdadd91df18b4a78c7f0edf920bed" "/opt/rustwide/cargo-home/bin/cargo" "+1.100.0-beta.1" "test" "--frozen" "--release", kill_on_drop: false }`
[INFO] [stderr]     Finished `release` profile [optimized] target(s) in 0.09s
[INFO] [stderr]      Running unittests src/lib.rs (/opt/rustwide/target/release/build/wasm-component-ld/0fd5e81454aa0277/out/wasm_component_ld-0fd5e81454aa0277)
[INFO] [stdout] 
[INFO] [stdout] running 2 tests
[INFO] [stdout] test argfile::gnu::tests ... ok
[INFO] [stdout] test verify_app ... ok
[INFO] [stdout] 
[INFO] [stdout] test result: ok. 2 passed; 0 failed; 0 ignored; 0 measured; 0 filtered out; finished in 0.00s
[INFO] [stdout] 
[INFO] [stderr]      Running unittests src/main.rs (/opt/rustwide/target/release/build/wasm-component-ld/91d29d25ac5032e3/out/wasm_component_ld-91d29d25ac5032e3)
[INFO] [stdout] 
[INFO] [stdout] running 0 tests
[INFO] [stdout] 
[INFO] [stdout] test result: ok. 0 passed; 0 failed; 0 ignored; 0 measured; 0 filtered out; finished in 0.00s
[INFO] [stdout] 
[INFO] [stderr]      Running tests/all.rs (/opt/rustwide/target/release/build/wasm-component-ld/68387a2cf21b373f/out/all-68387a2cf21b373f)
[INFO] [stdout] 
[INFO] [stdout] running 13 tests
[INFO] [stdout] test cdylib_arbitrary_export ... FAILED
[INFO] [stderr] error[E0463]: can't find crate for `std`
[INFO] [stdout] test hello_world ... FAILED
[INFO] [stderr]   |
[INFO] [stderr]   = note: the `wasm32-wasip1` target may not be installed
[INFO] [stderr]   = help: consider downloading the target with `rustup target add wasm32-wasip1`
[INFO] [stderr] 
[INFO] [stderr] error: aborting due to 1 previous error
[INFO] [stderr] 
[INFO] [stderr] For more information about this error, try `rustc --explain E0463`.
[INFO] [stderr] error[E0463]: can't find crate for `std`
[INFO] [stderr]   |
[INFO] [stderr]   = note: the `wasm32-wasip1` target may not be installed
[INFO] [stderr]   = help: consider downloading the target with `rustup target add wasm32-wasip1`
[INFO] [stderr] 
[INFO] [stderr] error: aborting due to 1 previous error
[INFO] [stderr] 
[INFO] [stderr] For more information about this error, try `rustc --explain E0463`.
[INFO] [stderr] error[E0463]: can't find crate for `std`
[INFO] [stderr]   |
[INFO] [stderr]   = note: the `wasm32-wasip1` target may not be installed
[INFO] [stderr]   = help: consider downloading the target with `rustup target add wasm32-wasip1`
[INFO] [stderr] 
[INFO] [stderr] error: aborting due to 1 previous error
[INFO] [stderr] 
[INFO] [stderr] For more information about this error, try `rustc --explain E0463`.
[INFO] [stderr] error[E0463]: can't find crate for `std`
[INFO] [stderr]   |
[INFO] [stderr]   = note: the `wasm32-wasip1` target may not be installed
[INFO] [stderr]   = help: consider downloading the target with `rustup target add wasm32-wasip1`
[INFO] [stderr] 
[INFO] [stderr] error: aborting due to 1 previous error
[INFO] [stderr] 
[INFO] [stderr] For more information about this error, try `rustc --explain E0463`.
[INFO] [stdout] test empty ... FAILED
[INFO] [stdout] test component_type_wit_file ... FAILED
[INFO] [stderr] error[E0463]: can't find crate for `std`
[INFO] [stderr]   |
[INFO] [stderr]   = note: the `wasm32-wasip1` target may not be installed
[INFO] [stderr]   = help: consider downloading the target with `rustup target add wasm32-wasip1`
[INFO] [stderr] 
[INFO] [stderr] error: aborting due to 1 previous error
[INFO] [stderr] 
[INFO] [stderr] For more information about this error, try `rustc --explain E0463`.
[INFO] [stdout] test linker_flags ... FAILED
[INFO] [stdout] test legacy_names_currently_required ... FAILED
[INFO] [stderr] error[E0463]: can't find crate for `std`
[INFO] [stderr]   |
[INFO] [stderr]   = note: the `wasm32-wasip1` target may not be installed
[INFO] [stderr]   = help: consider downloading the target with `rustup target add wasm32-wasip1`
[INFO] [stderr] 
[INFO] [stderr] error: aborting due to 1 previous error
[INFO] [stderr] 
[INFO] [stderr] For more information about this error, try `rustc --explain E0463`.
[INFO] [stdout] test skip_component ... FAILED
[INFO] [stderr] error[E0463]: can't find crate for `std`
[INFO] [stderr]   |
[INFO] [stderr]   = note: the `wasm32-wasip1` target may not be installed
[INFO] [stderr]   = help: consider downloading the target with `rustup target add wasm32-wasip1`
[INFO] [stderr] 
[INFO] [stderr] error: aborting due to 1 previous error
[INFO] [stderr] 
[INFO] [stderr] For more information about this error, try `rustc --explain E0463`.
[INFO] [stderr] error[E0463]: can't find crate for `std`
[INFO] [stderr]   |
[INFO] [stderr]   = note: the `wasm32-wasip1` target may not be installed
[INFO] [stderr]   = help: consider downloading the target with `rustup target add wasm32-wasip1`
[INFO] [stderr] 
[INFO] [stderr] error[E0463]: can't find crate for `std`
[INFO] [stderr]   |
[INFO] [stderr]   = note: the `wasm32-wasip1` target may not be installed
[INFO] [stderr]   = help: consider downloading the target with `rustup target add wasm32-wasip1`
[INFO] [stderr] 
[INFO] [stderr] error: aborting due to 1 previous error
[INFO] [stderr] 
[INFO] [stderr] error: aborting due to 1 previous error
[INFO] [stderr] 
[INFO] [stderr] For more information about this error, try `rustc --explain E0463`.
[INFO] [stderr] For more information about this error, try `rustc --explain E0463`.
[INFO] [stdout] test multiple_flags_accepted ... FAILED
[INFO] [stderr] error[E0463]: can't find crate for `std`
[INFO] [stderr]   |
[INFO] [stderr]   = note: the `wasm32-wasip1` target may not be installed
[INFO] [stderr]   = help: consider downloading the target with `rustup target add wasm32-wasip1`
[INFO] [stderr] 
[INFO] [stdout] test can_access_badfd ... FAILED
[INFO] [stderr] error: aborting due to 1 previous error
[INFO] [stderr] 
[INFO] [stderr] For more information about this error, try `rustc --explain E0463`.
[INFO] [stdout] test empty_main ... FAILED
[INFO] [stdout] test invalid_lld_flag ... FAILED
[INFO] [stdout] test hello_world_with_realloc_as_memory_grow ... FAILED
[INFO] [stderr] error[E0463]: can't find crate for `std`
[INFO] [stderr]   |
[INFO] [stderr]   = note: the `wasm32-wasip1` target may not be installed
[INFO] [stderr]   = help: consider downloading the target with `rustup target add wasm32-wasip1`
[INFO] [stderr] 
[INFO] [stderr] error: aborting due to 1 previous error
[INFO] [stderr] 
[INFO] [stderr] For more information about this error, try `rustc --explain E0463`.
[INFO] [stdout] test rustc_using_argfile ... FAILED
[INFO] [stdout] 
[INFO] [stdout] failures:
[INFO] [stdout] 
[INFO] [stdout] ---- cdylib_arbitrary_export stdout ----
[INFO] [stdout] 
[INFO] [stdout] thread 'cdylib_arbitrary_export' (670) panicked at tests/all.rs:26:43:
[INFO] [stdout] called `Result::unwrap()` on an `Err` value: subprocess failed: ExitStatus(unix_wait_status(256))
[INFO] [stdout] 
[INFO] [stdout] Stack backtrace:
[INFO] [stdout]    0: <anyhow::Error>::msg::<alloc::string::String>
[INFO] [stdout]    1: anyhow::__private::format_err
[INFO] [stdout]    2: <all::Project>::try_compile
[INFO] [stdout]    3: all::compile
[INFO] [stdout]    4: <all::cdylib_arbitrary_export::{closure#0} as core::ops::function::FnOnce<()>>::call_once
[INFO] [stdout]    5: test::__rust_begin_short_backtrace::<core::result::Result<(), alloc::string::String>, fn() -> core::result::Result<(), alloc::string::String>>
[INFO] [stdout]    6: test::run_test::{closure#0}
[INFO] [stdout]    7: std::sys::backtrace::__rust_begin_short_backtrace::<test::run_test::{closure#1}, ()>
[INFO] [stdout]    8: <std::thread::lifecycle::spawn_unchecked<test::run_test::{closure#1}, ()>::{closure#1} as core::ops::function::FnOnce<()>>::call_once::{shim:vtable#0}
[INFO] [stdout]    9: <std::sys::thread::unix::Thread>::new::thread_start
[INFO] [stdout]   10: <unknown>
[INFO] [stdout]   11: clone
[INFO] [stdout] stack backtrace:
[INFO] [stdout]    0:     0x6047e19f8071 - <<std[617be2ca0a6fd877]::sys::backtrace::BacktraceLock>::print::DisplayBacktrace as core[a373ad73a504971]::fmt::Display>::fmt
[INFO] [stdout]    1:     0x6047e1a0cd5a - core[a373ad73a504971]::fmt::write
[INFO] [stdout]    2:     0x6047e19fcaac - <alloc[2e1b2a31b91974c5]::vec::Vec<u8> as core[a373ad73a504971]::io::write::Write>::write_fmt
[INFO] [stdout]    3:     0x6047e19d2556 - std[617be2ca0a6fd877]::panicking::default_hook::{closure#0}
[INFO] [stdout]    4:     0x6047e19efde9 - std[617be2ca0a6fd877]::panicking::default_hook
[INFO] [stdout]    5:     0x6047e19897a0 - test[aada8e7e76ba119b]::test_main_inner::{closure#0}
[INFO] [stdout]    6:     0x6047e19effa2 - std[617be2ca0a6fd877]::panicking::panic_with_hook
[INFO] [stdout]    7:     0x6047e19d2602 - std[617be2ca0a6fd877]::panicking::panic_handler::{closure#0}
[INFO] [stdout]    8:     0x6047e19cac69 - std[617be2ca0a6fd877]::sys::backtrace::__rust_end_short_backtrace::<std[617be2ca0a6fd877]::panicking::panic_handler::{closure#0}, !>
[INFO] [stdout]    9:     0x6047e19d331d - __rustc[ea4f61d10b84890b]::rust_begin_unwind
[INFO] [stdout]   10:     0x6047e1a0d48c - core[a373ad73a504971]::panicking::panic_fmt
[INFO] [stdout]   11:     0x6047e1a0d262 - core[a373ad73a504971]::result::unwrap_failed
[INFO] [stdout]   12:     0x6047e18afd7f - all[3659c8c6264a540e]::compile
[INFO] [stdout]   13:     0x6047e18b194b - <all[3659c8c6264a540e]::cdylib_arbitrary_export::{closure#0} as core[a373ad73a504971]::ops::function::FnOnce<()>>::call_once
[INFO] [stdout]   14:     0x6047e197cbeb - test[aada8e7e76ba119b]::__rust_begin_short_backtrace::<core[a373ad73a504971]::result::Result<(), alloc[2e1b2a31b91974c5]::string::String>, fn() -> core[a373ad73a504971]::result::Result<(), alloc[2e1b2a31b91974c5]::string::String>>
[INFO] [stdout]   15:     0x6047e1989dc5 - test[aada8e7e76ba119b]::run_test::{closure#0}
[INFO] [stdout]   16:     0x6047e19836b4 - std[617be2ca0a6fd877]::sys::backtrace::__rust_begin_short_backtrace::<test[aada8e7e76ba119b]::run_test::{closure#1}, ()>
[INFO] [stdout]   17:     0x6047e198ce52 - <std[617be2ca0a6fd877]::thread::lifecycle::spawn_unchecked<test[aada8e7e76ba119b]::run_test::{closure#1}, ()>::{closure#1} as core[a373ad73a504971]::ops::function::FnOnce<()>>::call_once::{shim:vtable#0}
[INFO] [stdout]   18:     0x6047e19f76ef - <std[617be2ca0a6fd877]::sys::thread::unix::Thread>::new::thread_start
[INFO] [stdout]   19:     0x703d000fadfa - <unknown>
[INFO] [stdout]   20:     0x703d0018e3d4 - clone
[INFO] [stdout]   21:                0x0 - <unknown>
[INFO] [stdout] 
[INFO] [stdout] ---- hello_world stdout ----
[INFO] [stdout] 
[INFO] [stdout] thread 'hello_world' (676) panicked at tests/all.rs:26:43:
[INFO] [stdout] called `Result::unwrap()` on an `Err` value: subprocess failed: ExitStatus(unix_wait_status(256))
[INFO] [stdout] 
[INFO] [stdout] Stack backtrace:
[INFO] [stdout]    0: <anyhow::Error>::msg::<alloc::string::String>
[INFO] [stdout]    1: anyhow::__private::format_err
[INFO] [stdout]    2: <all::Project>::try_compile
[INFO] [stdout]    3: all::compile
[INFO] [stdout]    4: <all::hello_world::{closure#0} as core::ops::function::FnOnce<()>>::call_once
[INFO] [stdout]    5: test::__rust_begin_short_backtrace::<core::result::Result<(), alloc::string::String>, fn() -> core::result::Result<(), alloc::string::String>>
[INFO] [stdout]    6: test::run_test::{closure#0}
[INFO] [stdout]    7: std::sys::backtrace::__rust_begin_short_backtrace::<test::run_test::{closure#1}, ()>
[INFO] [stdout]    8: <std::thread::lifecycle::spawn_unchecked<test::run_test::{closure#1}, ()>::{closure#1} as core::ops::function::FnOnce<()>>::call_once::{shim:vtable#0}
[INFO] [stdout]    9: <std::sys::thread::unix::Thread>::new::thread_start
[INFO] [stdout]   10: <unknown>
[INFO] [stdout]   11: clone
[INFO] [stdout] stack backtrace:
[INFO] [stdout]    0:     0x6047e19f8071 - <<std[617be2ca0a6fd877]::sys::backtrace::BacktraceLock>::print::DisplayBacktrace as core[a373ad73a504971]::fmt::Display>::fmt
[INFO] [stdout]    1:     0x6047e1a0cd5a - core[a373ad73a504971]::fmt::write
[INFO] [stdout]    2:     0x6047e19fcaac - <alloc[2e1b2a31b91974c5]::vec::Vec<u8> as core[a373ad73a504971]::io::write::Write>::write_fmt
[INFO] [stdout]    3:     0x6047e19d2556 - std[617be2ca0a6fd877]::panicking::default_hook::{closure#0}
[INFO] [stdout]    4:     0x6047e19efde9 - std[617be2ca0a6fd877]::panicking::default_hook
[INFO] [stdout]    5:     0x6047e19897a0 - test[aada8e7e76ba119b]::test_main_inner::{closure#0}
[INFO] [stdout]    6:     0x6047e19effa2 - std[617be2ca0a6fd877]::panicking::panic_with_hook
[INFO] [stdout]    7:     0x6047e19d2602 - std[617be2ca0a6fd877]::panicking::panic_handler::{closure#0}
[INFO] [stdout]    8:     0x6047e19cac69 - std[617be2ca0a6fd877]::sys::backtrace::__rust_end_short_backtrace::<std[617be2ca0a6fd877]::panicking::panic_handler::{closure#0}, !>
[INFO] [stdout]    9:     0x6047e19d331d - __rustc[ea4f61d10b84890b]::rust_begin_unwind
[INFO] [stdout]   10:     0x6047e1a0d48c - core[a373ad73a504971]::panicking::panic_fmt
[INFO] [stdout]   11:     0x6047e1a0d262 - core[a373ad73a504971]::result::unwrap_failed
[INFO] [stdout]   12:     0x6047e18afd7f - all[3659c8c6264a540e]::compile
[INFO] [stdout]   13:     0x6047e18b0bd6 - <all[3659c8c6264a540e]::hello_world::{closure#0} as core[a373ad73a504971]::ops::function::FnOnce<()>>::call_once
[INFO] [stdout]   14:     0x6047e197cbeb - test[aada8e7e76ba119b]::__rust_begin_short_backtrace::<core[a373ad73a504971]::result::Result<(), alloc[2e1b2a31b91974c5]::string::String>, fn() -> core[a373ad73a504971]::result::Result<(), alloc[2e1b2a31b91974c5]::string::String>>
[INFO] [stdout]   15:     0x6047e1989dc5 - test[aada8e7e76ba119b]::run_test::{closure#0}
[INFO] [stdout]   16:     0x6047e19836b4 - std[617be2ca0a6fd877]::sys::backtrace::__rust_begin_short_backtrace::<test[aada8e7e76ba119b]::run_test::{closure#1}, ()>
[INFO] [stdout]   17:     0x6047e198ce52 - <std[617be2ca0a6fd877]::thread::lifecycle::spawn_unchecked<test[aada8e7e76ba119b]::run_test::{closure#1}, ()>::{closure#1} as core[a373ad73a504971]::ops::function::FnOnce<()>>::call_once::{shim:vtable#0}
[INFO] [stdout]   18:     0x6047e19f76ef - <std[617be2ca0a6fd877]::sys::thread::unix::Thread>::new::thread_start
[INFO] [stdout]   19:     0x703d000fadfa - <unknown>
[INFO] [stdout]   20:     0x703d0018e3d4 - clone
[INFO] [stdout]   21:                0x0 - <unknown>
[INFO] [stdout] 
[INFO] [stdout] ---- empty stdout ----
[INFO] [stdout] 
[INFO] [stdout] thread 'empty' (672) panicked at tests/all.rs:26:43:
[INFO] [stdout] called `Result::unwrap()` on an `Err` value: subprocess failed: ExitStatus(unix_wait_status(256))
[INFO] [stdout] 
[INFO] [stdout] Stack backtrace:
[INFO] [stdout]    0: <anyhow::Error>::msg::<alloc::string::String>
[INFO] [stdout]    1: anyhow::__private::format_err
[INFO] [stdout]    2: <all::Project>::try_compile
[INFO] [stdout]    3: all::compile
[INFO] [stdout]    4: <all::empty::{closure#0} as core::ops::function::FnOnce<()>>::call_once
[INFO] [stdout]    5: test::__rust_begin_short_backtrace::<core::result::Result<(), alloc::string::String>, fn() -> core::result::Result<(), alloc::string::String>>
[INFO] [stdout]    6: test::run_test::{closure#0}
[INFO] [stdout]    7: std::sys::backtrace::__rust_begin_short_backtrace::<test::run_test::{closure#1}, ()>
[INFO] [stdout]    8: <std::thread::lifecycle::spawn_unchecked<test::run_test::{closure#1}, ()>::{closure#1} as core::ops::function::FnOnce<()>>::call_once::{shim:vtable#0}
[INFO] [stdout]    9: <std::sys::thread::unix::Thread>::new::thread_start
[INFO] [stdout]   10: <unknown>
[INFO] [stdout]   11: clone
[INFO] [stdout] stack backtrace:
[INFO] [stdout]    0:     0x6047e19f8071 - <<std[617be2ca0a6fd877]::sys::backtrace::BacktraceLock>::print::DisplayBacktrace as core[a373ad73a504971]::fmt::Display>::fmt
[INFO] [stdout]    1:     0x6047e1a0cd5a - core[a373ad73a504971]::fmt::write
[INFO] [stdout]    2:     0x6047e19fcaac - <alloc[2e1b2a31b91974c5]::vec::Vec<u8> as core[a373ad73a504971]::io::write::Write>::write_fmt
[INFO] [stdout]    3:     0x6047e19d2556 - std[617be2ca0a6fd877]::panicking::default_hook::{closure#0}
[INFO] [stdout]    4:     0x6047e19efde9 - std[617be2ca0a6fd877]::panicking::default_hook
[INFO] [stdout]    5:     0x6047e19897a0 - test[aada8e7e76ba119b]::test_main_inner::{closure#0}
[INFO] [stdout]    6:     0x6047e19effa2 - std[617be2ca0a6fd877]::panicking::panic_with_hook
[INFO] [stdout]    7:     0x6047e19d2602 - std[617be2ca0a6fd877]::panicking::panic_handler::{closure#0}
[INFO] [stdout]    8:     0x6047e19cac69 - std[617be2ca0a6fd877]::sys::backtrace::__rust_end_short_backtrace::<std[617be2ca0a6fd877]::panicking::panic_handler::{closure#0}, !>
[INFO] [stdout]    9:     0x6047e19d331d - __rustc[ea4f61d10b84890b]::rust_begin_unwind
[INFO] [stdout]   10:     0x6047e1a0d48c - core[a373ad73a504971]::panicking::panic_fmt
[INFO] [stdout]   11:     0x6047e1a0d262 - core[a373ad73a504971]::result::unwrap_failed
[INFO] [stdout]   12:     0x6047e18afd7f - all[3659c8c6264a540e]::compile
[INFO] [stdout]   13:     0x6047e18b2016 - <all[3659c8c6264a540e]::empty::{closure#0} as core[a373ad73a504971]::ops::function::FnOnce<()>>::call_once
[INFO] [stdout]   14:     0x6047e197cbeb - test[aada8e7e76ba119b]::__rust_begin_short_backtrace::<core[a373ad73a504971]::result::Result<(), alloc[2e1b2a31b91974c5]::string::String>, fn() -> core[a373ad73a504971]::result::Result<(), alloc[2e1b2a31b91974c5]::string::String>>
[INFO] [stdout]   15:     0x6047e1989dc5 - test[aada8e7e76ba119b]::run_test::{closure#0}
[INFO] [stdout]   16:     0x6047e19836b4 - std[617be2ca0a6fd877]::sys::backtrace::__rust_begin_short_backtrace::<test[aada8e7e76ba119b]::run_test::{closure#1}, ()>
[INFO] [stdout]   17:     0x6047e198ce52 - <std[617be2ca0a6fd877]::thread::lifecycle::spawn_unchecked<test[aada8e7e76ba119b]::run_test::{closure#1}, ()>::{closure#1} as core[a373ad73a504971]::ops::function::FnOnce<()>>::call_once::{shim:vtable#0}
[INFO] [stdout]   18:     0x6047e19f76ef - <std[617be2ca0a6fd877]::sys::thread::unix::Thread>::new::thread_start
[INFO] [stdout]   19:     0x703d000fadfa - <unknown>
[INFO] [stdout]   20:     0x703d0018e3d4 - clone
[INFO] [stdout]   21:                0x0 - <unknown>
[INFO] [stdout] 
[INFO] [stdout] ---- component_type_wit_file stdout ----
[INFO] [stdout] 
[INFO] [stdout] thread 'component_type_wit_file' (671) panicked at tests/all.rs:26:43:
[INFO] [stdout] called `Result::unwrap()` on an `Err` value: subprocess failed: ExitStatus(unix_wait_status(256))
[INFO] [stdout] 
[INFO] [stdout] Stack backtrace:
[INFO] [stdout]    0: <anyhow::Error>::msg::<alloc::string::String>
[INFO] [stdout]    1: anyhow::__private::format_err
[INFO] [stdout]    2: <all::Project>::try_compile
[INFO] [stdout]    3: <all::component_type_wit_file::{closure#0} as core::ops::function::FnOnce<()>>::call_once
[INFO] [stdout]    4: test::__rust_begin_short_backtrace::<core::result::Result<(), alloc::string::String>, fn() -> core::result::Result<(), alloc::string::String>>
[INFO] [stdout]    5: test::run_test::{closure#0}
[INFO] [stdout]    6: std::sys::backtrace::__rust_begin_short_backtrace::<test::run_test::{closure#1}, ()>
[INFO] [stdout]    7: <std::thread::lifecycle::spawn_unchecked<test::run_test::{closure#1}, ()>::{closure#1} as core::ops::function::FnOnce<()>>::call_once::{shim:vtable#0}
[INFO] [stdout]    8: <std::sys::thread::unix::Thread>::new::thread_start
[INFO] [stdout]    9: <unknown>
[INFO] [stdout]   10: clone
[INFO] [stdout] stack backtrace:
[INFO] [stdout]    0:     0x6047e19f8071 - <<std[617be2ca0a6fd877]::sys::backtrace::BacktraceLock>::print::DisplayBacktrace as core[a373ad73a504971]::fmt::Display>::fmt
[INFO] [stdout]    1:     0x6047e1a0cd5a - core[a373ad73a504971]::fmt::write
[INFO] [stdout]    2:     0x6047e19fcaac - <alloc[2e1b2a31b91974c5]::vec::Vec<u8> as core[a373ad73a504971]::io::write::Write>::write_fmt
[INFO] [stdout]    3:     0x6047e19d2556 - std[617be2ca0a6fd877]::panicking::default_hook::{closure#0}
[INFO] [stdout]    4:     0x6047e19efde9 - std[617be2ca0a6fd877]::panicking::default_hook
[INFO] [stdout]    5:     0x6047e19897a0 - test[aada8e7e76ba119b]::test_main_inner::{closure#0}
[INFO] [stdout]    6:     0x6047e19effa2 - std[617be2ca0a6fd877]::panicking::panic_with_hook
[INFO] [stdout]    7:     0x6047e19d2602 - std[617be2ca0a6fd877]::panicking::panic_handler::{closure#0}
[INFO] [stdout]    8:     0x6047e19cac69 - std[617be2ca0a6fd877]::sys::backtrace::__rust_end_short_backtrace::<std[617be2ca0a6fd877]::panicking::panic_handler::{closure#0}, !>
[INFO] [stdout]    9:     0x6047e19d331d - __rustc[ea4f61d10b84890b]::rust_begin_unwind
[INFO] [stdout]   10:     0x6047e1a0d48c - core[a373ad73a504971]::panicking::panic_fmt
[INFO] [stdout]   11:     0x6047e1a0d262 - core[a373ad73a504971]::result::unwrap_failed
[INFO] [stdout]   12:     0x6047e18b1b7a - <all[3659c8c6264a540e]::component_type_wit_file::{closure#0} as core[a373ad73a504971]::ops::function::FnOnce<()>>::call_once
[INFO] [stdout]   13:     0x6047e197cbeb - test[aada8e7e76ba119b]::__rust_begin_short_backtrace::<core[a373ad73a504971]::result::Result<(), alloc[2e1b2a31b91974c5]::string::String>, fn() -> core[a373ad73a504971]::result::Result<(), alloc[2e1b2a31b91974c5]::string::String>>
[INFO] [stdout]   14:     0x6047e1989dc5 - test[aada8e7e76ba119b]::run_test::{closure#0}
[INFO] [stdout]   15:     0x6047e19836b4 - std[617be2ca0a6fd877]::sys::backtrace::__rust_begin_short_backtrace::<test[aada8e7e76ba119b]::run_test::{closure#1}, ()>
[INFO] [stdout]   16:     0x6047e198ce52 - <std[617be2ca0a6fd877]::thread::lifecycle::spawn_unchecked<test[aada8e7e76ba119b]::run_test::{closure#1}, ()>::{closure#1} as core[a373ad73a504971]::ops::function::FnOnce<()>>::call_once::{shim:vtable#0}
[INFO] [stdout]   17:     0x6047e19f76ef - <std[617be2ca0a6fd877]::sys::thread::unix::Thread>::new::thread_start
[INFO] [stdout]   18:     0x703d000fadfa - <unknown>
[INFO] [stdout]   19:     0x703d0018e3d4 - clone
[INFO] [stdout]   20:                0x0 - <unknown>
[INFO] [stdout] 
[INFO] [stdout] ---- linker_flags stdout ----
[INFO] [stdout] 
[INFO] [stdout] thread 'linker_flags' (755) panicked at tests/all.rs:26:43:
[INFO] [stdout] called `Result::unwrap()` on an `Err` value: subprocess failed: ExitStatus(unix_wait_status(256))
[INFO] [stdout] 
[INFO] [stdout] Stack backtrace:
[INFO] [stdout]    0: <anyhow::Error>::msg::<alloc::string::String>
[INFO] [stdout]    1: anyhow::__private::format_err
[INFO] [stdout]    2: <all::Project>::try_compile
[INFO] [stdout]    3: all::compile
[INFO] [stdout]    4: <all::linker_flags::{closure#0} as core::ops::function::FnOnce<()>>::call_once
[INFO] [stdout]    5: test::__rust_begin_short_backtrace::<core::result::Result<(), alloc::string::String>, fn() -> core::result::Result<(), alloc::string::String>>
[INFO] [stdout]    6: test::run_test::{closure#0}
[INFO] [stdout]    7: std::sys::backtrace::__rust_begin_short_backtrace::<test::run_test::{closure#1}, ()>
[INFO] [stdout]    8: <std::thread::lifecycle::spawn_unchecked<test::run_test::{closure#1}, ()>::{closure#1} as core::ops::function::FnOnce<()>>::call_once::{shim:vtable#0}
[INFO] [stdout]    9: <std::sys::thread::unix::Thread>::new::thread_start
[INFO] [stdout]   10: <unknown>
[INFO] [stdout]   11: clone
[INFO] [stdout] stack backtrace:
[INFO] [stdout]    0:     0x6047e19f8071 - <<std[617be2ca0a6fd877]::sys::backtrace::BacktraceLock>::print::DisplayBacktrace as core[a373ad73a504971]::fmt::Display>::fmt
[INFO] [stdout]    1:     0x6047e1a0cd5a - core[a373ad73a504971]::fmt::write
[INFO] [stdout]    2:     0x6047e19fcaac - <alloc[2e1b2a31b91974c5]::vec::Vec<u8> as core[a373ad73a504971]::io::write::Write>::write_fmt
[INFO] [stdout]    3:     0x6047e19d2556 - std[617be2ca0a6fd877]::panicking::default_hook::{closure#0}
[INFO] [stdout]    4:     0x6047e19efde9 - std[617be2ca0a6fd877]::panicking::default_hook
[INFO] [stdout]    5:     0x6047e19897a0 - test[aada8e7e76ba119b]::test_main_inner::{closure#0}
[INFO] [stdout]    6:     0x6047e19effa2 - std[617be2ca0a6fd877]::panicking::panic_with_hook
[INFO] [stdout]    7:     0x6047e19d2602 - std[617be2ca0a6fd877]::panicking::panic_handler::{closure#0}
[INFO] [stdout]    8:     0x6047e19cac69 - std[617be2ca0a6fd877]::sys::backtrace::__rust_end_short_backtrace::<std[617be2ca0a6fd877]::panicking::panic_handler::{closure#0}, !>
[INFO] [stdout]    9:     0x6047e19d331d - __rustc[ea4f61d10b84890b]::rust_begin_unwind
[INFO] [stdout]   10:     0x6047e1a0d48c - core[a373ad73a504971]::panicking::panic_fmt
[INFO] [stdout]   11:     0x6047e1a0d262 - core[a373ad73a504971]::result::unwrap_failed
[INFO] [stdout]   12:     0x6047e18afd7f - all[3659c8c6264a540e]::compile
[INFO] [stdout]   13:     0x6047e18b0c6d - <all[3659c8c6264a540e]::linker_flags::{closure#0} as core[a373ad73a504971]::ops::function::FnOnce<()>>::call_once
[INFO] [stdout]   14:     0x6047e197cbeb - test[aada8e7e76ba119b]::__rust_begin_short_backtrace::<core[a373ad73a504971]::result::Result<(), alloc[2e1b2a31b91974c5]::string::String>, fn() -> core[a373ad73a504971]::result::Result<(), alloc[2e1b2a31b91974c5]::string::String>>
[INFO] [stdout]   15:     0x6047e1989dc5 - test[aada8e7e76ba119b]::run_test::{closure#0}
[INFO] [stdout]   16:     0x6047e19836b4 - std[617be2ca0a6fd877]::sys::backtrace::__rust_begin_short_backtrace::<test[aada8e7e76ba119b]::run_test::{closure#1}, ()>
[INFO] [stdout]   17:     0x6047e198ce52 - <std[617be2ca0a6fd877]::thread::lifecycle::spawn_unchecked<test[aada8e7e76ba119b]::run_test::{closure#1}, ()>::{closure#1} as core[a373ad73a504971]::ops::function::FnOnce<()>>::call_once::{shim:vtable#0}
[INFO] [stdout]   18:     0x6047e19f76ef - <std[617be2ca0a6fd877]::sys::thread::unix::Thread>::new::thread_start
[INFO] [stdout]   19:     0x703d000fadfa - <unknown>
[INFO] [stdout]   20:     0x703d0018e3d4 - clone
[INFO] [stdout]   21:                0x0 - <unknown>
[INFO] [stdout] 
[INFO] [stdout] ---- legacy_names_currently_required stdout ----
[INFO] [stdout] error: subprocess failed: ExitStatus(unix_wait_status(256))
[INFO] [stdout] stderr: error[E0463]: can't find crate for `std`
[INFO] [stdout]   |
[INFO] [stdout]   = note: the `wasm32-wasip1` target may not be installed
[INFO] [stdout]   = help: consider downloading the target with `rustup target add wasm32-wasip1`
[INFO] [stdout] 
[INFO] [stdout] error: aborting due to 1 previous error
[INFO] [stdout] 
[INFO] [stdout] For more information about this error, try `rustc --explain E0463`.
[INFO] [stdout] 
[INFO] [stdout] 
[INFO] [stdout] Stack backtrace:
[INFO] [stdout]    0: <anyhow::Error>::msg::<alloc::string::String>
[INFO] [stdout]    1: anyhow::__private::format_err
[INFO] [stdout]    2: <all::Project>::try_compile
[INFO] [stdout]    3: <all::legacy_names_currently_required::{closure#0} as core::ops::function::FnOnce<()>>::call_once
[INFO] [stdout]    4: test::__rust_begin_short_backtrace::<core::result::Result<(), alloc::string::String>, fn() -> core::result::Result<(), alloc::string::String>>
[INFO] [stdout]    5: test::run_test::{closure#0}
[INFO] [stdout]    6: std::sys::backtrace::__rust_begin_short_backtrace::<test::run_test::{closure#1}, ()>
[INFO] [stdout]    7: <std::thread::lifecycle::spawn_unchecked<test::run_test::{closure#1}, ()>::{closure#1} as core::ops::function::FnOnce<()>>::call_once::{shim:vtable#0}
[INFO] [stdout]    8: <std::sys::thread::unix::Thread>::new::thread_start
[INFO] [stdout]    9: <unknown>
[INFO] [stdout]   10: clone
[INFO] [stdout] 
[INFO] [stdout] thread 'legacy_names_currently_required' (753) panicked at tests/all.rs:326:5:
[INFO] [stdout] assertion failed: err.contains("unknown or invalid component model import syntax")
[INFO] [stdout] stack backtrace:
[INFO] [stdout]    0:     0x6047e19f8071 - <<std[617be2ca0a6fd877]::sys::backtrace::BacktraceLock>::print::DisplayBacktrace as core[a373ad73a504971]::fmt::Display>::fmt
[INFO] [stdout]    1:     0x6047e1a0cd5a - core[a373ad73a504971]::fmt::write
[INFO] [stdout]    2:     0x6047e19fcaac - <alloc[2e1b2a31b91974c5]::vec::Vec<u8> as core[a373ad73a504971]::io::write::Write>::write_fmt
[INFO] [stdout]    3:     0x6047e19d2556 - std[617be2ca0a6fd877]::panicking::default_hook::{closure#0}
[INFO] [stdout]    4:     0x6047e19efde9 - std[617be2ca0a6fd877]::panicking::default_hook
[INFO] [stdout]    5:     0x6047e19897a0 - test[aada8e7e76ba119b]::test_main_inner::{closure#0}
[INFO] [stdout]    6:     0x6047e19effa2 - std[617be2ca0a6fd877]::panicking::panic_with_hook
[INFO] [stdout]    7:     0x6047e19d2634 - std[617be2ca0a6fd877]::panicking::panic_handler::{closure#0}
[INFO] [stdout]    8:     0x6047e19cac69 - std[617be2ca0a6fd877]::sys::backtrace::__rust_end_short_backtrace::<std[617be2ca0a6fd877]::panicking::panic_handler::{closure#0}, !>
[INFO] [stdout]    9:     0x6047e19d331d - __rustc[ea4f61d10b84890b]::rust_begin_unwind
[INFO] [stdout]   10:     0x6047e1a0d48c - core[a373ad73a504971]::panicking::panic_fmt
[INFO] [stdout]   11:     0x6047e1a0d452 - core[a373ad73a504971]::panicking::panic
[INFO] [stdout]   12:     0x6047e18b1eab - <all[3659c8c6264a540e]::legacy_names_currently_required::{closure#0} as core[a373ad73a504971]::ops::function::FnOnce<()>>::call_once
[INFO] [stdout]   13:     0x6047e197cbeb - test[aada8e7e76ba119b]::__rust_begin_short_backtrace::<core[a373ad73a504971]::result::Result<(), alloc[2e1b2a31b91974c5]::string::String>, fn() -> core[a373ad73a504971]::result::Result<(), alloc[2e1b2a31b91974c5]::string::String>>
[INFO] [stdout]   14:     0x6047e1989dc5 - test[aada8e7e76ba119b]::run_test::{closure#0}
[INFO] [stdout]   15:     0x6047e19836b4 - std[617be2ca0a6fd877]::sys::backtrace::__rust_begin_short_backtrace::<test[aada8e7e76ba119b]::run_test::{closure#1}, ()>
[INFO] [stdout]   16:     0x6047e198ce52 - <std[617be2ca0a6fd877]::thread::lifecycle::spawn_unchecked<test[aada8e7e76ba119b]::run_test::{closure#1}, ()>::{closure#1} as core[a373ad73a504971]::ops::function::FnOnce<()>>::call_once::{shim:vtable#0}
[INFO] [stdout]   17:     0x6047e19f76ef - <std[617be2ca0a6fd877]::sys::thread::unix::Thread>::new::thread_start
[INFO] [stdout]   18:     0x703d000fadfa - <unknown>
[INFO] [stdout]   19:     0x703d0018e3d4 - clone
[INFO] [stdout]   20:                0x0 - <unknown>
[INFO] [stdout] 
[INFO] [stdout] ---- skip_component stdout ----
[INFO] [stdout] 
[INFO] [stdout] thread 'skip_component' (784) panicked at tests/all.rs:26:43:
[INFO] [stdout] called `Result::unwrap()` on an `Err` value: subprocess failed: ExitStatus(unix_wait_status(256))
[INFO] [stdout] 
[INFO] [stdout] Stack backtrace:
[INFO] [stdout]    0: <anyhow::Error>::msg::<alloc::string::String>
[INFO] [stdout]    1: anyhow::__private::format_err
[INFO] [stdout]    2: <all::Project>::try_compile
[INFO] [stdout]    3: all::compile
[INFO] [stdout]    4: <all::skip_component::{closure#0} as core::ops::function::FnOnce<()>>::call_once
[INFO] [stdout]    5: test::__rust_begin_short_backtrace::<core::result::Result<(), alloc::string::String>, fn() -> core::result::Result<(), alloc::string::String>>
[INFO] [stdout]    6: test::run_test::{closure#0}
[INFO] [stdout]    7: std::sys::backtrace::__rust_begin_short_backtrace::<test::run_test::{closure#1}, ()>
[INFO] [stdout]    8: <std::thread::lifecycle::spawn_unchecked<test::run_test::{closure#1}, ()>::{closure#1} as core::ops::function::FnOnce<()>>::call_once::{shim:vtable#0}
[INFO] [stdout]    9: <std::sys::thread::unix::Thread>::new::thread_start
[INFO] [stdout]   10: <unknown>
[INFO] [stdout]   11: clone
[INFO] [stdout] stack backtrace:
[INFO] [stdout]    0:     0x6047e19f8071 - <<std[617be2ca0a6fd877]::sys::backtrace::BacktraceLock>::print::DisplayBacktrace as core[a373ad73a504971]::fmt::Display>::fmt
[INFO] [stdout]    1:     0x6047e1a0cd5a - core[a373ad73a504971]::fmt::write
[INFO] [stdout]    2:     0x6047e19fcaac - <alloc[2e1b2a31b91974c5]::vec::Vec<u8> as core[a373ad73a504971]::io::write::Write>::write_fmt
[INFO] [stdout]    3:     0x6047e19d2556 - std[617be2ca0a6fd877]::panicking::default_hook::{closure#0}
[INFO] [stdout]    4:     0x6047e19efde9 - std[617be2ca0a6fd877]::panicking::default_hook
[INFO] [stdout]    5:     0x6047e19897a0 - test[aada8e7e76ba119b]::test_main_inner::{closure#0}
[INFO] [stdout]    6:     0x6047e19effa2 - std[617be2ca0a6fd877]::panicking::panic_with_hook
[INFO] [stdout]    7:     0x6047e19d2602 - std[617be2ca0a6fd877]::panicking::panic_handler::{closure#0}
[INFO] [stdout]    8:     0x6047e19cac69 - std[617be2ca0a6fd877]::sys::backtrace::__rust_end_short_backtrace::<std[617be2ca0a6fd877]::panicking::panic_handler::{closure#0}, !>
[INFO] [stdout]    9:     0x6047e19d331d - __rustc[ea4f61d10b84890b]::rust_begin_unwind
[INFO] [stdout]   10:     0x6047e1a0d48c - core[a373ad73a504971]::panicking::panic_fmt
[INFO] [stdout]   11:     0x6047e1a0d262 - core[a373ad73a504971]::result::unwrap_failed
[INFO] [stdout]   12:     0x6047e18afd7f - all[3659c8c6264a540e]::compile
[INFO] [stdout]   13:     0x6047e18b0d6b - <all[3659c8c6264a540e]::skip_component::{closure#0} as core[a373ad73a504971]::ops::function::FnOnce<()>>::call_once
[INFO] [stdout]   14:     0x6047e197cbeb - test[aada8e7e76ba119b]::__rust_begin_short_backtrace::<core[a373ad73a504971]::result::Result<(), alloc[2e1b2a31b91974c5]::string::String>, fn() -> core[a373ad73a504971]::result::Result<(), alloc[2e1b2a31b91974c5]::string::String>>
[INFO] [stdout]   15:     0x6047e1989dc5 - test[aada8e7e76ba119b]::run_test::{closure#0}
[INFO] [stdout]   16:     0x6047e19836b4 - std[617be2ca0a6fd877]::sys::backtrace::__rust_begin_short_backtrace::<test[aada8e7e76ba119b]::run_test::{closure#1}, ()>
[INFO] [stdout]   17:     0x6047e198ce52 - <std[617be2ca0a6fd877]::thread::lifecycle::spawn_unchecked<test[aada8e7e76ba119b]::run_test::{closure#1}, ()>::{closure#1} as core[a373ad73a504971]::ops::function::FnOnce<()>>::call_once::{shim:vtable#0}
[INFO] [stdout]   18:     0x6047e19f76ef - <std[617be2ca0a6fd877]::sys::thread::unix::Thread>::new::thread_start
[INFO] [stdout]   19:     0x703d000fadfa - <unknown>
[INFO] [stdout]   20:     0x703d0018e3d4 - clone
[INFO] [stdout]   21:                0x0 - <unknown>
[INFO] [stdout] 
[INFO] [stdout] ---- multiple_flags_accepted stdout ----
[INFO] [stdout] 
[INFO] [stdout] thread 'multiple_flags_accepted' (777) panicked at tests/all.rs:26:43:
[INFO] [stdout] called `Result::unwrap()` on an `Err` value: subprocess failed: ExitStatus(unix_wait_status(256))
[INFO] [stdout] 
[INFO] [stdout] Stack backtrace:
[INFO] [stdout]    0: <anyhow::Error>::msg::<alloc::string::String>
[INFO] [stdout]    1: anyhow::__private::format_err
[INFO] [stdout]    2: <all::Project>::try_compile
[INFO] [stdout]    3: all::compile
[INFO] [stdout]    4: <all::multiple_flags_accepted::{closure#0} as core::ops::function::FnOnce<()>>::call_once
[INFO] [stdout]    5: test::__rust_begin_short_backtrace::<core::result::Result<(), alloc::string::String>, fn() -> core::result::Result<(), alloc::string::String>>
[INFO] [stdout]    6: test::run_test::{closure#0}
[INFO] [stdout]    7: std::sys::backtrace::__rust_begin_short_backtrace::<test::run_test::{closure#1}, ()>
[INFO] [stdout]    8: <std::thread::lifecycle::spawn_unchecked<test::run_test::{closure#1}, ()>::{closure#1} as core::ops::function::FnOnce<()>>::call_once::{shim:vtable#0}
[INFO] [stdout]    9: <std::sys::thread::unix::Thread>::new::thread_start
[INFO] [stdout]   10: <unknown>
[INFO] [stdout]   11: clone
[INFO] [stdout] stack backtrace:
[INFO] [stdout]    0:     0x6047e19f8071 - <<std[617be2ca0a6fd877]::sys::backtrace::BacktraceLock>::print::DisplayBacktrace as core[a373ad73a504971]::fmt::Display>::fmt
[INFO] [stdout]    1:     0x6047e1a0cd5a - core[a373ad73a504971]::fmt::write
[INFO] [stdout]    2:     0x6047e19fcaac - <alloc[2e1b2a31b91974c5]::vec::Vec<u8> as core[a373ad73a504971]::io::write::Write>::write_fmt
[INFO] [stdout]    3:     0x6047e19d2556 - std[617be2ca0a6fd877]::panicking::default_hook::{closure#0}
[INFO] [stdout]    4:     0x6047e19efde9 - std[617be2ca0a6fd877]::panicking::default_hook
[INFO] [stdout]    5:     0x6047e19897a0 - test[aada8e7e76ba119b]::test_main_inner::{closure#0}
[INFO] [stdout]    6:     0x6047e19effa2 - std[617be2ca0a6fd877]::panicking::panic_with_hook
[INFO] [stdout]    7:     0x6047e19d2602 - std[617be2ca0a6fd877]::panicking::panic_handler::{closure#0}
[INFO] [stdout]    8:     0x6047e19cac69 - std[617be2ca0a6fd877]::sys::backtrace::__rust_end_short_backtrace::<std[617be2ca0a6fd877]::panicking::panic_handler::{closure#0}, !>
[INFO] [stdout]    9:     0x6047e19d331d - __rustc[ea4f61d10b84890b]::rust_begin_unwind
[INFO] [stdout]   10:     0x6047e1a0d48c - core[a373ad73a504971]::panicking::panic_fmt
[INFO] [stdout]   11:     0x6047e1a0d262 - core[a373ad73a504971]::result::unwrap_failed
[INFO] [stdout]   12:     0x6047e18afd7f - all[3659c8c6264a540e]::compile
[INFO] [stdout]   13:     0x6047e18b1c6b - <all[3659c8c6264a540e]::multiple_flags_accepted::{closure#0} as core[a373ad73a504971]::ops::function::FnOnce<()>>::call_once
[INFO] [stdout]   14:     0x6047e197cbeb - test[aada8e7e76ba119b]::__rust_begin_short_backtrace::<core[a373ad73a504971]::result::Result<(), alloc[2e1b2a31b91974c5]::string::String>, fn() -> core[a373ad73a504971]::result::Result<(), alloc[2e1b2a31b91974c5]::string::String>>
[INFO] [stdout]   15:     0x6047e1989dc5 - test[aada8e7e76ba119b]::run_test::{closure#0}
[INFO] [stdout]   16:     0x6047e19836b4 - std[617be2ca0a6fd877]::sys::backtrace::__rust_begin_short_backtrace::<test[aada8e7e76ba119b]::run_test::{closure#1}, ()>
[INFO] [stdout]   17:     0x6047e198ce52 - <std[617be2ca0a6fd877]::thread::lifecycle::spawn_unchecked<test[aada8e7e76ba119b]::run_test::{closure#1}, ()>::{closure#1} as core[a373ad73a504971]::ops::function::FnOnce<()>>::call_once::{shim:vtable#0}
[INFO] [stdout]   18:     0x6047e19f76ef - <std[617be2ca0a6fd877]::sys::thread::unix::Thread>::new::thread_start
[INFO] [stdout]   19:     0x703d000fadfa - <unknown>
[INFO] [stdout]   20:     0x703d0018e3d4 - clone
[INFO] [stdout]   21:                0x0 - <unknown>
[INFO] [stdout] 
[INFO] [stdout] ---- can_access_badfd stdout ----
[INFO] [stdout] 
[INFO] [stdout] thread 'can_access_badfd' (669) panicked at tests/all.rs:26:43:
[INFO] [stdout] called `Result::unwrap()` on an `Err` value: subprocess failed: ExitStatus(unix_wait_status(256))
[INFO] [stdout] 
[INFO] [stdout] Stack backtrace:
[INFO] [stdout]    0: <anyhow::Error>::msg::<alloc::string::String>
[INFO] [stdout]    1: anyhow::__private::format_err
[INFO] [stdout]    2: <all::Project>::try_compile
[INFO] [stdout]    3: all::compile
[INFO] [stdout]    4: <all::can_access_badfd::{closure#0} as core::ops::function::FnOnce<()>>::call_once
[INFO] [stdout]    5: test::__rust_begin_short_backtrace::<core::result::Result<(), alloc::string::String>, fn() -> core::result::Result<(), alloc::string::String>>
[INFO] [stdout]    6: test::run_test::{closure#0}
[INFO] [stdout]    7: std::sys::backtrace::__rust_begin_short_backtrace::<test::run_test::{closure#1}, ()>
[INFO] [stdout]    8: <std::thread::lifecycle::spawn_unchecked<test::run_test::{closure#1}, ()>::{closure#1} as core::ops::function::FnOnce<()>>::call_once::{shim:vtable#0}
[INFO] [stdout]    9: <std::sys::thread::unix::Thread>::new::thread_start
[INFO] [stdout]   10: <unknown>
[INFO] [stdout]   11: clone
[INFO] [stdout] stack backtrace:
[INFO] [stdout]    0:     0x6047e19f8071 - <<std[617be2ca0a6fd877]::sys::backtrace::BacktraceLock>::print::DisplayBacktrace as core[a373ad73a504971]::fmt::Display>::fmt
[INFO] [stdout]    1:     0x6047e1a0cd5a - core[a373ad73a504971]::fmt::write
[INFO] [stdout]    2:     0x6047e19fcaac - <alloc[2e1b2a31b91974c5]::vec::Vec<u8> as core[a373ad73a504971]::io::write::Write>::write_fmt
[INFO] [stdout]    3:     0x6047e19d2556 - std[617be2ca0a6fd877]::panicking::default_hook::{closure#0}
[INFO] [stdout]    4:     0x6047e19efde9 - std[617be2ca0a6fd877]::panicking::default_hook
[INFO] [stdout]    5:     0x6047e19897a0 - test[aada8e7e76ba119b]::test_main_inner::{closure#0}
[INFO] [stdout]    6:     0x6047e19effa2 - std[617be2ca0a6fd877]::panicking::panic_with_hook
[INFO] [stdout]    7:     0x6047e19d2602 - std[617be2ca0a6fd877]::panicking::panic_handler::{closure#0}
[INFO] [stdout]    8:     0x6047e19cac69 - std[617be2ca0a6fd877]::sys::backtrace::__rust_end_short_backtrace::<std[617be2ca0a6fd877]::panicking::panic_handler::{closure#0}, !>
[INFO] [stdout]    9:     0x6047e19d331d - __rustc[ea4f61d10b84890b]::rust_begin_unwind
[INFO] [stdout]   10:     0x6047e1a0d48c - core[a373ad73a504971]::panicking::panic_fmt
[INFO] [stdout]   11:     0x6047e1a0d262 - core[a373ad73a504971]::result::unwrap_failed
[INFO] [stdout]   12:     0x6047e18afd7f - all[3659c8c6264a540e]::compile
[INFO] [stdout]   13:     0x6047e18b0df6 - <all[3659c8c6264a540e]::can_access_badfd::{closure#0} as core[a373ad73a504971]::ops::function::FnOnce<()>>::call_once
[INFO] [stdout]   14:     0x6047e197cbeb - test[aada8e7e76ba119b]::__rust_begin_short_backtrace::<core[a373ad73a504971]::result::Result<(), alloc[2e1b2a31b91974c5]::string::String>, fn() -> core[a373ad73a504971]::result::Result<(), alloc[2e1b2a31b91974c5]::string::String>>
[INFO] [stdout]   15:     0x6047e1989dc5 - test[aada8e7e76ba119b]::run_test::{closure#0}
[INFO] [stdout]   16:     0x6047e19836b4 - std[617be2ca0a6fd877]::sys::backtrace::__rust_begin_short_backtrace::<test[aada8e7e76ba119b]::run_test::{closure#1}, ()>
[INFO] [stdout]   17:     0x6047e198ce52 - <std[617be2ca0a6fd877]::thread::lifecycle::spawn_unchecked<test[aada8e7e76ba119b]::run_test::{closure#1}, ()>::{closure#1} as core[a373ad73a504971]::ops::function::FnOnce<()>>::call_once::{shim:vtable#0}
[INFO] [stdout]   18:     0x6047e19f76ef - <std[617be2ca0a6fd877]::sys::thread::unix::Thread>::new::thread_start
[INFO] [stdout]   19:     0x703d000fadfa - <unknown>
[INFO] [stdout]   20:     0x703d0018e3d4 - clone
[INFO] [stdout]   21:                0x0 - <unknown>
[INFO] [stdout] 
[INFO] [stdout] ---- empty_main stdout ----
[INFO] [stdout] 
[INFO] [stdout] thread 'empty_main' (675) panicked at tests/all.rs:26:43:
[INFO] [stdout] called `Result::unwrap()` on an `Err` value: subprocess failed: ExitStatus(unix_wait_status(256))
[INFO] [stdout] 
[INFO] [stdout] Stack backtrace:
[INFO] [stdout]    0: <anyhow::Error>::msg::<alloc::string::String>
[INFO] [stdout]    1: anyhow::__private::format_err
[INFO] [stdout]    2: <all::Project>::try_compile
[INFO] [stdout]    3: all::compile
[INFO] [stdout]    4: <all::empty_main::{closure#0} as core::ops::function::FnOnce<()>>::call_once
[INFO] [stdout]    5: test::__rust_begin_short_backtrace::<core::result::Result<(), alloc::string::String>, fn() -> core::result::Result<(), alloc::string::String>>
[INFO] [stdout]    6: test::run_test::{closure#0}
[INFO] [stdout]    7: std::sys::backtrace::__rust_begin_short_backtrace::<test::run_test::{closure#1}, ()>
[INFO] [stdout]    8: <std::thread::lifecycle::spawn_unchecked<test::run_test::{closure#1}, ()>::{closure#1} as core::ops::function::FnOnce<()>>::call_once::{shim:vtable#0}
[INFO] [stdout]    9: <std::sys::thread::unix::Thread>::new::thread_start
[INFO] [stdout]   10: <unknown>
[INFO] [stdout]   11: clone
[INFO] [stdout] stack backtrace:
[INFO] [stdout]    0:     0x6047e19f8071 - <<std[617be2ca0a6fd877]::sys::backtrace::BacktraceLock>::print::DisplayBacktrace as core[a373ad73a504971]::fmt::Display>::fmt
[INFO] [stdout]    1:     0x6047e1a0cd5a - core[a373ad73a504971]::fmt::write
[INFO] [stdout]    2:     0x6047e19fcaac - <alloc[2e1b2a31b91974c5]::vec::Vec<u8> as core[a373ad73a504971]::io::write::Write>::write_fmt
[INFO] [stdout]    3:     0x6047e19d2556 - std[617be2ca0a6fd877]::panicking::default_hook::{closure#0}
[INFO] [stdout]    4:     0x6047e19efde9 - std[617be2ca0a6fd877]::panicking::default_hook
[INFO] [stdout]    5:     0x6047e19897a0 - test[aada8e7e76ba119b]::test_main_inner::{closure#0}
[INFO] [stdout]    6:     0x6047e19effa2 - std[617be2ca0a6fd877]::panicking::panic_with_hook
[INFO] [stdout]    7:     0x6047e19d2602 - std[617be2ca0a6fd877]::panicking::panic_handler::{closure#0}
[INFO] [stdout]    8:     0x6047e19cac69 - std[617be2ca0a6fd877]::sys::backtrace::__rust_end_short_backtrace::<std[617be2ca0a6fd877]::panicking::panic_handler::{closure#0}, !>
[INFO] [stdout]    9:     0x6047e19d331d - __rustc[ea4f61d10b84890b]::rust_begin_unwind
[INFO] [stdout]   10:     0x6047e1a0d48c - core[a373ad73a504971]::panicking::panic_fmt
[INFO] [stdout]   11:     0x6047e1a0d262 - core[a373ad73a504971]::result::unwrap_failed
[INFO] [stdout]   12:     0x6047e18afd7f - all[3659c8c6264a540e]::compile
[INFO] [stdout]   13:     0x6047e18b0b46 - <all[3659c8c6264a540e]::empty_main::{closure#0} as core[a373ad73a504971]::ops::function::FnOnce<()>>::call_once
[INFO] [stdout]   14:     0x6047e197cbeb - test[aada8e7e76ba119b]::__rust_begin_short_backtrace::<core[a373ad73a504971]::result::Result<(), alloc[2e1b2a31b91974c5]::string::String>, fn() -> core[a373ad73a504971]::result::Result<(), alloc[2e1b2a31b91974c5]::string::String>>
[INFO] [stdout]   15:     0x6047e1989dc5 - test[aada8e7e76ba119b]::run_test::{closure#0}
[INFO] [stdout]   16:     0x6047e19836b4 - std[617be2ca0a6fd877]::sys::backtrace::__rust_begin_short_backtrace::<test[aada8e7e76ba119b]::run_test::{closure#1}, ()>
[INFO] [stdout]   17:     0x6047e198ce52 - <std[617be2ca0a6fd877]::thread::lifecycle::spawn_unchecked<test[aada8e7e76ba119b]::run_test::{closure#1}, ()>::{closure#1} as core[a373ad73a504971]::ops::function::FnOnce<()>>::call_once::{shim:vtable#0}
[INFO] [stdout]   18:     0x6047e19f76ef - <std[617be2ca0a6fd877]::sys::thread::unix::Thread>::new::thread_start
[INFO] [stdout]   19:     0x703d000fadfa - <unknown>
[INFO] [stdout]   20:     0x703d0018e3d4 - clone
[INFO] [stdout]   21:                0x0 - <unknown>
[INFO] [stdout] 
[INFO] [stdout] ---- invalid_lld_flag stdout ----
[INFO] [stdout] error: subprocess failed: ExitStatus(unix_wait_status(256))
[INFO] [stdout] stderr: error[E0463]: can't find crate for `std`
[INFO] [stdout]   |
[INFO] [stdout]   = note: the `wasm32-wasip1` target may not be installed
[INFO] [stdout]   = help: consider downloading the target with `rustup target add wasm32-wasip1`
[INFO] [stdout] 
[INFO] [stdout] error: aborting due to 1 previous error
[INFO] [stdout] 
[INFO] [stdout] For more information about this error, try `rustc --explain E0463`.
[INFO] [stdout] 
[INFO] [stdout] 
[INFO] [stdout] Stack backtrace:
[INFO] [stdout]    0: <anyhow::Error>::msg::<alloc::string::String>
[INFO] [stdout]    1: anyhow::__private::format_err
[INFO] [stdout]    2: <all::Project>::try_compile
[INFO] [stdout]    3: <all::invalid_lld_flag::{closure#0} as core::ops::function::FnOnce<()>>::call_once
[INFO] [stdout]    4: test::__rust_begin_short_backtrace::<core::result::Result<(), alloc::string::String>, fn() -> core::result::Result<(), alloc::string::String>>
[INFO] [stdout]    5: test::run_test::{closure#0}
[INFO] [stdout]    6: std::sys::backtrace::__rust_begin_short_backtrace::<test::run_test::{closure#1}, ()>
[INFO] [stdout]    7: <std::thread::lifecycle::spawn_unchecked<test::run_test::{closure#1}, ()>::{closure#1} as core::ops::function::FnOnce<()>>::call_once::{shim:vtable#0}
[INFO] [stdout]    8: <std::sys::thread::unix::Thread>::new::thread_start
[INFO] [stdout]    9: <unknown>
[INFO] [stdout]   10: clone
[INFO] [stdout] 
[INFO] [stdout] thread 'invalid_lld_flag' (678) panicked at tests/all.rs:200:5:
[INFO] [stdout] assertion failed: err.contains("error: unknown argument: --nonexistent-lld-flag")
[INFO] [stdout] stack backtrace:
[INFO] [stdout]    0:     0x6047e19f8071 - <<std[617be2ca0a6fd877]::sys::backtrace::BacktraceLock>::print::DisplayBacktrace as core[a373ad73a504971]::fmt::Display>::fmt
[INFO] [stdout]    1:     0x6047e1a0cd5a - core[a373ad73a504971]::fmt::write
[INFO] [stdout]    2:     0x6047e19fcaac - <alloc[2e1b2a31b91974c5]::vec::Vec<u8> as core[a373ad73a504971]::io::write::Write>::write_fmt
[INFO] [stdout]    3:     0x6047e19d2556 - std[617be2ca0a6fd877]::panicking::default_hook::{closure#0}
[INFO] [stdout]    4:     0x6047e19efde9 - std[617be2ca0a6fd877]::panicking::default_hook
[INFO] [stdout]    5:     0x6047e19897a0 - test[aada8e7e76ba119b]::test_main_inner::{closure#0}
[INFO] [stdout]    6:     0x6047e19effa2 - std[617be2ca0a6fd877]::panicking::panic_with_hook
[INFO] [stdout]    7:     0x6047e19d2634 - std[617be2ca0a6fd877]::panicking::panic_handler::{closure#0}
[INFO] [stdout]    8:     0x6047e19cac69 - std[617be2ca0a6fd877]::sys::backtrace::__rust_end_short_backtrace::<std[617be2ca0a6fd877]::panicking::panic_handler::{closure#0}, !>
[INFO] [stdout]    9:     0x6047e19d331d - __rustc[ea4f61d10b84890b]::rust_begin_unwind
[INFO] [stdout]   10:     0x6047e1a0d48c - core[a373ad73a504971]::panicking::panic_fmt
[INFO] [stdout]   11:     0x6047e1a0d452 - core[a373ad73a504971]::panicking::panic
[INFO] [stdout]   12:     0x6047e18b103b - <all[3659c8c6264a540e]::invalid_lld_flag::{closure#0} as core[a373ad73a504971]::ops::function::FnOnce<()>>::call_once
[INFO] [stdout]   13:     0x6047e197cbeb - test[aada8e7e76ba119b]::__rust_begin_short_backtrace::<core[a373ad73a504971]::result::Result<(), alloc[2e1b2a31b91974c5]::string::String>, fn() -> core[a373ad73a504971]::result::Result<(), alloc[2e1b2a31b91974c5]::string::String>>
[INFO] [stdout]   14:     0x6047e1989dc5 - test[aada8e7e76ba119b]::run_test::{closure#0}
[INFO] [stdout]   15:     0x6047e19836b4 - std[617be2ca0a6fd877]::sys::backtrace::__rust_begin_short_backtrace::<test[aada8e7e76ba119b]::run_test::{closure#1}, ()>
[INFO] [stdout]   16:     0x6047e198ce52 - <std[617be2ca0a6fd877]::thread::lifecycle::spawn_unchecked<test[aada8e7e76ba119b]::run_test::{closure#1}, ()>::{closure#1} as core[a373ad73a504971]::ops::function::FnOnce<()>>::call_once::{shim:vtable#0}
[INFO] [stdout]   17:     0x6047e19f76ef - <std[617be2ca0a6fd877]::sys::thread::unix::Thread>::new::thread_start
[INFO] [stdout]   18:     0x703d000fadfa - <unknown>
[INFO] [stdout]   19:     0x703d0018e3d4 - clone
[INFO] [stdout]   20:                0x0 - <unknown>
[INFO] [stdout] 
[INFO] [stdout] ---- hello_world_with_realloc_as_memory_grow stdout ----
[INFO] [stdout] 
[INFO] [stdout] thread 'hello_world_with_realloc_as_memory_grow' (677) panicked at tests/all.rs:26:43:
[INFO] [stdout] called `Result::unwrap()` on an `Err` value: subprocess failed: ExitStatus(unix_wait_status(256))
[INFO] [stdout] 
[INFO] [stdout] Stack backtrace:
[INFO] [stdout]    0: <anyhow::Error>::msg::<alloc::string::String>
[INFO] [stdout]    1: anyhow::__private::format_err
[INFO] [stdout]    2: <all::Project>::try_compile
[INFO] [stdout]    3: all::compile
[INFO] [stdout]    4: <all::hello_world_with_realloc_as_memory_grow::{closure#0} as core::ops::function::FnOnce<()>>::call_once
[INFO] [stdout]    5: test::__rust_begin_short_backtrace::<core::result::Result<(), alloc::string::String>, fn() -> core::result::Result<(), alloc::string::String>>
[INFO] [stdout]    6: test::run_test::{closure#0}
[INFO] [stdout]    7: std::sys::backtrace::__rust_begin_short_backtrace::<test::run_test::{closure#1}, ()>
[INFO] [stdout]    8: <std::thread::lifecycle::spawn_unchecked<test::run_test::{closure#1}, ()>::{closure#1} as core::ops::function::FnOnce<()>>::call_once::{shim:vtable#0}
[INFO] [stdout]    9: <std::sys::thread::unix::Thread>::new::thread_start
[INFO] [stdout]   10: <unknown>
[INFO] [stdout]   11: clone
[INFO] [stdout] stack backtrace:
[INFO] [stdout]    0:     0x6047e19f8071 - <<std[617be2ca0a6fd877]::sys::backtrace::BacktraceLock>::print::DisplayBacktrace as core[a373ad73a504971]::fmt::Display>::fmt
[INFO] [stdout]    1:     0x6047e1a0cd5a - core[a373ad73a504971]::fmt::write
[INFO] [stdout]    2:     0x6047e19fcaac - <alloc[2e1b2a31b91974c5]::vec::Vec<u8> as core[a373ad73a504971]::io::write::Write>::write_fmt
[INFO] [stdout]    3:     0x6047e19d2556 - std[617be2ca0a6fd877]::panicking::default_hook::{closure#0}
[INFO] [stdout]    4:     0x6047e19efde9 - std[617be2ca0a6fd877]::panicking::default_hook
[INFO] [stdout]    5:     0x6047e19897a0 - test[aada8e7e76ba119b]::test_main_inner::{closure#0}
[INFO] [stdout]    6:     0x6047e19effa2 - std[617be2ca0a6fd877]::panicking::panic_with_hook
[INFO] [stdout]    7:     0x6047e19d2602 - std[617be2ca0a6fd877]::panicking::panic_handler::{closure#0}
[INFO] [stdout]    8:     0x6047e19cac69 - std[617be2ca0a6fd877]::sys::backtrace::__rust_end_short_backtrace::<std[617be2ca0a6fd877]::panicking::panic_handler::{closure#0}, !>
[INFO] [stdout]    9:     0x6047e19d331d - __rustc[ea4f61d10b84890b]::rust_begin_unwind
[INFO] [stdout]   10:     0x6047e1a0d48c - core[a373ad73a504971]::panicking::panic_fmt
[INFO] [stdout]   11:     0x6047e1a0d262 - core[a373ad73a504971]::result::unwrap_failed
[INFO] [stdout]   12:     0x6047e18afd7f - all[3659c8c6264a540e]::compile
[INFO] [stdout]   13:     0x6047e18b1f8b - <all[3659c8c6264a540e]::hello_world_with_realloc_as_memory_grow::{closure#0} as core[a373ad73a504971]::ops::function::FnOnce<()>>::call_once
[INFO] [stdout]   14:     0x6047e197cbeb - test[aada8e7e76ba119b]::__rust_begin_short_backtrace::<core[a373ad73a504971]::result::Result<(), alloc[2e1b2a31b91974c5]::string::String>, fn() -> core[a373ad73a504971]::result::Result<(), alloc[2e1b2a31b91974c5]::string::String>>
[INFO] [stdout]   15:     0x6047e1989dc5 - test[aada8e7e76ba119b]::run_test::{closure#0}
[INFO] [stdout]   16:     0x6047e19836b4 - std[617be2ca0a6fd877]::sys::backtrace::__rust_begin_short_backtrace::<test[aada8e7e76ba119b]::run_test::{closure#1}, ()>
[INFO] [stdout]   17:     0x6047e198ce52 - <std[617be2ca0a6fd877]::thread::lifecycle::spawn_unchecked<test[aada8e7e76ba119b]::run_test::{closure#1}, ()>::{closure#1} as core[a373ad73a504971]::ops::function::FnOnce<()>>::call_once::{shim:vtable#0}
[INFO] [stdout]   18:     0x6047e19f76ef - <std[617be2ca0a6fd877]::sys::thread::unix::Thread>::new::thread_start
[INFO] [stdout]   19:     0x703d000fadfa - <unknown>
[INFO] [stdout]   20:     0x703d0018e3d4 - clone
[INFO] [stdout]   21:                0x0 - <unknown>
[INFO] [stdout] 
[INFO] [stdout] ---- rustc_using_argfile stdout ----
[INFO] [stdout] 
[INFO] [stdout] thread 'rustc_using_argfile' (778) panicked at tests/all.rs:26:43:
[INFO] [stdout] called `Result::unwrap()` on an `Err` value: subprocess failed: ExitStatus(unix_wait_status(256))
[INFO] [stdout] 
[INFO] [stdout] Stack backtrace:
[INFO] [stdout]    0: <anyhow::Error>::msg::<alloc::string::String>
[INFO] [stdout]    1: anyhow::__private::format_err
[INFO] [stdout]    2: <all::Project>::try_compile
[INFO] [stdout]    3: <all::rustc_using_argfile::{closure#0} as core::ops::function::FnOnce<()>>::call_once
[INFO] [stdout]    4: test::__rust_begin_short_backtrace::<core::result::Result<(), alloc::string::String>, fn() -> core::result::Result<(), alloc::string::String>>
[INFO] [stdout]    5: test::run_test::{closure#0}
[INFO] [stdout]    6: std::sys::backtrace::__rust_begin_short_backtrace::<test::run_test::{closure#1}, ()>
[INFO] [stdout]    7: <std::thread::lifecycle::spawn_unchecked<test::run_test::{closure#1}, ()>::{closure#1} as core::ops::function::FnOnce<()>>::call_once::{shim:vtable#0}
[INFO] [stdout]    8: <std::sys::thread::unix::Thread>::new::thread_start
[INFO] [stdout]    9: <unknown>
[INFO] [stdout]   10: clone
[INFO] [stdout] stack backtrace:
[INFO] [stdout]    0:     0x6047e19f8071 - <<std[617be2ca0a6fd877]::sys::backtrace::BacktraceLock>::print::DisplayBacktrace as core[a373ad73a504971]::fmt::Display>::fmt
[INFO] [stdout]    1:     0x6047e1a0cd5a - core[a373ad73a504971]::fmt::write
[INFO] [stdout]    2:     0x6047e19fcaac - <alloc[2e1b2a31b91974c5]::vec::Vec<u8> as core[a373ad73a504971]::io::write::Write>::write_fmt
[INFO] [stdout]    3:     0x6047e19d2556 - std[617be2ca0a6fd877]::panicking::default_hook::{closure#0}
[INFO] [stdout]    4:     0x6047e19efde9 - std[617be2ca0a6fd877]::panicking::default_hook
[INFO] [stdout]    5:     0x6047e19897a0 - test[aada8e7e76ba119b]::test_main_inner::{closure#0}
[INFO] [stdout]    6:     0x6047e19effa2 - std[617be2ca0a6fd877]::panicking::panic_with_hook
[INFO] [stdout]    7:     0x6047e19d2602 - std[617be2ca0a6fd877]::panicking::panic_handler::{closure#0}
[INFO] [stdout]    8:     0x6047e19cac69 - std[617be2ca0a6fd877]::sys::backtrace::__rust_end_short_backtrace::<std[617be2ca0a6fd877]::panicking::panic_handler::{closure#0}, !>
[INFO] [stdout]    9:     0x6047e19d331d - __rustc[ea4f61d10b84890b]::rust_begin_unwind
[INFO] [stdout]   10:     0x6047e1a0d48c - core[a373ad73a504971]::panicking::panic_fmt
[INFO] [stdout]   11:     0x6047e1a0d262 - core[a373ad73a504971]::result::unwrap_failed
[INFO] [stdout]   12:     0x6047e18b1724 - <all[3659c8c6264a540e]::rustc_using_argfile::{closure#0} as core[a373ad73a504971]::ops::function::FnOnce<()>>::call_once
[INFO] [stdout]   13:     0x6047e197cbeb - test[aada8e7e76ba119b]::__rust_begin_short_backtrace::<core[a373ad73a504971]::result::Result<(), alloc[2e1b2a31b91974c5]::string::String>, fn() -> core[a373ad73a504971]::result::Result<(), alloc[2e1b2a31b91974c5]::string::String>>
[INFO] [stdout]   14:     0x6047e1989dc5 - test[aada8e7e76ba119b]::run_test::{closure#0}
[INFO] [stdout]   15:     0x6047e19836b4 - std[617be2ca0a6fd877]::sys::backtrace::__rust_begin_short_backtrace::<test[aada8e7e76ba119b]::run_test::{closure#1}, ()>
[INFO] [stdout]   16:     0x6047e198ce52 - <std[617be2ca0a6fd877]::thread::lifecycle::spawn_unchecked<test[aada8e7e76ba119b]::run_test::{closure#1}, ()>::{closure#1} as core[a373ad73a504971]::ops::function::FnOnce<()>>::call_once::{shim:vtable#0}
[INFO] [stdout]   17:     0x6047e19f76ef - <std[617be2ca0a6fd877]::sys::thread::unix::Thread>::new::thread_start
[INFO] [stdout]   18:     0x703d000fadfa - <unknown>
[INFO] [stdout]   19:     0x703d0018e3d4 - clone
[INFO] [stdout]   20:                0x0 - <unknown>
[INFO] [stdout] 
[INFO] [stdout] 
[INFO] [stdout] failures:
[INFO] [stdout]     can_access_badfd
[INFO] [stdout]     cdylib_arbitrary_export
[INFO] [stdout]     component_type_wit_file
[INFO] [stdout]     empty
[INFO] [stdout]     empty_main
[INFO] [stdout]     hello_world
[INFO] [stdout]     hello_world_with_realloc_as_memory_grow
[INFO] [stdout]     invalid_lld_flag
[INFO] [stdout]     legacy_names_currently_required
[INFO] [stdout]     linker_flags
[INFO] [stdout]     multiple_flags_accepted
[INFO] [stdout]     rustc_using_argfile
[INFO] [stdout]     skip_component
[INFO] [stdout] 
[INFO] [stdout] test result: FAILED. 0 passed; 13 failed; 0 ignored; 0 measured; 0 filtered out; finished in 0.45s
[INFO] [stdout] 
[INFO] [stderr] error: test failed, to rerun pass `--test all`
[INFO] running `Command { std: "docker" "inspect" "4fdad25ce73a95652b017297cb264a05b93bdadd91df18b4a78c7f0edf920bed", kill_on_drop: false }`
[INFO] running `Command { std: "docker" "rm" "-f" "4fdad25ce73a95652b017297cb264a05b93bdadd91df18b4a78c7f0edf920bed", kill_on_drop: false }`
[INFO] [stdout] 4fdad25ce73a95652b017297cb264a05b93bdadd91df18b4a78c7f0edf920bed
