[INFO] fetching crate wasm-bindgen-utils 0.1.3...
[INFO] testing wasm-bindgen-utils-0.1.3 against 1.99.0-beta.8+cargoflags=--release for beta-release-1.100-2
[INFO] extracting crate wasm-bindgen-utils 0.1.3 into /workspace/builds/worker-1-tc1/source
[INFO] started tweaking crates.io crate wasm-bindgen-utils 0.1.3
[INFO] removed 0 missing tests
[INFO] finished tweaking crates.io crate wasm-bindgen-utils 0.1.3
[INFO] tweaked toml for crates.io crate wasm-bindgen-utils 0.1.3 written to /workspace/builds/worker-1-tc1/source/Cargo.toml
[INFO] validating manifest of crates.io crate wasm-bindgen-utils 0.1.3 on toolchain 1.99.0-beta.8
[INFO] running `Command { std: CARGO_HOME="/workspace/cargo-home" RUSTUP_HOME="/workspace/rustup-home" "/workspace/cargo-home/bin/cargo" "+1.99.0-beta.8" "metadata" "--manifest-path" "Cargo.toml" "--no-deps", kill_on_drop: false }`
[INFO] crate crates.io crate wasm-bindgen-utils 0.1.3 already has a lockfile, it will not be regenerated
[INFO] running `Command { std: CARGO_HOME="/workspace/cargo-home" RUSTUP_HOME="/workspace/rustup-home" "/workspace/cargo-home/bin/cargo" "+1.99.0-beta.8" "fetch" "--manifest-path" "Cargo.toml", kill_on_drop: false }`
[INFO] [stderr]     Updating crates.io index
[INFO] [stderr]  Downloading crates ...
[INFO] [stderr]   Downloaded tsify v0.4.5
[INFO] [stderr]   Downloaded wasm-bindgen-test-macro v0.3.72
[INFO] [stderr]   Downloaded wasm-bindgen-test-shared v0.2.122
[INFO] [stderr]   Downloaded wasm-bindgen-utils-macros v0.1.3
[INFO] [stderr]   Downloaded wasm-bindgen-test v0.3.72
[INFO] [stderr]   Downloaded macrotest v1.2.1
[INFO] [stderr]   Downloaded tsify-macros v0.4.5
[INFO] [stderr]   Downloaded serde-wasm-bindgen v0.5.0
[INFO] [stderr]   Downloaded serde_derive_internals v0.28.0
[INFO] [stderr]   Downloaded serde_test v1.0.177
[INFO] running `Command { std: "docker" "create" "-v" "/var/lib/crater-agent-workspace/builds/worker-1-tc1/source:/opt/rustwide/workdir:ro,Z" "-v" "/var/lib/crater-agent-workspace/builds/worker-1-tc1/target:/opt/rustwide/target:rw,Z" "-v" "/var/lib/crater-agent-workspace/cargo-home:/opt/rustwide/cargo-home:ro,Z" "-v" "/var/lib/crater-agent-workspace/rustup-home:/opt/rustwide/rustup-home:ro,Z" "-m" "1610612736" "--network" "none" "ghcr.io/rust-lang/crates-build-env/linux@sha256:77db811e55d90add9212f6832c23229e3de5f1c1f9905e8cb07319ea15df73ac" "sleep" "infinity", kill_on_drop: false }`
[INFO] [stdout] f2da8faafac39ce9fd10ad88e577ca1d4e3338370a610f2973b5d42c8e023800
[INFO] running `Command { std: "docker" "start" "f2da8faafac39ce9fd10ad88e577ca1d4e3338370a610f2973b5d42c8e023800", kill_on_drop: false }`
[INFO] running `Command { std: "docker" "inspect" "f2da8faafac39ce9fd10ad88e577ca1d4e3338370a610f2973b5d42c8e023800", kill_on_drop: false }`
[INFO] running `Command { std: "docker" "exec" "-e" "SOURCE_DIR=/opt/rustwide/workdir" "-e" "CARGO_HOME=/opt/rustwide/cargo-home" "-e" "RUSTUP_HOME=/opt/rustwide/rustup-home" "-e" "CARGO_TARGET_DIR=/opt/rustwide/target" "-w" "/opt/rustwide/workdir" "--user" "0:0" "f2da8faafac39ce9fd10ad88e577ca1d4e3338370a610f2973b5d42c8e023800" "/opt/rustwide/cargo-home/bin/cargo" "+1.99.0-beta.8" "metadata" "--no-deps" "--format-version=1", kill_on_drop: false }`
[INFO] running `Command { std: "docker" "inspect" "f2da8faafac39ce9fd10ad88e577ca1d4e3338370a610f2973b5d42c8e023800", kill_on_drop: false }`
[INFO] running `Command { std: "docker" "exec" "-e" "SOURCE_DIR=/opt/rustwide/workdir" "-e" "CARGO_HOME=/opt/rustwide/cargo-home" "-e" "RUSTUP_HOME=/opt/rustwide/rustup-home" "-e" "CARGO_TARGET_DIR=/opt/rustwide/target" "-e" "CARGO_INCREMENTAL=0" "-e" "RUST_BACKTRACE=full" "-e" "RUSTFLAGS=--cap-lints=warn" "-e" "RUSTDOCFLAGS=--cap-lints=warn" "-w" "/opt/rustwide/workdir" "--user" "0:0" "f2da8faafac39ce9fd10ad88e577ca1d4e3338370a610f2973b5d42c8e023800" "/opt/rustwide/cargo-home/bin/cargo" "+1.99.0-beta.8" "build" "--frozen" "--message-format=json" "--release", kill_on_drop: false }`
[INFO] [stderr]    Compiling wasm-bindgen-shared v0.2.122
[INFO] [stderr]    Compiling once_cell v1.21.4
[INFO] [stderr]    Compiling serde_derive v1.0.228
[INFO] [stderr]    Compiling serde_derive_internals v0.28.0
[INFO] [stderr]    Compiling wasm-bindgen-utils-macros v0.1.3
[INFO] [stderr]    Compiling futures-util v0.3.32
[INFO] [stderr]    Compiling wasm-bindgen v0.2.122
[INFO] [stderr]    Compiling wasm-bindgen-macro-support v0.2.122
[INFO] [stderr]    Compiling tsify-macros v0.4.5
[INFO] [stderr]    Compiling serde v1.0.228
[INFO] [stderr]    Compiling wasm-bindgen-macro v0.2.122
[INFO] [stderr]    Compiling js-sys v0.3.99
[INFO] [stderr]    Compiling serde-wasm-bindgen v0.5.0
[INFO] [stderr]    Compiling serde-wasm-bindgen v0.6.5
[INFO] [stderr]    Compiling wasm-bindgen-futures v0.4.72
[INFO] [stderr]    Compiling tsify v0.4.5
[INFO] [stderr]    Compiling wasm-bindgen-utils v0.1.3 (/opt/rustwide/workdir)
[INFO] [stderr]     Finished `release` profile [optimized] target(s) in 21.62s
[INFO] running `Command { std: "docker" "inspect" "f2da8faafac39ce9fd10ad88e577ca1d4e3338370a610f2973b5d42c8e023800", kill_on_drop: false }`
[INFO] running `Command { std: "docker" "exec" "-e" "SOURCE_DIR=/opt/rustwide/workdir" "-e" "CARGO_HOME=/opt/rustwide/cargo-home" "-e" "RUSTUP_HOME=/opt/rustwide/rustup-home" "-e" "CARGO_TARGET_DIR=/opt/rustwide/target" "-e" "CARGO_INCREMENTAL=0" "-e" "RUST_BACKTRACE=full" "-e" "RUSTFLAGS=--cap-lints=warn" "-e" "RUSTDOCFLAGS=--cap-lints=warn" "-w" "/opt/rustwide/workdir" "--user" "0:0" "f2da8faafac39ce9fd10ad88e577ca1d4e3338370a610f2973b5d42c8e023800" "/opt/rustwide/cargo-home/bin/cargo" "+1.99.0-beta.8" "test" "--frozen" "--no-run" "--message-format=json" "--release", kill_on_drop: false }`
[INFO] [stderr]    Compiling serde v1.0.228
[INFO] [stderr]    Compiling serde_json v1.0.150
[INFO] [stderr]    Compiling proc-macro2 v1.0.106
[INFO] [stderr]    Compiling winnow v1.0.3
[INFO] [stderr]    Compiling serde_spanned v1.1.1
[INFO] [stderr]    Compiling toml_datetime v1.1.1+spec-1.1.0
[INFO] [stderr]    Compiling toml_writer v1.1.1+spec-1.1.0
[INFO] [stderr]    Compiling target-triple v1.0.0
[INFO] [stderr]    Compiling prettyplease v0.2.37
[INFO] [stderr]    Compiling glob v0.3.3
[INFO] [stderr]    Compiling wasm-bindgen-test-macro v0.3.72
[INFO] [stderr]    Compiling async-trait v0.1.89
[INFO] [stderr]    Compiling nu-ansi-term v0.50.3
[INFO] [stderr]    Compiling wasm-bindgen-test-shared v0.2.122
[INFO] [stderr]    Compiling fastrand v2.4.1
[INFO] [stderr]    Compiling diff v0.1.13
[INFO] [stderr]    Compiling serde-wasm-bindgen v0.5.0
[INFO] [stderr]    Compiling serde-wasm-bindgen v0.6.5
[INFO] [stderr]    Compiling serde_test v1.0.177
[INFO] [stderr]    Compiling toml_parser v1.1.2+spec-1.1.0
[INFO] [stderr]    Compiling tsify v0.4.5
[INFO] [stderr]    Compiling syn v2.0.117
[INFO] [stderr]    Compiling wasm-bindgen-utils v0.1.3 (/opt/rustwide/workdir)
[INFO] [stderr]    Compiling toml v1.1.2+spec-1.1.0
[INFO] [stderr]    Compiling wasm-bindgen-test v0.3.72
[INFO] [stderr]    Compiling trybuild v1.0.116
[INFO] [stderr]    Compiling macrotest v1.2.1
[INFO] [stderr]     Finished `release` profile [optimized] target(s) in 33.10s
[INFO] running `Command { std: "docker" "inspect" "f2da8faafac39ce9fd10ad88e577ca1d4e3338370a610f2973b5d42c8e023800", kill_on_drop: false }`
[INFO] running `Command { std: "docker" "exec" "-e" "SOURCE_DIR=/opt/rustwide/workdir" "-e" "CARGO_HOME=/opt/rustwide/cargo-home" "-e" "RUSTUP_HOME=/opt/rustwide/rustup-home" "-e" "CARGO_TARGET_DIR=/opt/rustwide/target" "-e" "CARGO_INCREMENTAL=0" "-e" "RUST_BACKTRACE=full" "-e" "RUSTFLAGS=--cap-lints=warn" "-e" "RUSTDOCFLAGS=--cap-lints=warn" "-w" "/opt/rustwide/workdir" "--user" "0:0" "f2da8faafac39ce9fd10ad88e577ca1d4e3338370a610f2973b5d42c8e023800" "/opt/rustwide/cargo-home/bin/cargo" "+1.99.0-beta.8" "test" "--frozen" "--release", kill_on_drop: false }`
[INFO] [stderr]     Finished `release` profile [optimized] target(s) in 0.07s
[INFO] [stderr]      Running unittests src/lib.rs (/opt/rustwide/target/release/deps/wasm_bindgen_utils-b756bf5c87f20a4f)
[INFO] [stdout] 
[INFO] [stdout] running 0 tests
[INFO] [stdout] 
[INFO] [stdout] test result: ok. 0 passed; 0 failed; 0 ignored; 0 measured; 0 filtered out; finished in 0.00s
[INFO] [stdout] 
[INFO] [stderr]      Running tests/tests.rs (/opt/rustwide/target/release/deps/tests-0ea07b2c03a9c8ce)
[INFO] [stdout] 
[INFO] [stdout] running 2 tests
[INFO] [stderr] error: no such command: `expand`
[INFO] [stderr] 
[INFO] [stderr] help: view all installed commands with `cargo --list`
[INFO] [stderr] help: find a package to install `expand` with `cargo search cargo-expand`
[INFO] [stderr]    Compiling proc-macro2 v1.0.106
[INFO] [stderr]    Compiling unicode-ident v1.0.24
[INFO] [stderr]    Compiling quote v1.0.45
[INFO] [stderr]    Compiling wasm-bindgen-shared v0.2.122
[INFO] [stderr]    Compiling serde_core v1.0.228
[INFO] [stderr]    Compiling rustversion v1.0.22
[INFO] [stderr]    Compiling bumpalo v3.20.3
[INFO] [stderr]    Compiling serde v1.0.228
[INFO] [stderr]     Checking cfg-if v1.0.4
[INFO] [stdout] test happy ... FAILED
[INFO] [stderr]     Checking pin-project-lite v0.2.17
[INFO] [stderr]     Checking futures-task v0.3.32
[INFO] [stderr]     Checking futures-core v0.3.32
[INFO] [stderr]     Checking once_cell v1.21.4
[INFO] [stderr]     Checking slab v0.4.12
[INFO] [stderr]    Compiling zmij v1.0.21
[INFO] [stderr]    Compiling serde_json v1.0.150
[INFO] [stderr]    Compiling num-traits v0.2.19
[INFO] [stderr]    Compiling libm v0.2.16
[INFO] [stderr]     Checking itoa v1.0.18
[INFO] [stderr]    Compiling prettyplease v0.2.37
[INFO] [stderr]     Checking memchr v2.8.0
[INFO] [stderr]    Compiling paste v1.0.15
[INFO] [stderr]     Checking futures-util v0.3.32
[INFO] [stderr]     Checking winnow v1.0.3
[INFO] [stderr]     Checking toml_writer v1.1.1+spec-1.1.0
[INFO] [stderr]     Checking glob v0.3.3
[INFO] [stderr]     Checking fastrand v2.4.1
[INFO] [stderr]     Checking wasm-bindgen-test-shared v0.2.122
[INFO] [stderr]     Checking diff v0.1.13
[INFO] [stderr]     Checking oorandom v11.1.5
[INFO] [stderr]     Checking nu-ansi-term v0.50.3
[INFO] [stderr]     Checking cast v0.3.0
[INFO] [stderr]     Checking toml_parser v1.1.2+spec-1.1.0
[INFO] [stderr]     Checking syn v2.0.117
[INFO] [stderr]    Compiling wasm-bindgen v0.2.122
[INFO] [stderr]     Checking toml_datetime v1.1.1+spec-1.1.0
[INFO] [stderr]     Checking serde_spanned v1.1.1
[INFO] [stderr]     Checking toml v1.1.2+spec-1.1.0
[INFO] [stderr]    Compiling wasm-bindgen-macro-support v0.2.122
[INFO] [stderr]    Compiling serde_derive_internals v0.28.0
[INFO] [stderr]    Compiling serde_derive v1.0.228
[INFO] [stderr]    Compiling tsify-macros v0.4.5
[INFO] [stderr]    Compiling wasm-bindgen-test-macro v0.3.72
[INFO] [stderr]    Compiling wasm-bindgen-utils-macros v0.1.3
[INFO] [stderr]    Compiling async-trait v0.1.89
[INFO] [stderr]    Compiling wasm-bindgen-macro v0.2.122
[INFO] [stderr]     Checking serde_test v1.0.177
[INFO] [stderr]     Checking macrotest v1.2.1
[INFO] [stderr]     Checking js-sys v0.3.99
[INFO] [stderr]     Checking wasm-bindgen-futures v0.4.72
[INFO] [stderr]     Checking serde-wasm-bindgen v0.5.0
[INFO] [stderr]     Checking serde-wasm-bindgen v0.6.5
[INFO] [stderr]     Checking wasm-bindgen-test v0.3.72
[INFO] [stderr]     Checking tsify v0.4.5
[INFO] [stderr]     Checking wasm-bindgen-utils v0.1.3 (/opt/rustwide/workdir)
[INFO] [stderr]     Checking wasm-bindgen-utils-tests v0.0.0 (/opt/rustwide/target/tests/trybuild/wasm-bindgen-utils)
[INFO] [stderr]     Finished `dev` profile [unoptimized + debuginfo] target(s) in 28.71s
[INFO] [stderr] 
[INFO] [stderr] 
[INFO] [stderr] test tests/unhappy/expected_literal.test.rs ... ok
[INFO] [stderr] test tests/unhappy/not_in_scope.test.rs ... mismatch
[INFO] [stderr] 
[INFO] [stderr] EXPECTED:
[INFO] [stderr] ┈┈┈┈┈┈┈┈┈┈┈┈┈┈┈┈┈┈┈┈┈┈┈┈┈┈┈┈┈┈┈┈┈┈┈┈┈┈┈┈┈┈┈┈┈┈┈┈┈┈┈┈┈┈┈┈┈┈┈┈
[INFO] [stderr] error[E0425]: cannot find type `SomeType` in this scope
[INFO] [stderr]  --> tests/unhappy/not_in_scope.test.rs:4:19
[INFO] [stderr]   |
[INFO] [stderr] 4 | impl_wasm_traits!(SomeType);
[INFO] [stderr]   |                   ^^^^^^^^ not found in this scope
[INFO] [stderr] 
[INFO] [stderr] error[E0282]: type annotations needed
[INFO] [stderr]  --> tests/unhappy/not_in_scope.test.rs:4:1
[INFO] [stderr]   |
[INFO] [stderr] 4 | impl_wasm_traits!(SomeType);
[INFO] [stderr]   | ^^^^^^^^^^^^^^^^^^^^^^^^^^^ cannot infer type
[INFO] [stderr]   |
[INFO] [stderr]   = note: this error originates in the macro `$crate::impl_main_wasm_traits` which comes from the expansion of the macro `impl_wasm_traits` (in Nightly builds, run with -Z macro-backtrace for more info)
[INFO] [stderr] 
[INFO] [stderr] error[E0282]: type annotations needed
[INFO] [stderr]  --> tests/unhappy/not_in_scope.test.rs:4:1
[INFO] [stderr]   |
[INFO] [stderr] 4 | impl_wasm_traits!(SomeType);
[INFO] [stderr]   | ^^^^^^^^^^^^^^^^^^^^^^^^^^^ cannot infer type
[INFO] [stderr]   |
[INFO] [stderr]   = note: this error originates in the macro `$crate::impl_main_wasm_traits` which comes from the expansion of the macro `impl_wasm_traits` (in Nightly builds, run with -Z macro-backtrace for more info)
[INFO] [stderr] 
[INFO] [stderr] error[E0282]: type annotations needed
[INFO] [stderr]  --> tests/unhappy/not_in_scope.test.rs:4:1
[INFO] [stderr]   |
[INFO] [stderr] 4 | impl_wasm_traits!(SomeType);
[INFO] [stderr]   | ^^^^^^^^^^^^^^^^^^^^^^^^^^^ cannot infer type
[INFO] [stderr]   |
[INFO] [stderr]   = note: this error originates in the macro `$crate::impl_main_wasm_traits` which comes from the expansion of the macro `impl_wasm_traits` (in Nightly builds, run with -Z macro-backtrace for more info)
[INFO] [stderr] 
[INFO] [stderr] error[E0282]: type annotations needed
[INFO] [stderr]  --> tests/unhappy/not_in_scope.test.rs:4:1
[INFO] [stderr]   |
[INFO] [stderr] 4 | impl_wasm_traits!(SomeType);
[INFO] [stderr]   | ^^^^^^^^^^^^^^^^^^^^^^^^^^^ cannot infer type
[INFO] [stderr]   |
[INFO] [stderr]   = note: this error originates in the macro `$crate::impl_complementary_wasm_traits` which comes from the expansion of the macro `impl_wasm_traits` (in Nightly builds, run with -Z macro-backtrace for more info)
[INFO] [stderr] ┈┈┈┈┈┈┈┈┈┈┈┈┈┈┈┈┈┈┈┈┈┈┈┈┈┈┈┈┈┈┈┈┈┈┈┈┈┈┈┈┈┈┈┈┈┈┈┈┈┈┈┈┈┈┈┈┈┈┈┈
[INFO] [stderr] 
[INFO] [stderr] ACTUAL OUTPUT:
[INFO] [stderr] ┈┈┈┈┈┈┈┈┈┈┈┈┈┈┈┈┈┈┈┈┈┈┈┈┈┈┈┈┈┈┈┈┈┈┈┈┈┈┈┈┈┈┈┈┈┈┈┈┈┈┈┈┈┈┈┈┈┈┈┈
[INFO] [stderr] error[E0425]: cannot find type `SomeType` in this scope
[INFO] [stderr]  --> tests/unhappy/not_in_scope.test.rs:4:19
[INFO] [stderr]   |
[INFO] [stderr] 4 | impl_wasm_traits!(SomeType);
[INFO] [stderr]   |                   ^^^^^^^^ not found in this scope
[INFO] [stderr] ┈┈┈┈┈┈┈┈┈┈┈┈┈┈┈┈┈┈┈┈┈┈┈┈┈┈┈┈┈┈┈┈┈┈┈┈┈┈┈┈┈┈┈┈┈┈┈┈┈┈┈┈┈┈┈┈┈┈┈┈
[INFO] [stderr] note: If the actual output is the correct output you can bless it by rerunning
[INFO] [stderr]       your test with the environment variable TRYBUILD=overwrite
[INFO] [stderr] 
[INFO] [stderr] test tests/unhappy/unexpected_token.test.rs ... ok
[INFO] [stderr] 
[INFO] [stderr] 
[INFO] [stdout] test unhappy ... FAILED
[INFO] [stdout] 
[INFO] [stdout] failures:
[INFO] [stdout] 
[INFO] [stdout] ---- happy stdout ----
[INFO] [stdout] Running 4 macro expansion tests
[INFO] [stdout] Expansion error:
[INFO] [stdout] error: no such command: `expand`
[INFO] [stdout] 
[INFO] [stdout] help: view all installed commands with `cargo --list`
[INFO] [stdout] help: find a package to install `expand` with `cargo search cargo-expand`
[INFO] [stdout] 
[INFO] [stdout] Expansion error:
[INFO] [stdout] error: no such command: `expand`
[INFO] [stdout] 
[INFO] [stdout] help: view all installed commands with `cargo --list`
[INFO] [stdout] help: find a package to install `expand` with `cargo search cargo-expand`
[INFO] [stdout] 
[INFO] [stdout] Expansion error:
[INFO] [stdout] error: no such command: `expand`
[INFO] [stdout] 
[INFO] [stdout] help: view all installed commands with `cargo --list`
[INFO] [stdout] help: find a package to install `expand` with `cargo search cargo-expand`
[INFO] [stdout] 
[INFO] [stdout] Expansion error:
[INFO] [stdout] error: no such command: `expand`
[INFO] [stdout] 
[INFO] [stdout] help: view all installed commands with `cargo --list`
[INFO] [stdout] help: find a package to install `expand` with `cargo search cargo-expand`
[INFO] [stdout] 
[INFO] [stdout] 
[INFO] [stdout] 
[INFO] [stdout] 
[INFO] [stdout] 
[INFO] [stdout] thread 'happy' (1090) panicked at /opt/rustwide/cargo-home/registry/src/index.crates.io-1949cf8c6b5b557f/macrotest-1.2.1/src/expand.rs:174:9:
[INFO] [stdout] 4 of 4 tests failed
[INFO] [stdout] stack backtrace:
[INFO] [stdout]    0:     0x59ad16c7fb71 - <<std[70759c8f55707aa4]::sys::backtrace::BacktraceLock>::print::DisplayBacktrace as core[df12db4294e9bfd3]::fmt::Display>::fmt
[INFO] [stdout]    1:     0x59ad16c967ba - core[df12db4294e9bfd3]::fmt::write
[INFO] [stdout]    2:     0x59ad16c8465c - <alloc[2182bb758b4b3781]::vec::Vec<u8> as core[df12db4294e9bfd3]::io::write::Write>::write_fmt
[INFO] [stdout]    3:     0x59ad16c57c66 - std[70759c8f55707aa4]::panicking::default_hook::{closure#0}
[INFO] [stdout]    4:     0x59ad16c76089 - std[70759c8f55707aa4]::panicking::default_hook
[INFO] [stdout]    5:     0x59ad16c0f060 - test[9d35eded1c95d3be]::test_main_inner::<test[9d35eded1c95d3be]::test_main_static::{closure#0}>::{closure#0}
[INFO] [stdout]    6:     0x59ad16c76242 - std[70759c8f55707aa4]::panicking::panic_with_hook
[INFO] [stdout]    7:     0x59ad16c57d12 - std[70759c8f55707aa4]::panicking::panic_handler::{closure#0}
[INFO] [stdout]    8:     0x59ad16c505d9 - std[70759c8f55707aa4]::sys::backtrace::__rust_end_short_backtrace::<std[70759c8f55707aa4]::panicking::panic_handler::{closure#0}, !>
[INFO] [stdout]    9:     0x59ad16c5890d - __rustc[8fa7c3cbc660c2b3]::rust_begin_unwind
[INFO] [stdout]   10:     0x59ad16c96f2c - core[df12db4294e9bfd3]::panicking::panic_fmt
[INFO] [stdout]   11:     0x59ad169f21c5 - macrotest[2ab7dc54c38f1ad6]::expand::run_tests::<alloc[2182bb758b4b3781]::vec::Vec<alloc[2182bb758b4b3781]::string::String>, alloc[2182bb758b4b3781]::string::String, &str>
[INFO] [stdout]   12:     0x59ad169f5ad9 - <tests[d5c6ce24f58024e1]::happy::{closure#0} as core[df12db4294e9bfd3]::ops::function::FnOnce<()>>::call_once
[INFO] [stdout]   13:     0x59ad16c0234b - test[9d35eded1c95d3be]::__rust_begin_short_backtrace::<core[df12db4294e9bfd3]::result::Result<(), alloc[2182bb758b4b3781]::string::String>, fn() -> core[df12db4294e9bfd3]::result::Result<(), alloc[2182bb758b4b3781]::string::String>>
[INFO] [stdout]   14:     0x59ad16c0f9b5 - test[9d35eded1c95d3be]::run_test::{closure#0}
[INFO] [stdout]   15:     0x59ad16c09274 - std[70759c8f55707aa4]::sys::backtrace::__rust_begin_short_backtrace::<test[9d35eded1c95d3be]::run_test::{closure#1}, ()>
[INFO] [stdout]   16:     0x59ad16c12b12 - <std[70759c8f55707aa4]::thread::lifecycle::spawn_unchecked<test[9d35eded1c95d3be]::run_test::{closure#1}, ()>::{closure#1} as core[df12db4294e9bfd3]::ops::function::FnOnce<()>>::call_once::{shim:vtable#0}
[INFO] [stdout]   17:     0x59ad16c7eb09 - <std[70759c8f55707aa4]::sys::thread::unix::Thread>::new::thread_start
[INFO] [stdout]   18:     0x727f770eedfa - <unknown>
[INFO] [stdout]   19:     0x727f771823d4 - clone
[INFO] [stdout]   20:                0x0 - <unknown>
[INFO] [stdout] 
[INFO] [stdout] ---- unhappy stdout ----
[INFO] [stdout] 
[INFO] [stdout] thread 'unhappy' (1091) panicked at /opt/rustwide/cargo-home/registry/src/index.crates.io-1949cf8c6b5b557f/trybuild-1.0.116/src/run.rs:102:13:
[INFO] [stdout] 1 of 3 tests failed
[INFO] [stdout] stack backtrace:
[INFO] [stdout]    0:     0x59ad16c7fb71 - <<std[70759c8f55707aa4]::sys::backtrace::BacktraceLock>::print::DisplayBacktrace as core[df12db4294e9bfd3]::fmt::Display>::fmt
[INFO] [stdout]    1:     0x59ad16c967ba - core[df12db4294e9bfd3]::fmt::write
[INFO] [stdout]    2:     0x59ad16c8465c - <alloc[2182bb758b4b3781]::vec::Vec<u8> as core[df12db4294e9bfd3]::io::write::Write>::write_fmt
[INFO] [stdout]    3:     0x59ad16c57c66 - std[70759c8f55707aa4]::panicking::default_hook::{closure#0}
[INFO] [stdout]    4:     0x59ad16c76089 - std[70759c8f55707aa4]::panicking::default_hook
[INFO] [stdout]    5:     0x59ad16c0f060 - test[9d35eded1c95d3be]::test_main_inner::<test[9d35eded1c95d3be]::test_main_static::{closure#0}>::{closure#0}
[INFO] [stdout]    6:     0x59ad16c76242 - std[70759c8f55707aa4]::panicking::panic_with_hook
[INFO] [stdout]    7:     0x59ad16c57d12 - std[70759c8f55707aa4]::panicking::panic_handler::{closure#0}
[INFO] [stdout]    8:     0x59ad16c505d9 - std[70759c8f55707aa4]::sys::backtrace::__rust_end_short_backtrace::<std[70759c8f55707aa4]::panicking::panic_handler::{closure#0}, !>
[INFO] [stdout]    9:     0x59ad16c5890d - __rustc[8fa7c3cbc660c2b3]::rust_begin_unwind
[INFO] [stdout]   10:     0x59ad16c96f2c - core[df12db4294e9bfd3]::panicking::panic_fmt
[INFO] [stdout]   11:     0x59ad169faef8 - <trybuild[9a6fa550e20ddf8f]::Runner>::run
[INFO] [stdout]   12:     0x59ad169fea00 - <trybuild[9a6fa550e20ddf8f]::TestCases as core[df12db4294e9bfd3]::ops::drop::Drop>::drop
[INFO] [stdout]   13:     0x59ad169f5b7b - <tests[d5c6ce24f58024e1]::unhappy::{closure#0} as core[df12db4294e9bfd3]::ops::function::FnOnce<()>>::call_once
[INFO] [stdout]   14:     0x59ad16c0234b - test[9d35eded1c95d3be]::__rust_begin_short_backtrace::<core[df12db4294e9bfd3]::result::Result<(), alloc[2182bb758b4b3781]::string::String>, fn() -> core[df12db4294e9bfd3]::result::Result<(), alloc[2182bb758b4b3781]::string::String>>
[INFO] [stdout]   15:     0x59ad16c0f9b5 - test[9d35eded1c95d3be]::run_test::{closure#0}
[INFO] [stdout]   16:     0x59ad16c09274 - std[70759c8f55707aa4]::sys::backtrace::__rust_begin_short_backtrace::<test[9d35eded1c95d3be]::run_test::{closure#1}, ()>
[INFO] [stdout]   17:     0x59ad16c12b12 - <std[70759c8f55707aa4]::thread::lifecycle::spawn_unchecked<test[9d35eded1c95d3be]::run_test::{closure#1}, ()>::{closure#1} as core[df12db4294e9bfd3]::ops::function::FnOnce<()>>::call_once::{shim:vtable#0}
[INFO] [stdout]   18:     0x59ad16c7eb09 - <std[70759c8f55707aa4]::sys::thread::unix::Thread>::new::thread_start
[INFO] [stdout]   19:     0x727f770eedfa - <unknown>
[INFO] [stdout]   20:     0x727f771823d4 - clone
[INFO] [stdout]   21:                0x0 - <unknown>
[INFO] [stdout] 
[INFO] [stdout] 
[INFO] [stdout] failures:
[INFO] [stdout]     happy
[INFO] [stdout]     unhappy
[INFO] [stdout] 
[INFO] [stdout] test result: FAILED. 0 passed; 2 failed; 0 ignored; 0 measured; 0 filtered out; finished in 44.56s
[INFO] [stdout] 
[INFO] [stderr] error: test failed, to rerun pass `--test tests`
[INFO] running `Command { std: "docker" "inspect" "f2da8faafac39ce9fd10ad88e577ca1d4e3338370a610f2973b5d42c8e023800", kill_on_drop: false }`
[INFO] running `Command { std: "docker" "rm" "-f" "f2da8faafac39ce9fd10ad88e577ca1d4e3338370a610f2973b5d42c8e023800", kill_on_drop: false }`
[INFO] [stdout] f2da8faafac39ce9fd10ad88e577ca1d4e3338370a610f2973b5d42c8e023800
