[INFO] fetching crate wasm-bindgen-utils-macros 0.1.3...
[INFO] testing wasm-bindgen-utils-macros-0.1.3 against 1.100.0-beta.1+cargoflags=--release for beta-release-1.100-2
[INFO] extracting crate wasm-bindgen-utils-macros 0.1.3 into /workspace/builds/worker-2-tc2/source
[INFO] started tweaking crates.io crate wasm-bindgen-utils-macros 0.1.3
[INFO] removed 0 missing tests
[INFO] finished tweaking crates.io crate wasm-bindgen-utils-macros 0.1.3
[INFO] tweaked toml for crates.io crate wasm-bindgen-utils-macros 0.1.3 written to /workspace/builds/worker-2-tc2/source/Cargo.toml
[INFO] validating manifest of crates.io crate wasm-bindgen-utils-macros 0.1.3 on toolchain 1.100.0-beta.1
[INFO] running `Command { std: CARGO_HOME="/workspace/cargo-home" RUSTUP_HOME="/workspace/rustup-home" "/workspace/cargo-home/bin/cargo" "+1.100.0-beta.1" "metadata" "--manifest-path" "Cargo.toml" "--no-deps", kill_on_drop: false }`
[INFO] crate crates.io crate wasm-bindgen-utils-macros 0.1.3 already has a lockfile, it will not be regenerated
[INFO] running `Command { std: CARGO_HOME="/workspace/cargo-home" RUSTUP_HOME="/workspace/rustup-home" "/workspace/cargo-home/bin/cargo" "+1.100.0-beta.1" "fetch" "--manifest-path" "Cargo.toml", kill_on_drop: false }`
[INFO] running `Command { std: "docker" "create" "-v" "/var/lib/crater-agent-workspace/builds/worker-2-tc2/source:/opt/rustwide/workdir:ro,Z" "-v" "/var/lib/crater-agent-workspace/builds/worker-2-tc2/target:/opt/rustwide/target:rw,Z" "-v" "/var/lib/crater-agent-workspace/cargo-home:/opt/rustwide/cargo-home:ro,Z" "-v" "/var/lib/crater-agent-workspace/rustup-home:/opt/rustwide/rustup-home:ro,Z" "-m" "1610612736" "--network" "none" "ghcr.io/rust-lang/crates-build-env/linux@sha256:77db811e55d90add9212f6832c23229e3de5f1c1f9905e8cb07319ea15df73ac" "sleep" "infinity", kill_on_drop: false }`
[INFO] [stdout] 23b274dabe2daba9aa1779d96070a77aee775a30862bcf2eb53959cbfcdb8dc3
[INFO] running `Command { std: "docker" "start" "23b274dabe2daba9aa1779d96070a77aee775a30862bcf2eb53959cbfcdb8dc3", kill_on_drop: false }`
[INFO] running `Command { std: "docker" "inspect" "23b274dabe2daba9aa1779d96070a77aee775a30862bcf2eb53959cbfcdb8dc3", kill_on_drop: false }`
[INFO] running `Command { std: "docker" "exec" "-e" "SOURCE_DIR=/opt/rustwide/workdir" "-e" "CARGO_HOME=/opt/rustwide/cargo-home" "-e" "RUSTUP_HOME=/opt/rustwide/rustup-home" "-e" "CARGO_TARGET_DIR=/opt/rustwide/target" "-w" "/opt/rustwide/workdir" "--user" "0:0" "23b274dabe2daba9aa1779d96070a77aee775a30862bcf2eb53959cbfcdb8dc3" "/opt/rustwide/cargo-home/bin/cargo" "+1.100.0-beta.1" "metadata" "--no-deps" "--format-version=1", kill_on_drop: false }`
[INFO] running `Command { std: "docker" "inspect" "23b274dabe2daba9aa1779d96070a77aee775a30862bcf2eb53959cbfcdb8dc3", kill_on_drop: false }`
[INFO] running `Command { std: "docker" "exec" "-e" "SOURCE_DIR=/opt/rustwide/workdir" "-e" "CARGO_HOME=/opt/rustwide/cargo-home" "-e" "RUSTUP_HOME=/opt/rustwide/rustup-home" "-e" "CARGO_TARGET_DIR=/opt/rustwide/target" "-e" "CARGO_INCREMENTAL=0" "-e" "RUST_BACKTRACE=full" "-e" "RUSTFLAGS=--cap-lints=warn" "-e" "RUSTDOCFLAGS=--cap-lints=warn" "-w" "/opt/rustwide/workdir" "--user" "0:0" "23b274dabe2daba9aa1779d96070a77aee775a30862bcf2eb53959cbfcdb8dc3" "/opt/rustwide/cargo-home/bin/cargo" "+1.100.0-beta.1" "build" "--frozen" "--message-format=json" "--release", kill_on_drop: false }`
[INFO] [stderr]    Compiling syn v2.0.117
[INFO] [stderr]    Compiling wasm-bindgen-utils-macros v0.1.3 (/opt/rustwide/workdir)
[INFO] [stderr]     Finished `release` profile [optimized] target(s) in 14.21s
[INFO] running `Command { std: "docker" "inspect" "23b274dabe2daba9aa1779d96070a77aee775a30862bcf2eb53959cbfcdb8dc3", kill_on_drop: false }`
[INFO] running `Command { std: "docker" "exec" "-e" "SOURCE_DIR=/opt/rustwide/workdir" "-e" "CARGO_HOME=/opt/rustwide/cargo-home" "-e" "RUSTUP_HOME=/opt/rustwide/rustup-home" "-e" "CARGO_TARGET_DIR=/opt/rustwide/target" "-e" "CARGO_INCREMENTAL=0" "-e" "RUST_BACKTRACE=full" "-e" "RUSTFLAGS=--cap-lints=warn" "-e" "RUSTDOCFLAGS=--cap-lints=warn" "-w" "/opt/rustwide/workdir" "--user" "0:0" "23b274dabe2daba9aa1779d96070a77aee775a30862bcf2eb53959cbfcdb8dc3" "/opt/rustwide/cargo-home/bin/cargo" "+1.100.0-beta.1" "test" "--frozen" "--no-run" "--message-format=json" "--release", kill_on_drop: false }`
[INFO] [stderr]    Compiling target-triple v1.0.0
[INFO] [stderr]    Compiling winnow v1.0.3
[INFO] [stderr]    Compiling toml_datetime v1.1.1+spec-1.1.0
[INFO] [stderr]    Compiling serde_spanned v1.1.1
[INFO] [stderr]    Compiling serde_derive v1.0.228
[INFO] [stderr]    Compiling toml_writer v1.1.1+spec-1.1.0
[INFO] [stderr]    Compiling serde_json v1.0.150
[INFO] [stderr]    Compiling serde v1.0.228
[INFO] [stderr]    Compiling memchr v2.8.0
[INFO] [stderr]    Compiling toml_parser v1.1.2+spec-1.1.0
[INFO] [stderr]    Compiling prettyplease v0.2.37
[INFO] [stderr]    Compiling toml v1.1.2+spec-1.1.0
[INFO] [stderr]    Compiling syn v2.0.117
[INFO] [stderr]    Compiling termcolor v1.4.1
[INFO] [stderr]    Compiling glob v0.3.3
[INFO] [stderr]    Compiling diff v0.1.13
[INFO] [stderr]    Compiling fastrand v2.4.1
[INFO] [stderr]    Compiling wasm-bindgen-utils-macros v0.1.3 (/opt/rustwide/workdir)
[INFO] [stderr]    Compiling trybuild v1.0.116
[INFO] [stderr]    Compiling macrotest v1.2.1
[INFO] [stderr]     Finished `release` profile [optimized] target(s) in 1m 48s
[INFO] running `Command { std: "docker" "inspect" "23b274dabe2daba9aa1779d96070a77aee775a30862bcf2eb53959cbfcdb8dc3", kill_on_drop: false }`
[INFO] running `Command { std: "docker" "exec" "-e" "SOURCE_DIR=/opt/rustwide/workdir" "-e" "CARGO_HOME=/opt/rustwide/cargo-home" "-e" "RUSTUP_HOME=/opt/rustwide/rustup-home" "-e" "CARGO_TARGET_DIR=/opt/rustwide/target" "-e" "CARGO_INCREMENTAL=0" "-e" "RUST_BACKTRACE=full" "-e" "RUSTFLAGS=--cap-lints=warn" "-e" "RUSTDOCFLAGS=--cap-lints=warn" "-w" "/opt/rustwide/workdir" "--user" "0:0" "23b274dabe2daba9aa1779d96070a77aee775a30862bcf2eb53959cbfcdb8dc3" "/opt/rustwide/cargo-home/bin/cargo" "+1.100.0-beta.1" "test" "--frozen" "--release", kill_on_drop: false }`
[INFO] [stderr]     Finished `release` profile [optimized] target(s) in 0.14s
[INFO] [stderr]      Running unittests src/lib.rs (/opt/rustwide/target/release/build/wasm-bindgen-utils-macros/205129aa1980aff3/out/wasm_bindgen_utils_macros-205129aa1980aff3)
[INFO] [stdout] 
[INFO] [stdout] running 51 tests
[INFO] [stdout] test wasm_export::attrs::tests::test_return_description_forwarding ... ok
[INFO] [stdout] test wasm_export::attrs::tests::test_handle_attrs_sequence_happy ... ok
[INFO] [stdout] test wasm_export::attrs::tests::test_handle_method_attrs_happy ... ok
[INFO] [stdout] test wasm_export::attrs::tests::test_handle_method_attrs_unhappy ... ok
[INFO] [stdout] test wasm_export::attrs::tests::test_try_extract_result_inner_type_happy ... ok
[INFO] [stdout] test wasm_export::attrs::tests::test_handle_attrs_sequence_unhappy ... ok
[INFO] [stdout] test wasm_export::attrs::tests::test_return_description_parsing ... ok
[INFO] [stdout] test wasm_export::attrs::tests::test_return_description_with_mixed_attrs ... ok
[INFO] [stdout] test wasm_export::builder::tests::test_build_export_function_no_doc_comments ... ok
[INFO] [stdout] test wasm_export::attrs::tests::test_wasm_export_attrs_parse ... ok
[INFO] [stdout] test wasm_export::attrs::tests::test_try_extract_result_inner_type_unhappy ... ok
[INFO] [stdout] test wasm_export::builder::tests::test_build_export_method_doc_comments_comprehensive ... ok
[INFO] [stdout] test wasm_export::attrs::tests::test_wasm_export_ret_type_with_override ... ok
[INFO] [stdout] test wasm_export::builder::tests::test_build_export_function_with_doc_comments ... ok
[INFO] [stdout] test wasm_export::attrs::tests::test_wasm_export_ret_type_without_override ... ok
[INFO] [stdout] test wasm_export::builder::tests::test_build_export_method_no_doc_comments ... ok
[INFO] [stdout] test wasm_export::builder::tests::test_build_export_method_with_doc_comments ... ok
[INFO] [stdout] test wasm_export::builder::tests::test_build_fn_body_unified_standalone_function_sync ... ok
[INFO] [stdout] test wasm_export::builder::tests::test_collect_function_arguments ... ok
[INFO] [stdout] test wasm_export::builder::tests::test_doc_comments_with_mixed_attributes ... ok
[INFO] [stdout] test wasm_export::builder::tests::test_doc_comments_special_characters ... ok
[INFO] [stdout] test wasm_export::builder::tests::test_doc_comments_with_preserve_js_class ... ok
[INFO] [stdout] test wasm_export::builder::tests::test_clean_parameter_attributes ... ok
[INFO] [stdout] test wasm_export::builder::tests::test_extract_doc_comments_no_docs ... ok
[INFO] [stdout] test wasm_export::builder::tests::test_build_fn_body_unified_standalone_function_async ... ok
[INFO] [stdout] test wasm_export::builder::tests::test_extract_doc_comments ... ok
[INFO] [stdout] test wasm_export::builder::tests::test_extract_doc_comments_mixed ... ok
[INFO] [stdout] test wasm_export::builder::tests::test_populate_name ... ok
[INFO] [stdout] test wasm_export::builder::tests::test_build_fn_body_unified_method_sync ... ok
[INFO] [stdout] test wasm_export::builder::tests::test_from_method ... ok
[INFO] [stdout] test wasm_export::builder::tests::test_from_standalone ... ok
[INFO] [stdout] test wasm_export::builder::tests::test_build_fn_body_unified_method_async ... ok
[INFO] [stdout] test wasm_export::builder::tests::test_process_function_parameters_with_self ... ok
[INFO] [stdout] test wasm_export::builder::tests::test_process_parameter_wasm_export_attr_invalid_value ... ok
[INFO] [stdout] test wasm_export::builder::tests::test_process_parameter_wasm_export_attr_valid ... ok
[INFO] [stdout] test wasm_export::builder::tests::test_process_parameter_wasm_export_attr_duplicate_error ... ok
[INFO] [stdout] test wasm_export::builder::tests::test_process_parameter_wasm_export_attr_missing_value ... ok
[INFO] [stdout] test wasm_export::builder::tests::test_process_function_parameters_basic ... ok
[INFO] [stdout] test wasm_export::builder::tests::test_process_function_parameters_with_param_description ... ok
[INFO] [stdout] test wasm_export::builder::tests::test_process_function_parameters_self_with_wasm_export_error ... ok
[INFO] [stdout] test wasm_export::error::tests::test_extend_error ... ok
[INFO] [stdout] test wasm_export::standalone_fn::tests::test_parse_happy ... ok
[INFO] [stdout] test wasm_export::impl_block::tests::test_parse_unhappy ... ok
[INFO] [stdout] test wasm_export::impl_block::tests::test_parse_happy ... ok
[INFO] [stdout] test wasm_export::standalone_fn::tests::test_parse_standalone_fn_with_return_description ... ok
[INFO] [stdout] test wasm_export::standalone_fn::tests::test_parse_standalone_fn_with_top_attrs ... ok
[INFO] [stdout] test wasm_export::standalone_fn::tests::test_parse_standalone_fn_basic ... ok
[INFO] [stdout] test wasm_export::standalone_fn::tests::test_parse_standalone_fn_no_result_error ... ok
[INFO] [stdout] test wasm_export::standalone_fn::tests::test_parse_standalone_fn_with_return_description_and_other_attrs ... ok
[INFO] [stdout] test wasm_export::standalone_fn::tests::test_parse_standalone_fn_return_override ... ok
[INFO] [stdout] test wasm_export::standalone_fn::tests::test_parse_unhappy ... ok
[INFO] [stdout] 
[INFO] [stdout] test result: ok. 51 passed; 0 failed; 0 ignored; 0 measured; 0 filtered out; finished in 0.04s
[INFO] [stdout] 
[INFO] [stderr]      Running tests/tests.rs (/opt/rustwide/target/release/build/wasm-bindgen-utils-macros/71b14b6f9eed9b89/out/tests-71b14b6f9eed9b89)
[INFO] [stdout] 
[INFO] [stdout] running 2 tests
[INFO] [stderr] error: no such command: `expand`
[INFO] [stderr] 
[INFO] [stderr] help: view all installed commands with `cargo --list`
[INFO] [stderr] help: find a package to install `expand` with `cargo search cargo-expand`
[INFO] [stderr]    Compiling proc-macro2 v1.0.106
[INFO] [stderr]    Compiling quote v1.0.45
[INFO] [stderr]    Compiling serde_core v1.0.228
[INFO] [stderr]    Compiling unicode-ident v1.0.24
[INFO] [stderr]    Compiling zmij v1.0.21
[INFO] [stderr]     Checking winnow v1.0.3
[INFO] [stderr]    Compiling serde v1.0.228
[INFO] [stdout] test happy ... FAILED
[INFO] [stderr]    Compiling prettyplease v0.2.37
[INFO] [stderr]    Compiling serde_json v1.0.150
[INFO] [stderr]     Checking toml_writer v1.1.1+spec-1.1.0
[INFO] [stderr]     Checking memchr v2.8.0
[INFO] [stderr]     Checking itoa v1.0.18
[INFO] [stderr]     Checking glob v0.3.3
[INFO] [stderr]     Checking diff v0.1.13
[INFO] [stderr]     Checking toml_parser v1.1.2+spec-1.1.0
[INFO] [stderr]     Checking fastrand v2.4.1
[INFO] [stderr]     Checking syn v2.0.117
[INFO] [stderr]     Checking toml_datetime v1.1.1+spec-1.1.0
[INFO] [stderr]     Checking serde_spanned v1.1.1
[INFO] [stderr]     Checking toml v1.1.2+spec-1.1.0
[INFO] [stderr]    Compiling serde_derive v1.0.228
[INFO] [stderr]    Compiling wasm-bindgen-utils-macros v0.1.3 (/opt/rustwide/workdir)
[INFO] [stderr]     Checking macrotest v1.2.1
[INFO] [stderr]     Checking wasm-bindgen-utils-macros-tests v0.0.0 (/opt/rustwide/target/tests/trybuild/wasm-bindgen-utils-macros)
[INFO] [stderr]     Finished `dev` profile [unoptimized + debuginfo] target(s) in 21.72s
[INFO] [stderr] 
[INFO] [stderr] 
[INFO] [stderr] test tests/unhappy/dup_js_name_param_attr.test.rs ... ok
[INFO] [stderr] test tests/unhappy/dup_param_description_attr.test.rs ... ok
[INFO] [stderr] test tests/unhappy/dup_preserve_js_class.test.rs ... ok
[INFO] [stderr] test tests/unhappy/dup_return_description_attr.test.rs ... ok
[INFO] [stderr] test tests/unhappy/dup_skip_attr.test.rs ... ok
[INFO] [stderr] test tests/unhappy/dup_unchecked_param_type_attr.test.rs ... ok
[INFO] [stderr] test tests/unhappy/dup_unchecked_return_type_attr.test.rs ... ok
[INFO] [stderr] test tests/unhappy/expected_js_name_param_str_literal.test.rs ... ok
[INFO] [stderr] test tests/unhappy/expected_js_name_param_value.test.rs ... ok
[INFO] [stderr] test tests/unhappy/expected_param_description_str_literal.test.rs ... ok
[INFO] [stderr] test tests/unhappy/expected_param_description_value.test.rs ... ok
[INFO] [stderr] test tests/unhappy/expected_pub_vis.test.rs ... ok
[INFO] [stderr] test tests/unhappy/expected_result.test.rs ... ok
[INFO] [stderr] test tests/unhappy/expected_return_description_str_literal.test.rs ... ok
[INFO] [stderr] test tests/unhappy/expected_return_description_value.test.rs ... ok
[INFO] [stderr] test tests/unhappy/expected_str_literal.test.rs ... ok
[INFO] [stderr] test tests/unhappy/expected_unchecked_param_type_str_literal.test.rs ... ok
[INFO] [stderr] test tests/unhappy/expected_unchecked_param_type_value.test.rs ... ok
[INFO] [stderr] test tests/unhappy/expected_unchecked_return_type_value.test.rs ... ok
[INFO] [stderr] test tests/unhappy/invalid_attrs_delimiter.test.rs ... ok
[INFO] [stderr] test tests/unhappy/invalid_param_attrs_delimiter.test.rs ... ok
[INFO] [stderr] test tests/unhappy/invalid_preserve_js_class_attr.test.rs ... ok
[INFO] [stderr] test tests/unhappy/invalid_skip_attr.test.rs ... ok
[INFO] [stderr] test tests/unhappy/js_name_param_on_self.test.rs ... ok
[INFO] [stderr] test tests/unhappy/param_description_on_self.test.rs ... ok
[INFO] [stderr] test tests/unhappy/unchecked_param_type_on_self.test.rs ... ok
[INFO] [stderr] test tests/unhappy/unexpected_input.test.rs ... ok
[INFO] [stderr] test tests/unhappy/unexpected_preserve_js_class.test.rs ... ok
[INFO] [stderr] test tests/unhappy/unexpected_return_description_attr.test.rs ... ok
[INFO] [stderr] test tests/unhappy/unexpected_skip.test.rs ... ok
[INFO] [stderr] test tests/unhappy/unexpected_unchecked_ret_type_attr.test.rs ... ok
[INFO] [stderr] 
[INFO] [stderr] 
[INFO] [stdout] test unhappy ... ok
[INFO] [stdout] 
[INFO] [stdout] failures:
[INFO] [stdout] 
[INFO] [stdout] ---- happy stdout ----
[INFO] [stdout] Running 4 macro expansion tests
[INFO] [stdout] Expansion error:
[INFO] [stdout] error: no such command: `expand`
[INFO] [stdout] 
[INFO] [stdout] help: view all installed commands with `cargo --list`
[INFO] [stdout] help: find a package to install `expand` with `cargo search cargo-expand`
[INFO] [stdout] 
[INFO] [stdout] Expansion error:
[INFO] [stdout] error: no such command: `expand`
[INFO] [stdout] 
[INFO] [stdout] help: view all installed commands with `cargo --list`
[INFO] [stdout] help: find a package to install `expand` with `cargo search cargo-expand`
[INFO] [stdout] 
[INFO] [stdout] Expansion error:
[INFO] [stdout] error: no such command: `expand`
[INFO] [stdout] 
[INFO] [stdout] help: view all installed commands with `cargo --list`
[INFO] [stdout] help: find a package to install `expand` with `cargo search cargo-expand`
[INFO] [stdout] 
[INFO] [stdout] Expansion error:
[INFO] [stdout] error: no such command: `expand`
[INFO] [stdout] 
[INFO] [stdout] help: view all installed commands with `cargo --list`
[INFO] [stdout] help: find a package to install `expand` with `cargo search cargo-expand`
[INFO] [stdout] 
[INFO] [stdout] 
[INFO] [stdout] 
[INFO] [stdout] 
[INFO] [stdout] 
[INFO] [stdout] thread 'happy' (833) panicked at /opt/rustwide/cargo-home/registry/src/index.crates.io-1949cf8c6b5b557f/macrotest-1.2.1/src/expand.rs:174:9:
[INFO] [stdout] 4 of 4 tests failed
[INFO] [stdout] stack backtrace:
[INFO] [stdout]    0:     0x5637f5448b91 - <<std[617be2ca0a6fd877]::sys::backtrace::BacktraceLock>::print::DisplayBacktrace as core[a373ad73a504971]::fmt::Display>::fmt
[INFO] [stdout]    1:     0x5637f545f4aa - core[a373ad73a504971]::fmt::write
[INFO] [stdout]    2:     0x5637f544d44c - <alloc[2e1b2a31b91974c5]::vec::Vec<u8> as core[a373ad73a504971]::io::write::Write>::write_fmt
[INFO] [stdout]    3:     0x5637f5420ab6 - std[617be2ca0a6fd877]::panicking::default_hook::{closure#0}
[INFO] [stdout]    4:     0x5637f543ee99 - std[617be2ca0a6fd877]::panicking::default_hook
[INFO] [stdout]    5:     0x5637f53d8120 - test[aada8e7e76ba119b]::test_main_inner::{closure#0}
[INFO] [stdout]    6:     0x5637f543f1c2 - std[617be2ca0a6fd877]::panicking::panic_with_hook
[INFO] [stdout]    7:     0x5637f5420b62 - std[617be2ca0a6fd877]::panicking::panic_handler::{closure#0}
[INFO] [stdout]    8:     0x5637f54193b9 - std[617be2ca0a6fd877]::sys::backtrace::__rust_end_short_backtrace::<std[617be2ca0a6fd877]::panicking::panic_handler::{closure#0}, !>
[INFO] [stdout]    9:     0x5637f542176d - __rustc[ea4f61d10b84890b]::rust_begin_unwind
[INFO] [stdout]   10:     0x5637f545fc4c - core[a373ad73a504971]::panicking::panic_fmt
[INFO] [stdout]   11:     0x5637f5177835 - macrotest[8407e5a59d568a9d]::expand::run_tests::<alloc[2e1b2a31b91974c5]::vec::Vec<alloc[2e1b2a31b91974c5]::string::String>, alloc[2e1b2a31b91974c5]::string::String, &str>
[INFO] [stdout]   12:     0x5637f5179969 - <tests[764b63cfe5ff7221]::happy::{closure#0} as core[a373ad73a504971]::ops::function::FnOnce<()>>::call_once
[INFO] [stdout]   13:     0x5637f53cb56b - test[aada8e7e76ba119b]::__rust_begin_short_backtrace::<core[a373ad73a504971]::result::Result<(), alloc[2e1b2a31b91974c5]::string::String>, fn() -> core[a373ad73a504971]::result::Result<(), alloc[2e1b2a31b91974c5]::string::String>>
[INFO] [stdout]   14:     0x5637f53d8745 - test[aada8e7e76ba119b]::run_test::{closure#0}
[INFO] [stdout]   15:     0x5637f53d2034 - std[617be2ca0a6fd877]::sys::backtrace::__rust_begin_short_backtrace::<test[aada8e7e76ba119b]::run_test::{closure#1}, ()>
[INFO] [stdout]   16:     0x5637f53db7d2 - <std[617be2ca0a6fd877]::thread::lifecycle::spawn_unchecked<test[aada8e7e76ba119b]::run_test::{closure#1}, ()>::{closure#1} as core[a373ad73a504971]::ops::function::FnOnce<()>>::call_once::{shim:vtable#0}
[INFO] [stdout]   17:     0x5637f5447acf - <std[617be2ca0a6fd877]::sys::thread::unix::Thread>::new::thread_start
[INFO] [stdout]   18:     0x7685c7489dfa - <unknown>
[INFO] [stdout]   19:     0x7685c751d3d4 - clone
[INFO] [stdout]   20:                0x0 - <unknown>
[INFO] [stdout] 
[INFO] [stdout] 
[INFO] [stdout] failures:
[INFO] [stdout]     happy
[INFO] [stdout] 
[INFO] [stdout] test result: FAILED. 1 passed; 1 failed; 0 ignored; 0 measured; 0 filtered out; finished in 31.60s
[INFO] [stdout] 
[INFO] [stderr] error: test failed, to rerun pass `--test tests`
[INFO] running `Command { std: "docker" "inspect" "23b274dabe2daba9aa1779d96070a77aee775a30862bcf2eb53959cbfcdb8dc3", kill_on_drop: false }`
[INFO] running `Command { std: "docker" "rm" "-f" "23b274dabe2daba9aa1779d96070a77aee775a30862bcf2eb53959cbfcdb8dc3", kill_on_drop: false }`
[INFO] [stdout] 23b274dabe2daba9aa1779d96070a77aee775a30862bcf2eb53959cbfcdb8dc3
