[INFO] fetching crate wasi-worker-yew 0.5.2...
[INFO] testing wasi-worker-yew-0.5.2 against 1.99.0-beta.8+cargoflags=--release for beta-release-1.100-2
[INFO] extracting crate wasi-worker-yew 0.5.2 into /workspace/builds/worker-5-tc1/source
[INFO] started tweaking crates.io crate wasi-worker-yew 0.5.2
[INFO] finished tweaking crates.io crate wasi-worker-yew 0.5.2
[INFO] tweaked toml for crates.io crate wasi-worker-yew 0.5.2 written to /workspace/builds/worker-5-tc1/source/Cargo.toml
[INFO] validating manifest of crates.io crate wasi-worker-yew 0.5.2 on toolchain 1.99.0-beta.8
[INFO] running `Command { std: CARGO_HOME="/workspace/cargo-home" RUSTUP_HOME="/workspace/rustup-home" "/workspace/cargo-home/bin/cargo" "+1.99.0-beta.8" "metadata" "--manifest-path" "Cargo.toml" "--no-deps", kill_on_drop: false }`
[INFO] running `Command { std: CARGO_HOME="/workspace/cargo-home" RUSTUP_HOME="/workspace/rustup-home" "/workspace/cargo-home/bin/cargo" "+1.99.0-beta.8" "generate-lockfile" "--manifest-path" "Cargo.toml", kill_on_drop: false }`
[INFO] [stderr]     Updating crates.io index
[INFO] [stderr]      Locking 71 packages to highest compatible versions
[INFO] [stderr]       Adding bincode v1.2.1 (available: v1.3.3)
[INFO] [stderr]       Adding yew v0.11.0 (available: v0.23.0)
[INFO] running `Command { std: CARGO_HOME="/workspace/cargo-home" RUSTUP_HOME="/workspace/rustup-home" "/workspace/cargo-home/bin/cargo" "+1.99.0-beta.8" "fetch" "--manifest-path" "Cargo.toml", kill_on_drop: false }`
[INFO] [stderr]  Downloading crates ...
[INFO] [stderr]   Downloaded yew-macro v0.11.0
[INFO] [stderr]   Downloaded anymap v0.12.1
[INFO] [stderr]   Downloaded bincode v1.2.1
[INFO] [stderr]   Downloaded wasi-worker v0.5.0
[INFO] [stderr]   Downloaded yew v0.11.0
[INFO] [stderr]   Downloaded proc-macro-nested v0.1.7
[INFO] running `Command { std: "docker" "create" "-v" "/var/lib/crater-agent-workspace/builds/worker-5-tc1/source:/opt/rustwide/workdir:ro,Z" "-v" "/var/lib/crater-agent-workspace/builds/worker-5-tc1/target:/opt/rustwide/target:rw,Z" "-v" "/var/lib/crater-agent-workspace/cargo-home:/opt/rustwide/cargo-home:ro,Z" "-v" "/var/lib/crater-agent-workspace/rustup-home:/opt/rustwide/rustup-home:ro,Z" "-m" "1610612736" "--network" "none" "ghcr.io/rust-lang/crates-build-env/linux@sha256:77db811e55d90add9212f6832c23229e3de5f1c1f9905e8cb07319ea15df73ac" "sleep" "infinity", kill_on_drop: false }`
[INFO] [stdout] 5e2ceae89ed78360221fa8fd2adc988ea8fb5718a4b6a070ea0df2c2e6360686
[INFO] running `Command { std: "docker" "start" "5e2ceae89ed78360221fa8fd2adc988ea8fb5718a4b6a070ea0df2c2e6360686", kill_on_drop: false }`
[INFO] running `Command { std: "docker" "inspect" "5e2ceae89ed78360221fa8fd2adc988ea8fb5718a4b6a070ea0df2c2e6360686", kill_on_drop: false }`
[INFO] running `Command { std: "docker" "exec" "-e" "SOURCE_DIR=/opt/rustwide/workdir" "-e" "CARGO_HOME=/opt/rustwide/cargo-home" "-e" "RUSTUP_HOME=/opt/rustwide/rustup-home" "-e" "CARGO_TARGET_DIR=/opt/rustwide/target" "-w" "/opt/rustwide/workdir" "--user" "0:0" "5e2ceae89ed78360221fa8fd2adc988ea8fb5718a4b6a070ea0df2c2e6360686" "/opt/rustwide/cargo-home/bin/cargo" "+1.99.0-beta.8" "metadata" "--no-deps" "--format-version=1", kill_on_drop: false }`
[INFO] running `Command { std: "docker" "inspect" "5e2ceae89ed78360221fa8fd2adc988ea8fb5718a4b6a070ea0df2c2e6360686", kill_on_drop: false }`
[INFO] running `Command { std: "docker" "exec" "-e" "SOURCE_DIR=/opt/rustwide/workdir" "-e" "CARGO_HOME=/opt/rustwide/cargo-home" "-e" "RUSTUP_HOME=/opt/rustwide/rustup-home" "-e" "CARGO_TARGET_DIR=/opt/rustwide/target" "-e" "CARGO_INCREMENTAL=0" "-e" "RUST_BACKTRACE=full" "-e" "RUSTFLAGS=--cap-lints=warn" "-e" "RUSTDOCFLAGS=--cap-lints=warn" "-w" "/opt/rustwide/workdir" "--user" "0:0" "5e2ceae89ed78360221fa8fd2adc988ea8fb5718a4b6a070ea0df2c2e6360686" "/opt/rustwide/cargo-home/bin/cargo" "+1.99.0-beta.8" "build" "--frozen" "--message-format=json" "--release", kill_on_drop: false }`
[INFO] [stderr]    Compiling syn v1.0.109
[INFO] [stderr]    Compiling serde_core v1.0.229
[INFO] [stderr]    Compiling serde v1.0.229
[INFO] [stderr]    Compiling object v0.37.3
[INFO] [stderr]    Compiling libc v0.2.191
[INFO] [stderr]    Compiling serde_json v1.0.154
[INFO] [stderr]    Compiling autocfg v0.1.8
[INFO] [stderr]    Compiling memchr v2.8.3
[INFO] [stderr]    Compiling proc-macro-hack v0.5.20+deprecated
[INFO] [stderr]    Compiling failure_derive v0.1.8
[INFO] [stderr]    Compiling gimli v0.32.3
[INFO] [stderr]    Compiling sha1_smol v1.0.1
[INFO] [stderr]    Compiling stdweb-internal-runtime v0.1.5
[INFO] [stderr]    Compiling yew-macro v0.11.0
[INFO] [stderr]    Compiling sha1 v0.6.1
[INFO] [stderr]    Compiling miniz_oxide v0.8.9
[INFO] [stderr]    Compiling stdweb v0.4.20
[INFO] [stderr]    Compiling indexmap v1.9.3
[INFO] [stderr]    Compiling proc-macro-nested v0.1.7
[INFO] [stderr]    Compiling rustc-demangle v0.1.28
[INFO] [stderr]    Compiling base-x v0.2.11
[INFO] [stderr]    Compiling yew v0.11.0
[INFO] [stderr]    Compiling discard v1.0.4
[INFO] [stderr]    Compiling boolinator v2.4.0
[INFO] [stderr]    Compiling http v0.2.12
[INFO] [stderr]    Compiling bincode v1.2.1
[INFO] [stderr]    Compiling anymap v0.12.1
[INFO] [stderr]    Compiling wasi-worker v0.5.0
[INFO] [stderr]    Compiling addr2line v0.25.1
[INFO] [stderr]    Compiling synstructure v0.12.6
[INFO] [stderr]    Compiling stdweb-internal-macros v0.2.9
[INFO] [stderr]    Compiling stdweb-derive v0.5.3
[INFO] [stderr]    Compiling backtrace v0.3.76
[INFO] [stderr]    Compiling failure v0.1.8
[INFO] [stderr]    Compiling wasi-worker-yew v0.5.2 (/opt/rustwide/workdir)
[INFO] [stderr]     Finished `release` profile [optimized] target(s) in 59.91s
[INFO] [stderr] warning: the following packages contain code that will be rejected by a future version of Rust: stdweb v0.4.20, yew v0.11.0
[INFO] [stderr] note: to see what the problems were, use the option `--future-incompat-report`, or run `cargo report future-incompatibilities --id 1`
[INFO] running `Command { std: "docker" "inspect" "5e2ceae89ed78360221fa8fd2adc988ea8fb5718a4b6a070ea0df2c2e6360686", kill_on_drop: false }`
[INFO] running `Command { std: "docker" "exec" "-e" "SOURCE_DIR=/opt/rustwide/workdir" "-e" "CARGO_HOME=/opt/rustwide/cargo-home" "-e" "RUSTUP_HOME=/opt/rustwide/rustup-home" "-e" "CARGO_TARGET_DIR=/opt/rustwide/target" "-e" "CARGO_INCREMENTAL=0" "-e" "RUST_BACKTRACE=full" "-e" "RUSTFLAGS=--cap-lints=warn" "-e" "RUSTDOCFLAGS=--cap-lints=warn" "-w" "/opt/rustwide/workdir" "--user" "0:0" "5e2ceae89ed78360221fa8fd2adc988ea8fb5718a4b6a070ea0df2c2e6360686" "/opt/rustwide/cargo-home/bin/cargo" "+1.99.0-beta.8" "test" "--frozen" "--no-run" "--message-format=json" "--release", kill_on_drop: false }`
[INFO] [stderr]    Compiling wasi-worker-yew v0.5.2 (/opt/rustwide/workdir)
[INFO] [stderr]     Finished `release` profile [optimized] target(s) in 1.03s
[INFO] [stderr] warning: the following packages contain code that will be rejected by a future version of Rust: stdweb v0.4.20, yew v0.11.0
[INFO] [stderr] note: to see what the problems were, use the option `--future-incompat-report`, or run `cargo report future-incompatibilities --id 1`
[INFO] running `Command { std: "docker" "inspect" "5e2ceae89ed78360221fa8fd2adc988ea8fb5718a4b6a070ea0df2c2e6360686", kill_on_drop: false }`
[INFO] running `Command { std: "docker" "exec" "-e" "SOURCE_DIR=/opt/rustwide/workdir" "-e" "CARGO_HOME=/opt/rustwide/cargo-home" "-e" "RUSTUP_HOME=/opt/rustwide/rustup-home" "-e" "CARGO_TARGET_DIR=/opt/rustwide/target" "-e" "CARGO_INCREMENTAL=0" "-e" "RUST_BACKTRACE=full" "-e" "RUSTFLAGS=--cap-lints=warn" "-e" "RUSTDOCFLAGS=--cap-lints=warn" "-w" "/opt/rustwide/workdir" "--user" "0:0" "5e2ceae89ed78360221fa8fd2adc988ea8fb5718a4b6a070ea0df2c2e6360686" "/opt/rustwide/cargo-home/bin/cargo" "+1.99.0-beta.8" "test" "--frozen" "--release", kill_on_drop: false }`
[INFO] [stderr]     Finished `release` profile [optimized] target(s) in 0.41s
[INFO] [stderr] warning: the following packages contain code that will be rejected by a future version of Rust: stdweb v0.4.20, yew v0.11.0
[INFO] [stderr] note: to see what the problems were, use the option `--future-incompat-report`, or run `cargo report future-incompatibilities --id 1`
[INFO] [stderr]      Running unittests src/lib.rs (/opt/rustwide/target/release/deps/wasi_worker_yew-3dc131fb06933680)
[INFO] [stdout] 
[INFO] [stdout] running 1 test
[INFO] [stdout] test tests::it_works ... FAILED
[INFO] [stdout] 
[INFO] [stdout] failures:
[INFO] [stdout] 
[INFO] [stdout] ---- tests::it_works stdout ----
[INFO] [stdout] 
[INFO] [stdout] thread 'tests::it_works' (868) panicked at src/lib.rs:142:40:
[INFO] [stdout] ServiceWorker::initialize: Os { code: 2, kind: NotFound, message: "No such file or directory" }
[INFO] [stdout] stack backtrace:
[INFO] [stdout]    0:     0x60271b9d91f1 - <<std[70759c8f55707aa4]::sys::backtrace::BacktraceLock>::print::DisplayBacktrace as core[df12db4294e9bfd3]::fmt::Display>::fmt
[INFO] [stdout]    1:     0x60271b9ed4fa - core[df12db4294e9bfd3]::fmt::write
[INFO] [stdout]    2:     0x60271b9dd68c - <alloc[2182bb758b4b3781]::vec::Vec<u8> as core[df12db4294e9bfd3]::io::write::Write>::write_fmt
[INFO] [stdout]    3:     0x60271b9b5336 - std[70759c8f55707aa4]::panicking::default_hook::{closure#0}
[INFO] [stdout]    4:     0x60271b9d1529 - std[70759c8f55707aa4]::panicking::default_hook
[INFO] [stdout]    5:     0x60271b96b1e0 - test[9d35eded1c95d3be]::test_main_inner::<test[9d35eded1c95d3be]::test_main_static::{closure#0}>::{closure#0}
[INFO] [stdout]    6:     0x60271b9d16e2 - std[70759c8f55707aa4]::panicking::panic_with_hook
[INFO] [stdout]    7:     0x60271b9b53e2 - std[70759c8f55707aa4]::panicking::panic_handler::{closure#0}
[INFO] [stdout]    8:     0x60271b9adea9 - std[70759c8f55707aa4]::sys::backtrace::__rust_end_short_backtrace::<std[70759c8f55707aa4]::panicking::panic_handler::{closure#0}, !>
[INFO] [stdout]    9:     0x60271b9b605d - __rustc[8fa7c3cbc660c2b3]::rust_begin_unwind
[INFO] [stdout]   10:     0x60271b9edc2c - core[df12db4294e9bfd3]::panicking::panic_fmt
[INFO] [stdout]   11:     0x60271b9eda02 - core[df12db4294e9bfd3]::result::unwrap_failed
[INFO] [stdout]   12:     0x60271b95e34b - <wasi_worker_yew[849e47e6eea69f59]::tests::it_works::{closure#0} as core[df12db4294e9bfd3]::ops::function::FnOnce<()>>::call_once
[INFO] [stdout]   13:     0x60271b95e4cb - test[9d35eded1c95d3be]::__rust_begin_short_backtrace::<core[df12db4294e9bfd3]::result::Result<(), alloc[2182bb758b4b3781]::string::String>, fn() -> core[df12db4294e9bfd3]::result::Result<(), alloc[2182bb758b4b3781]::string::String>>
[INFO] [stdout]   14:     0x60271b96bb35 - test[9d35eded1c95d3be]::run_test::{closure#0}
[INFO] [stdout]   15:     0x60271b9653f4 - std[70759c8f55707aa4]::sys::backtrace::__rust_begin_short_backtrace::<test[9d35eded1c95d3be]::run_test::{closure#1}, ()>
[INFO] [stdout]   16:     0x60271b96ec92 - <std[70759c8f55707aa4]::thread::lifecycle::spawn_unchecked<test[9d35eded1c95d3be]::run_test::{closure#1}, ()>::{closure#1} as core[df12db4294e9bfd3]::ops::function::FnOnce<()>>::call_once::{shim:vtable#0}
[INFO] [stdout]   17:     0x60271b9d87a9 - <std[70759c8f55707aa4]::sys::thread::unix::Thread>::new::thread_start
[INFO] [stdout]   18:     0x7feca188cdfa - <unknown>
[INFO] [stdout]   19:     0x7feca19203d4 - clone
[INFO] [stdout]   20:                0x0 - <unknown>
[INFO] [stdout] 
[INFO] [stdout] 
[INFO] [stdout] failures:
[INFO] [stdout]     tests::it_works
[INFO] [stdout] 
[INFO] [stdout] test result: FAILED. 0 passed; 1 failed; 0 ignored; 0 measured; 0 filtered out; finished in 0.01s
[INFO] [stdout] 
[INFO] [stderr] error: test failed, to rerun pass `--lib`
[INFO] running `Command { std: "docker" "inspect" "5e2ceae89ed78360221fa8fd2adc988ea8fb5718a4b6a070ea0df2c2e6360686", kill_on_drop: false }`
[INFO] running `Command { std: "docker" "rm" "-f" "5e2ceae89ed78360221fa8fd2adc988ea8fb5718a4b6a070ea0df2c2e6360686", kill_on_drop: false }`
[INFO] [stdout] 5e2ceae89ed78360221fa8fd2adc988ea8fb5718a4b6a070ea0df2c2e6360686
