[INFO] fetching crate wasi-passthrough 0.4.0...
[INFO] testing wasi-passthrough-0.4.0 against 1.100.0-beta.1+cargoflags=--release for beta-release-1.100-2
[INFO] extracting crate wasi-passthrough 0.4.0 into /workspace/builds/worker-1-tc2/source
[INFO] removed /workspace/builds/worker-1-tc2/source/rust-toolchain.toml
[INFO] started tweaking crates.io crate wasi-passthrough 0.4.0
[INFO] removed 0 missing tests
[INFO] finished tweaking crates.io crate wasi-passthrough 0.4.0
[INFO] tweaked toml for crates.io crate wasi-passthrough 0.4.0 written to /workspace/builds/worker-1-tc2/source/Cargo.toml
[INFO] validating manifest of crates.io crate wasi-passthrough 0.4.0 on toolchain 1.100.0-beta.1
[INFO] running `Command { std: CARGO_HOME="/workspace/cargo-home" RUSTUP_HOME="/workspace/rustup-home" "/workspace/cargo-home/bin/cargo" "+1.100.0-beta.1" "metadata" "--manifest-path" "Cargo.toml" "--no-deps", kill_on_drop: false }`
[INFO] running `Command { std: CARGO_HOME="/workspace/cargo-home" RUSTUP_HOME="/workspace/rustup-home" "/workspace/cargo-home/bin/cargo" "+1.100.0-beta.1" "generate-lockfile" "--manifest-path" "Cargo.toml", kill_on_drop: false }`
[INFO] [stderr]     Updating crates.io index
[INFO] [stderr]      Locking 44 packages to highest compatible versions
[INFO] [stderr]       Adding wasi-preview1-component-adapter-provider v25.0.1 (available: v49.0.3)
[INFO] [stderr]       Adding wit-bindgen v0.34.0 (available: v0.63.0)
[INFO] [stderr]       Adding wit-component v0.219.2 (available: v0.262.0)
[INFO] running `Command { std: CARGO_HOME="/workspace/cargo-home" RUSTUP_HOME="/workspace/rustup-home" "/workspace/cargo-home/bin/cargo" "+1.100.0-beta.1" "fetch" "--manifest-path" "Cargo.toml", kill_on_drop: false }`
[INFO] [stderr] warning: `package.homepage` is redundant with `package.repository`
[INFO] [stderr]   --> Cargo.toml:32:12
[INFO] [stderr]    |
[INFO] [stderr] 32 | homepage = "https://github.com/wasiext/passthrough"
[INFO] [stderr]    |            ^^^^^^^^^^^^^^^^^^^^^^^^^^^^^^^^^^^^^^^^
[INFO] [stderr] ...
[INFO] [stderr] 36 | repository = "https://github.com/wasiext/passthrough"
[INFO] [stderr]    |              ----------------------------------------
[INFO] [stderr]    |
[INFO] [stderr]    = note: `cargo::redundant_homepage` is set to `warn` by default
[INFO] [stderr] help: consider removing `package.homepage`
[INFO] [stderr] warning: `wasi-passthrough` (manifest) generated 1 warning
[INFO] running `Command { std: "docker" "create" "-v" "/var/lib/crater-agent-workspace/builds/worker-1-tc2/source:/opt/rustwide/workdir:ro,Z" "-v" "/var/lib/crater-agent-workspace/builds/worker-1-tc2/target:/opt/rustwide/target:rw,Z" "-v" "/var/lib/crater-agent-workspace/cargo-home:/opt/rustwide/cargo-home:ro,Z" "-v" "/var/lib/crater-agent-workspace/rustup-home:/opt/rustwide/rustup-home:ro,Z" "-m" "1610612736" "--network" "none" "ghcr.io/rust-lang/crates-build-env/linux@sha256:77db811e55d90add9212f6832c23229e3de5f1c1f9905e8cb07319ea15df73ac" "sleep" "infinity", kill_on_drop: false }`
[INFO] [stdout] b343ce09252f8911efdffa0c1fa3d95c115ca21c7ef7eddaaa803ddfb6236139
[INFO] running `Command { std: "docker" "start" "b343ce09252f8911efdffa0c1fa3d95c115ca21c7ef7eddaaa803ddfb6236139", kill_on_drop: false }`
[INFO] running `Command { std: "docker" "inspect" "b343ce09252f8911efdffa0c1fa3d95c115ca21c7ef7eddaaa803ddfb6236139", kill_on_drop: false }`
[INFO] running `Command { std: "docker" "exec" "-e" "SOURCE_DIR=/opt/rustwide/workdir" "-e" "CARGO_HOME=/opt/rustwide/cargo-home" "-e" "RUSTUP_HOME=/opt/rustwide/rustup-home" "-e" "CARGO_TARGET_DIR=/opt/rustwide/target" "-w" "/opt/rustwide/workdir" "--user" "0:0" "b343ce09252f8911efdffa0c1fa3d95c115ca21c7ef7eddaaa803ddfb6236139" "/opt/rustwide/cargo-home/bin/cargo" "+1.100.0-beta.1" "metadata" "--no-deps" "--format-version=1", kill_on_drop: false }`
[INFO] running `Command { std: "docker" "inspect" "b343ce09252f8911efdffa0c1fa3d95c115ca21c7ef7eddaaa803ddfb6236139", kill_on_drop: false }`
[INFO] running `Command { std: "docker" "exec" "-e" "SOURCE_DIR=/opt/rustwide/workdir" "-e" "CARGO_HOME=/opt/rustwide/cargo-home" "-e" "RUSTUP_HOME=/opt/rustwide/rustup-home" "-e" "CARGO_TARGET_DIR=/opt/rustwide/target" "-e" "CARGO_INCREMENTAL=0" "-e" "RUST_BACKTRACE=full" "-e" "RUSTFLAGS=--cap-lints=warn" "-e" "RUSTDOCFLAGS=--cap-lints=warn" "-w" "/opt/rustwide/workdir" "--user" "0:0" "b343ce09252f8911efdffa0c1fa3d95c115ca21c7ef7eddaaa803ddfb6236139" "/opt/rustwide/cargo-home/bin/cargo" "+1.100.0-beta.1" "build" "--frozen" "--message-format=json" "--release", kill_on_drop: false }`
[INFO] [stderr] warning: `package.homepage` is redundant with `package.repository`
[INFO] [stderr]   --> Cargo.toml:32:12
[INFO] [stderr]    |
[INFO] [stderr] 32 | homepage = "https://github.com/wasiext/passthrough"
[INFO] [stderr]    |            ^^^^^^^^^^^^^^^^^^^^^^^^^^^^^^^^^^^^^^^^
[INFO] [stderr] ...
[INFO] [stderr] 36 | repository = "https://github.com/wasiext/passthrough"
[INFO] [stderr]    |              ----------------------------------------
[INFO] [stderr]    |
[INFO] [stderr]    = note: `cargo::redundant_homepage` is set to `warn` by default
[INFO] [stderr] help: consider removing `package.homepage`
[INFO] [stderr] warning: `wasi-passthrough` (manifest) generated 1 warning
[INFO] [stderr]    Compiling cfg-if v1.0.5
[INFO] [stderr]    Compiling once_cell v1.21.4
[INFO] [stderr]    Compiling hashbrown v0.17.1
[INFO] [stderr]    Compiling equivalent v1.0.3
[INFO] [stderr]    Compiling serde v1.0.229
[INFO] [stderr]    Compiling bitflags v2.13.2
[INFO] [stderr]    Compiling semver v1.0.28
[INFO] [stderr]    Compiling serde_core v1.0.229
[INFO] [stderr]    Compiling ahash v0.8.12
[INFO] [stderr]    Compiling zerocopy v0.8.63
[INFO] [stderr]    Compiling zmij v1.0.23
[INFO] [stderr]    Compiling anyhow v1.0.104
[INFO] [stderr]    Compiling serde_json v1.0.154
[INFO] [stderr]    Compiling itoa v1.0.18
[INFO] [stderr]    Compiling prettyplease v0.2.37
[INFO] [stderr]    Compiling id-arena v2.3.0
[INFO] [stderr]    Compiling smallvec v1.16.3
[INFO] [stderr]    Compiling leb128 v0.2.7
[INFO] [stderr]    Compiling log v0.4.34
[INFO] [stderr]    Compiling wit-bindgen-rust v0.34.0
[INFO] [stderr]    Compiling wit-bindgen-rust-macro v0.34.0
[INFO] [stderr]    Compiling wit-bindgen-rt v0.34.0
[INFO] [stderr]    Compiling spdx v0.10.9
[INFO] [stderr]    Compiling indexmap v2.14.2
[INFO] [stderr]    Compiling hashbrown v0.14.5
[INFO] [stderr]    Compiling wasmparser v0.219.2
[INFO] [stderr]    Compiling wasm-encoder v0.219.2
[INFO] [stderr]    Compiling wit-parser v0.219.2
[INFO] [stderr]    Compiling wasm-metadata v0.219.2
[INFO] [stderr]    Compiling wit-component v0.219.2
[INFO] [stderr]    Compiling wit-bindgen-core v0.34.0
[INFO] [stderr]    Compiling wit-bindgen v0.34.0
[INFO] [stderr]    Compiling wasi-passthrough v0.4.0 (/opt/rustwide/workdir)
[INFO] [stdout] warning: type alias `Component` is never used
[INFO] [stdout]  --> src/bindings.rs:6:6
[INFO] [stdout]   |
[INFO] [stdout] 6 | type Component = ();
[INFO] [stdout]   |      ^^^^^^^^^
[INFO] [stdout]   |
[INFO] [stdout]   = note: `#[warn(dead_code)]` (part of `#[warn(unused)]`) on by default
[INFO] [stdout] 
[INFO] [stdout] 
[INFO] [stderr]     Finished `release` profile [optimized] target(s) in 28.96s
[INFO] running `Command { std: "docker" "inspect" "b343ce09252f8911efdffa0c1fa3d95c115ca21c7ef7eddaaa803ddfb6236139", kill_on_drop: false }`
[INFO] running `Command { std: "docker" "exec" "-e" "SOURCE_DIR=/opt/rustwide/workdir" "-e" "CARGO_HOME=/opt/rustwide/cargo-home" "-e" "RUSTUP_HOME=/opt/rustwide/rustup-home" "-e" "CARGO_TARGET_DIR=/opt/rustwide/target" "-e" "CARGO_INCREMENTAL=0" "-e" "RUST_BACKTRACE=full" "-e" "RUSTFLAGS=--cap-lints=warn" "-e" "RUSTDOCFLAGS=--cap-lints=warn" "-w" "/opt/rustwide/workdir" "--user" "0:0" "b343ce09252f8911efdffa0c1fa3d95c115ca21c7ef7eddaaa803ddfb6236139" "/opt/rustwide/cargo-home/bin/cargo" "+1.100.0-beta.1" "test" "--frozen" "--no-run" "--message-format=json" "--release", kill_on_drop: false }`
[INFO] [stderr] warning: `package.homepage` is redundant with `package.repository`
[INFO] [stderr]   --> Cargo.toml:32:12
[INFO] [stderr]    |
[INFO] [stderr] 32 | homepage = "https://github.com/wasiext/passthrough"
[INFO] [stderr]    |            ^^^^^^^^^^^^^^^^^^^^^^^^^^^^^^^^^^^^^^^^
[INFO] [stderr] ...
[INFO] [stderr] 36 | repository = "https://github.com/wasiext/passthrough"
[INFO] [stderr]    |              ----------------------------------------
[INFO] [stderr]    |
[INFO] [stderr]    = note: `cargo::redundant_homepage` is set to `warn` by default
[INFO] [stderr] help: consider removing `package.homepage`
[INFO] [stderr] warning: `wasi-passthrough` (manifest) generated 1 warning
[INFO] [stderr]    Compiling ahash v0.8.12
[INFO] [stderr]    Compiling zerocopy v0.8.63
[INFO] [stderr]    Compiling once_cell v1.21.4
[INFO] [stderr]    Compiling equivalent v1.0.3
[INFO] [stderr]    Compiling semver v1.0.28
[INFO] [stderr]    Compiling serde v1.0.229
[INFO] [stderr]    Compiling smallvec v1.16.3
[INFO] [stderr]    Compiling leb128 v0.2.7
[INFO] [stderr]    Compiling unicode-xid v0.2.6
[INFO] [stderr]    Compiling id-arena v2.3.0
[INFO] [stderr]    Compiling wasi-preview1-component-adapter-provider v25.0.1
[INFO] [stdout] warning: type alias `Component` is never used
[INFO] [stdout]  --> src/bindings.rs:6:6
[INFO] [stdout]   |
[INFO] [stdout] 6 | type Component = ();
[INFO] [stdout]   |      ^^^^^^^^^
[INFO] [stdout]   |
[INFO] [stdout]   = note: `#[warn(dead_code)]` (part of `#[warn(unused)]`) on by default
[INFO] [stdout] 
[INFO] [stdout] 
[INFO] [stderr]    Compiling indexmap v2.14.2
[INFO] [stderr]    Compiling spdx v0.10.9
[INFO] [stderr]    Compiling hashbrown v0.14.5
[INFO] [stderr]    Compiling wasmparser v0.219.2
[INFO] [stderr]    Compiling wasm-encoder v0.219.2
[INFO] [stderr]    Compiling wit-parser v0.219.2
[INFO] [stderr]    Compiling wasm-metadata v0.219.2
[INFO] [stderr]    Compiling wit-component v0.219.2
[INFO] [stderr]    Compiling wasi-passthrough v0.4.0 (/opt/rustwide/workdir)
[INFO] [stdout] warning: type alias `Component` is never used
[INFO] [stdout]  --> src/bindings.rs:6:6
[INFO] [stdout]   |
[INFO] [stdout] 6 | type Component = ();
[INFO] [stdout]   |      ^^^^^^^^^
[INFO] [stdout]   |
[INFO] [stdout]   = note: `#[warn(dead_code)]` (part of `#[warn(unused)]`) on by default
[INFO] [stdout] 
[INFO] [stdout] 
[INFO] [stderr]     Finished `release` profile [optimized] target(s) in 46.77s
[INFO] running `Command { std: "docker" "inspect" "b343ce09252f8911efdffa0c1fa3d95c115ca21c7ef7eddaaa803ddfb6236139", kill_on_drop: false }`
[INFO] running `Command { std: "docker" "exec" "-e" "SOURCE_DIR=/opt/rustwide/workdir" "-e" "CARGO_HOME=/opt/rustwide/cargo-home" "-e" "RUSTUP_HOME=/opt/rustwide/rustup-home" "-e" "CARGO_TARGET_DIR=/opt/rustwide/target" "-e" "CARGO_INCREMENTAL=0" "-e" "RUST_BACKTRACE=full" "-e" "RUSTFLAGS=--cap-lints=warn" "-e" "RUSTDOCFLAGS=--cap-lints=warn" "-w" "/opt/rustwide/workdir" "--user" "0:0" "b343ce09252f8911efdffa0c1fa3d95c115ca21c7ef7eddaaa803ddfb6236139" "/opt/rustwide/cargo-home/bin/cargo" "+1.100.0-beta.1" "test" "--frozen" "--release", kill_on_drop: false }`
[INFO] [stderr] warning: `package.homepage` is redundant with `package.repository`
[INFO] [stderr]   --> Cargo.toml:32:12
[INFO] [stderr]    |
[INFO] [stderr] 32 | homepage = "https://github.com/wasiext/passthrough"
[INFO] [stderr]    |            ^^^^^^^^^^^^^^^^^^^^^^^^^^^^^^^^^^^^^^^^
[INFO] [stderr] ...
[INFO] [stderr] 36 | repository = "https://github.com/wasiext/passthrough"
[INFO] [stderr]    |              ----------------------------------------
[INFO] [stderr]    |
[INFO] [stderr]    = note: `cargo::redundant_homepage` is set to `warn` by default
[INFO] [stderr] help: consider removing `package.homepage`
[INFO] [stderr] warning: `wasi-passthrough` (manifest) generated 1 warning
[INFO] [stderr] warning: type alias `Component` is never used
[INFO] [stderr]  --> src/bindings.rs:6:6
[INFO] [stderr]   |
[INFO] [stderr] 6 | type Component = ();
[INFO] [stderr]   |      ^^^^^^^^^
[INFO] [stderr]   |
[INFO] [stderr]   = note: `#[warn(dead_code)]` (part of `#[warn(unused)]`) on by default
[INFO] [stderr] 
[INFO] [stderr] warning: `wasi-passthrough` (lib) generated 1 warning
[INFO] [stderr] warning: `wasi-passthrough` (lib test) generated 1 warning (1 duplicate)
[INFO] [stderr]     Finished `release` profile [optimized] target(s) in 0.09s
[INFO] [stderr]      Running unittests src/lib.rs (/opt/rustwide/target/release/build/wasi-passthrough/49340f6806db071e/out/wasi_passthrough-49340f6806db071e)
[INFO] [stdout] 
[INFO] [stderr]      Running tests/all.rs (/opt/rustwide/target/release/build/wasi-passthrough/28a1ab5943c6d6eb/out/all-28a1ab5943c6d6eb)
[INFO] [stdout] running 0 tests
[INFO] [stdout] 
[INFO] [stdout] test result: ok. 0 passed; 0 failed; 0 ignored; 0 measured; 0 filtered out; finished in 0.00s
[INFO] [stdout] 
[INFO] [stdout] 
[INFO] [stdout] running 1 test
[INFO] [stderr] warning: `package.homepage` is redundant with `package.repository`
[INFO] [stderr]   --> Cargo.toml:32:12
[INFO] [stderr]    |
[INFO] [stderr] 32 | homepage = "https://github.com/wasiext/passthrough"
[INFO] [stderr]    |            ^^^^^^^^^^^^^^^^^^^^^^^^^^^^^^^^^^^^^^^^
[INFO] [stderr] ...
[INFO] [stderr] 36 | repository = "https://github.com/wasiext/passthrough"
[INFO] [stderr]    |              ----------------------------------------
[INFO] [stderr]    |
[INFO] [stderr]    = note: `cargo::redundant_homepage` is set to `warn` by default
[INFO] [stderr] help: consider removing `package.homepage`
[INFO] [stderr] warning: `wasi-passthrough` (manifest) generated 1 warning
[INFO] [stderr] error: package ID specification `test-all` did not match any packages
[INFO] [stdout] test componentize ... FAILED
[INFO] [stdout] 
[INFO] [stdout] failures:
[INFO] [stdout] 
[INFO] [stdout] ---- componentize stdout ----
[INFO] [stdout] 
[INFO] [stdout] thread 'componentize' (997) panicked at tests/all.rs:21:5:
[INFO] [stdout] assertion failed: status.success()
[INFO] [stdout] stack backtrace:
[INFO] [stdout]    0:     0x6533c6f67fe1 - <<std[617be2ca0a6fd877]::sys::backtrace::BacktraceLock>::print::DisplayBacktrace as core[a373ad73a504971]::fmt::Display>::fmt
[INFO] [stdout]    1:     0x6533c6f7d8da - core[a373ad73a504971]::fmt::write
[INFO] [stdout]    2:     0x6533c6f6c6fc - <alloc[2e1b2a31b91974c5]::vec::Vec<u8> as core[a373ad73a504971]::io::write::Write>::write_fmt
[INFO] [stdout]    3:     0x6533c6f43936 - std[617be2ca0a6fd877]::panicking::default_hook::{closure#0}
[INFO] [stdout]    4:     0x6533c6f602c9 - std[617be2ca0a6fd877]::panicking::default_hook
[INFO] [stdout]    5:     0x6533c6efa7d0 - test[aada8e7e76ba119b]::test_main_inner::{closure#0}
[INFO] [stdout]    6:     0x6533c6f60482 - std[617be2ca0a6fd877]::panicking::panic_with_hook
[INFO] [stdout]    7:     0x6533c6f43a14 - std[617be2ca0a6fd877]::panicking::panic_handler::{closure#0}
[INFO] [stdout]    8:     0x6533c6f3bfd9 - std[617be2ca0a6fd877]::sys::backtrace::__rust_end_short_backtrace::<std[617be2ca0a6fd877]::panicking::panic_handler::{closure#0}, !>
[INFO] [stdout]    9:     0x6533c6f446fd - __rustc[ea4f61d10b84890b]::rust_begin_unwind
[INFO] [stdout]   10:     0x6533c6f7e00c - core[a373ad73a504971]::panicking::panic_fmt
[INFO] [stdout]   11:     0x6533c6f7dfd2 - core[a373ad73a504971]::panicking::panic
[INFO] [stderr] error: test failed, to rerun pass `--test all`
[INFO] [stdout]   12:     0x6533c6d340a5 - <all[2aff737b87f1fdc1]::componentize::{closure#0} as core[a373ad73a504971]::ops::function::FnOnce<()>>::call_once
[INFO] [stdout]   13:     0x6533c6eedc1b - test[aada8e7e76ba119b]::__rust_begin_short_backtrace::<core[a373ad73a504971]::result::Result<(), alloc[2e1b2a31b91974c5]::string::String>, fn() -> core[a373ad73a504971]::result::Result<(), alloc[2e1b2a31b91974c5]::string::String>>
[INFO] [stdout]   14:     0x6533c6efadf5 - test[aada8e7e76ba119b]::run_test::{closure#0}
[INFO] [stdout]   15:     0x6533c6ef46e4 - std[617be2ca0a6fd877]::sys::backtrace::__rust_begin_short_backtrace::<test[aada8e7e76ba119b]::run_test::{closure#1}, ()>
[INFO] [stdout]   16:     0x6533c6efde82 - <std[617be2ca0a6fd877]::thread::lifecycle::spawn_unchecked<test[aada8e7e76ba119b]::run_test::{closure#1}, ()>::{closure#1} as core[a373ad73a504971]::ops::function::FnOnce<()>>::call_once::{shim:vtable#0}
[INFO] [stdout]   17:     0x6533c6f6752f - <std[617be2ca0a6fd877]::sys::thread::unix::Thread>::new::thread_start
[INFO] [stdout]   18:     0x7ff48366adfa - <unknown>
[INFO] [stdout]   19:     0x7ff4836fe3d4 - clone
[INFO] [stdout]   20:                0x0 - <unknown>
[INFO] [stdout] 
[INFO] [stdout] 
[INFO] [stdout] failures:
[INFO] [stdout]     componentize
[INFO] [stdout] 
[INFO] [stdout] test result: FAILED. 0 passed; 1 failed; 0 ignored; 0 measured; 0 filtered out; finished in 0.09s
[INFO] [stdout] 
[INFO] running `Command { std: "docker" "inspect" "b343ce09252f8911efdffa0c1fa3d95c115ca21c7ef7eddaaa803ddfb6236139", kill_on_drop: false }`
[INFO] running `Command { std: "docker" "rm" "-f" "b343ce09252f8911efdffa0c1fa3d95c115ca21c7ef7eddaaa803ddfb6236139", kill_on_drop: false }`
[INFO] [stdout] b343ce09252f8911efdffa0c1fa3d95c115ca21c7ef7eddaaa803ddfb6236139
