[INFO] fetching crate warden-connect-cli 0.1.1...
[INFO] testing warden-connect-cli-0.1.1 against 1.100.0-beta.1+cargoflags=--release for beta-release-1.100-2
[INFO] extracting crate warden-connect-cli 0.1.1 into /workspace/builds/worker-1-tc2/source
[INFO] started tweaking crates.io crate warden-connect-cli 0.1.1
[INFO] finished tweaking crates.io crate warden-connect-cli 0.1.1
[INFO] tweaked toml for crates.io crate warden-connect-cli 0.1.1 written to /workspace/builds/worker-1-tc2/source/Cargo.toml
[INFO] validating manifest of crates.io crate warden-connect-cli 0.1.1 on toolchain 1.100.0-beta.1
[INFO] running `Command { std: CARGO_HOME="/workspace/cargo-home" RUSTUP_HOME="/workspace/rustup-home" "/workspace/cargo-home/bin/cargo" "+1.100.0-beta.1" "metadata" "--manifest-path" "Cargo.toml" "--no-deps", kill_on_drop: false }`
[INFO] crate crates.io crate warden-connect-cli 0.1.1 already has a lockfile, it will not be regenerated
[INFO] running `Command { std: CARGO_HOME="/workspace/cargo-home" RUSTUP_HOME="/workspace/rustup-home" "/workspace/cargo-home/bin/cargo" "+1.100.0-beta.1" "fetch" "--manifest-path" "Cargo.toml", kill_on_drop: false }`
[INFO] running `Command { std: "docker" "create" "-v" "/var/lib/crater-agent-workspace/builds/worker-1-tc2/source:/opt/rustwide/workdir:ro,Z" "-v" "/var/lib/crater-agent-workspace/builds/worker-1-tc2/target:/opt/rustwide/target:rw,Z" "-v" "/var/lib/crater-agent-workspace/cargo-home:/opt/rustwide/cargo-home:ro,Z" "-v" "/var/lib/crater-agent-workspace/rustup-home:/opt/rustwide/rustup-home:ro,Z" "-m" "1610612736" "--network" "none" "ghcr.io/rust-lang/crates-build-env/linux@sha256:77db811e55d90add9212f6832c23229e3de5f1c1f9905e8cb07319ea15df73ac" "sleep" "infinity", kill_on_drop: false }`
[INFO] [stdout] bcb86b5a42b7a9011a60adb8d55573d721ed9d25e870a04b4e782f149909d7b9
[INFO] running `Command { std: "docker" "start" "bcb86b5a42b7a9011a60adb8d55573d721ed9d25e870a04b4e782f149909d7b9", kill_on_drop: false }`
[INFO] running `Command { std: "docker" "inspect" "bcb86b5a42b7a9011a60adb8d55573d721ed9d25e870a04b4e782f149909d7b9", kill_on_drop: false }`
[INFO] running `Command { std: "docker" "exec" "-e" "SOURCE_DIR=/opt/rustwide/workdir" "-e" "CARGO_HOME=/opt/rustwide/cargo-home" "-e" "RUSTUP_HOME=/opt/rustwide/rustup-home" "-e" "CARGO_TARGET_DIR=/opt/rustwide/target" "-w" "/opt/rustwide/workdir" "--user" "0:0" "bcb86b5a42b7a9011a60adb8d55573d721ed9d25e870a04b4e782f149909d7b9" "/opt/rustwide/cargo-home/bin/cargo" "+1.100.0-beta.1" "metadata" "--no-deps" "--format-version=1", kill_on_drop: false }`
[INFO] running `Command { std: "docker" "inspect" "bcb86b5a42b7a9011a60adb8d55573d721ed9d25e870a04b4e782f149909d7b9", kill_on_drop: false }`
[INFO] running `Command { std: "docker" "exec" "-e" "SOURCE_DIR=/opt/rustwide/workdir" "-e" "CARGO_HOME=/opt/rustwide/cargo-home" "-e" "RUSTUP_HOME=/opt/rustwide/rustup-home" "-e" "CARGO_TARGET_DIR=/opt/rustwide/target" "-e" "CARGO_INCREMENTAL=0" "-e" "RUST_BACKTRACE=full" "-e" "RUSTFLAGS=--cap-lints=warn" "-e" "RUSTDOCFLAGS=--cap-lints=warn" "-w" "/opt/rustwide/workdir" "--user" "0:0" "bcb86b5a42b7a9011a60adb8d55573d721ed9d25e870a04b4e782f149909d7b9" "/opt/rustwide/cargo-home/bin/cargo" "+1.100.0-beta.1" "build" "--frozen" "--message-format=json" "--release", kill_on_drop: false }`
[INFO] [stderr]    Compiling subtle v2.6.1
[INFO] [stderr]    Compiling zerocopy v0.8.56
[INFO] [stderr]    Compiling find-msvc-tools v0.1.10
[INFO] [stderr]    Compiling generic-array v0.14.9
[INFO] [stderr]    Compiling num-traits v0.2.19
[INFO] [stderr]    Compiling semver v1.0.28
[INFO] [stderr]    Compiling thiserror v2.0.20
[INFO] [stderr]    Compiling num-bigint-dig v0.8.6
[INFO] [stderr]    Compiling spin v0.9.9
[INFO] [stderr]    Compiling getrandom v0.2.17
[INFO] [stderr]    Compiling thiserror-impl v2.0.20
[INFO] [stderr]    Compiling curve25519-dalek-derive v0.1.1
[INFO] [stderr]    Compiling der v0.7.10
[INFO] [stderr]    Compiling rustls-pki-types v1.15.1
[INFO] [stderr]    Compiling deranged v0.5.8
[INFO] [stderr]    Compiling tinyvec_macros v0.1.1
[INFO] [stderr]    Compiling rustls v0.23.43
[INFO] [stderr]    Compiling lazy_static v1.5.0
[INFO] [stderr]    Compiling pem v3.0.6
[INFO] [stderr]    Compiling miniz_oxide v0.8.9
[INFO] [stderr]    Compiling tinyvec v1.12.0
[INFO] [stderr]    Compiling http v1.5.0
[INFO] [stderr]    Compiling cc v1.4.2
[INFO] [stderr]    Compiling rand_core v0.6.4
[INFO] [stderr]    Compiling rustc_version v0.4.1
[INFO] [stderr]    Compiling serde_spanned v0.6.9
[INFO] [stderr]    Compiling toml_datetime v0.6.11
[INFO] [stderr]    Compiling ff v0.13.1
[INFO] [stderr]    Compiling base64 v0.23.1
[INFO] [stderr]    Compiling group v0.13.0
[INFO] [stderr]    Compiling unicode-normalization v0.1.25
[INFO] [stderr]    Compiling curve25519-dalek v4.1.3
[INFO] [stderr]    Compiling toml_edit v0.22.27
[INFO] [stderr]    Compiling webpki-roots v1.0.9
[INFO] [stderr]    Compiling hex v0.4.3
[INFO] [stderr]    Compiling flate2 v1.1.9
[INFO] [stderr]    Compiling utf8-zero v0.8.1
[INFO] [stderr]    Compiling crypto-common v0.1.6
[INFO] [stderr]    Compiling block-buffer v0.10.4
[INFO] [stderr]    Compiling crypto-bigint v0.5.5
[INFO] [stderr]    Compiling num-integer v0.1.46
[INFO] [stderr]    Compiling digest v0.10.7
[INFO] [stderr]    Compiling ureq-proto v0.6.1
[INFO] [stderr]    Compiling spki v0.7.3
[INFO] [stderr]    Compiling hmac v0.12.1
[INFO] [stderr]    Compiling signature v2.2.0
[INFO] [stderr]    Compiling ring v0.17.14
[INFO] [stderr]    Compiling sha2 v0.10.9
[INFO] [stderr]    Compiling num-iter v0.1.46
[INFO] [stderr]    Compiling hkdf v0.12.4
[INFO] [stderr]    Compiling pkcs8 v0.10.2
[INFO] [stderr]    Compiling rfc6979 v0.4.0
[INFO] [stderr]    Compiling num-bigint v0.4.8
[INFO] [stderr]    Compiling sec1 v0.7.3
[INFO] [stderr]    Compiling pkcs1 v0.7.5
[INFO] [stderr]    Compiling ed25519 v2.2.3
[INFO] [stderr]    Compiling time v0.3.55
[INFO] [stderr]    Compiling elliptic-curve v0.13.8
[INFO] [stderr]    Compiling ed25519-dalek v2.2.0
[INFO] [stderr]    Compiling ecdsa v0.16.9
[INFO] [stderr]    Compiling primeorder v0.13.6
[INFO] [stderr]    Compiling p384 v0.13.1
[INFO] [stderr]    Compiling p256 v0.13.2
[INFO] [stderr]    Compiling toml v0.8.23
[INFO] [stderr]    Compiling ppv-lite86 v0.2.21
[INFO] [stderr]    Compiling rand_chacha v0.3.1
[INFO] [stderr]    Compiling rand v0.8.7
[INFO] [stderr]    Compiling simple_asn1 v0.6.4
[INFO] [stderr]    Compiling rsa v0.9.10
[INFO] [stderr]    Compiling jsonwebtoken v10.4.0
[INFO] [stderr]    Compiling warden-connect-core v0.1.1
[INFO] [stderr]    Compiling rustls-webpki v0.103.13
[INFO] [stderr]    Compiling ureq v3.4.0
[INFO] [stderr]    Compiling warden-connect-control v0.1.1
[INFO] [stderr]    Compiling warden-connect-cli v0.1.1 (/opt/rustwide/workdir)
[INFO] [stderr]     Finished `release` profile [optimized] target(s) in 2m 09s
[INFO] running `Command { std: "docker" "inspect" "bcb86b5a42b7a9011a60adb8d55573d721ed9d25e870a04b4e782f149909d7b9", kill_on_drop: false }`
[INFO] running `Command { std: "docker" "exec" "-e" "SOURCE_DIR=/opt/rustwide/workdir" "-e" "CARGO_HOME=/opt/rustwide/cargo-home" "-e" "RUSTUP_HOME=/opt/rustwide/rustup-home" "-e" "CARGO_TARGET_DIR=/opt/rustwide/target" "-e" "CARGO_INCREMENTAL=0" "-e" "RUST_BACKTRACE=full" "-e" "RUSTFLAGS=--cap-lints=warn" "-e" "RUSTDOCFLAGS=--cap-lints=warn" "-w" "/opt/rustwide/workdir" "--user" "0:0" "bcb86b5a42b7a9011a60adb8d55573d721ed9d25e870a04b4e782f149909d7b9" "/opt/rustwide/cargo-home/bin/cargo" "+1.100.0-beta.1" "test" "--frozen" "--no-run" "--message-format=json" "--release", kill_on_drop: false }`
[INFO] [stderr]    Compiling warden-connect-cli v0.1.1 (/opt/rustwide/workdir)
[INFO] [stderr]     Finished `release` profile [optimized] target(s) in 4.77s
[INFO] running `Command { std: "docker" "inspect" "bcb86b5a42b7a9011a60adb8d55573d721ed9d25e870a04b4e782f149909d7b9", kill_on_drop: false }`
[INFO] running `Command { std: "docker" "exec" "-e" "SOURCE_DIR=/opt/rustwide/workdir" "-e" "CARGO_HOME=/opt/rustwide/cargo-home" "-e" "RUSTUP_HOME=/opt/rustwide/rustup-home" "-e" "CARGO_TARGET_DIR=/opt/rustwide/target" "-e" "CARGO_INCREMENTAL=0" "-e" "RUST_BACKTRACE=full" "-e" "RUSTFLAGS=--cap-lints=warn" "-e" "RUSTDOCFLAGS=--cap-lints=warn" "-w" "/opt/rustwide/workdir" "--user" "0:0" "bcb86b5a42b7a9011a60adb8d55573d721ed9d25e870a04b4e782f149909d7b9" "/opt/rustwide/cargo-home/bin/cargo" "+1.100.0-beta.1" "test" "--frozen" "--release", kill_on_drop: false }`
[INFO] [stderr]     Finished `release` profile [optimized] target(s) in 0.12s
[INFO] [stderr]      Running unittests src/main.rs (/opt/rustwide/target/release/build/warden-connect-cli/9e588a9e2578fb3c/out/connect-9e588a9e2578fb3c)
[INFO] [stdout] 
[INFO] [stdout] running 54 tests
[INFO] [stdout] test args::tests::an_empty_line_parses_to_nothing ... ok
[INFO] [stdout] test args::tests::verbs_come_before_flags ... ok
[INFO] [stdout] test config::tests::a_missing_default_file_is_not_an_error_but_a_broken_one_is ... ok
[INFO] [stdout] test args::tests::a_trailing_id_does_not_become_part_of_the_command ... ok
[INFO] [stdout] test args::tests::a_flag_before_another_flag_is_boolean ... ok
[INFO] [stdout] test config::tests::an_empty_environment_variable_does_not_override ... ok
[INFO] [stdout] test config::tests::an_unknown_key_is_refused_with_the_known_ones_listed ... ok
[INFO] [stdout] test config::tests::a_wrong_typed_value_names_the_type_it_found ... ok
[INFO] [stdout] test args::tests::repeated_and_comma_lists_merge ... ok
[INFO] [stdout] test tests::a_hostname_that_merely_starts_with_127_is_not_loopback ... ok
[INFO] [stdout] test args::tests::positionals_follow_flags ... ok
[INFO] [stdout] test config::tests::precedence_is_flag_over_file_over_env ... ok
[INFO] [stdout] test config::tests::a_mapped_key_becomes_a_flag ... ok
[INFO] [stdout] test args::tests::a_valueless_flag_is_true ... ok
[INFO] [stdout] test config::tests::sections_another_loader_owns_are_left_alone ... ok
[INFO] [stdout] test tests::a_flag_valid_elsewhere_is_still_rejected_here ... ok
[INFO] [stdout] test config::tests::a_documented_but_unimplemented_key_says_so_and_says_why ... ok
[INFO] [stdout] test config::tests::the_environment_sweep_only_fills_flags_this_command_knows ... ok
[INFO] [stdout] test config::tests::a_file_key_for_another_command_is_not_injected_into_this_one ... ok
[INFO] [stdout] test tests::break_glass_selects_the_offline_key_and_refuses_to_be_reached_by_accident ... ok
[INFO] [stdout] test tests::durations_read_correctly_at_every_scale ... ok
[INFO] [stdout] test tests::every_command_declares_its_flags ... ok
[INFO] [stdout] test tests::derived_urns_are_stable_and_valid ... ok
[INFO] [stdout] test tests::a_never_attested_party_is_not_also_counted_as_overdue ... ok
[INFO] [stdout] test args::tests::inline_and_separated_values_both_work ... ok
[INFO] [stdout] test tests::a_non_loopback_listener_will_not_accept_credentials_in_clear ... ok
[INFO] [stdout] test tests::every_key_flag_has_a_delegated_partner_on_every_command_that_takes_it ... ok
[INFO] [stdout] test tests::exit_codes_separate_the_cases ... ok
[INFO] [stdout] test tests::every_two_word_command_is_dispatchable_as_two_words ... ok
[INFO] [stdout] test config::tests::a_list_becomes_a_repeated_flag ... ok
[INFO] [stdout] test config::tests::env_var_names_are_derived_not_remembered ... ok
[INFO] [stdout] test tests::supplying_both_key_forms_is_an_error_rather_than_a_preference ... ok
[INFO] [stdout] test tests::a_trusted_proxy_that_is_trusted_for_nothing_is_a_typo ... ok
[INFO] [stdout] test tests::a_two_word_command_takes_its_subject_after_the_second_word ... ok
[INFO] [stdout] test tests::an_unknown_flag_is_a_usage_error ... ok
[INFO] [stdout] test tests::asserting_a_proxy_permits_a_non_loopback_bind ... ok
[INFO] [stdout] test tests::mode_defaults_to_observe ... ok
[INFO] [stdout] test tests::the_transport_flags_are_documented ... ok
[INFO] [stdout] test tests::paths_are_tenant_scoped ... ok
[INFO] [stdout] test tests::the_config_file_is_read_and_a_flag_still_wins ... ok
[INFO] [stdout] test tests::require_external_signing_permits_a_delegated_key ... ok
[INFO] [stdout] test tests::the_external_signing_posture_reaches_every_role_from_the_command_line ... ok
[INFO] [stdout] test tests::truncate_keeps_the_distinctive_tail ... ok
[INFO] [stdout] test tests::the_custody_flags_are_documented ... ok
[INFO] [stdout] test tests::require_external_signing_refuses_a_key_on_this_disk ... ok
[INFO] [stdout] test tests::the_anchor_refuses_two_custody_choices_too ... FAILED
[INFO] [stdout] test tests::usage_lists_every_dispatchable_command ... ok
[INFO] [stdout] test tests::custody_is_recorded_on_the_key_it_describes ... FAILED
[INFO] [stdout] test tests::the_shipped_screen_ruleset_parses_and_is_uncalibrated ... FAILED
[INFO] [stdout] test tests::screening_flags_are_checked_on_screen_and_register ... ok
[INFO] [stdout] test tests::every_command_that_takes_an_issuer_key_also_takes_a_delegated_signer ... ok
[INFO] [stdout] test tests::every_config_mapping_points_at_a_flag_some_command_accepts ... ok
[INFO] [stderr] error: test failed, to rerun pass `--bin connect`
[INFO] [stdout] test tests::every_documented_command_exists_with_the_flags_it_claims ... FAILED
[INFO] [stdout] test tests::every_documented_script_exists ... FAILED
[INFO] [stdout] 
[INFO] [stdout] failures:
[INFO] [stdout] 
[INFO] [stdout] ---- tests::the_anchor_refuses_two_custody_choices_too stdout ----
[INFO] [stdout] 
[INFO] [stdout] thread 'tests::the_anchor_refuses_two_custody_choices_too' (1704) panicked at src/main.rs:6942:9:
[INFO] [stdout] assertion `left == right` failed
[INFO] [stdout]   left: Code(8003)
[INFO] [stdout]  right: Code(8004)
[INFO] [stdout] stack backtrace:
[INFO] [stdout]    0:     0x6080c3abbb31 - <<std[617be2ca0a6fd877]::sys::backtrace::BacktraceLock>::print::DisplayBacktrace as core[a373ad73a504971]::fmt::Display>::fmt
[INFO] [stdout]    1:     0x6080c3ad1bfa - core[a373ad73a504971]::fmt::write
[INFO] [stdout]    2:     0x6080c3ac02ec - <alloc[2e1b2a31b91974c5]::vec::Vec<u8> as core[a373ad73a504971]::io::write::Write>::write_fmt
[INFO] [stdout]    3:     0x6080c3a94fa6 - std[617be2ca0a6fd877]::panicking::default_hook::{closure#0}
[INFO] [stdout]    4:     0x6080c3ab2959 - std[617be2ca0a6fd877]::panicking::default_hook
[INFO] [stdout]    5:     0x6080c3951920 - test[aada8e7e76ba119b]::test_main_inner::{closure#0}
[INFO] [stdout]    6:     0x6080c3ab2b12 - std[617be2ca0a6fd877]::panicking::panic_with_hook
[INFO] [stdout]    7:     0x6080c3a95052 - std[617be2ca0a6fd877]::panicking::panic_handler::{closure#0}
[INFO] [stdout]    8:     0x6080c3a8d889 - std[617be2ca0a6fd877]::sys::backtrace::__rust_end_short_backtrace::<std[617be2ca0a6fd877]::panicking::panic_handler::{closure#0}, !>
[INFO] [stdout]    9:     0x6080c3a95e7d - __rustc[ea4f61d10b84890b]::rust_begin_unwind
[INFO] [stdout]   10:     0x6080c3ad232c - core[a373ad73a504971]::panicking::panic_fmt
[INFO] [stdout]   11:     0x6080c3ad2243 - core[a373ad73a504971]::panicking::assert_failed_inner
[INFO] [stdout]   12:     0x6080c393b391 - core[a373ad73a504971]::panicking::assert_failed::<wc_core[620a4e7f794298c3]::error::Code, wc_core[620a4e7f794298c3]::error::Code>
[INFO] [stdout]   13:     0x6080c3910ef1 - <connect[670cee579a766f90]::tests::the_anchor_refuses_two_custody_choices_too::{closure#0} as core[a373ad73a504971]::ops::function::FnOnce<()>>::call_once
[INFO] [stdout]   14:     0x6080c3944d6b - test[aada8e7e76ba119b]::__rust_begin_short_backtrace::<core[a373ad73a504971]::result::Result<(), alloc[2e1b2a31b91974c5]::string::String>, fn() -> core[a373ad73a504971]::result::Result<(), alloc[2e1b2a31b91974c5]::string::String>>
[INFO] [stdout]   15:     0x6080c3951f45 - test[aada8e7e76ba119b]::run_test::{closure#0}
[INFO] [stdout]   16:     0x6080c394b834 - std[617be2ca0a6fd877]::sys::backtrace::__rust_begin_short_backtrace::<test[aada8e7e76ba119b]::run_test::{closure#1}, ()>
[INFO] [stdout]   17:     0x6080c3954fd2 - <std[617be2ca0a6fd877]::thread::lifecycle::spawn_unchecked<test[aada8e7e76ba119b]::run_test::{closure#1}, ()>::{closure#1} as core[a373ad73a504971]::ops::function::FnOnce<()>>::call_once::{shim:vtable#0}
[INFO] [stdout]   18:     0x6080c3abab3f - <std[617be2ca0a6fd877]::sys::thread::unix::Thread>::new::thread_start
[INFO] [stdout]   19:     0x7e1a3b639dfa - <unknown>
[INFO] [stdout]   20:     0x7e1a3b6cd3d4 - clone
[INFO] [stdout]   21:                0x0 - <unknown>
[INFO] [stdout] 
[INFO] [stdout] ---- tests::custody_is_recorded_on_the_key_it_describes stdout ----
[INFO] [stdout] 
[INFO] [stdout] thread 'tests::custody_is_recorded_on_the_key_it_describes' (1687) panicked at src/main.rs:7004:32:
[INFO] [stdout] called `Result::unwrap()` on an `Err` value: WcError { code: Code(8004), detail: "cannot read /opt/rustwide/workdir/../../fixtures/keys/test_issuer_es256_priv.pem", source: Some(Os { code: 2, kind: NotFound, message: "No such file or directory" }) }
[INFO] [stdout] stack backtrace:
[INFO] [stdout]    0:     0x6080c3abbb31 - <<std[617be2ca0a6fd877]::sys::backtrace::BacktraceLock>::print::DisplayBacktrace as core[a373ad73a504971]::fmt::Display>::fmt
[INFO] [stdout]    1:     0x6080c3ad1bfa - core[a373ad73a504971]::fmt::write
[INFO] [stdout]    2:     0x6080c3ac02ec - <alloc[2e1b2a31b91974c5]::vec::Vec<u8> as core[a373ad73a504971]::io::write::Write>::write_fmt
[INFO] [stdout]    3:     0x6080c3a94fa6 - std[617be2ca0a6fd877]::panicking::default_hook::{closure#0}
[INFO] [stdout]    4:     0x6080c3ab2959 - std[617be2ca0a6fd877]::panicking::default_hook
[INFO] [stdout]    5:     0x6080c3951920 - test[aada8e7e76ba119b]::test_main_inner::{closure#0}
[INFO] [stdout]    6:     0x6080c3ab2b12 - std[617be2ca0a6fd877]::panicking::panic_with_hook
[INFO] [stdout]    7:     0x6080c3a95052 - std[617be2ca0a6fd877]::panicking::panic_handler::{closure#0}
[INFO] [stdout]    8:     0x6080c3a8d889 - std[617be2ca0a6fd877]::sys::backtrace::__rust_end_short_backtrace::<std[617be2ca0a6fd877]::panicking::panic_handler::{closure#0}, !>
[INFO] [stdout]    9:     0x6080c3a95e7d - __rustc[ea4f61d10b84890b]::rust_begin_unwind
[INFO] [stdout]   10:     0x6080c3ad232c - core[a373ad73a504971]::panicking::panic_fmt
[INFO] [stdout]   11:     0x6080c3ad2102 - core[a373ad73a504971]::result::unwrap_failed
[INFO] [stdout]   12:     0x6080c3911148 - <connect[670cee579a766f90]::tests::custody_is_recorded_on_the_key_it_describes::{closure#0} as core[a373ad73a504971]::ops::function::FnOnce<()>>::call_once
[INFO] [stdout]   13:     0x6080c3944d6b - test[aada8e7e76ba119b]::__rust_begin_short_backtrace::<core[a373ad73a504971]::result::Result<(), alloc[2e1b2a31b91974c5]::string::String>, fn() -> core[a373ad73a504971]::result::Result<(), alloc[2e1b2a31b91974c5]::string::String>>
[INFO] [stdout]   14:     0x6080c3951f45 - test[aada8e7e76ba119b]::run_test::{closure#0}
[INFO] [stdout]   15:     0x6080c394b834 - std[617be2ca0a6fd877]::sys::backtrace::__rust_begin_short_backtrace::<test[aada8e7e76ba119b]::run_test::{closure#1}, ()>
[INFO] [stdout]   16:     0x6080c3954fd2 - <std[617be2ca0a6fd877]::thread::lifecycle::spawn_unchecked<test[aada8e7e76ba119b]::run_test::{closure#1}, ()>::{closure#1} as core[a373ad73a504971]::ops::function::FnOnce<()>>::call_once::{shim:vtable#0}
[INFO] [stdout]   17:     0x6080c3abab3f - <std[617be2ca0a6fd877]::sys::thread::unix::Thread>::new::thread_start
[INFO] [stdout]   18:     0x7e1a3b639dfa - <unknown>
[INFO] [stdout]   19:     0x7e1a3b6cd3d4 - clone
[INFO] [stdout]   20:                0x0 - <unknown>
[INFO] [stdout] 
[INFO] [stdout] ---- tests::the_shipped_screen_ruleset_parses_and_is_uncalibrated stdout ----
[INFO] [stdout] 
[INFO] [stdout] thread 'tests::the_shipped_screen_ruleset_parses_and_is_uncalibrated' (1708) panicked at src/main.rs:6376:10:
[INFO] [stdout] screen-rules.toml is readable: Os { code: 2, kind: NotFound, message: "No such file or directory" }
[INFO] [stdout] stack backtrace:
[INFO] [stdout]    0:     0x6080c3abbb31 - <<std[617be2ca0a6fd877]::sys::backtrace::BacktraceLock>::print::DisplayBacktrace as core[a373ad73a504971]::fmt::Display>::fmt
[INFO] [stdout]    1:     0x6080c3ad1bfa - core[a373ad73a504971]::fmt::write
[INFO] [stdout]    2:     0x6080c3ac02ec - <alloc[2e1b2a31b91974c5]::vec::Vec<u8> as core[a373ad73a504971]::io::write::Write>::write_fmt
[INFO] [stdout]    3:     0x6080c3a94fa6 - std[617be2ca0a6fd877]::panicking::default_hook::{closure#0}
[INFO] [stdout]    4:     0x6080c3ab2959 - std[617be2ca0a6fd877]::panicking::default_hook
[INFO] [stdout]    5:     0x6080c3951920 - test[aada8e7e76ba119b]::test_main_inner::{closure#0}
[INFO] [stdout]    6:     0x6080c3ab2b12 - std[617be2ca0a6fd877]::panicking::panic_with_hook
[INFO] [stdout]    7:     0x6080c3a95052 - std[617be2ca0a6fd877]::panicking::panic_handler::{closure#0}
[INFO] [stdout]    8:     0x6080c3a8d889 - std[617be2ca0a6fd877]::sys::backtrace::__rust_end_short_backtrace::<std[617be2ca0a6fd877]::panicking::panic_handler::{closure#0}, !>
[INFO] [stdout]    9:     0x6080c3a95e7d - __rustc[ea4f61d10b84890b]::rust_begin_unwind
[INFO] [stdout]   10:     0x6080c3ad232c - core[a373ad73a504971]::panicking::panic_fmt
[INFO] [stdout]   11:     0x6080c3ad2102 - core[a373ad73a504971]::result::unwrap_failed
[INFO] [stdout]   12:     0x6080c3913cf0 - <connect[670cee579a766f90]::tests::the_shipped_screen_ruleset_parses_and_is_uncalibrated::{closure#0} as core[a373ad73a504971]::ops::function::FnOnce<()>>::call_once
[INFO] [stdout]   13:     0x6080c3944d6b - test[aada8e7e76ba119b]::__rust_begin_short_backtrace::<core[a373ad73a504971]::result::Result<(), alloc[2e1b2a31b91974c5]::string::String>, fn() -> core[a373ad73a504971]::result::Result<(), alloc[2e1b2a31b91974c5]::string::String>>
[INFO] [stdout]   14:     0x6080c3951f45 - test[aada8e7e76ba119b]::run_test::{closure#0}
[INFO] [stdout]   15:     0x6080c394b834 - std[617be2ca0a6fd877]::sys::backtrace::__rust_begin_short_backtrace::<test[aada8e7e76ba119b]::run_test::{closure#1}, ()>
[INFO] [stdout]   16:     0x6080c3954fd2 - <std[617be2ca0a6fd877]::thread::lifecycle::spawn_unchecked<test[aada8e7e76ba119b]::run_test::{closure#1}, ()>::{closure#1} as core[a373ad73a504971]::ops::function::FnOnce<()>>::call_once::{shim:vtable#0}
[INFO] [stdout]   17:     0x6080c3abab3f - <std[617be2ca0a6fd877]::sys::thread::unix::Thread>::new::thread_start
[INFO] [stdout]   18:     0x7e1a3b639dfa - <unknown>
[INFO] [stdout]   19:     0x7e1a3b6cd3d4 - clone
[INFO] [stdout]   20:                0x0 - <unknown>
[INFO] [stdout] 
[INFO] [stdout] ---- tests::every_documented_command_exists_with_the_flags_it_claims stdout ----
[INFO] [stdout] 
[INFO] [stdout] thread 'tests::every_documented_command_exists_with_the_flags_it_claims' (1693) panicked at src/main.rs:6534:9:
[INFO] [stdout] only 0 documented commands were checked; the extractor has stopped finding them, which would make this test pass by looking at nothing
[INFO] [stdout] stack backtrace:
[INFO] [stdout]    0:     0x6080c3abbb31 - <<std[617be2ca0a6fd877]::sys::backtrace::BacktraceLock>::print::DisplayBacktrace as core[a373ad73a504971]::fmt::Display>::fmt
[INFO] [stdout]    1:     0x6080c3ad1bfa - core[a373ad73a504971]::fmt::write
[INFO] [stdout]    2:     0x6080c3ac02ec - <alloc[2e1b2a31b91974c5]::vec::Vec<u8> as core[a373ad73a504971]::io::write::Write>::write_fmt
[INFO] [stdout]    3:     0x6080c3a94fa6 - std[617be2ca0a6fd877]::panicking::default_hook::{closure#0}
[INFO] [stdout]    4:     0x6080c3ab2959 - std[617be2ca0a6fd877]::panicking::default_hook
[INFO] [stdout]    5:     0x6080c3951920 - test[aada8e7e76ba119b]::test_main_inner::{closure#0}
[INFO] [stdout]    6:     0x6080c3ab2b12 - std[617be2ca0a6fd877]::panicking::panic_with_hook
[INFO] [stdout]    7:     0x6080c3a95052 - std[617be2ca0a6fd877]::panicking::panic_handler::{closure#0}
[INFO] [stdout]    8:     0x6080c3a8d889 - std[617be2ca0a6fd877]::sys::backtrace::__rust_end_short_backtrace::<std[617be2ca0a6fd877]::panicking::panic_handler::{closure#0}, !>
[INFO] [stdout]    9:     0x6080c3a95e7d - __rustc[ea4f61d10b84890b]::rust_begin_unwind
[INFO] [stdout]   10:     0x6080c3ad232c - core[a373ad73a504971]::panicking::panic_fmt
[INFO] [stdout]   11:     0x6080c3915719 - <connect[670cee579a766f90]::tests::every_documented_command_exists_with_the_flags_it_claims::{closure#0} as core[a373ad73a504971]::ops::function::FnOnce<()>>::call_once
[INFO] [stdout]   12:     0x6080c3944d6b - test[aada8e7e76ba119b]::__rust_begin_short_backtrace::<core[a373ad73a504971]::result::Result<(), alloc[2e1b2a31b91974c5]::string::String>, fn() -> core[a373ad73a504971]::result::Result<(), alloc[2e1b2a31b91974c5]::string::String>>
[INFO] [stdout]   13:     0x6080c3951f45 - test[aada8e7e76ba119b]::run_test::{closure#0}
[INFO] [stdout]   14:     0x6080c394b834 - std[617be2ca0a6fd877]::sys::backtrace::__rust_begin_short_backtrace::<test[aada8e7e76ba119b]::run_test::{closure#1}, ()>
[INFO] [stdout]   15:     0x6080c3954fd2 - <std[617be2ca0a6fd877]::thread::lifecycle::spawn_unchecked<test[aada8e7e76ba119b]::run_test::{closure#1}, ()>::{closure#1} as core[a373ad73a504971]::ops::function::FnOnce<()>>::call_once::{shim:vtable#0}
[INFO] [stdout]   16:     0x6080c3abab3f - <std[617be2ca0a6fd877]::sys::thread::unix::Thread>::new::thread_start
[INFO] [stdout]   17:     0x7e1a3b639dfa - <unknown>
[INFO] [stdout]   18:     0x7e1a3b6cd3d4 - clone
[INFO] [stdout]   19:                0x0 - <unknown>
[INFO] [stdout] 
[INFO] [stdout] ---- tests::every_documented_script_exists stdout ----
[INFO] [stdout] 
[INFO] [stdout] thread 'tests::every_documented_script_exists' (1694) panicked at src/main.rs:6583:9:
[INFO] [stdout] rustwide/cargo-home/registry/src/index.crates.io-1949cf8c6b5b557f/bf-tree-0.5.6/doc/spdk-support.md: scripts/setup.sh does not exist
[INFO] [stdout]   rustwide/cargo-home/registry/src/index.crates.io-1949cf8c6b5b557f/brass_poolrooms-0.15.4/README.md: scripts/font-atelier-service does not exist
[INFO] [stdout]   rustwide/cargo-home/registry/src/index.crates.io-1949cf8c6b5b557f/brass_poolrooms-0.15.4/README.md: scripts/font-atelier-service does not exist
[INFO] [stdout]   rustwide/cargo-home/registry/src/index.crates.io-1949cf8c6b5b557f/brass_poolrooms-0.15.4/README.md: scripts/atelier-service does not exist
[INFO] [stdout]   rustwide/cargo-home/registry/src/index.crates.io-1949cf8c6b5b557f/brass_poolrooms-0.15.4/README.md: scripts/atelier-service does not exist
[INFO] [stdout]   rustwide/cargo-home/registry/src/index.crates.io-1949cf8c6b5b557f/brass_poolrooms-0.15.4/README.md: scripts/web-gallery does not exist
[INFO] [stdout]   rustwide/cargo-home/registry/src/index.crates.io-1949cf8c6b5b557f/brass_poolrooms-0.15.4/README.md: scripts/web-kit does not exist
[INFO] [stdout]   rustwide/cargo-home/registry/src/index.crates.io-1949cf8c6b5b557f/brass_poolrooms-0.15.4/README.md: scripts/web-kit does not exist
[INFO] [stdout]   rustwide/cargo-home/registry/src/index.crates.io-1949cf8c6b5b557f/brass_poolrooms-0.15.4/README.md: scripts/gallery-service does not exist
[INFO] [stdout]   rustwide/cargo-home/registry/src/index.crates.io-1949cf8c6b5b557f/brass_poolrooms-0.15.4/README.md: scripts/gallery-service does not exist
[INFO] [stdout]   rustwide/cargo-home/registry/src/index.crates.io-1949cf8c6b5b557f/brass_poolrooms-0.15.4/assets/fonts/poolrooms/README.md: scripts/typeface.py does not exist
[INFO] [stdout]   rustwide/cargo-home/registry/src/index.crates.io-1949cf8c6b5b557f/brass_poolrooms-0.15.4/assets/fonts/poolrooms/README.md: scripts/typeface.py does not exist
[INFO] [stdout]   rustwide/cargo-home/registry/src/index.crates.io-1949cf8c6b5b557f/brass_poolrooms-0.15.4/assets/fonts/poolrooms/README.md: scripts/typeface.py does not exist
[INFO] [stdout]   rustwide/cargo-home/registry/src/index.crates.io-1949cf8c6b5b557f/btleplug-0.13.2/docs/android-integration-test-runbook.md: scripts/run-integration-tests-android.sh does not exist
[INFO] [stdout]   rustwide/cargo-home/registry/src/index.crates.io-1949cf8c6b5b557f/btleplug-0.13.2/docs/android-integration-test-runbook.md: scripts/run-integration-tests-android.sh does not exist
[INFO] [stdout]   rustwide/cargo-home/registry/src/index.crates.io-1949cf8c6b5b557f/eternalist-apps-0.12.0/README.md: scripts/web-atelier does not exist
[INFO] [stdout]   rustwide/cargo-home/registry/src/index.crates.io-1949cf8c6b5b557f/eternalist-apps-0.12.0/README.md: scripts/atelier-service does not exist
[INFO] [stdout]   rustwide/cargo-home/registry/src/index.crates.io-1949cf8c6b5b557f/eternalist-apps-0.12.0/README.md: scripts/atelier-service does not exist
[INFO] [stdout]   rustwide/cargo-home/registry/src/index.crates.io-1949cf8c6b5b557f/eternalist-apps-0.12.0/README.md: scripts/check does not exist
[INFO] [stdout]   rustwide/cargo-home/registry/src/index.crates.io-1949cf8c6b5b557f/eternalist-apps-0.12.0/README.md: scripts/test-atelier does not exist
[INFO] [stdout]   rustwide/cargo-home/registry/src/index.crates.io-1949cf8c6b5b557f/eternalist-apps-0.12.0/README.md: scripts/audit does not exist
[INFO] [stdout]   rustwide/cargo-home/registry/src/index.crates.io-1949cf8c6b5b557f/frostem-1.20260821.6/README.md: scripts/sync_from_snowball.py does not exist
[INFO] [stdout]   rustwide/cargo-home/registry/src/index.crates.io-1949cf8c6b5b557f/grust-graph-0.13.0/README.md: scripts/integration-test.sh does not exist
[INFO] [stdout]   rustwide/cargo-home/registry/src/index.crates.io-1949cf8c6b5b557f/grust-graph-0.13.0/README.md: scripts/integration-test.sh does not exist
[INFO] [stdout]   rustwide/cargo-home/registry/src/index.crates.io-1949cf8c6b5b557f/grust-graph-0.13.0/README.md: scripts/integration-test.sh does not exist
[INFO] [stdout]   rustwide/cargo-home/registry/src/index.crates.io-1949cf8c6b5b557f/grust-graph-0.13.0/README.md: scripts/integration-test.sh does not exist
[INFO] [stdout]   rustwide/cargo-home/registry/src/index.crates.io-1949cf8c6b5b557f/grust-graph-0.13.0/README.md: scripts/integration-test.sh does not exist
[INFO] [stdout]   rustwide/cargo-home/registry/src/index.crates.io-1949cf8c6b5b557f/grust-graph-0.13.0/README.md: scripts/integration-test.sh does not exist
[INFO] [stdout]   rustwide/cargo-home/registry/src/index.crates.io-1949cf8c6b5b557f/grust-graph-0.13.0/README.md: scripts/integration-test.sh does not exist
[INFO] [stdout]   rustwide/cargo-home/registry/src/index.crates.io-1949cf8c6b5b557f/grust-graph-0.13.0/README.md: scripts/integration-test.sh does not exist
[INFO] [stdout]   rustwide/cargo-home/registry/src/index.crates.io-1949cf8c6b5b557f/grust-graph-0.13.0/README.md: scripts/integration-test.sh does not exist
[INFO] [stdout]   rustwide/cargo-home/registry/src/index.crates.io-1949cf8c6b5b557f/grust-graph-0.13.0/README.md: scripts/integration-test.sh does not exist
[INFO] [stdout]   rustwide/cargo-home/registry/src/index.crates.io-1949cf8c6b5b557f/grust-graph-0.13.0/README.md: scripts/integration-test.sh does not exist
[INFO] [stdout]   rustwide/cargo-home/registry/src/index.crates.io-1949cf8c6b5b557f/grust-graph-0.13.0/README.md: scripts/integration-test.sh does not exist
[INFO] [stdout]   rustwide/cargo-home/registry/src/index.crates.io-1949cf8c6b5b557f/hdf5-pure-rust-0.3.6/README.md: scripts/run-read-benchmark.sh does not exist
[INFO] [stdout]   rustwide/cargo-home/registry/src/index.crates.io-1949cf8c6b5b557f/hdf5-pure-rust-0.3.6/README.md: scripts/download-real-world-fixtures.py does not exist
[INFO] [stdout]   rustwide/cargo-home/registry/src/index.crates.io-1949cf8c6b5b557f/libcrux-ml-kem-0.0.2/C-CODE.md: scripts/build.py does not exist
[INFO] [stdout]   rustwide/cargo-home/registry/src/index.crates.io-1949cf8c6b5b557f/reqsign-aws-v4-3.3.0/tests/README.md: scripts/test-aws-v4-local.sh does not exist
[INFO] [stdout]   rustwide/cargo-home/registry/src/index.crates.io-1949cf8c6b5b557f/reqsign-azure-storage-3.2.1/tests/README.md: scripts/test-azure-storage-local.sh does not exist
[INFO] [stdout]   rustwide/cargo-home/registry/src/index.crates.io-1949cf8c6b5b557f/reqsign-google-3.1.1/tests/README.md: scripts/test.sh does not exist
[INFO] [stdout]   rustwide/cargo-home/registry/src/index.crates.io-1949cf8c6b5b557f/timestretch-0.8.1/benchmarks/README.md: scripts/fetch_public_corpus.sh does not exist
[INFO] [stdout]   rustwide/cargo-home/registry/src/index.crates.io-1949cf8c6b5b557f/trailgen-contract-0.3.15/README.md: scripts/check does not exist
[INFO] [stdout]   rustwide/cargo-home/registry/src/index.crates.io-1949cf8c6b5b557f/trailgen-contract-0.3.15/README.md: scripts/audit does not exist
[INFO] [stdout]   rustwide/cargo-home/registry/src/index.crates.io-1949cf8c6b5b557f/trailgen-contract-0.3.15/README.md: scripts/verify-install does not exist
[INFO] [stdout]   rustwide/cargo-home/registry/src/index.crates.io-1949cf8c6b5b557f/trailgen-contract-0.3.15/README.md: scripts/test-gui does not exist
[INFO] [stdout]   rustwide/cargo-home/registry/src/index.crates.io-1949cf8c6b5b557f/trailgen-contract-0.3.15/README.md: scripts/test-wayland does not exist
[INFO] [stdout]   rustwide/cargo-home/registry/src/index.crates.io-1949cf8c6b5b557f/trailgen-core-0.3.15/README.md: scripts/check does not exist
[INFO] [stdout]   rustwide/cargo-home/registry/src/index.crates.io-1949cf8c6b5b557f/trailgen-core-0.3.15/README.md: scripts/audit does not exist
[INFO] [stdout]   rustwide/cargo-home/registry/src/index.crates.io-1949cf8c6b5b557f/trailgen-core-0.3.15/README.md: scripts/verify-install does not exist
[INFO] [stdout]   rustwide/cargo-home/registry/src/index.crates.io-1949cf8c6b5b557f/trailgen-core-0.3.15/README.md: scripts/test-gui does not exist
[INFO] [stdout]   rustwide/cargo-home/registry/src/index.crates.io-1949cf8c6b5b557f/trailgen-core-0.3.15/README.md: scripts/test-wayland does not exist
[INFO] [stdout]   rustwide/cargo-home/registry/src/index.crates.io-1949cf8c6b5b557f/trailgen-data-0.3.15/README.md: scripts/check does not exist
[INFO] [stdout]   rustwide/cargo-home/registry/src/index.crates.io-1949cf8c6b5b557f/trailgen-data-0.3.15/README.md: scripts/audit does not exist
[INFO] [stdout]   rustwide/cargo-home/registry/src/index.crates.io-1949cf8c6b5b557f/trailgen-data-0.3.15/README.md: scripts/verify-install does not exist
[INFO] [stdout]   rustwide/cargo-home/registry/src/index.crates.io-1949cf8c6b5b557f/trailgen-data-0.3.15/README.md: scripts/test-gui does not exist
[INFO] [stdout]   rustwide/cargo-home/registry/src/index.crates.io-1949cf8c6b5b557f/trailgen-data-0.3.15/README.md: scripts/test-wayland does not exist
[INFO] [stdout]   rustwide/cargo-home/registry/src/index.crates.io-1949cf8c6b5b557f/treeedbgen-0.1.0/README.md: scripts/add-language.sh does not exist
[INFO] [stdout]   rustwide/cargo-home/registry/src/index.crates.io-1949cf8c6b5b557f/treeedbgen-souffle-0.1.0/README.md: scripts/add-language.sh does not exist
[INFO] [stdout]   rustwide/cargo-home/registry/src/index.crates.io-1949cf8c6b5b557f/tstrans-srt-sys-0.8.0/vendor/srt/scripts/release-notes/README.md: scripts/release-notes/generate_release_notes.py does not exist
[INFO] [stdout]   rustwide/cargo-home/registry/src/index.crates.io-1949cf8c6b5b557f/txoo-0.7.0/README.md: scripts/run-kcov does not exist
[INFO] [stdout]   rustwide/cargo-home/registry/src/index.crates.io-1949cf8c6b5b557f/uni-xervo-0.18.1/README.md: scripts/measure-size.sh does not exist
[INFO] [stdout]   rustwide/cargo-home/registry/src/index.crates.io-1949cf8c6b5b557f/uni-xervo-0.18.1/README.md: scripts/build.sh does not exist
[INFO] [stdout]   rustwide/cargo-home/registry/src/index.crates.io-1949cf8c6b5b557f/uni-xervo-0.18.1/README.md: scripts/test.sh does not exist
[INFO] [stdout]   rustwide/cargo-home/registry/src/index.crates.io-1949cf8c6b5b557f/uni-xervo-0.18.1/README.md: scripts/test-integration.sh does not exist
[INFO] [stdout] stack backtrace:
[INFO] [stdout]    0:     0x6080c3abbb31 - <<std[617be2ca0a6fd877]::sys::backtrace::BacktraceLock>::print::DisplayBacktrace as core[a373ad73a504971]::fmt::Display>::fmt
[INFO] [stdout]    1:     0x6080c3ad1bfa - core[a373ad73a504971]::fmt::write
[INFO] [stdout]    2:     0x6080c3ac02ec - <alloc[2e1b2a31b91974c5]::vec::Vec<u8> as core[a373ad73a504971]::io::write::Write>::write_fmt
[INFO] [stdout]    3:     0x6080c3a94fa6 - std[617be2ca0a6fd877]::panicking::default_hook::{closure#0}
[INFO] [stdout]    4:     0x6080c3ab2959 - std[617be2ca0a6fd877]::panicking::default_hook
[INFO] [stdout]    5:     0x6080c3951920 - test[aada8e7e76ba119b]::test_main_inner::{closure#0}
[INFO] [stdout]    6:     0x6080c3ab2b12 - std[617be2ca0a6fd877]::panicking::panic_with_hook
[INFO] [stdout]    7:     0x6080c3a95052 - std[617be2ca0a6fd877]::panicking::panic_handler::{closure#0}
[INFO] [stdout]    8:     0x6080c3a8d889 - std[617be2ca0a6fd877]::sys::backtrace::__rust_end_short_backtrace::<std[617be2ca0a6fd877]::panicking::panic_handler::{closure#0}, !>
[INFO] [stdout]    9:     0x6080c3a95e7d - __rustc[ea4f61d10b84890b]::rust_begin_unwind
[INFO] [stdout]   10:     0x6080c3ad232c - core[a373ad73a504971]::panicking::panic_fmt
[INFO] [stdout]   11:     0x6080c390fc56 - <connect[670cee579a766f90]::tests::every_documented_script_exists::{closure#0} as core[a373ad73a504971]::ops::function::FnOnce<()>>::call_once
[INFO] [stdout]   12:     0x6080c3944d6b - test[aada8e7e76ba119b]::__rust_begin_short_backtrace::<core[a373ad73a504971]::result::Result<(), alloc[2e1b2a31b91974c5]::string::String>, fn() -> core[a373ad73a504971]::result::Result<(), alloc[2e1b2a31b91974c5]::string::String>>
[INFO] [stdout]   13:     0x6080c3951f45 - test[aada8e7e76ba119b]::run_test::{closure#0}
[INFO] [stdout]   14:     0x6080c394b834 - std[617be2ca0a6fd877]::sys::backtrace::__rust_begin_short_backtrace::<test[aada8e7e76ba119b]::run_test::{closure#1}, ()>
[INFO] [stdout]   15:     0x6080c3954fd2 - <std[617be2ca0a6fd877]::thread::lifecycle::spawn_unchecked<test[aada8e7e76ba119b]::run_test::{closure#1}, ()>::{closure#1} as core[a373ad73a504971]::ops::function::FnOnce<()>>::call_once::{shim:vtable#0}
[INFO] [stdout]   16:     0x6080c3abab3f - <std[617be2ca0a6fd877]::sys::thread::unix::Thread>::new::thread_start
[INFO] [stdout]   17:     0x7e1a3b639dfa - <unknown>
[INFO] [stdout]   18:     0x7e1a3b6cd3d4 - clone
[INFO] [stdout]   19:                0x0 - <unknown>
[INFO] [stdout] 
[INFO] [stdout] 
[INFO] [stdout] failures:
[INFO] [stdout]     tests::custody_is_recorded_on_the_key_it_describes
[INFO] [stdout]     tests::every_documented_command_exists_with_the_flags_it_claims
[INFO] [stdout]     tests::every_documented_script_exists
[INFO] [stdout]     tests::the_anchor_refuses_two_custody_choices_too
[INFO] [stdout]     tests::the_shipped_screen_ruleset_parses_and_is_uncalibrated
[INFO] [stdout] 
[INFO] [stdout] test result: FAILED. 49 passed; 5 failed; 0 ignored; 0 measured; 0 filtered out; finished in 14.84s
[INFO] [stdout] 
[INFO] running `Command { std: "docker" "inspect" "bcb86b5a42b7a9011a60adb8d55573d721ed9d25e870a04b4e782f149909d7b9", kill_on_drop: false }`
[INFO] running `Command { std: "docker" "rm" "-f" "bcb86b5a42b7a9011a60adb8d55573d721ed9d25e870a04b4e782f149909d7b9", kill_on_drop: false }`
[INFO] [stdout] bcb86b5a42b7a9011a60adb8d55573d721ed9d25e870a04b4e782f149909d7b9
