[INFO] fetching crate warble-mdl-context 0.12.0...
[INFO] testing warble-mdl-context-0.12.0 against 1.99.0-beta.8+cargoflags=--release for beta-release-1.100-2
[INFO] extracting crate warble-mdl-context 0.12.0 into /workspace/builds/worker-2-tc1/source
[INFO] started tweaking crates.io crate warble-mdl-context 0.12.0
[INFO] removed 0 missing tests
[INFO] finished tweaking crates.io crate warble-mdl-context 0.12.0
[INFO] tweaked toml for crates.io crate warble-mdl-context 0.12.0 written to /workspace/builds/worker-2-tc1/source/Cargo.toml
[INFO] validating manifest of crates.io crate warble-mdl-context 0.12.0 on toolchain 1.99.0-beta.8
[INFO] running `Command { std: CARGO_HOME="/workspace/cargo-home" RUSTUP_HOME="/workspace/rustup-home" "/workspace/cargo-home/bin/cargo" "+1.99.0-beta.8" "metadata" "--manifest-path" "Cargo.toml" "--no-deps", kill_on_drop: false }`
[INFO] crate crates.io crate warble-mdl-context 0.12.0 already has a lockfile, it will not be regenerated
[INFO] running `Command { std: CARGO_HOME="/workspace/cargo-home" RUSTUP_HOME="/workspace/rustup-home" "/workspace/cargo-home/bin/cargo" "+1.99.0-beta.8" "fetch" "--manifest-path" "Cargo.toml", kill_on_drop: false }`
[INFO] [stderr]     Updating crates.io index
[INFO] [stderr]  Downloading crates ...
[INFO] [stderr]   Downloaded wren-manifest-macro v0.1.0
[INFO] [stderr]   Downloaded wren-core-base v0.1.0
[INFO] [stderr]   Downloaded sqlparser v0.58.0
[INFO] [stderr]   Downloaded warble v0.12.0
[INFO] running `Command { std: "docker" "create" "-v" "/var/lib/crater-agent-workspace/builds/worker-2-tc1/source:/opt/rustwide/workdir:ro,Z" "-v" "/var/lib/crater-agent-workspace/builds/worker-2-tc1/target:/opt/rustwide/target:rw,Z" "-v" "/var/lib/crater-agent-workspace/cargo-home:/opt/rustwide/cargo-home:ro,Z" "-v" "/var/lib/crater-agent-workspace/rustup-home:/opt/rustwide/rustup-home:ro,Z" "-m" "1610612736" "--network" "none" "ghcr.io/rust-lang/crates-build-env/linux@sha256:77db811e55d90add9212f6832c23229e3de5f1c1f9905e8cb07319ea15df73ac" "sleep" "infinity", kill_on_drop: false }`
[INFO] [stdout] f7d473c4d150ca9cd9ffbcca52254597b2eda7bdb4df89ff9dc72162584990bc
[INFO] running `Command { std: "docker" "start" "f7d473c4d150ca9cd9ffbcca52254597b2eda7bdb4df89ff9dc72162584990bc", kill_on_drop: false }`
[INFO] running `Command { std: "docker" "inspect" "f7d473c4d150ca9cd9ffbcca52254597b2eda7bdb4df89ff9dc72162584990bc", kill_on_drop: false }`
[INFO] running `Command { std: "docker" "exec" "-e" "SOURCE_DIR=/opt/rustwide/workdir" "-e" "CARGO_HOME=/opt/rustwide/cargo-home" "-e" "RUSTUP_HOME=/opt/rustwide/rustup-home" "-e" "CARGO_TARGET_DIR=/opt/rustwide/target" "-w" "/opt/rustwide/workdir" "--user" "0:0" "f7d473c4d150ca9cd9ffbcca52254597b2eda7bdb4df89ff9dc72162584990bc" "/opt/rustwide/cargo-home/bin/cargo" "+1.99.0-beta.8" "metadata" "--no-deps" "--format-version=1", kill_on_drop: false }`
[INFO] running `Command { std: "docker" "inspect" "f7d473c4d150ca9cd9ffbcca52254597b2eda7bdb4df89ff9dc72162584990bc", kill_on_drop: false }`
[INFO] running `Command { std: "docker" "exec" "-e" "SOURCE_DIR=/opt/rustwide/workdir" "-e" "CARGO_HOME=/opt/rustwide/cargo-home" "-e" "RUSTUP_HOME=/opt/rustwide/rustup-home" "-e" "CARGO_TARGET_DIR=/opt/rustwide/target" "-e" "CARGO_INCREMENTAL=0" "-e" "RUST_BACKTRACE=full" "-e" "RUSTFLAGS=--cap-lints=warn" "-e" "RUSTDOCFLAGS=--cap-lints=warn" "-w" "/opt/rustwide/workdir" "--user" "0:0" "f7d473c4d150ca9cd9ffbcca52254597b2eda7bdb4df89ff9dc72162584990bc" "/opt/rustwide/cargo-home/bin/cargo" "+1.99.0-beta.8" "build" "--frozen" "--message-format=json" "--release", kill_on_drop: false }`
[INFO] [stderr]    Compiling syn v2.0.118
[INFO] [stderr]    Compiling serde_core v1.0.228
[INFO] [stderr]    Compiling serde v1.0.228
[INFO] [stderr]    Compiling cc v1.2.66
[INFO] [stderr]    Compiling serde_json v1.0.150
[INFO] [stderr]    Compiling object v0.37.3
[INFO] [stderr]    Compiling stacker v0.1.24
[INFO] [stderr]    Compiling darling_core v0.23.0
[INFO] [stderr]    Compiling serde_derive v1.0.228
[INFO] [stderr]    Compiling recursive-proc-macro-impl v0.1.1
[INFO] [stderr]    Compiling thiserror-impl v2.0.18
[INFO] [stderr]    Compiling sqlparser_derive v0.3.0
[INFO] [stderr]    Compiling wren-manifest-macro v0.1.0
[INFO] [stderr]    Compiling ar_archive_writer v0.5.2
[INFO] [stderr]    Compiling thiserror v2.0.18
[INFO] [stderr]    Compiling psm v0.1.31
[INFO] [stderr]    Compiling recursive v0.1.1
[INFO] [stderr]    Compiling darling_macro v0.23.0
[INFO] [stderr]    Compiling sqlparser v0.58.0
[INFO] [stderr]    Compiling darling v0.23.0
[INFO] [stderr]    Compiling serde_with_macros v3.21.0
[INFO] [stderr]    Compiling serde_with v3.21.0
[INFO] [stderr]    Compiling serde_yaml v0.9.34+deprecated
[INFO] [stderr]    Compiling warble v0.12.0
[INFO] [stderr]    Compiling wren-core-base v0.1.0
[INFO] [stderr]    Compiling warble-mdl-context v0.12.0 (/opt/rustwide/workdir)
[INFO] [stderr]     Finished `release` profile [optimized] target(s) in 1m 28s
[INFO] running `Command { std: "docker" "inspect" "f7d473c4d150ca9cd9ffbcca52254597b2eda7bdb4df89ff9dc72162584990bc", kill_on_drop: false }`
[INFO] running `Command { std: "docker" "exec" "-e" "SOURCE_DIR=/opt/rustwide/workdir" "-e" "CARGO_HOME=/opt/rustwide/cargo-home" "-e" "RUSTUP_HOME=/opt/rustwide/rustup-home" "-e" "CARGO_TARGET_DIR=/opt/rustwide/target" "-e" "CARGO_INCREMENTAL=0" "-e" "RUST_BACKTRACE=full" "-e" "RUSTFLAGS=--cap-lints=warn" "-e" "RUSTDOCFLAGS=--cap-lints=warn" "-w" "/opt/rustwide/workdir" "--user" "0:0" "f7d473c4d150ca9cd9ffbcca52254597b2eda7bdb4df89ff9dc72162584990bc" "/opt/rustwide/cargo-home/bin/cargo" "+1.99.0-beta.8" "test" "--frozen" "--no-run" "--message-format=json" "--release", kill_on_drop: false }`
[INFO] [stderr]    Compiling bitflags v2.13.0
[INFO] [stderr]    Compiling getrandom v0.4.3
[INFO] [stderr]    Compiling rustix v1.1.4
[INFO] [stderr]    Compiling tempfile v3.27.0
[INFO] [stderr]    Compiling warble-mdl-context v0.12.0 (/opt/rustwide/workdir)
[INFO] [stderr]     Finished `release` profile [optimized] target(s) in 13.41s
[INFO] running `Command { std: "docker" "inspect" "f7d473c4d150ca9cd9ffbcca52254597b2eda7bdb4df89ff9dc72162584990bc", kill_on_drop: false }`
[INFO] running `Command { std: "docker" "exec" "-e" "SOURCE_DIR=/opt/rustwide/workdir" "-e" "CARGO_HOME=/opt/rustwide/cargo-home" "-e" "RUSTUP_HOME=/opt/rustwide/rustup-home" "-e" "CARGO_TARGET_DIR=/opt/rustwide/target" "-e" "CARGO_INCREMENTAL=0" "-e" "RUST_BACKTRACE=full" "-e" "RUSTFLAGS=--cap-lints=warn" "-e" "RUSTDOCFLAGS=--cap-lints=warn" "-w" "/opt/rustwide/workdir" "--user" "0:0" "f7d473c4d150ca9cd9ffbcca52254597b2eda7bdb4df89ff9dc72162584990bc" "/opt/rustwide/cargo-home/bin/cargo" "+1.99.0-beta.8" "test" "--frozen" "--release", kill_on_drop: false }`
[INFO] [stderr]     Finished `release` profile [optimized] target(s) in 0.08s
[INFO] [stderr]      Running unittests src/lib.rs (/opt/rustwide/target/release/deps/warble_mdl_context-3e67dba3c8af5aef)
[INFO] [stdout] 
[INFO] [stdout] running 12 tests
[INFO] [stdout] test consumers::tests::knowledge_sql_without_sql_field_is_an_error ... ok
[INFO] [stdout] test consumers::tests::knowledge_sql_with_unterminated_fence_still_parses_as_bare_yaml ... ok
[INFO] [stdout] test consumers::tests::knowledge_sql_ignores_body_after_closing_fence ... ok
[INFO] [stdout] test consumers::tests::knowledge_sql_bad_yaml_is_an_error ... ok
[INFO] [stdout] test consumers::tests::sql_table_names_walks_joins_and_subqueries ... ok
[INFO] [stdout] test consumers::tests::unparseable_sql_returns_none ... ok
[INFO] [stdout] test introspect::tests::additivity_heuristic ... ok
[INFO] [stdout] test introspect::tests::type_classification ... ok
[INFO] [stdout] test introspect::tests::mdl_context_cannot_answer_raw_shape_predicates ... ok
[INFO] [stdout] test consumers::tests::knowledge_sql_reads_frontmatter ... ok
[INFO] [stdout] test consumers::tests::sql_table_names_unqualifies_compound_names ... ok
[INFO] [stderr]      Running tests/bare_table_reference.rs (/opt/rustwide/target/release/deps/bare_table_reference-eaad0d453da2333f)
[INFO] [stdout] test introspect::tests::cubeless_manifest_cannot_answer_metric_additive ... ok
[INFO] [stdout] 
[INFO] [stdout] test result: ok. 12 passed; 0 failed; 0 ignored; 0 measured; 0 filtered out; finished in 0.01s
[INFO] [stdout] 
[INFO] [stdout] 
[INFO] [stdout] running 2 tests
[INFO] [stdout] test bare_table_key_table_reference_still_parses ... ok
[INFO] [stdout] test empty_relationships_yml_is_treated_as_no_relationships ... ok
[INFO] [stderr]      Running tests/cli_v5_project.rs (/opt/rustwide/target/release/deps/cli_v5_project-04a027e1be5fcc75)
[INFO] [stdout] 
[INFO] [stdout] test result: ok. 2 passed; 0 failed; 0 ignored; 0 measured; 0 filtered out; finished in 0.00s
[INFO] [stdout] 
[INFO] [stdout] 
[INFO] [stdout] running 5 tests
[INFO] [stdout] test screaming_snake_case_join_type_is_accepted ... ok
[INFO] [stdout] test cubes_directory_is_loaded_when_no_root_cubes_yml ... ok
[INFO] [stdout] test root_cubes_yml_wins_over_cubes_directory ... ok
[INFO] [stdout] test keyed_relationships_are_loaded_not_silently_dropped ... ok
[INFO] [stdout] test bare_list_relationships_still_load ... ok
[INFO] [stdout] 
[INFO] [stdout] test result: ok. 5 passed; 0 failed; 0 ignored; 0 measured; 0 filtered out; finished in 0.01s
[INFO] [stdout] 
[INFO] [stderr]      Running tests/consumer_lineage.rs (/opt/rustwide/target/release/deps/consumer_lineage-045f507dfb2e3876)
[INFO] [stdout] 
[INFO] [stdout] running 8 tests
[INFO] [stdout] test no_consumer_files_means_no_consumer_nodes_and_no_diagnostics ... ok
[INFO] [stdout] test confirmed_query_over_models_hangs_off_each_referenced_model ... ok
[INFO] [stdout] test unparseable_consumer_sql_falls_back_to_whole_word_scan_and_is_recorded ... ok
[INFO] [stdout] test driftwood_metric_reaches_its_query_and_dashboard ... FAILED
[INFO] [stdout] test dashboard_naming_a_missing_cube_is_a_dangling_edge_not_a_silent_skip ... ok
[INFO] [stdout] test dashboard_declared_cube_panel_links_cube_and_measures ... ok
[INFO] [stdout] test knowledge_file_without_sql_is_skipped_with_a_diagnostic ... ok
[INFO] [stdout] test confirmed_query_over_a_cube_makes_the_metric_reach_the_query ... ok
[INFO] [stderr] error: test failed, to rerun pass `--test consumer_lineage`
[INFO] [stdout] 
[INFO] [stdout] failures:
[INFO] [stdout] 
[INFO] [stdout] ---- driftwood_metric_reaches_its_query_and_dashboard stdout ----
[INFO] [stdout] 
[INFO] [stdout] thread 'driftwood_metric_reaches_its_query_and_dashboard' (1062) panicked at tests/consumer_lineage.rs:79:10:
[INFO] [stdout] fixture is a wren project
[INFO] [stdout] stack backtrace:
[INFO] [stdout]    0:     0x5e3bab28de61 - <<std[70759c8f55707aa4]::sys::backtrace::BacktraceLock>::print::DisplayBacktrace as core[df12db4294e9bfd3]::fmt::Display>::fmt
[INFO] [stdout]    1:     0x5e3bab2a481a - core[df12db4294e9bfd3]::fmt::write
[INFO] [stdout]    2:     0x5e3bab29261c - <alloc[2182bb758b4b3781]::vec::Vec<u8> as core[df12db4294e9bfd3]::io::write::Write>::write_fmt
[INFO] [stdout]    3:     0x5e3bab267fd6 - std[70759c8f55707aa4]::panicking::default_hook::{closure#0}
[INFO] [stdout]    4:     0x5e3bab285509 - std[70759c8f55707aa4]::panicking::default_hook
[INFO] [stdout]    5:     0x5e3baaea4e20 - test[9d35eded1c95d3be]::test_main_inner::<test[9d35eded1c95d3be]::test_main_static::{closure#0}>::{closure#0}
[INFO] [stdout]    6:     0x5e3bab285832 - std[70759c8f55707aa4]::panicking::panic_with_hook
[INFO] [stdout]    7:     0x5e3bab268082 - std[70759c8f55707aa4]::panicking::panic_handler::{closure#0}
[INFO] [stdout]    8:     0x5e3bab260ab9 - std[70759c8f55707aa4]::sys::backtrace::__rust_end_short_backtrace::<std[70759c8f55707aa4]::panicking::panic_handler::{closure#0}, !>
[INFO] [stdout]    9:     0x5e3bab268c7d - __rustc[8fa7c3cbc660c2b3]::rust_begin_unwind
[INFO] [stdout]   10:     0x5e3bab2a4f4c - core[df12db4294e9bfd3]::panicking::panic_fmt
[INFO] [stdout]   11:     0x5e3bab2a4ca4 - core[df12db4294e9bfd3]::option::expect_failed
[INFO] [stdout]   12:     0x5e3baae938c2 - consumer_lineage[a81a91182b89cd08]::load
[INFO] [stdout]   13:     0x5e3baae94593 - <consumer_lineage[a81a91182b89cd08]::driftwood_metric_reaches_its_query_and_dashboard::{closure#0} as core[df12db4294e9bfd3]::ops::function::FnOnce<()>>::call_once
[INFO] [stdout]   14:     0x5e3baae9810b - test[9d35eded1c95d3be]::__rust_begin_short_backtrace::<core[df12db4294e9bfd3]::result::Result<(), alloc[2182bb758b4b3781]::string::String>, fn() -> core[df12db4294e9bfd3]::result::Result<(), alloc[2182bb758b4b3781]::string::String>>
[INFO] [stdout]   15:     0x5e3baaea5775 - test[9d35eded1c95d3be]::run_test::{closure#0}
[INFO] [stdout]   16:     0x5e3baae9f034 - std[70759c8f55707aa4]::sys::backtrace::__rust_begin_short_backtrace::<test[9d35eded1c95d3be]::run_test::{closure#1}, ()>
[INFO] [stdout]   17:     0x5e3baaea88d2 - <std[70759c8f55707aa4]::thread::lifecycle::spawn_unchecked<test[9d35eded1c95d3be]::run_test::{closure#1}, ()>::{closure#1} as core[df12db4294e9bfd3]::ops::function::FnOnce<()>>::call_once::{shim:vtable#0}
[INFO] [stdout]   18:     0x5e3bab28d1c9 - <std[70759c8f55707aa4]::sys::thread::unix::Thread>::new::thread_start
[INFO] [stdout]   19:     0x77f4e2092dfa - <unknown>
[INFO] [stdout]   20:     0x77f4e21263d4 - clone
[INFO] [stdout]   21:                0x0 - <unknown>
[INFO] [stdout] 
[INFO] [stdout] 
[INFO] [stdout] failures:
[INFO] [stdout]     driftwood_metric_reaches_its_query_and_dashboard
[INFO] [stdout] 
[INFO] [stdout] test result: FAILED. 7 passed; 1 failed; 0 ignored; 0 measured; 0 filtered out; finished in 0.01s
[INFO] [stdout] 
[INFO] running `Command { std: "docker" "inspect" "f7d473c4d150ca9cd9ffbcca52254597b2eda7bdb4df89ff9dc72162584990bc", kill_on_drop: false }`
[INFO] running `Command { std: "docker" "rm" "-f" "f7d473c4d150ca9cd9ffbcca52254597b2eda7bdb4df89ff9dc72162584990bc", kill_on_drop: false }`
[INFO] [stdout] f7d473c4d150ca9cd9ffbcca52254597b2eda7bdb4df89ff9dc72162584990bc
