[INFO] fetching crate war 0.2.0...
[INFO] testing war-0.2.0 against 1.99.0-beta.8+cargoflags=--release for beta-release-1.100-2
[INFO] extracting crate war 0.2.0 into /workspace/builds/worker-0-tc1/source
[INFO] started tweaking crates.io crate war 0.2.0
[INFO] finished tweaking crates.io crate war 0.2.0
[INFO] tweaked toml for crates.io crate war 0.2.0 written to /workspace/builds/worker-0-tc1/source/Cargo.toml
[INFO] validating manifest of crates.io crate war 0.2.0 on toolchain 1.99.0-beta.8
[INFO] running `Command { std: CARGO_HOME="/workspace/cargo-home" RUSTUP_HOME="/workspace/rustup-home" "/workspace/cargo-home/bin/cargo" "+1.99.0-beta.8" "metadata" "--manifest-path" "Cargo.toml" "--no-deps", kill_on_drop: false }`
[INFO] running `Command { std: CARGO_HOME="/workspace/cargo-home" RUSTUP_HOME="/workspace/rustup-home" "/workspace/cargo-home/bin/cargo" "+1.99.0-beta.8" "generate-lockfile" "--manifest-path" "Cargo.toml", kill_on_drop: false }`
[INFO] [stderr]     Updating crates.io index
[INFO] [stderr]      Locking 56 packages to highest compatible versions
[INFO] [stderr]       Adding byteordered v0.4.1 (available: v0.6.0)
[INFO] [stderr]       Adding indexmap v1.9.3 (available: v2.14.2)
[INFO] [stderr]       Adding num_enum v0.4.3 (available: v0.7.6)
[INFO] [stderr]       Adding scroll v0.9.2 (available: v0.13.0)
[INFO] running `Command { std: CARGO_HOME="/workspace/cargo-home" RUSTUP_HOME="/workspace/rustup-home" "/workspace/cargo-home/bin/cargo" "+1.99.0-beta.8" "fetch" "--manifest-path" "Cargo.toml", kill_on_drop: false }`
[INFO] [stderr]  Downloading crates ...
[INFO] [stderr]   Downloaded num_enum v0.4.3
[INFO] [stderr]   Downloaded num_enum_derive v0.4.3
[INFO] [stderr]   Downloaded scroll v0.9.2
[INFO] [stderr]   Downloaded replace_with v0.1.8
[INFO] [stderr]   Downloaded failure v0.1.8
[INFO] [stderr]   Downloaded failure_derive v0.1.8
[INFO] [stderr]   Downloaded byteordered v0.4.1
[INFO] running `Command { std: "docker" "create" "-v" "/var/lib/crater-agent-workspace/builds/worker-0-tc1/source:/opt/rustwide/workdir:ro,Z" "-v" "/var/lib/crater-agent-workspace/builds/worker-0-tc1/target:/opt/rustwide/target:rw,Z" "-v" "/var/lib/crater-agent-workspace/cargo-home:/opt/rustwide/cargo-home:ro,Z" "-v" "/var/lib/crater-agent-workspace/rustup-home:/opt/rustwide/rustup-home:ro,Z" "-m" "1610612736" "--network" "none" "ghcr.io/rust-lang/crates-build-env/linux@sha256:77db811e55d90add9212f6832c23229e3de5f1c1f9905e8cb07319ea15df73ac" "sleep" "infinity", kill_on_drop: false }`
[INFO] [stdout] 65bec392c5843df888619d5cac0143a09edcb207058c6ae936185432299d7270
[INFO] running `Command { std: "docker" "start" "65bec392c5843df888619d5cac0143a09edcb207058c6ae936185432299d7270", kill_on_drop: false }`
[INFO] running `Command { std: "docker" "inspect" "65bec392c5843df888619d5cac0143a09edcb207058c6ae936185432299d7270", kill_on_drop: false }`
[INFO] running `Command { std: "docker" "exec" "-e" "SOURCE_DIR=/opt/rustwide/workdir" "-e" "CARGO_HOME=/opt/rustwide/cargo-home" "-e" "RUSTUP_HOME=/opt/rustwide/rustup-home" "-e" "CARGO_TARGET_DIR=/opt/rustwide/target" "-w" "/opt/rustwide/workdir" "--user" "0:0" "65bec392c5843df888619d5cac0143a09edcb207058c6ae936185432299d7270" "/opt/rustwide/cargo-home/bin/cargo" "+1.99.0-beta.8" "metadata" "--no-deps" "--format-version=1", kill_on_drop: false }`
[INFO] running `Command { std: "docker" "inspect" "65bec392c5843df888619d5cac0143a09edcb207058c6ae936185432299d7270", kill_on_drop: false }`
[INFO] running `Command { std: "docker" "exec" "-e" "SOURCE_DIR=/opt/rustwide/workdir" "-e" "CARGO_HOME=/opt/rustwide/cargo-home" "-e" "RUSTUP_HOME=/opt/rustwide/rustup-home" "-e" "CARGO_TARGET_DIR=/opt/rustwide/target" "-e" "CARGO_INCREMENTAL=0" "-e" "RUST_BACKTRACE=full" "-e" "RUSTFLAGS=--cap-lints=warn" "-e" "RUSTDOCFLAGS=--cap-lints=warn" "-w" "/opt/rustwide/workdir" "--user" "0:0" "65bec392c5843df888619d5cac0143a09edcb207058c6ae936185432299d7270" "/opt/rustwide/cargo-home/bin/cargo" "+1.99.0-beta.8" "build" "--frozen" "--message-format=json" "--release", kill_on_drop: false }`
[INFO] [stderr]    Compiling syn v1.0.109
[INFO] [stderr]    Compiling serde_core v1.0.229
[INFO] [stderr]    Compiling serde v1.0.229
[INFO] [stderr]    Compiling crc32fast v1.5.2
[INFO] [stderr]    Compiling failure_derive v0.1.8
[INFO] [stderr]    Compiling unicode-xid v0.2.6
[INFO] [stderr]    Compiling indexmap v1.9.3
[INFO] [stderr]    Compiling scroll v0.9.2
[INFO] [stderr]    Compiling encoding_rs v0.8.42
[INFO] [stderr]    Compiling hashbrown v0.17.1
[INFO] [stderr]    Compiling serde_json v1.0.154
[INFO] [stderr]    Compiling equivalent v1.0.3
[INFO] [stderr]    Compiling simd-adler32 v0.3.10
[INFO] [stderr]    Compiling hashbrown v0.12.3
[INFO] [stderr]    Compiling simdutf8 v0.1.5
[INFO] [stderr]    Compiling miniz_oxide v0.9.1
[INFO] [stderr]    Compiling multiversion_no_op v1.0.0
[INFO] [stderr]    Compiling core_detect v1.0.0
[INFO] [stderr]    Compiling indexmap v2.14.2
[INFO] [stderr]    Compiling byteordered v0.4.1
[INFO] [stderr]    Compiling flate2 v1.1.10
[INFO] [stderr]    Compiling replace_with v0.1.8
[INFO] [stderr]    Compiling synstructure v0.12.6
[INFO] [stderr]    Compiling derivative v2.2.0
[INFO] [stderr]    Compiling failure v0.1.8
[INFO] [stderr]    Compiling toml v0.5.11
[INFO] [stderr]    Compiling proc-macro-crate v0.1.5
[INFO] [stderr]    Compiling num_enum_derive v0.4.3
[INFO] [stderr]    Compiling num_enum v0.4.3
[INFO] [stderr]    Compiling war v0.2.0 (/opt/rustwide/workdir)
[INFO] [stdout] warning: unused imports: `OCClassManager__ScriptInfo`, `OCClassManager__ScriptUnpacked`, `ResBinHeader`, `ResourcePackageRead__ExtInfo`, `ResourcePackageRead__FileInfo`, and `WorldFactory__WorldInfo`
[INFO] [stdout]   --> src/darksiders1/gfc.rs:18:42
[INFO] [stdout]    |
[INFO] [stdout] 18 |             worldfactory::{WorldFactory, WorldFactory__WorldInfo},
[INFO] [stdout]    |                                          ^^^^^^^^^^^^^^^^^^^^^^^
[INFO] [stdout] ...
[INFO] [stdout] 35 |             OCClassManager__ScriptInfo,
[INFO] [stdout]    |             ^^^^^^^^^^^^^^^^^^^^^^^^^^
[INFO] [stdout] 36 |             OCClassManager__ScriptUnpacked,
[INFO] [stdout]    |             ^^^^^^^^^^^^^^^^^^^^^^^^^^^^^^
[INFO] [stdout] ...
[INFO] [stdout] 70 |                 ResourcePackageRead__ExtInfo,
[INFO] [stdout]    |                 ^^^^^^^^^^^^^^^^^^^^^^^^^^^^
[INFO] [stdout] 71 |                 ResourcePackageRead__FileInfo,
[INFO] [stdout]    |                 ^^^^^^^^^^^^^^^^^^^^^^^^^^^^^
[INFO] [stdout] 72 |             },
[INFO] [stdout] 73 |             resourcepackagebin::{ResBinHeader, ResourcePackageBin},
[INFO] [stdout]    |                                  ^^^^^^^^^^^^
[INFO] [stdout]    |
[INFO] [stdout] note: the lint level is defined here
[INFO] [stdout]   --> src/lib.rs:1:73
[INFO] [stdout]    |
[INFO] [stdout]  1 | #![warn(future_incompatible, rust_2018_compatibility, rust_2018_idioms, unused)]
[INFO] [stdout]    |                                                                         ^^^^^^
[INFO] [stdout]    = note: `#[warn(unused_imports)]` implied by `#[warn(unused)]`
[INFO] [stdout] 
[INFO] [stdout] 
[INFO] [stdout] warning: fields `save_game_version`, `save_file_crc`, and `padding` are never read
[INFO] [stdout]   --> src/darksiders1/code/vigil/drivers/generic/save/keensavegamemanager.rs:11:9
[INFO] [stdout]    |
[INFO] [stdout]  9 | pub struct KeenSaveGameHeader {
[INFO] [stdout]    |            ------------------ fields in this struct
[INFO] [stdout] 10 |     pub header_name: [u8; 128],
[INFO] [stdout] 11 |     pub save_game_version: u32,
[INFO] [stdout]    |         ^^^^^^^^^^^^^^^^^
[INFO] [stdout] 12 |     pub save_file_crc: u32,
[INFO] [stdout]    |         ^^^^^^^^^^^^^
[INFO] [stdout] 13 |     pub padding: [u8; 508],
[INFO] [stdout]    |         ^^^^^^^
[INFO] [stdout]    |
[INFO] [stdout]    = note: `#[warn(dead_code)]` implied by `#[warn(unused)]`
[INFO] [stdout] 
[INFO] [stdout] 
[INFO] [stdout] warning: field `name` is never read
[INFO] [stdout]    --> src/darksiders1/code/vigil/gfc/oc/occlassmanager.rs:192:9
[INFO] [stdout]     |
[INFO] [stdout] 191 | pub struct OCClassManager__ScriptUnpacked {
[INFO] [stdout]     |            ------------------------------ field in this struct
[INFO] [stdout] 192 |     pub name: String,
[INFO] [stdout]     |         ^^^^
[INFO] [stdout] 
[INFO] [stdout] 
[INFO] [stdout] warning: fields `name` and `ext` are never read
[INFO] [stdout]  --> src/darksiders1/code/vigil/gfc/world/resource/resourcecache.rs:5:9
[INFO] [stdout]   |
[INFO] [stdout] 4 | pub struct ResourceLoadInfo<'b> {
[INFO] [stdout]   |            ---------------- fields in this struct
[INFO] [stdout] 5 |     pub name: &'b str,
[INFO] [stdout]   |         ^^^^
[INFO] [stdout] 6 |     pub ext: &'b str,
[INFO] [stdout]   |         ^^^
[INFO] [stdout] 
[INFO] [stdout] 
[INFO] [stderr]     Finished `release` profile [optimized] target(s) in 35.48s
[INFO] running `Command { std: "docker" "inspect" "65bec392c5843df888619d5cac0143a09edcb207058c6ae936185432299d7270", kill_on_drop: false }`
[INFO] running `Command { std: "docker" "exec" "-e" "SOURCE_DIR=/opt/rustwide/workdir" "-e" "CARGO_HOME=/opt/rustwide/cargo-home" "-e" "RUSTUP_HOME=/opt/rustwide/rustup-home" "-e" "CARGO_TARGET_DIR=/opt/rustwide/target" "-e" "CARGO_INCREMENTAL=0" "-e" "RUST_BACKTRACE=full" "-e" "RUSTFLAGS=--cap-lints=warn" "-e" "RUSTDOCFLAGS=--cap-lints=warn" "-w" "/opt/rustwide/workdir" "--user" "0:0" "65bec392c5843df888619d5cac0143a09edcb207058c6ae936185432299d7270" "/opt/rustwide/cargo-home/bin/cargo" "+1.99.0-beta.8" "test" "--frozen" "--no-run" "--message-format=json" "--release", kill_on_drop: false }`
[INFO] [stdout] warning: unused imports: `OCClassManager__ScriptInfo`, `OCClassManager__ScriptUnpacked`, `ResBinHeader`, `ResourcePackageRead__ExtInfo`, `ResourcePackageRead__FileInfo`, and `WorldFactory__WorldInfo`
[INFO] [stdout]   --> src/darksiders1/gfc.rs:18:42
[INFO] [stdout]    |
[INFO] [stdout] 18 |             worldfactory::{WorldFactory, WorldFactory__WorldInfo},
[INFO] [stdout]    |                                          ^^^^^^^^^^^^^^^^^^^^^^^
[INFO] [stdout] ...
[INFO] [stdout] 35 |             OCClassManager__ScriptInfo,
[INFO] [stdout]    |             ^^^^^^^^^^^^^^^^^^^^^^^^^^
[INFO] [stdout] 36 |             OCClassManager__ScriptUnpacked,
[INFO] [stdout]    |             ^^^^^^^^^^^^^^^^^^^^^^^^^^^^^^
[INFO] [stdout] ...
[INFO] [stdout] 70 |                 ResourcePackageRead__ExtInfo,
[INFO] [stdout]    |                 ^^^^^^^^^^^^^^^^^^^^^^^^^^^^
[INFO] [stdout] 71 |                 ResourcePackageRead__FileInfo,
[INFO] [stdout]    |                 ^^^^^^^^^^^^^^^^^^^^^^^^^^^^^
[INFO] [stdout] 72 |             },
[INFO] [stdout] 73 |             resourcepackagebin::{ResBinHeader, ResourcePackageBin},
[INFO] [stdout]    |                                  ^^^^^^^^^^^^
[INFO] [stdout]    |
[INFO] [stdout] note: the lint level is defined here
[INFO] [stdout]   --> src/lib.rs:1:73
[INFO] [stdout]    |
[INFO] [stdout]  1 | #![warn(future_incompatible, rust_2018_compatibility, rust_2018_idioms, unused)]
[INFO] [stdout]    |                                                                         ^^^^^^
[INFO] [stdout]    = note: `#[warn(unused_imports)]` implied by `#[warn(unused)]`
[INFO] [stdout] 
[INFO] [stdout] 
[INFO] [stdout] warning: fields `save_game_version`, `save_file_crc`, and `padding` are never read
[INFO] [stdout]   --> src/darksiders1/code/vigil/drivers/generic/save/keensavegamemanager.rs:11:9
[INFO] [stdout]    |
[INFO] [stdout]  9 | pub struct KeenSaveGameHeader {
[INFO] [stdout]    |            ------------------ fields in this struct
[INFO] [stdout] 10 |     pub header_name: [u8; 128],
[INFO] [stdout] 11 |     pub save_game_version: u32,
[INFO] [stdout]    |         ^^^^^^^^^^^^^^^^^
[INFO] [stdout] 12 |     pub save_file_crc: u32,
[INFO] [stdout]    |         ^^^^^^^^^^^^^
[INFO] [stdout] 13 |     pub padding: [u8; 508],
[INFO] [stdout]    |         ^^^^^^^
[INFO] [stdout]    |
[INFO] [stdout]    = note: `#[warn(dead_code)]` implied by `#[warn(unused)]`
[INFO] [stdout] 
[INFO] [stdout] 
[INFO] [stdout] warning: field `name` is never read
[INFO] [stdout]    --> src/darksiders1/code/vigil/gfc/oc/occlassmanager.rs:192:9
[INFO] [stdout]     |
[INFO] [stdout] 191 | pub struct OCClassManager__ScriptUnpacked {
[INFO] [stdout]     |            ------------------------------ field in this struct
[INFO] [stdout] 192 |     pub name: String,
[INFO] [stdout]     |         ^^^^
[INFO] [stdout] 
[INFO] [stdout] 
[INFO] [stdout] warning: fields `name` and `ext` are never read
[INFO] [stdout]  --> src/darksiders1/code/vigil/gfc/world/resource/resourcecache.rs:5:9
[INFO] [stdout]   |
[INFO] [stdout] 4 | pub struct ResourceLoadInfo<'b> {
[INFO] [stdout]   |            ---------------- fields in this struct
[INFO] [stdout] 5 |     pub name: &'b str,
[INFO] [stdout]   |         ^^^^
[INFO] [stdout] 6 |     pub ext: &'b str,
[INFO] [stdout]   |         ^^^
[INFO] [stdout] 
[INFO] [stdout] 
[INFO] [stderr]    Compiling war v0.2.0 (/opt/rustwide/workdir)
[INFO] [stdout] warning: unused imports: `OCClassManager__ScriptInfo`, `OCClassManager__ScriptUnpacked`, `ResBinHeader`, `ResourcePackageRead__ExtInfo`, `ResourcePackageRead__FileInfo`, and `WorldFactory__WorldInfo`
[INFO] [stdout]   --> src/darksiders1/gfc.rs:18:42
[INFO] [stdout]    |
[INFO] [stdout] 18 |             worldfactory::{WorldFactory, WorldFactory__WorldInfo},
[INFO] [stdout]    |                                          ^^^^^^^^^^^^^^^^^^^^^^^
[INFO] [stdout] ...
[INFO] [stdout] 35 |             OCClassManager__ScriptInfo,
[INFO] [stdout]    |             ^^^^^^^^^^^^^^^^^^^^^^^^^^
[INFO] [stdout] 36 |             OCClassManager__ScriptUnpacked,
[INFO] [stdout]    |             ^^^^^^^^^^^^^^^^^^^^^^^^^^^^^^
[INFO] [stdout] ...
[INFO] [stdout] 70 |                 ResourcePackageRead__ExtInfo,
[INFO] [stdout]    |                 ^^^^^^^^^^^^^^^^^^^^^^^^^^^^
[INFO] [stdout] 71 |                 ResourcePackageRead__FileInfo,
[INFO] [stdout]    |                 ^^^^^^^^^^^^^^^^^^^^^^^^^^^^^
[INFO] [stdout] 72 |             },
[INFO] [stdout] 73 |             resourcepackagebin::{ResBinHeader, ResourcePackageBin},
[INFO] [stdout]    |                                  ^^^^^^^^^^^^
[INFO] [stdout]    |
[INFO] [stdout] note: the lint level is defined here
[INFO] [stdout]   --> src/lib.rs:1:73
[INFO] [stdout]    |
[INFO] [stdout]  1 | #![warn(future_incompatible, rust_2018_compatibility, rust_2018_idioms, unused)]
[INFO] [stdout]    |                                                                         ^^^^^^
[INFO] [stdout]    = note: `#[warn(unused_imports)]` implied by `#[warn(unused)]`
[INFO] [stdout] 
[INFO] [stdout] 
[INFO] [stdout] warning: fields `save_game_version`, `save_file_crc`, and `padding` are never read
[INFO] [stdout]   --> src/darksiders1/code/vigil/drivers/generic/save/keensavegamemanager.rs:11:9
[INFO] [stdout]    |
[INFO] [stdout]  9 | pub struct KeenSaveGameHeader {
[INFO] [stdout]    |            ------------------ fields in this struct
[INFO] [stdout] 10 |     pub header_name: [u8; 128],
[INFO] [stdout] 11 |     pub save_game_version: u32,
[INFO] [stdout]    |         ^^^^^^^^^^^^^^^^^
[INFO] [stdout] 12 |     pub save_file_crc: u32,
[INFO] [stdout]    |         ^^^^^^^^^^^^^
[INFO] [stdout] 13 |     pub padding: [u8; 508],
[INFO] [stdout]    |         ^^^^^^^
[INFO] [stdout]    |
[INFO] [stdout]    = note: `#[warn(dead_code)]` implied by `#[warn(unused)]`
[INFO] [stdout] 
[INFO] [stdout] 
[INFO] [stdout] warning: field `name` is never read
[INFO] [stdout]    --> src/darksiders1/code/vigil/gfc/oc/occlassmanager.rs:192:9
[INFO] [stdout]     |
[INFO] [stdout] 191 | pub struct OCClassManager__ScriptUnpacked {
[INFO] [stdout]     |            ------------------------------ field in this struct
[INFO] [stdout] 192 |     pub name: String,
[INFO] [stdout]     |         ^^^^
[INFO] [stdout] 
[INFO] [stdout] 
[INFO] [stdout] warning: fields `name` and `ext` are never read
[INFO] [stdout]  --> src/darksiders1/code/vigil/gfc/world/resource/resourcecache.rs:5:9
[INFO] [stdout]   |
[INFO] [stdout] 4 | pub struct ResourceLoadInfo<'b> {
[INFO] [stdout]   |            ---------------- fields in this struct
[INFO] [stdout] 5 |     pub name: &'b str,
[INFO] [stdout]   |         ^^^^
[INFO] [stdout] 6 |     pub ext: &'b str,
[INFO] [stdout]   |         ^^^
[INFO] [stdout] 
[INFO] [stdout] 
[INFO] [stderr]     Finished `release` profile [optimized] target(s) in 11.36s
[INFO] running `Command { std: "docker" "inspect" "65bec392c5843df888619d5cac0143a09edcb207058c6ae936185432299d7270", kill_on_drop: false }`
[INFO] running `Command { std: "docker" "exec" "-e" "SOURCE_DIR=/opt/rustwide/workdir" "-e" "CARGO_HOME=/opt/rustwide/cargo-home" "-e" "RUSTUP_HOME=/opt/rustwide/rustup-home" "-e" "CARGO_TARGET_DIR=/opt/rustwide/target" "-e" "CARGO_INCREMENTAL=0" "-e" "RUST_BACKTRACE=full" "-e" "RUSTFLAGS=--cap-lints=warn" "-e" "RUSTDOCFLAGS=--cap-lints=warn" "-w" "/opt/rustwide/workdir" "--user" "0:0" "65bec392c5843df888619d5cac0143a09edcb207058c6ae936185432299d7270" "/opt/rustwide/cargo-home/bin/cargo" "+1.99.0-beta.8" "test" "--frozen" "--release", kill_on_drop: false }`
[INFO] [stderr] warning: unused imports: `OCClassManager__ScriptInfo`, `OCClassManager__ScriptUnpacked`, `ResBinHeader`, `ResourcePackageRead__ExtInfo`, `ResourcePackageRead__FileInfo`, and `WorldFactory__WorldInfo`
[INFO] [stderr]   --> src/darksiders1/gfc.rs:18:42
[INFO] [stderr]    |
[INFO] [stderr] 18 |             worldfactory::{WorldFactory, WorldFactory__WorldInfo},
[INFO] [stderr]    |                                          ^^^^^^^^^^^^^^^^^^^^^^^
[INFO] [stderr] ...
[INFO] [stderr] 35 |             OCClassManager__ScriptInfo,
[INFO] [stderr]    |             ^^^^^^^^^^^^^^^^^^^^^^^^^^
[INFO] [stderr] 36 |             OCClassManager__ScriptUnpacked,
[INFO] [stderr]    |             ^^^^^^^^^^^^^^^^^^^^^^^^^^^^^^
[INFO] [stderr] ...
[INFO] [stderr] 70 |                 ResourcePackageRead__ExtInfo,
[INFO] [stderr]    |                 ^^^^^^^^^^^^^^^^^^^^^^^^^^^^
[INFO] [stderr] 71 |                 ResourcePackageRead__FileInfo,
[INFO] [stderr]    |                 ^^^^^^^^^^^^^^^^^^^^^^^^^^^^^
[INFO] [stderr] 72 |             },
[INFO] [stderr] 73 |             resourcepackagebin::{ResBinHeader, ResourcePackageBin},
[INFO] [stderr]    |                                  ^^^^^^^^^^^^
[INFO] [stderr]    |
[INFO] [stderr] note: the lint level is defined here
[INFO] [stderr]   --> src/lib.rs:1:73
[INFO] [stderr]    |
[INFO] [stderr]  1 | #![warn(future_incompatible, rust_2018_compatibility, rust_2018_idioms, unused)]
[INFO] [stderr]    |                                                                         ^^^^^^
[INFO] [stderr]    = note: `#[warn(unused_imports)]` implied by `#[warn(unused)]`
[INFO] [stderr] 
[INFO] [stderr] warning: fields `save_game_version`, `save_file_crc`, and `padding` are never read
[INFO] [stderr]   --> src/darksiders1/code/vigil/drivers/generic/save/keensavegamemanager.rs:11:9
[INFO] [stderr]    |
[INFO] [stderr]  9 | pub struct KeenSaveGameHeader {
[INFO] [stderr]    |            ------------------ fields in this struct
[INFO] [stderr] 10 |     pub header_name: [u8; 128],
[INFO] [stderr] 11 |     pub save_game_version: u32,
[INFO] [stderr]    |         ^^^^^^^^^^^^^^^^^
[INFO] [stderr] 12 |     pub save_file_crc: u32,
[INFO] [stderr]    |         ^^^^^^^^^^^^^
[INFO] [stderr] 13 |     pub padding: [u8; 508],
[INFO] [stderr]    |         ^^^^^^^
[INFO] [stderr]    |
[INFO] [stderr]    = note: `#[warn(dead_code)]` implied by `#[warn(unused)]`
[INFO] [stderr] 
[INFO] [stderr] warning: field `name` is never read
[INFO] [stderr]    --> src/darksiders1/code/vigil/gfc/oc/occlassmanager.rs:192:9
[INFO] [stderr]     |
[INFO] [stderr] 191 | pub struct OCClassManager__ScriptUnpacked {
[INFO] [stderr]     |            ------------------------------ field in this struct
[INFO] [stderr] 192 |     pub name: String,
[INFO] [stderr]     |         ^^^^
[INFO] [stderr] 
[INFO] [stderr] warning: fields `name` and `ext` are never read
[INFO] [stderr]  --> src/darksiders1/code/vigil/gfc/world/resource/resourcecache.rs:5:9
[INFO] [stderr]   |
[INFO] [stderr] 4 | pub struct ResourceLoadInfo<'b> {
[INFO] [stderr]   |            ---------------- fields in this struct
[INFO] [stderr] 5 |     pub name: &'b str,
[INFO] [stderr]   |         ^^^^
[INFO] [stderr] 6 |     pub ext: &'b str,
[INFO] [stderr]   |         ^^^
[INFO] [stderr] 
[INFO] [stderr] warning: `war` (lib) generated 4 warnings (run `cargo fix --lib -p war` to apply 1 suggestion)
[INFO] [stderr] warning: `war` (lib test) generated 4 warnings (4 duplicates)
[INFO] [stderr]     Finished `release` profile [optimized] target(s) in 0.12s
[INFO] [stderr]      Running unittests src/lib.rs (/opt/rustwide/target/release/deps/war-e3ed59419726d7a9)
[INFO] [stdout] 
[INFO] [stdout] running 16 tests
[INFO] [stdout] test dsav::tests::round_trip_player_save_data::new_game ... FAILED
[INFO] [stdout] test dsav::tests::round_trip_game_info::new_game ... FAILED
[INFO] [stdout] test dsav::tests::round_trip_player_save_data::hundo ... FAILED
[INFO] [stdout] test dsav::tests::round_trip_data::hundo ... FAILED
[INFO] [stdout] test dsav::tests::round_trip_json::new_game ... FAILED
[INFO] [stdout] test dsav::tests::round_trip_game_info::hundo ... FAILED
[INFO] [stdout] test dsav::tests::round_trip_json::hundo ... FAILED
[INFO] [stdout] test dsav::tests::round_trip_data::new_game ... FAILED
[INFO] [stdout] test dsav::tests::round_trip_world_data::hundo ... FAILED
[INFO] [stdout] test sav::tests::validate_slot ... ok
[INFO] [stderr] error: test failed, to rerun pass `--lib`
[INFO] [stdout] test obsp::tests::smoke_test ... FAILED
[INFO] [stdout] test worlds::tests::smoke_test ... FAILED
[INFO] [stdout] test sav::tests::read_new_game ... FAILED
[INFO] [stdout] test sav::tests::round_trip_new_game ... FAILED
[INFO] [stdout] test sav::tests::read_empty ... FAILED
[INFO] [stdout] test dsav::tests::round_trip_world_data::new_game ... FAILED
[INFO] [stdout] 
[INFO] [stdout] failures:
[INFO] [stdout] 
[INFO] [stdout] ---- dsav::tests::round_trip_player_save_data::new_game stdout ----
[INFO] [stdout] Error: Os { code: 2, kind: NotFound, message: "No such file or directory" }
[INFO] [stdout] 
[INFO] [stdout]    0: <backtrace::capture::Backtrace>::create
[INFO] [stdout]    1: <failure::backtrace::Backtrace>::new
[INFO] [stdout]    2: <failure::error::error_impl::ErrorImpl as core::convert::From<core::io::error::Error>>::from
[INFO] [stdout]    3: <war::dsav::tests::round_trip_player_save_data::new_game::{closure#0} as core::ops::function::FnOnce<()>>::call_once
[INFO] [stdout]    4: test::__rust_begin_short_backtrace::<core::result::Result<(), alloc::string::String>, fn() -> core::result::Result<(), alloc::string::String>>
[INFO] [stdout]    5: test::run_test::{closure#0}
[INFO] [stdout]    6: std::sys::backtrace::__rust_begin_short_backtrace::<test::run_test::{closure#1}, ()>
[INFO] [stdout]    7: <std::thread::lifecycle::spawn_unchecked<test::run_test::{closure#1}, ()>::{closure#1} as core::ops::function::FnOnce<()>>::call_once::{shim:vtable#0}
[INFO] [stdout]    8: <std::sys::thread::unix::Thread>::new::thread_start
[INFO] [stdout]    9: <unknown>
[INFO] [stdout]   10: clone
[INFO] [stdout] 
[INFO] [stdout] 
[INFO] [stdout] ---- dsav::tests::round_trip_game_info::new_game stdout ----
[INFO] [stdout] Error: Os { code: 2, kind: NotFound, message: "No such file or directory" }
[INFO] [stdout] 
[INFO] [stdout]    0: <backtrace::capture::Backtrace>::create
[INFO] [stdout]    1: <failure::backtrace::Backtrace>::new
[INFO] [stdout]    2: <failure::error::error_impl::ErrorImpl as core::convert::From<core::io::error::Error>>::from
[INFO] [stdout]    3: war::dsav::tests::round_trip_game_info::new_game
[INFO] [stdout]    4: <war::dsav::tests::round_trip_game_info::new_game::{closure#0} as core::ops::function::FnOnce<()>>::call_once
[INFO] [stdout]    5: test::__rust_begin_short_backtrace::<core::result::Result<(), alloc::string::String>, fn() -> core::result::Result<(), alloc::string::String>>
[INFO] [stdout]    6: test::run_test::{closure#0}
[INFO] [stdout]    7: std::sys::backtrace::__rust_begin_short_backtrace::<test::run_test::{closure#1}, ()>
[INFO] [stdout]    8: <std::thread::lifecycle::spawn_unchecked<test::run_test::{closure#1}, ()>::{closure#1} as core::ops::function::FnOnce<()>>::call_once::{shim:vtable#0}
[INFO] [stdout]    9: <std::sys::thread::unix::Thread>::new::thread_start
[INFO] [stdout]   10: <unknown>
[INFO] [stdout]   11: clone
[INFO] [stdout] 
[INFO] [stdout] 
[INFO] [stdout] ---- dsav::tests::round_trip_player_save_data::hundo stdout ----
[INFO] [stdout] Error: Os { code: 2, kind: NotFound, message: "No such file or directory" }
[INFO] [stdout] 
[INFO] [stdout]    0: <backtrace::capture::Backtrace>::create
[INFO] [stdout]    1: <failure::backtrace::Backtrace>::new
[INFO] [stdout]    2: <failure::error::error_impl::ErrorImpl as core::convert::From<core::io::error::Error>>::from
[INFO] [stdout]    3: <war::dsav::tests::round_trip_player_save_data::hundo::{closure#0} as core::ops::function::FnOnce<()>>::call_once
[INFO] [stdout]    4: test::__rust_begin_short_backtrace::<core::result::Result<(), alloc::string::String>, fn() -> core::result::Result<(), alloc::string::String>>
[INFO] [stdout]    5: test::run_test::{closure#0}
[INFO] [stdout]    6: std::sys::backtrace::__rust_begin_short_backtrace::<test::run_test::{closure#1}, ()>
[INFO] [stdout]    7: <std::thread::lifecycle::spawn_unchecked<test::run_test::{closure#1}, ()>::{closure#1} as core::ops::function::FnOnce<()>>::call_once::{shim:vtable#0}
[INFO] [stdout]    8: <std::sys::thread::unix::Thread>::new::thread_start
[INFO] [stdout]    9: <unknown>
[INFO] [stdout]   10: clone
[INFO] [stdout] 
[INFO] [stdout] 
[INFO] [stdout] ---- dsav::tests::round_trip_data::hundo stdout ----
[INFO] [stdout] Error: Os { code: 2, kind: NotFound, message: "No such file or directory" }
[INFO] [stdout] 
[INFO] [stdout]    0: <backtrace::capture::Backtrace>::create
[INFO] [stdout]    1: <failure::backtrace::Backtrace>::new
[INFO] [stdout]    2: <failure::error::error_impl::ErrorImpl as core::convert::From<core::io::error::Error>>::from
[INFO] [stdout]    3: war::dsav::tests::round_trip_data::hundo
[INFO] [stdout]    4: <war::dsav::tests::round_trip_data::hundo::{closure#0} as core::ops::function::FnOnce<()>>::call_once
[INFO] [stdout]    5: test::__rust_begin_short_backtrace::<core::result::Result<(), alloc::string::String>, fn() -> core::result::Result<(), alloc::string::String>>
[INFO] [stdout]    6: test::run_test::{closure#0}
[INFO] [stdout]    7: std::sys::backtrace::__rust_begin_short_backtrace::<test::run_test::{closure#1}, ()>
[INFO] [stdout]    8: <std::thread::lifecycle::spawn_unchecked<test::run_test::{closure#1}, ()>::{closure#1} as core::ops::function::FnOnce<()>>::call_once::{shim:vtable#0}
[INFO] [stdout]    9: <std::sys::thread::unix::Thread>::new::thread_start
[INFO] [stdout]   10: <unknown>
[INFO] [stdout]   11: clone
[INFO] [stdout] 
[INFO] [stdout] 
[INFO] [stdout] ---- dsav::tests::round_trip_json::new_game stdout ----
[INFO] [stdout] Error: Os { code: 2, kind: NotFound, message: "No such file or directory" }
[INFO] [stdout] 
[INFO] [stdout]    0: <backtrace::capture::Backtrace>::create
[INFO] [stdout]    1: <failure::backtrace::Backtrace>::new
[INFO] [stdout]    2: <failure::error::error_impl::ErrorImpl as core::convert::From<core::io::error::Error>>::from
[INFO] [stdout]    3: war::dsav::tests::round_trip_json::new_game
[INFO] [stdout]    4: <war::dsav::tests::round_trip_json::new_game::{closure#0} as core::ops::function::FnOnce<()>>::call_once
[INFO] [stdout]    5: test::__rust_begin_short_backtrace::<core::result::Result<(), alloc::string::String>, fn() -> core::result::Result<(), alloc::string::String>>
[INFO] [stdout]    6: test::run_test::{closure#0}
[INFO] [stdout]    7: std::sys::backtrace::__rust_begin_short_backtrace::<test::run_test::{closure#1}, ()>
[INFO] [stdout]    8: <std::thread::lifecycle::spawn_unchecked<test::run_test::{closure#1}, ()>::{closure#1} as core::ops::function::FnOnce<()>>::call_once::{shim:vtable#0}
[INFO] [stdout]    9: <std::sys::thread::unix::Thread>::new::thread_start
[INFO] [stdout]   10: <unknown>
[INFO] [stdout]   11: clone
[INFO] [stdout] 
[INFO] [stdout] 
[INFO] [stdout] ---- dsav::tests::round_trip_game_info::hundo stdout ----
[INFO] [stdout] Error: Os { code: 2, kind: NotFound, message: "No such file or directory" }
[INFO] [stdout] 
[INFO] [stdout]    0: <backtrace::capture::Backtrace>::create
[INFO] [stdout]    1: <failure::backtrace::Backtrace>::new
[INFO] [stdout]    2: <failure::error::error_impl::ErrorImpl as core::convert::From<core::io::error::Error>>::from
[INFO] [stdout]    3: war::dsav::tests::round_trip_game_info::hundo
[INFO] [stdout]    4: <war::dsav::tests::round_trip_game_info::hundo::{closure#0} as core::ops::function::FnOnce<()>>::call_once
[INFO] [stdout]    5: test::__rust_begin_short_backtrace::<core::result::Result<(), alloc::string::String>, fn() -> core::result::Result<(), alloc::string::String>>
[INFO] [stdout]    6: test::run_test::{closure#0}
[INFO] [stdout]    7: std::sys::backtrace::__rust_begin_short_backtrace::<test::run_test::{closure#1}, ()>
[INFO] [stdout]    8: <std::thread::lifecycle::spawn_unchecked<test::run_test::{closure#1}, ()>::{closure#1} as core::ops::function::FnOnce<()>>::call_once::{shim:vtable#0}
[INFO] [stdout]    9: <std::sys::thread::unix::Thread>::new::thread_start
[INFO] [stdout]   10: <unknown>
[INFO] [stdout]   11: clone
[INFO] [stdout] 
[INFO] [stdout] 
[INFO] [stdout] ---- dsav::tests::round_trip_json::hundo stdout ----
[INFO] [stdout] Error: Os { code: 2, kind: NotFound, message: "No such file or directory" }
[INFO] [stdout] 
[INFO] [stdout]    0: <backtrace::capture::Backtrace>::create
[INFO] [stdout]    1: <failure::backtrace::Backtrace>::new
[INFO] [stdout]    2: <failure::error::error_impl::ErrorImpl as core::convert::From<core::io::error::Error>>::from
[INFO] [stdout]    3: war::dsav::tests::round_trip_json::hundo
[INFO] [stdout]    4: <war::dsav::tests::round_trip_json::hundo::{closure#0} as core::ops::function::FnOnce<()>>::call_once
[INFO] [stdout]    5: test::__rust_begin_short_backtrace::<core::result::Result<(), alloc::string::String>, fn() -> core::result::Result<(), alloc::string::String>>
[INFO] [stdout]    6: test::run_test::{closure#0}
[INFO] [stdout]    7: std::sys::backtrace::__rust_begin_short_backtrace::<test::run_test::{closure#1}, ()>
[INFO] [stdout]    8: <std::thread::lifecycle::spawn_unchecked<test::run_test::{closure#1}, ()>::{closure#1} as core::ops::function::FnOnce<()>>::call_once::{shim:vtable#0}
[INFO] [stdout]    9: <std::sys::thread::unix::Thread>::new::thread_start
[INFO] [stdout]   10: <unknown>
[INFO] [stdout]   11: clone
[INFO] [stdout] 
[INFO] [stdout] 
[INFO] [stdout] ---- dsav::tests::round_trip_data::new_game stdout ----
[INFO] [stdout] Error: Os { code: 2, kind: NotFound, message: "No such file or directory" }
[INFO] [stdout] 
[INFO] [stdout]    0: <backtrace::capture::Backtrace>::create
[INFO] [stdout]    1: <failure::backtrace::Backtrace>::new
[INFO] [stdout]    2: <failure::error::error_impl::ErrorImpl as core::convert::From<core::io::error::Error>>::from
[INFO] [stdout]    3: war::dsav::tests::round_trip_data::new_game
[INFO] [stdout]    4: <war::dsav::tests::round_trip_data::new_game::{closure#0} as core::ops::function::FnOnce<()>>::call_once
[INFO] [stdout]    5: test::__rust_begin_short_backtrace::<core::result::Result<(), alloc::string::String>, fn() -> core::result::Result<(), alloc::string::String>>
[INFO] [stdout]    6: test::run_test::{closure#0}
[INFO] [stdout]    7: std::sys::backtrace::__rust_begin_short_backtrace::<test::run_test::{closure#1}, ()>
[INFO] [stdout]    8: <std::thread::lifecycle::spawn_unchecked<test::run_test::{closure#1}, ()>::{closure#1} as core::ops::function::FnOnce<()>>::call_once::{shim:vtable#0}
[INFO] [stdout]    9: <std::sys::thread::unix::Thread>::new::thread_start
[INFO] [stdout]   10: <unknown>
[INFO] [stdout]   11: clone
[INFO] [stdout] 
[INFO] [stdout] 
[INFO] [stdout] ---- dsav::tests::round_trip_world_data::hundo stdout ----
[INFO] [stdout] Error: Os { code: 2, kind: NotFound, message: "No such file or directory" }
[INFO] [stdout] 
[INFO] [stdout]    0: <backtrace::capture::Backtrace>::create
[INFO] [stdout]    1: <failure::backtrace::Backtrace>::new
[INFO] [stdout]    2: <failure::error::error_impl::ErrorImpl as core::convert::From<core::io::error::Error>>::from
[INFO] [stdout]    3: war::dsav::tests::round_trip_world_data::hundo
[INFO] [stdout]    4: <war::dsav::tests::round_trip_world_data::hundo::{closure#0} as core::ops::function::FnOnce<()>>::call_once
[INFO] [stdout]    5: test::__rust_begin_short_backtrace::<core::result::Result<(), alloc::string::String>, fn() -> core::result::Result<(), alloc::string::String>>
[INFO] [stdout]    6: test::run_test::{closure#0}
[INFO] [stdout]    7: std::sys::backtrace::__rust_begin_short_backtrace::<test::run_test::{closure#1}, ()>
[INFO] [stdout]    8: <std::thread::lifecycle::spawn_unchecked<test::run_test::{closure#1}, ()>::{closure#1} as core::ops::function::FnOnce<()>>::call_once::{shim:vtable#0}
[INFO] [stdout]    9: <std::sys::thread::unix::Thread>::new::thread_start
[INFO] [stdout]   10: <unknown>
[INFO] [stdout]   11: clone
[INFO] [stdout] 
[INFO] [stdout] 
[INFO] [stdout] ---- obsp::tests::smoke_test stdout ----
[INFO] [stdout] Error: Os { code: 2, kind: NotFound, message: "No such file or directory" }
[INFO] [stdout] 
[INFO] [stdout]    0: <backtrace::capture::Backtrace>::create
[INFO] [stdout]    1: <failure::backtrace::Backtrace>::new
[INFO] [stdout]    2: <failure::error::error_impl::ErrorImpl as core::convert::From<core::io::error::Error>>::from
[INFO] [stdout]    3: war::obsp::tests::smoke_test
[INFO] [stdout]    4: <war::obsp::tests::smoke_test::{closure#0} as core::ops::function::FnOnce<()>>::call_once
[INFO] [stdout]    5: test::__rust_begin_short_backtrace::<core::result::Result<(), alloc::string::String>, fn() -> core::result::Result<(), alloc::string::String>>
[INFO] [stdout]    6: test::run_test::{closure#0}
[INFO] [stdout]    7: std::sys::backtrace::__rust_begin_short_backtrace::<test::run_test::{closure#1}, ()>
[INFO] [stdout]    8: <std::thread::lifecycle::spawn_unchecked<test::run_test::{closure#1}, ()>::{closure#1} as core::ops::function::FnOnce<()>>::call_once::{shim:vtable#0}
[INFO] [stdout]    9: <std::sys::thread::unix::Thread>::new::thread_start
[INFO] [stdout]   10: <unknown>
[INFO] [stdout]   11: clone
[INFO] [stdout] 
[INFO] [stdout] 
[INFO] [stdout] ---- worlds::tests::smoke_test stdout ----
[INFO] [stdout] Error: Os { code: 2, kind: NotFound, message: "No such file or directory" }
[INFO] [stdout] 
[INFO] [stdout]    0: <backtrace::capture::Backtrace>::create
[INFO] [stdout]    1: <failure::backtrace::Backtrace>::new
[INFO] [stdout]    2: <failure::error::error_impl::ErrorImpl as core::convert::From<core::io::error::Error>>::from
[INFO] [stdout]    3: war::worlds::tests::smoke_test
[INFO] [stdout]    4: <war::worlds::tests::smoke_test::{closure#0} as core::ops::function::FnOnce<()>>::call_once
[INFO] [stdout]    5: test::__rust_begin_short_backtrace::<core::result::Result<(), alloc::string::String>, fn() -> core::result::Result<(), alloc::string::String>>
[INFO] [stdout]    6: test::run_test::{closure#0}
[INFO] [stdout]    7: std::sys::backtrace::__rust_begin_short_backtrace::<test::run_test::{closure#1}, ()>
[INFO] [stdout]    8: <std::thread::lifecycle::spawn_unchecked<test::run_test::{closure#1}, ()>::{closure#1} as core::ops::function::FnOnce<()>>::call_once::{shim:vtable#0}
[INFO] [stdout]    9: <std::sys::thread::unix::Thread>::new::thread_start
[INFO] [stdout]   10: <unknown>
[INFO] [stdout]   11: clone
[INFO] [stdout] 
[INFO] [stdout] 
[INFO] [stdout] ---- sav::tests::read_new_game stdout ----
[INFO] [stdout] Error: Os { code: 2, kind: NotFound, message: "No such file or directory" }
[INFO] [stdout] 
[INFO] [stdout]    0: <backtrace::capture::Backtrace>::create
[INFO] [stdout]    1: <failure::backtrace::Backtrace>::new
[INFO] [stdout]    2: <failure::error::error_impl::ErrorImpl as core::convert::From<core::io::error::Error>>::from
[INFO] [stdout]    3: war::sav::tests::read_new_game
[INFO] [stdout]    4: <war::sav::tests::read_new_game::{closure#0} as core::ops::function::FnOnce<()>>::call_once
[INFO] [stdout]    5: test::__rust_begin_short_backtrace::<core::result::Result<(), alloc::string::String>, fn() -> core::result::Result<(), alloc::string::String>>
[INFO] [stdout]    6: test::run_test::{closure#0}
[INFO] [stdout]    7: std::sys::backtrace::__rust_begin_short_backtrace::<test::run_test::{closure#1}, ()>
[INFO] [stdout]    8: <std::thread::lifecycle::spawn_unchecked<test::run_test::{closure#1}, ()>::{closure#1} as core::ops::function::FnOnce<()>>::call_once::{shim:vtable#0}
[INFO] [stdout]    9: <std::sys::thread::unix::Thread>::new::thread_start
[INFO] [stdout]   10: <unknown>
[INFO] [stdout]   11: clone
[INFO] [stdout] 
[INFO] [stdout] 
[INFO] [stdout] ---- sav::tests::round_trip_new_game stdout ----
[INFO] [stdout] Error: Os { code: 2, kind: NotFound, message: "No such file or directory" }
[INFO] [stdout] 
[INFO] [stdout]    0: <backtrace::capture::Backtrace>::create
[INFO] [stdout]    1: <failure::backtrace::Backtrace>::new
[INFO] [stdout]    2: <failure::error::error_impl::ErrorImpl as core::convert::From<core::io::error::Error>>::from
[INFO] [stdout]    3: war::sav::tests::round_trip_new_game
[INFO] [stdout]    4: <war::sav::tests::round_trip_new_game::{closure#0} as core::ops::function::FnOnce<()>>::call_once
[INFO] [stdout]    5: test::__rust_begin_short_backtrace::<core::result::Result<(), alloc::string::String>, fn() -> core::result::Result<(), alloc::string::String>>
[INFO] [stdout]    6: test::run_test::{closure#0}
[INFO] [stdout]    7: std::sys::backtrace::__rust_begin_short_backtrace::<test::run_test::{closure#1}, ()>
[INFO] [stdout]    8: <std::thread::lifecycle::spawn_unchecked<test::run_test::{closure#1}, ()>::{closure#1} as core::ops::function::FnOnce<()>>::call_once::{shim:vtable#0}
[INFO] [stdout]    9: <std::sys::thread::unix::Thread>::new::thread_start
[INFO] [stdout]   10: <unknown>
[INFO] [stdout]   11: clone
[INFO] [stdout] 
[INFO] [stdout] 
[INFO] [stdout] ---- sav::tests::read_empty stdout ----
[INFO] [stdout] Error: Os { code: 2, kind: NotFound, message: "No such file or directory" }
[INFO] [stdout] 
[INFO] [stdout]    0: <backtrace::capture::Backtrace>::create
[INFO] [stdout]    1: <failure::backtrace::Backtrace>::new
[INFO] [stdout]    2: <failure::error::error_impl::ErrorImpl as core::convert::From<core::io::error::Error>>::from
[INFO] [stdout]    3: war::sav::tests::read_empty
[INFO] [stdout]    4: <war::sav::tests::read_empty::{closure#0} as core::ops::function::FnOnce<()>>::call_once
[INFO] [stdout]    5: test::__rust_begin_short_backtrace::<core::result::Result<(), alloc::string::String>, fn() -> core::result::Result<(), alloc::string::String>>
[INFO] [stdout]    6: test::run_test::{closure#0}
[INFO] [stdout]    7: std::sys::backtrace::__rust_begin_short_backtrace::<test::run_test::{closure#1}, ()>
[INFO] [stdout]    8: <std::thread::lifecycle::spawn_unchecked<test::run_test::{closure#1}, ()>::{closure#1} as core::ops::function::FnOnce<()>>::call_once::{shim:vtable#0}
[INFO] [stdout]    9: <std::sys::thread::unix::Thread>::new::thread_start
[INFO] [stdout]   10: <unknown>
[INFO] [stdout]   11: clone
[INFO] [stdout] 
[INFO] [stdout] 
[INFO] [stdout] ---- dsav::tests::round_trip_world_data::new_game stdout ----
[INFO] [stdout] Error: Os { code: 2, kind: NotFound, message: "No such file or directory" }
[INFO] [stdout] 
[INFO] [stdout]    0: <backtrace::capture::Backtrace>::create
[INFO] [stdout]    1: <failure::backtrace::Backtrace>::new
[INFO] [stdout]    2: <failure::error::error_impl::ErrorImpl as core::convert::From<core::io::error::Error>>::from
[INFO] [stdout]    3: war::dsav::tests::round_trip_world_data::new_game
[INFO] [stdout]    4: <war::dsav::tests::round_trip_world_data::new_game::{closure#0} as core::ops::function::FnOnce<()>>::call_once
[INFO] [stdout]    5: test::__rust_begin_short_backtrace::<core::result::Result<(), alloc::string::String>, fn() -> core::result::Result<(), alloc::string::String>>
[INFO] [stdout]    6: test::run_test::{closure#0}
[INFO] [stdout]    7: std::sys::backtrace::__rust_begin_short_backtrace::<test::run_test::{closure#1}, ()>
[INFO] [stdout]    8: <std::thread::lifecycle::spawn_unchecked<test::run_test::{closure#1}, ()>::{closure#1} as core::ops::function::FnOnce<()>>::call_once::{shim:vtable#0}
[INFO] [stdout]    9: <std::sys::thread::unix::Thread>::new::thread_start
[INFO] [stdout]   10: <unknown>
[INFO] [stdout]   11: clone
[INFO] [stdout] 
[INFO] [stdout] 
[INFO] [stdout] 
[INFO] [stdout] failures:
[INFO] [stdout]     dsav::tests::round_trip_data::hundo
[INFO] [stdout]     dsav::tests::round_trip_data::new_game
[INFO] [stdout]     dsav::tests::round_trip_game_info::hundo
[INFO] [stdout]     dsav::tests::round_trip_game_info::new_game
[INFO] [stdout]     dsav::tests::round_trip_json::hundo
[INFO] [stdout]     dsav::tests::round_trip_json::new_game
[INFO] [stdout]     dsav::tests::round_trip_player_save_data::hundo
[INFO] [stdout]     dsav::tests::round_trip_player_save_data::new_game
[INFO] [stdout]     dsav::tests::round_trip_world_data::hundo
[INFO] [stdout]     dsav::tests::round_trip_world_data::new_game
[INFO] [stdout]     obsp::tests::smoke_test
[INFO] [stdout]     sav::tests::read_empty
[INFO] [stdout]     sav::tests::read_new_game
[INFO] [stdout]     sav::tests::round_trip_new_game
[INFO] [stdout]     worlds::tests::smoke_test
[INFO] [stdout] 
[INFO] [stdout] test result: FAILED. 1 passed; 15 failed; 0 ignored; 0 measured; 0 filtered out; finished in 0.03s
[INFO] [stdout] 
[INFO] running `Command { std: "docker" "inspect" "65bec392c5843df888619d5cac0143a09edcb207058c6ae936185432299d7270", kill_on_drop: false }`
[INFO] running `Command { std: "docker" "rm" "-f" "65bec392c5843df888619d5cac0143a09edcb207058c6ae936185432299d7270", kill_on_drop: false }`
[INFO] [stdout] 65bec392c5843df888619d5cac0143a09edcb207058c6ae936185432299d7270
