[INFO] fetching crate wappu 0.3.0...
[INFO] testing wappu-0.3.0 against 1.99.0-beta.8+cargoflags=--release for beta-release-1.100-2
[INFO] extracting crate wappu 0.3.0 into /workspace/builds/worker-5-tc1/source
[INFO] started tweaking crates.io crate wappu 0.3.0
[INFO] finished tweaking crates.io crate wappu 0.3.0
[INFO] tweaked toml for crates.io crate wappu 0.3.0 written to /workspace/builds/worker-5-tc1/source/Cargo.toml
[INFO] validating manifest of crates.io crate wappu 0.3.0 on toolchain 1.99.0-beta.8
[INFO] running `Command { std: CARGO_HOME="/workspace/cargo-home" RUSTUP_HOME="/workspace/rustup-home" "/workspace/cargo-home/bin/cargo" "+1.99.0-beta.8" "metadata" "--manifest-path" "Cargo.toml" "--no-deps", kill_on_drop: false }`
[INFO] running `Command { std: CARGO_HOME="/workspace/cargo-home" RUSTUP_HOME="/workspace/rustup-home" "/workspace/cargo-home/bin/cargo" "+1.99.0-beta.8" "generate-lockfile" "--manifest-path" "Cargo.toml", kill_on_drop: false }`
[INFO] [stderr]     Updating crates.io index
[INFO] [stderr]      Locking 197 packages to highest compatible versions
[INFO] [stderr]       Adding html5ever v0.26.0 (available: v0.40.1)
[INFO] [stderr]       Adding markup5ever v0.11.0 (available: v0.40.0)
[INFO] [stderr]       Adding markup5ever_rcdom v0.2.0 (available: v0.39.0+unofficial)
[INFO] [stderr]       Adding reqwest v0.11.27 (available: v0.13.5)
[INFO] running `Command { std: CARGO_HOME="/workspace/cargo-home" RUSTUP_HOME="/workspace/rustup-home" "/workspace/cargo-home/bin/cargo" "+1.99.0-beta.8" "fetch" "--manifest-path" "Cargo.toml", kill_on_drop: false }`
[INFO] [stderr]  Downloading crates ...
[INFO] [stderr]   Downloaded xml5ever v0.17.0
[INFO] [stderr]   Downloaded markup5ever_rcdom v0.2.0
[INFO] running `Command { std: "docker" "create" "-v" "/var/lib/crater-agent-workspace/builds/worker-5-tc1/source:/opt/rustwide/workdir:ro,Z" "-v" "/var/lib/crater-agent-workspace/builds/worker-5-tc1/target:/opt/rustwide/target:rw,Z" "-v" "/var/lib/crater-agent-workspace/cargo-home:/opt/rustwide/cargo-home:ro,Z" "-v" "/var/lib/crater-agent-workspace/rustup-home:/opt/rustwide/rustup-home:ro,Z" "-m" "1610612736" "--network" "none" "ghcr.io/rust-lang/crates-build-env/linux@sha256:77db811e55d90add9212f6832c23229e3de5f1c1f9905e8cb07319ea15df73ac" "sleep" "infinity", kill_on_drop: false }`
[INFO] [stdout] 43792f1605a663481782eb1d90cd57d083de855e7113cd313c980163e7959f10
[INFO] running `Command { std: "docker" "start" "43792f1605a663481782eb1d90cd57d083de855e7113cd313c980163e7959f10", kill_on_drop: false }`
[INFO] running `Command { std: "docker" "inspect" "43792f1605a663481782eb1d90cd57d083de855e7113cd313c980163e7959f10", kill_on_drop: false }`
[INFO] running `Command { std: "docker" "exec" "-e" "SOURCE_DIR=/opt/rustwide/workdir" "-e" "CARGO_HOME=/opt/rustwide/cargo-home" "-e" "RUSTUP_HOME=/opt/rustwide/rustup-home" "-e" "CARGO_TARGET_DIR=/opt/rustwide/target" "-w" "/opt/rustwide/workdir" "--user" "0:0" "43792f1605a663481782eb1d90cd57d083de855e7113cd313c980163e7959f10" "/opt/rustwide/cargo-home/bin/cargo" "+1.99.0-beta.8" "metadata" "--no-deps" "--format-version=1", kill_on_drop: false }`
[INFO] running `Command { std: "docker" "inspect" "43792f1605a663481782eb1d90cd57d083de855e7113cd313c980163e7959f10", kill_on_drop: false }`
[INFO] running `Command { std: "docker" "exec" "-e" "SOURCE_DIR=/opt/rustwide/workdir" "-e" "CARGO_HOME=/opt/rustwide/cargo-home" "-e" "RUSTUP_HOME=/opt/rustwide/rustup-home" "-e" "CARGO_TARGET_DIR=/opt/rustwide/target" "-e" "CARGO_INCREMENTAL=0" "-e" "RUST_BACKTRACE=full" "-e" "RUSTFLAGS=--cap-lints=warn" "-e" "RUSTDOCFLAGS=--cap-lints=warn" "-w" "/opt/rustwide/workdir" "--user" "0:0" "43792f1605a663481782eb1d90cd57d083de855e7113cd313c980163e7959f10" "/opt/rustwide/cargo-home/bin/cargo" "+1.99.0-beta.8" "build" "--frozen" "--message-format=json" "--release", kill_on_drop: false }`
[INFO] [stderr]    Compiling smallvec v1.16.3
[INFO] [stderr]    Compiling libc v0.2.191
[INFO] [stderr]    Compiling zerocopy v0.8.63
[INFO] [stderr]    Compiling cc v1.8.0
[INFO] [stderr]    Compiling pkg-config v0.3.34
[INFO] [stderr]    Compiling siphasher v1.0.4
[INFO] [stderr]    Compiling syn v3.0.9
[INFO] [stderr]    Compiling errno v0.3.14
[INFO] [stderr]    Compiling phf_shared v0.10.0
[INFO] [stderr]    Compiling mio v1.2.4
[INFO] [stderr]    Compiling socket2 v0.6.5
[INFO] [stderr]    Compiling new_debug_unreachable v1.0.6
[INFO] [stderr]    Compiling syn v2.0.119
[INFO] [stderr]    Compiling openssl v0.10.81
[INFO] [stderr]    Compiling siphasher v0.3.11
[INFO] [stderr]    Compiling futf v0.1.5
[INFO] [stderr]    Compiling parking_lot_core v0.9.12
[INFO] [stderr]    Compiling signal-hook-registry v1.4.8
[INFO] [stderr]    Compiling http v0.2.12
[INFO] [stderr]    Compiling num-conv v0.2.2
[INFO] [stderr]    Compiling phf_shared v0.11.3
[INFO] [stderr]    Compiling time-core v0.1.9
[INFO] [stderr]    Compiling parking_lot v0.12.5
[INFO] [stderr]    Compiling futures-task v0.3.34
[INFO] [stderr]    Compiling bitflags v2.13.2
[INFO] [stderr]    Compiling equivalent v1.0.3
[INFO] [stderr]    Compiling cookie v0.17.0
[INFO] [stderr]    Compiling futures-util v0.3.34
[INFO] [stderr]    Compiling indexmap v2.14.2
[INFO] [stderr]    Compiling tendril v0.4.3
[INFO] [stderr]    Compiling time-macros v0.2.32
[INFO] [stderr]    Compiling phf v0.10.1
[INFO] [stderr]    Compiling syn v1.0.109
[INFO] [stderr]    Compiling powerfmt v0.2.1
[INFO] [stderr]    Compiling deranged v0.5.9
[INFO] [stderr]    Compiling want v0.3.2
[INFO] [stderr]    Compiling encoding_rs v0.8.42
[INFO] [stderr]    Compiling futures-channel v0.3.34
[INFO] [stderr]    Compiling socket2 v0.5.10
[INFO] [stderr]    Compiling unicode-bidi v0.3.18
[INFO] [stderr]    Compiling psl-types v2.0.11
[INFO] [stderr]    Compiling serde_json v1.0.154
[INFO] [stderr]    Compiling core_detect v1.0.0
[INFO] [stderr]    Compiling simdutf8 v0.1.5
[INFO] [stderr]    Compiling http-body v0.4.6
[INFO] [stderr]    Compiling base64 v0.21.7
[INFO] [stderr]    Compiling multiversion_no_op v1.0.0
[INFO] [stderr]    Compiling idna v0.3.0
[INFO] [stderr]    Compiling rustls-pemfile v1.0.4
[INFO] [stderr]    Compiling getrandom v0.2.17
[INFO] [stderr]    Compiling rand_core v0.6.4
[INFO] [stderr]    Compiling ipnet v2.12.2
[INFO] [stderr]    Compiling openssl-sys v0.9.117
[INFO] [stderr]    Compiling sync_wrapper v0.1.2
[INFO] [stderr]    Compiling native-tls v0.2.18
[INFO] [stderr]    Compiling time v0.3.55
[INFO] [stderr]    Compiling openssl-macros v0.1.1
[INFO] [stderr]    Compiling html5ever v0.26.0
[INFO] [stderr]    Compiling synstructure v0.14.0
[INFO] [stderr]    Compiling zerofrom-derive v0.1.8
[INFO] [stderr]    Compiling yoke-derive v0.8.4
[INFO] [stderr]    Compiling zerovec-derive v0.11.6
[INFO] [stderr]    Compiling displaydoc v0.2.7
[INFO] [stderr]    Compiling serde_derive v1.0.229
[INFO] [stderr]    Compiling tokio-macros v2.7.2
[INFO] [stderr]    Compiling ppv-lite86 v0.2.21
[INFO] [stderr]    Compiling tokio v1.53.3
[INFO] [stderr]    Compiling rand_chacha v0.3.1
[INFO] [stderr]    Compiling rand v0.8.8
[INFO] [stderr]    Compiling zerofrom v0.1.8
[INFO] [stderr]    Compiling yoke v0.8.3
[INFO] [stderr]    Compiling phf_generator v0.10.0
[INFO] [stderr]    Compiling phf_generator v0.11.3
[INFO] [stderr]    Compiling zerotrie v0.2.5
[INFO] [stderr]    Compiling string_cache_codegen v0.5.4
[INFO] [stderr]    Compiling phf_codegen v0.10.0
[INFO] [stderr]    Compiling zerovec v0.11.8
[INFO] [stderr]    Compiling markup5ever v0.11.0
[INFO] [stderr]    Compiling tinystr v0.8.4
[INFO] [stderr]    Compiling potential_utf v0.1.6
[INFO] [stderr]    Compiling icu_collections v2.3.0
[INFO] [stderr]    Compiling icu_locale_core v2.3.0
[INFO] [stderr]    Compiling icu_provider v2.3.1
[INFO] [stderr]    Compiling serde v1.0.229
[INFO] [stderr]    Compiling icu_properties v2.3.0
[INFO] [stderr]    Compiling icu_normalizer v2.3.0
[INFO] [stderr]    Compiling string_cache v0.8.9
[INFO] [stderr]    Compiling serde_urlencoded v0.7.1
[INFO] [stderr]    Compiling xml5ever v0.17.0
[INFO] [stderr]    Compiling idna_adapter v1.2.2
[INFO] [stderr]    Compiling idna v1.1.0
[INFO] [stderr]    Compiling markup5ever_rcdom v0.2.0
[INFO] [stderr]    Compiling url v2.5.8
[INFO] [stderr]    Compiling publicsuffix v2.3.0
[INFO] [stderr]    Compiling cookie_store v0.20.0
[INFO] [stderr]    Compiling tokio-util v0.7.20
[INFO] [stderr]    Compiling tokio-native-tls v0.3.1
[INFO] [stderr]    Compiling h2 v0.3.27
[INFO] [stderr]    Compiling hyper v0.14.32
[INFO] [stderr]    Compiling hyper-tls v0.5.0
[INFO] [stderr]    Compiling reqwest v0.11.27
[INFO] [stderr]    Compiling wappu v0.3.0 (/opt/rustwide/workdir)
[INFO] [stderr]     Finished `release` profile [optimized] target(s) in 1m 27s
[INFO] running `Command { std: "docker" "inspect" "43792f1605a663481782eb1d90cd57d083de855e7113cd313c980163e7959f10", kill_on_drop: false }`
[INFO] running `Command { std: "docker" "exec" "-e" "SOURCE_DIR=/opt/rustwide/workdir" "-e" "CARGO_HOME=/opt/rustwide/cargo-home" "-e" "RUSTUP_HOME=/opt/rustwide/rustup-home" "-e" "CARGO_TARGET_DIR=/opt/rustwide/target" "-e" "CARGO_INCREMENTAL=0" "-e" "RUST_BACKTRACE=full" "-e" "RUSTFLAGS=--cap-lints=warn" "-e" "RUSTDOCFLAGS=--cap-lints=warn" "-w" "/opt/rustwide/workdir" "--user" "0:0" "43792f1605a663481782eb1d90cd57d083de855e7113cd313c980163e7959f10" "/opt/rustwide/cargo-home/bin/cargo" "+1.99.0-beta.8" "test" "--frozen" "--no-run" "--message-format=json" "--release", kill_on_drop: false }`
[INFO] [stderr]    Compiling wappu v0.3.0 (/opt/rustwide/workdir)
[INFO] [stderr]     Finished `release` profile [optimized] target(s) in 5.50s
[INFO] running `Command { std: "docker" "inspect" "43792f1605a663481782eb1d90cd57d083de855e7113cd313c980163e7959f10", kill_on_drop: false }`
[INFO] running `Command { std: "docker" "exec" "-e" "SOURCE_DIR=/opt/rustwide/workdir" "-e" "CARGO_HOME=/opt/rustwide/cargo-home" "-e" "RUSTUP_HOME=/opt/rustwide/rustup-home" "-e" "CARGO_TARGET_DIR=/opt/rustwide/target" "-e" "CARGO_INCREMENTAL=0" "-e" "RUST_BACKTRACE=full" "-e" "RUSTFLAGS=--cap-lints=warn" "-e" "RUSTDOCFLAGS=--cap-lints=warn" "-w" "/opt/rustwide/workdir" "--user" "0:0" "43792f1605a663481782eb1d90cd57d083de855e7113cd313c980163e7959f10" "/opt/rustwide/cargo-home/bin/cargo" "+1.99.0-beta.8" "test" "--frozen" "--release", kill_on_drop: false }`
[INFO] [stderr]     Finished `release` profile [optimized] target(s) in 0.17s
[INFO] [stderr]      Running unittests src/lib.rs (/opt/rustwide/target/release/deps/wappu-4ce886a49be5bf89)
[INFO] [stdout] 
[INFO] [stdout] running 33 tests
[INFO] [stdout] test tests::client::client_error_tests::test_wappu_client_head_network_error ... FAILED
[INFO] [stdout] test tests::client::client_error_tests::test_wappu_client_get_unexpected_status_code ... FAILED
[INFO] [stdout] test tests::client::client_error_tests::test_wappu_client_delete_unexpected_status_code ... FAILED
[INFO] [stdout] test tests::client::client_error_tests::test_headers_echoed_back ... FAILED
[INFO] [stdout] test tests::client::client_error_tests::test_wappu_client_get_network_error ... ok
[INFO] [stdout] test tests::client::client_error_tests::test_wappu_client_get_with_macro_query_params ... FAILED
[INFO] [stdout] test tests::client::client_error_tests::test_wappu_client_get_with_query_params ... FAILED
[INFO] [stdout] test tests::client::client_error_tests::test_wappu_client_put_network_error ... FAILED
[INFO] [stdout] test tests::client::client_error_tests::test_headers_macro ... FAILED
[INFO] [stdout] test tests::client::client_error_tests::test_wappu_client_patch_unexpected_status_code ... FAILED
[INFO] [stdout] test tests::client::client_error_tests::test_client_cookies ... FAILED
[INFO] [stdout] test tests::client::client_error_tests::test_wappu_client_head_unexpected_status_code ... FAILED
[INFO] [stdout] test tests::client::client_tests::test_wappu_client_delete ... FAILED
[INFO] [stdout] test tests::selector::tests::test_html_parsing_and_selection ... ok
[INFO] [stdout] test tests::html::tests::test_parse_example_com_html ... ok
[INFO] [stdout] test tests::selector::tests::test_html_parsing_and_selection_with_nested_elements ... ok
[INFO] [stdout] test tests::selector::tests::test_iteration_over_multiple_elements ... ok
[INFO] [stdout] test tests::client::client_tests::test_wappu_client_get ... FAILED
[INFO] [stdout] test tests::client::client_error_tests::test_wappu_client_put_unexpected_status_code ... FAILED
[INFO] [stdout] test tests::selector::tests::test_selection_by_id ... ok
[INFO] [stdout] test tests::selector::tests::test_selecting_specific_element_from_multiple ... ok
[INFO] [stdout] test tests::client::client_error_tests::test_wappu_client_post_network_error ... ok
[INFO] [stdout] test tests::client::client_error_tests::test_client_headers ... FAILED
[INFO] [stdout] test tests::client::client_tests::test_wappu_client_head ... FAILED
[INFO] [stdout] test tests::client::client_tests::test_wappu_client_patch ... FAILED
[INFO] [stdout] test tests::client::client_error_tests::test_wappu_client_post_unexpected_status_code ... FAILED
[INFO] [stdout] test tests::client::client_tests::test_wappu_client_post ... FAILED
[INFO] [stdout] test tests::client::client_error_tests::test_wappu_client_delete_network_error ... FAILED
[INFO] [stdout] test tests::client::client_error_tests::test_wappu_client_patch_network_error ... FAILED
[INFO] [stdout] test tests::selector::tests::test_selection_by_tag_macro ... FAILED
[INFO] [stdout] test tests::selector::tests::test_selection_request ... FAILED
[INFO] [stdout] test tests::client::client_tests::test_wappu_client_put ... FAILED
[INFO] [stdout] test tests::selector::tests::test_selection_macro ... FAILED
[INFO] [stdout] 
[INFO] [stdout] failures:
[INFO] [stdout] 
[INFO] [stdout] ---- tests::client::client_error_tests::test_wappu_client_head_network_error stdout ----
[INFO] [stdout] 
[INFO] [stdout] thread 'tests::client::client_error_tests::test_wappu_client_head_network_error' (1926) panicked at src/tests/client.rs:149:9:
[INFO] [stdout] assertion failed: result.is_err()
[INFO] [stdout] stack backtrace:
[INFO] [stdout]    0:     0x5bb37380cc51 - <<std[70759c8f55707aa4]::sys::backtrace::BacktraceLock>::print::DisplayBacktrace as core[df12db4294e9bfd3]::fmt::Display>::fmt
[INFO] [stdout]    1:     0x5bb373822eba - core[df12db4294e9bfd3]::fmt::write
[INFO] [stdout]    2:     0x5bb37381176c - <alloc[2182bb758b4b3781]::vec::Vec<u8> as core[df12db4294e9bfd3]::io::write::Write>::write_fmt
[INFO] [stdout]    3:     0x5bb3737e8146 - std[70759c8f55707aa4]::panicking::default_hook::{closure#0}
[INFO] [stdout]    4:     0x5bb373804c79 - std[70759c8f55707aa4]::panicking::default_hook
[INFO] [stdout]    5:     0x5bb37364b720 - test[9d35eded1c95d3be]::test_main_inner::<test[9d35eded1c95d3be]::test_main_static::{closure#0}>::{closure#0}
[INFO] [stdout]    6:     0x5bb373804fa2 - std[70759c8f55707aa4]::panicking::panic_with_hook
[INFO] [stdout]    7:     0x5bb3737e8224 - std[70759c8f55707aa4]::panicking::panic_handler::{closure#0}
[INFO] [stdout]    8:     0x5bb3737e0e99 - std[70759c8f55707aa4]::sys::backtrace::__rust_end_short_backtrace::<std[70759c8f55707aa4]::panicking::panic_handler::{closure#0}, !>
[INFO] [stdout]    9:     0x5bb3737e8fdd - __rustc[8fa7c3cbc660c2b3]::rust_begin_unwind
[INFO] [stdout]   10:     0x5bb37382361c - core[df12db4294e9bfd3]::panicking::panic_fmt
[INFO] [stdout]   11:     0x5bb3738235e2 - core[df12db4294e9bfd3]::panicking::panic
[INFO] [stdout]   12:     0x5bb373608f8d - wappu[6bb45a3fd559d079]::tests::client::client_error_tests::test_wappu_client_head_network_error::{closure#0}
[INFO] [stdout]   13:     0x5bb373623b13 - <tokio[1790f470b58882dd]::runtime::scheduler::current_thread::Context>::enter::<core[df12db4294e9bfd3]::task::poll::Poll<()>, <tokio[1790f470b58882dd]::runtime::scheduler::current_thread::CoreGuard>::block_on<core[df12db4294e9bfd3]::pin::Pin<&mut core[df12db4294e9bfd3]::pin::Pin<&mut dyn core[df12db4294e9bfd3]::future::future::Future<Output = ()>>>>::{closure#0}::{closure#0}>
[INFO] [stdout]   14:     0x5bb37363d6cc - <tokio[1790f470b58882dd]::runtime::context::scoped::Scoped<tokio[1790f470b58882dd]::runtime::scheduler::Context>>::set::<<tokio[1790f470b58882dd]::runtime::scheduler::current_thread::CoreGuard>::enter<<tokio[1790f470b58882dd]::runtime::scheduler::current_thread::CoreGuard>::block_on<core[df12db4294e9bfd3]::pin::Pin<&mut core[df12db4294e9bfd3]::pin::Pin<&mut dyn core[df12db4294e9bfd3]::future::future::Future<Output = ()>>>>::{closure#0}, core[df12db4294e9bfd3]::option::Option<()>>::{closure#0}, (alloc[2182bb758b4b3781]::boxed::Box<tokio[1790f470b58882dd]::runtime::scheduler::current_thread::Core>, core[df12db4294e9bfd3]::option::Option<()>)>
[INFO] [stdout]   15:     0x5bb373623cb7 - <tokio[1790f470b58882dd]::runtime::scheduler::current_thread::CoreGuard>::block_on::<core[df12db4294e9bfd3]::pin::Pin<&mut core[df12db4294e9bfd3]::pin::Pin<&mut dyn core[df12db4294e9bfd3]::future::future::Future<Output = ()>>>>
[INFO] [stdout]   16:     0x5bb3736323ab - tokio[1790f470b58882dd]::runtime::context::runtime::enter_runtime::<<tokio[1790f470b58882dd]::runtime::scheduler::current_thread::CurrentThread>::block_on<core[df12db4294e9bfd3]::pin::Pin<&mut dyn core[df12db4294e9bfd3]::future::future::Future<Output = ()>>>::{closure#0}, ()>
[INFO] [stdout]   17:     0x5bb373634f75 - <tokio[1790f470b58882dd]::runtime::runtime::Runtime>::block_on::<core[df12db4294e9bfd3]::pin::Pin<&mut dyn core[df12db4294e9bfd3]::future::future::Future<Output = ()>>>
[INFO] [stdout]   18:     0x5bb37360cfeb - wappu[6bb45a3fd559d079]::tests::client::client_error_tests::test_wappu_client_head_network_error
[INFO] [stdout]   19:     0x5bb373636d39 - <wappu[6bb45a3fd559d079]::tests::client::client_error_tests::test_wappu_client_head_network_error::{closure#0} as core[df12db4294e9bfd3]::ops::function::FnOnce<()>>::call_once
[INFO] [stdout]   20:     0x5bb37363ea0b - test[9d35eded1c95d3be]::__rust_begin_short_backtrace::<core[df12db4294e9bfd3]::result::Result<(), alloc[2182bb758b4b3781]::string::String>, fn() -> core[df12db4294e9bfd3]::result::Result<(), alloc[2182bb758b4b3781]::string::String>>
[INFO] [stdout]   21:     0x5bb37364c075 - test[9d35eded1c95d3be]::run_test::{closure#0}
[INFO] [stdout]   22:     0x5bb373645934 - std[70759c8f55707aa4]::sys::backtrace::__rust_begin_short_backtrace::<test[9d35eded1c95d3be]::run_test::{closure#1}, ()>
[INFO] [stdout]   23:     0x5bb37364f1d2 - <std[70759c8f55707aa4]::thread::lifecycle::spawn_unchecked<test[9d35eded1c95d3be]::run_test::{closure#1}, ()>::{closure#1} as core[df12db4294e9bfd3]::ops::function::FnOnce<()>>::call_once::{shim:vtable#0}
[INFO] [stdout]   24:     0x5bb37380c179 - <std[70759c8f55707aa4]::sys::thread::unix::Thread>::new::thread_start
[INFO] [stdout]   25:     0x7dacd933edfa - <unknown>
[INFO] [stdout]   26:     0x7dacd93d23d4 - clone
[INFO] [stdout]   27:                0x0 - <unknown>
[INFO] [stdout] 
[INFO] [stdout] ---- tests::client::client_error_tests::test_wappu_client_get_unexpected_status_code stdout ----
[INFO] [stdout] 
[INFO] [stdout] thread 'tests::client::client_error_tests::test_wappu_client_get_unexpected_status_code' (1923) panicked at src/tests/client.rs:84:9:
[INFO] [stdout] assertion failed: result.is_ok() &&
[INFO] [stdout]     matches!(result.unwrap(), Err(WappuError::UnexpectedStatusCode(code, _))
[INFO] [stdout]         if code == StatusCode::NOT_FOUND)
[INFO] [stdout] stack backtrace:
[INFO] [stdout]    0:     0x5bb37380cc51 - <<std[70759c8f55707aa4]::sys::backtrace::BacktraceLock>::print::DisplayBacktrace as core[df12db4294e9bfd3]::fmt::Display>::fmt
[INFO] [stdout]    1:     0x5bb373822eba - core[df12db4294e9bfd3]::fmt::write
[INFO] [stdout]    2:     0x5bb37381176c - <alloc[2182bb758b4b3781]::vec::Vec<u8> as core[df12db4294e9bfd3]::io::write::Write>::write_fmt
[INFO] [stdout]    3:     0x5bb3737e8146 - std[70759c8f55707aa4]::panicking::default_hook::{closure#0}
[INFO] [stdout]    4:     0x5bb373804c79 - std[70759c8f55707aa4]::panicking::default_hook
[INFO] [stdout]    5:     0x5bb37364b720 - test[9d35eded1c95d3be]::test_main_inner::<test[9d35eded1c95d3be]::test_main_static::{closure#0}>::{closure#0}
[INFO] [stdout]    6:     0x5bb373804fa2 - std[70759c8f55707aa4]::panicking::panic_with_hook
[INFO] [stdout]    7:     0x5bb3737e8224 - std[70759c8f55707aa4]::panicking::panic_handler::{closure#0}
[INFO] [stdout]    8:     0x5bb3737e0e99 - std[70759c8f55707aa4]::sys::backtrace::__rust_end_short_backtrace::<std[70759c8f55707aa4]::panicking::panic_handler::{closure#0}, !>
[INFO] [stdout]    9:     0x5bb3737e8fdd - __rustc[8fa7c3cbc660c2b3]::rust_begin_unwind
[INFO] [stdout]   10:     0x5bb37382361c - core[df12db4294e9bfd3]::panicking::panic_fmt
[INFO] [stdout]   11:     0x5bb3738235e2 - core[df12db4294e9bfd3]::panicking::panic
[INFO] [stdout]   12:     0x5bb373609ec2 - wappu[6bb45a3fd559d079]::tests::client::client_error_tests::test_wappu_client_get_unexpected_status_code::{closure#0}
[INFO] [stdout]   13:     0x5bb373623b13 - <tokio[1790f470b58882dd]::runtime::scheduler::current_thread::Context>::enter::<core[df12db4294e9bfd3]::task::poll::Poll<()>, <tokio[1790f470b58882dd]::runtime::scheduler::current_thread::CoreGuard>::block_on<core[df12db4294e9bfd3]::pin::Pin<&mut core[df12db4294e9bfd3]::pin::Pin<&mut dyn core[df12db4294e9bfd3]::future::future::Future<Output = ()>>>>::{closure#0}::{closure#0}>
[INFO] [stdout]   14:     0x5bb37363d6cc - <tokio[1790f470b58882dd]::runtime::context::scoped::Scoped<tokio[1790f470b58882dd]::runtime::scheduler::Context>>::set::<<tokio[1790f470b58882dd]::runtime::scheduler::current_thread::CoreGuard>::enter<<tokio[1790f470b58882dd]::runtime::scheduler::current_thread::CoreGuard>::block_on<core[df12db4294e9bfd3]::pin::Pin<&mut core[df12db4294e9bfd3]::pin::Pin<&mut dyn core[df12db4294e9bfd3]::future::future::Future<Output = ()>>>>::{closure#0}, core[df12db4294e9bfd3]::option::Option<()>>::{closure#0}, (alloc[2182bb758b4b3781]::boxed::Box<tokio[1790f470b58882dd]::runtime::scheduler::current_thread::Core>, core[df12db4294e9bfd3]::option::Option<()>)>
[INFO] [stdout]   15:     0x5bb373623cb7 - <tokio[1790f470b58882dd]::runtime::scheduler::current_thread::CoreGuard>::block_on::<core[df12db4294e9bfd3]::pin::Pin<&mut core[df12db4294e9bfd3]::pin::Pin<&mut dyn core[df12db4294e9bfd3]::future::future::Future<Output = ()>>>>
[INFO] [stdout]   16:     0x5bb3736323ab - tokio[1790f470b58882dd]::runtime::context::runtime::enter_runtime::<<tokio[1790f470b58882dd]::runtime::scheduler::current_thread::CurrentThread>::block_on<core[df12db4294e9bfd3]::pin::Pin<&mut dyn core[df12db4294e9bfd3]::future::future::Future<Output = ()>>>::{closure#0}, ()>
[INFO] [stdout]   17:     0x5bb373634f75 - <tokio[1790f470b58882dd]::runtime::runtime::Runtime>::block_on::<core[df12db4294e9bfd3]::pin::Pin<&mut dyn core[df12db4294e9bfd3]::future::future::Future<Output = ()>>>
[INFO] [stdout]   18:     0x5bb37360d73b - wappu[6bb45a3fd559d079]::tests::client::client_error_tests::test_wappu_client_get_unexpected_status_code
[INFO] [stdout]   19:     0x5bb373636dd9 - <wappu[6bb45a3fd559d079]::tests::client::client_error_tests::test_wappu_client_get_unexpected_status_code::{closure#0} as core[df12db4294e9bfd3]::ops::function::FnOnce<()>>::call_once
[INFO] [stdout]   20:     0x5bb37363ea0b - test[9d35eded1c95d3be]::__rust_begin_short_backtrace::<core[df12db4294e9bfd3]::result::Result<(), alloc[2182bb758b4b3781]::string::String>, fn() -> core[df12db4294e9bfd3]::result::Result<(), alloc[2182bb758b4b3781]::string::String>>
[INFO] [stdout]   21:     0x5bb37364c075 - test[9d35eded1c95d3be]::run_test::{closure#0}
[INFO] [stdout]   22:     0x5bb373645934 - std[70759c8f55707aa4]::sys::backtrace::__rust_begin_short_backtrace::<test[9d35eded1c95d3be]::run_test::{closure#1}, ()>
[INFO] [stdout]   23:     0x5bb37364f1d2 - <std[70759c8f55707aa4]::thread::lifecycle::spawn_unchecked<test[9d35eded1c95d3be]::run_test::{closure#1}, ()>::{closure#1} as core[df12db4294e9bfd3]::ops::function::FnOnce<()>>::call_once::{shim:vtable#0}
[INFO] [stdout]   24:     0x5bb37380c179 - <std[70759c8f55707aa4]::sys::thread::unix::Thread>::new::thread_start
[INFO] [stdout]   25:     0x7dacd933edfa - <unknown>
[INFO] [stdout]   26:     0x7dacd93d23d4 - clone
[INFO] [stdout]   27:                0x0 - <unknown>
[INFO] [stdout] 
[INFO] [stdout] ---- tests::client::client_error_tests::test_wappu_client_delete_unexpected_status_code stdout ----
[INFO] [stdout] 
[INFO] [stdout] thread 'tests::client::client_error_tests::test_wappu_client_delete_unexpected_status_code' (1921) panicked at src/tests/client.rs:194:9:
[INFO] [stdout] assertion failed: matches!(result, Err(WappuError::UnexpectedStatusCode(code, _)) if code ==
[INFO] [stdout]     StatusCode::NOT_FOUND)
[INFO] [stdout] stack backtrace:
[INFO] [stdout]    0:     0x5bb37380cc51 - <<std[70759c8f55707aa4]::sys::backtrace::BacktraceLock>::print::DisplayBacktrace as core[df12db4294e9bfd3]::fmt::Display>::fmt
[INFO] [stdout]    1:     0x5bb373822eba - core[df12db4294e9bfd3]::fmt::write
[INFO] [stdout]    2:     0x5bb37381176c - <alloc[2182bb758b4b3781]::vec::Vec<u8> as core[df12db4294e9bfd3]::io::write::Write>::write_fmt
[INFO] [stdout]    3:     0x5bb3737e8146 - std[70759c8f55707aa4]::panicking::default_hook::{closure#0}
[INFO] [stdout]    4:     0x5bb373804c79 - std[70759c8f55707aa4]::panicking::default_hook
[INFO] [stdout]    5:     0x5bb37364b720 - test[9d35eded1c95d3be]::test_main_inner::<test[9d35eded1c95d3be]::test_main_static::{closure#0}>::{closure#0}
[INFO] [stdout]    6:     0x5bb373804fa2 - std[70759c8f55707aa4]::panicking::panic_with_hook
[INFO] [stdout]    7:     0x5bb3737e8224 - std[70759c8f55707aa4]::panicking::panic_handler::{closure#0}
[INFO] [stdout]    8:     0x5bb3737e0e99 - std[70759c8f55707aa4]::sys::backtrace::__rust_end_short_backtrace::<std[70759c8f55707aa4]::panicking::panic_handler::{closure#0}, !>
[INFO] [stdout]    9:     0x5bb3737e8fdd - __rustc[8fa7c3cbc660c2b3]::rust_begin_unwind
[INFO] [stdout]   10:     0x5bb37382361c - core[df12db4294e9bfd3]::panicking::panic_fmt
[INFO] [stdout]   11:     0x5bb3738235e2 - core[df12db4294e9bfd3]::panicking::panic
[INFO] [stdout]   12:     0x5bb37360c5bf - wappu[6bb45a3fd559d079]::tests::client::client_error_tests::test_wappu_client_delete_unexpected_status_code::{closure#0}
[INFO] [stdout]   13:     0x5bb373623b13 - <tokio[1790f470b58882dd]::runtime::scheduler::current_thread::Context>::enter::<core[df12db4294e9bfd3]::task::poll::Poll<()>, <tokio[1790f470b58882dd]::runtime::scheduler::current_thread::CoreGuard>::block_on<core[df12db4294e9bfd3]::pin::Pin<&mut core[df12db4294e9bfd3]::pin::Pin<&mut dyn core[df12db4294e9bfd3]::future::future::Future<Output = ()>>>>::{closure#0}::{closure#0}>
[INFO] [stdout]   14:     0x5bb37363d6cc - <tokio[1790f470b58882dd]::runtime::context::scoped::Scoped<tokio[1790f470b58882dd]::runtime::scheduler::Context>>::set::<<tokio[1790f470b58882dd]::runtime::scheduler::current_thread::CoreGuard>::enter<<tokio[1790f470b58882dd]::runtime::scheduler::current_thread::CoreGuard>::block_on<core[df12db4294e9bfd3]::pin::Pin<&mut core[df12db4294e9bfd3]::pin::Pin<&mut dyn core[df12db4294e9bfd3]::future::future::Future<Output = ()>>>>::{closure#0}, core[df12db4294e9bfd3]::option::Option<()>>::{closure#0}, (alloc[2182bb758b4b3781]::boxed::Box<tokio[1790f470b58882dd]::runtime::scheduler::current_thread::Core>, core[df12db4294e9bfd3]::option::Option<()>)>
[INFO] [stdout]   15:     0x5bb373623cb7 - <tokio[1790f470b58882dd]::runtime::scheduler::current_thread::CoreGuard>::block_on::<core[df12db4294e9bfd3]::pin::Pin<&mut core[df12db4294e9bfd3]::pin::Pin<&mut dyn core[df12db4294e9bfd3]::future::future::Future<Output = ()>>>>
[INFO] [stdout]   16:     0x5bb3736323ab - tokio[1790f470b58882dd]::runtime::context::runtime::enter_runtime::<<tokio[1790f470b58882dd]::runtime::scheduler::current_thread::CurrentThread>::block_on<core[df12db4294e9bfd3]::pin::Pin<&mut dyn core[df12db4294e9bfd3]::future::future::Future<Output = ()>>>::{closure#0}, ()>
[INFO] [stdout]   17:     0x5bb373634f75 - <tokio[1790f470b58882dd]::runtime::runtime::Runtime>::block_on::<core[df12db4294e9bfd3]::pin::Pin<&mut dyn core[df12db4294e9bfd3]::future::future::Future<Output = ()>>>
[INFO] [stdout]   18:     0x5bb37360df7b - wappu[6bb45a3fd559d079]::tests::client::client_error_tests::test_wappu_client_delete_unexpected_status_code
[INFO] [stdout]   19:     0x5bb373636e99 - <wappu[6bb45a3fd559d079]::tests::client::client_error_tests::test_wappu_client_delete_unexpected_status_code::{closure#0} as core[df12db4294e9bfd3]::ops::function::FnOnce<()>>::call_once
[INFO] [stdout]   20:     0x5bb37363ea0b - test[9d35eded1c95d3be]::__rust_begin_short_backtrace::<core[df12db4294e9bfd3]::result::Result<(), alloc[2182bb758b4b3781]::string::String>, fn() -> core[df12db4294e9bfd3]::result::Result<(), alloc[2182bb758b4b3781]::string::String>>
[INFO] [stdout]   21:     0x5bb37364c075 - test[9d35eded1c95d3be]::run_test::{closure#0}
[INFO] [stdout]   22:     0x5bb373645934 - std[70759c8f55707aa4]::sys::backtrace::__rust_begin_short_backtrace::<test[9d35eded1c95d3be]::run_test::{closure#1}, ()>
[INFO] [stdout]   23:     0x5bb37364f1d2 - <std[70759c8f55707aa4]::thread::lifecycle::spawn_unchecked<test[9d35eded1c95d3be]::run_test::{closure#1}, ()>::{closure#1} as core[df12db4294e9bfd3]::ops::function::FnOnce<()>>::call_once::{shim:vtable#0}
[INFO] [stdout]   24:     0x5bb37380c179 - <std[70759c8f55707aa4]::sys::thread::unix::Thread>::new::thread_start
[INFO] [stdout]   25:     0x7dacd933edfa - <unknown>
[INFO] [stdout]   26:     0x7dacd93d23d4 - clone
[INFO] [stdout]   27:                0x0 - <unknown>
[INFO] [stdout] 
[INFO] [stdout] ---- tests::client::client_error_tests::test_headers_echoed_back stdout ----
[INFO] [stdout] 
[INFO] [stdout] thread 'tests::client::client_error_tests::test_headers_echoed_back' (1918) panicked at src/tests/client.rs:230:14:
[INFO] [stdout] called `Result::unwrap()` on an `Err` value: Network(reqwest::Error { kind: Request, url: Url { scheme: "https", cannot_be_a_base: false, username: "", password: None, host: Some(Domain("httpbin.org")), port: None, path: "/headers", query: None, fragment: None }, source: hyper::Error(Connect, ConnectError("dns error", Custom { kind: Uncategorized, error: "failed to lookup address information: Temporary failure in name resolution" })) })
[INFO] [stdout] stack backtrace:
[INFO] [stdout]    0:     0x5bb37380cc51 - <<std[70759c8f55707aa4]::sys::backtrace::BacktraceLock>::print::DisplayBacktrace as core[df12db4294e9bfd3]::fmt::Display>::fmt
[INFO] [stdout]    1:     0x5bb373822eba - core[df12db4294e9bfd3]::fmt::write
[INFO] [stdout]    2:     0x5bb37381176c - <alloc[2182bb758b4b3781]::vec::Vec<u8> as core[df12db4294e9bfd3]::io::write::Write>::write_fmt
[INFO] [stdout]    3:     0x5bb3737e8146 - std[70759c8f55707aa4]::panicking::default_hook::{closure#0}
[INFO] [stdout]    4:     0x5bb373804c79 - std[70759c8f55707aa4]::panicking::default_hook
[INFO] [stdout]    5:     0x5bb37364b720 - test[9d35eded1c95d3be]::test_main_inner::<test[9d35eded1c95d3be]::test_main_static::{closure#0}>::{closure#0}
[INFO] [stdout]    6:     0x5bb373804fa2 - std[70759c8f55707aa4]::panicking::panic_with_hook
[INFO] [stdout]    7:     0x5bb3737e81f2 - std[70759c8f55707aa4]::panicking::panic_handler::{closure#0}
[INFO] [stdout]    8:     0x5bb3737e0e99 - std[70759c8f55707aa4]::sys::backtrace::__rust_end_short_backtrace::<std[70759c8f55707aa4]::panicking::panic_handler::{closure#0}, !>
[INFO] [stdout]    9:     0x5bb3737e8fdd - __rustc[8fa7c3cbc660c2b3]::rust_begin_unwind
[INFO] [stdout]   10:     0x5bb37382361c - core[df12db4294e9bfd3]::panicking::panic_fmt
[INFO] [stdout]   11:     0x5bb3738233f2 - core[df12db4294e9bfd3]::result::unwrap_failed
[INFO] [stdout]   12:     0x5bb373608769 - wappu[6bb45a3fd559d079]::tests::client::client_error_tests::test_headers_echoed_back::{closure#0}
[INFO] [stdout]   13:     0x5bb373623b13 - <tokio[1790f470b58882dd]::runtime::scheduler::current_thread::Context>::enter::<core[df12db4294e9bfd3]::task::poll::Poll<()>, <tokio[1790f470b58882dd]::runtime::scheduler::current_thread::CoreGuard>::block_on<core[df12db4294e9bfd3]::pin::Pin<&mut core[df12db4294e9bfd3]::pin::Pin<&mut dyn core[df12db4294e9bfd3]::future::future::Future<Output = ()>>>>::{closure#0}::{closure#0}>
[INFO] [stdout]   14:     0x5bb37363d6cc - <tokio[1790f470b58882dd]::runtime::context::scoped::Scoped<tokio[1790f470b58882dd]::runtime::scheduler::Context>>::set::<<tokio[1790f470b58882dd]::runtime::scheduler::current_thread::CoreGuard>::enter<<tokio[1790f470b58882dd]::runtime::scheduler::current_thread::CoreGuard>::block_on<core[df12db4294e9bfd3]::pin::Pin<&mut core[df12db4294e9bfd3]::pin::Pin<&mut dyn core[df12db4294e9bfd3]::future::future::Future<Output = ()>>>>::{closure#0}, core[df12db4294e9bfd3]::option::Option<()>>::{closure#0}, (alloc[2182bb758b4b3781]::boxed::Box<tokio[1790f470b58882dd]::runtime::scheduler::current_thread::Core>, core[df12db4294e9bfd3]::option::Option<()>)>
[INFO] [stdout]   15:     0x5bb373623cb7 - <tokio[1790f470b58882dd]::runtime::scheduler::current_thread::CoreGuard>::block_on::<core[df12db4294e9bfd3]::pin::Pin<&mut core[df12db4294e9bfd3]::pin::Pin<&mut dyn core[df12db4294e9bfd3]::future::future::Future<Output = ()>>>>
[INFO] [stdout]   16:     0x5bb3736323ab - tokio[1790f470b58882dd]::runtime::context::runtime::enter_runtime::<<tokio[1790f470b58882dd]::runtime::scheduler::current_thread::CurrentThread>::block_on<core[df12db4294e9bfd3]::pin::Pin<&mut dyn core[df12db4294e9bfd3]::future::future::Future<Output = ()>>>::{closure#0}, ()>
[INFO] [stdout]   17:     0x5bb373634f75 - <tokio[1790f470b58882dd]::runtime::runtime::Runtime>::block_on::<core[df12db4294e9bfd3]::pin::Pin<&mut dyn core[df12db4294e9bfd3]::future::future::Future<Output = ()>>>
[INFO] [stdout]   18:     0x5bb37360cb9b - wappu[6bb45a3fd559d079]::tests::client::client_error_tests::test_headers_echoed_back
[INFO] [stdout]   19:     0x5bb373636cd9 - <wappu[6bb45a3fd559d079]::tests::client::client_error_tests::test_headers_echoed_back::{closure#0} as core[df12db4294e9bfd3]::ops::function::FnOnce<()>>::call_once
[INFO] [stdout]   20:     0x5bb37363ea0b - test[9d35eded1c95d3be]::__rust_begin_short_backtrace::<core[df12db4294e9bfd3]::result::Result<(), alloc[2182bb758b4b3781]::string::String>, fn() -> core[df12db4294e9bfd3]::result::Result<(), alloc[2182bb758b4b3781]::string::String>>
[INFO] [stdout]   21:     0x5bb37364c075 - test[9d35eded1c95d3be]::run_test::{closure#0}
[INFO] [stdout]   22:     0x5bb373645934 - std[70759c8f55707aa4]::sys::backtrace::__rust_begin_short_backtrace::<test[9d35eded1c95d3be]::run_test::{closure#1}, ()>
[INFO] [stdout]   23:     0x5bb37364f1d2 - <std[70759c8f55707aa4]::thread::lifecycle::spawn_unchecked<test[9d35eded1c95d3be]::run_test::{closure#1}, ()>::{closure#1} as core[df12db4294e9bfd3]::ops::function::FnOnce<()>>::call_once::{shim:vtable#0}
[INFO] [stdout]   24:     0x5bb37380c179 - <std[70759c8f55707aa4]::sys::thread::unix::Thread>::new::thread_start
[INFO] [stdout]   25:     0x7dacd933edfa - <unknown>
[INFO] [stdout]   26:     0x7dacd93d23d4 - clone
[INFO] [stdout]   27:                0x0 - <unknown>
[INFO] [stdout] 
[INFO] [stdout] ---- tests::client::client_error_tests::test_wappu_client_get_with_macro_query_params stdout ----
[INFO] [stdout] 
[INFO] [stdout] thread 'tests::client::client_error_tests::test_wappu_client_get_with_macro_query_params' (1924) panicked at src/tests/client.rs:300:72:
[INFO] [stdout] called `Result::unwrap()` on an `Err` value: Network(reqwest::Error { kind: Request, url: Url { scheme: "https", cannot_be_a_base: false, username: "", password: None, host: Some(Domain("httpbin.org")), port: None, path: "/get", query: Some("macroTest=passed&anotherParam=12345"), fragment: None }, source: hyper::Error(Connect, ConnectError("dns error", Custom { kind: Uncategorized, error: "failed to lookup address information: Temporary failure in name resolution" })) })
[INFO] [stdout] stack backtrace:
[INFO] [stdout]    0:     0x5bb37380cc51 - <<std[70759c8f55707aa4]::sys::backtrace::BacktraceLock>::print::DisplayBacktrace as core[df12db4294e9bfd3]::fmt::Display>::fmt
[INFO] [stdout]    1:     0x5bb373822eba - core[df12db4294e9bfd3]::fmt::write
[INFO] [stdout]    2:     0x5bb37381176c - <alloc[2182bb758b4b3781]::vec::Vec<u8> as core[df12db4294e9bfd3]::io::write::Write>::write_fmt
[INFO] [stdout]    3:     0x5bb3737e8146 - std[70759c8f55707aa4]::panicking::default_hook::{closure#0}
[INFO] [stdout]    4:     0x5bb373804c79 - std[70759c8f55707aa4]::panicking::default_hook
[INFO] [stdout]    5:     0x5bb37364b720 - test[9d35eded1c95d3be]::test_main_inner::<test[9d35eded1c95d3be]::test_main_static::{closure#0}>::{closure#0}
[INFO] [stdout]    6:     0x5bb373804fa2 - std[70759c8f55707aa4]::panicking::panic_with_hook
[INFO] [stdout]    7:     0x5bb3737e81f2 - std[70759c8f55707aa4]::panicking::panic_handler::{closure#0}
[INFO] [stdout]    8:     0x5bb3737e0e99 - std[70759c8f55707aa4]::sys::backtrace::__rust_end_short_backtrace::<std[70759c8f55707aa4]::panicking::panic_handler::{closure#0}, !>
[INFO] [stdout]    9:     0x5bb3737e8fdd - __rustc[8fa7c3cbc660c2b3]::rust_begin_unwind
[INFO] [stdout]   10:     0x5bb37382361c - core[df12db4294e9bfd3]::panicking::panic_fmt
[INFO] [stdout]   11:     0x5bb3738233f2 - core[df12db4294e9bfd3]::result::unwrap_failed
[INFO] [stdout]   12:     0x5bb37360acfd - wappu[6bb45a3fd559d079]::tests::client::client_error_tests::test_wappu_client_get_with_macro_query_params::{closure#0}
[INFO] [stdout]   13:     0x5bb373623b13 - <tokio[1790f470b58882dd]::runtime::scheduler::current_thread::Context>::enter::<core[df12db4294e9bfd3]::task::poll::Poll<()>, <tokio[1790f470b58882dd]::runtime::scheduler::current_thread::CoreGuard>::block_on<core[df12db4294e9bfd3]::pin::Pin<&mut core[df12db4294e9bfd3]::pin::Pin<&mut dyn core[df12db4294e9bfd3]::future::future::Future<Output = ()>>>>::{closure#0}::{closure#0}>
[INFO] [stdout]   14:     0x5bb37363d6cc - <tokio[1790f470b58882dd]::runtime::context::scoped::Scoped<tokio[1790f470b58882dd]::runtime::scheduler::Context>>::set::<<tokio[1790f470b58882dd]::runtime::scheduler::current_thread::CoreGuard>::enter<<tokio[1790f470b58882dd]::runtime::scheduler::current_thread::CoreGuard>::block_on<core[df12db4294e9bfd3]::pin::Pin<&mut core[df12db4294e9bfd3]::pin::Pin<&mut dyn core[df12db4294e9bfd3]::future::future::Future<Output = ()>>>>::{closure#0}, core[df12db4294e9bfd3]::option::Option<()>>::{closure#0}, (alloc[2182bb758b4b3781]::boxed::Box<tokio[1790f470b58882dd]::runtime::scheduler::current_thread::Core>, core[df12db4294e9bfd3]::option::Option<()>)>
[INFO] [stdout]   15:     0x5bb373623cb7 - <tokio[1790f470b58882dd]::runtime::scheduler::current_thread::CoreGuard>::block_on::<core[df12db4294e9bfd3]::pin::Pin<&mut core[df12db4294e9bfd3]::pin::Pin<&mut dyn core[df12db4294e9bfd3]::future::future::Future<Output = ()>>>>
[INFO] [stdout]   16:     0x5bb3736323ab - tokio[1790f470b58882dd]::runtime::context::runtime::enter_runtime::<<tokio[1790f470b58882dd]::runtime::scheduler::current_thread::CurrentThread>::block_on<core[df12db4294e9bfd3]::pin::Pin<&mut dyn core[df12db4294e9bfd3]::future::future::Future<Output = ()>>>::{closure#0}, ()>
[INFO] [stdout]   17:     0x5bb373634f75 - <tokio[1790f470b58882dd]::runtime::runtime::Runtime>::block_on::<core[df12db4294e9bfd3]::pin::Pin<&mut dyn core[df12db4294e9bfd3]::future::future::Future<Output = ()>>>
[INFO] [stdout]   18:     0x5bb37360da0b - wappu[6bb45a3fd559d079]::tests::client::client_error_tests::test_wappu_client_get_with_macro_query_params
[INFO] [stdout]   19:     0x5bb373636e19 - <wappu[6bb45a3fd559d079]::tests::client::client_error_tests::test_wappu_client_get_with_macro_query_params::{closure#0} as core[df12db4294e9bfd3]::ops::function::FnOnce<()>>::call_once
[INFO] [stdout]   20:     0x5bb37363ea0b - test[9d35eded1c95d3be]::__rust_begin_short_backtrace::<core[df12db4294e9bfd3]::result::Result<(), alloc[2182bb758b4b3781]::string::String>, fn() -> core[df12db4294e9bfd3]::result::Result<(), alloc[2182bb758b4b3781]::string::String>>
[INFO] [stdout]   21:     0x5bb37364c075 - test[9d35eded1c95d3be]::run_test::{closure#0}
[INFO] [stdout]   22:     0x5bb373645934 - std[70759c8f55707aa4]::sys::backtrace::__rust_begin_short_backtrace::<test[9d35eded1c95d3be]::run_test::{closure#1}, ()>
[INFO] [stdout]   23:     0x5bb37364f1d2 - <std[70759c8f55707aa4]::thread::lifecycle::spawn_unchecked<test[9d35eded1c95d3be]::run_test::{closure#1}, ()>::{closure#1} as core[df12db4294e9bfd3]::ops::function::FnOnce<()>>::call_once::{shim:vtable#0}
[INFO] [stdout]   24:     0x5bb37380c179 - <std[70759c8f55707aa4]::sys::thread::unix::Thread>::new::thread_start
[INFO] [stdout]   25:     0x7dacd933edfa - <unknown>
[INFO] [stdout]   26:     0x7dacd93d23d4 - clone
[INFO] [stdout]   27:                0x0 - <unknown>
[INFO] [stdout] 
[INFO] [stdout] ---- tests::client::client_error_tests::test_wappu_client_get_with_query_params stdout ----
[INFO] [stdout] 
[INFO] [stdout] thread 'tests::client::client_error_tests::test_wappu_client_get_with_query_params' (1925) panicked at src/tests/client.rs:286:72:
[INFO] [stdout] called `Result::unwrap()` on an `Err` value: Network(reqwest::Error { kind: Request, url: Url { scheme: "https", cannot_be_a_base: false, username: "", password: None, host: Some(Domain("httpbin.org")), port: None, path: "/get", query: Some("test=true"), fragment: None }, source: hyper::Error(Connect, ConnectError("dns error", Custom { kind: Uncategorized, error: "failed to lookup address information: Temporary failure in name resolution" })) })
[INFO] [stdout] stack backtrace:
[INFO] [stdout]    0:     0x5bb37380cc51 - <<std[70759c8f55707aa4]::sys::backtrace::BacktraceLock>::print::DisplayBacktrace as core[df12db4294e9bfd3]::fmt::Display>::fmt
[INFO] [stdout]    1:     0x5bb373822eba - core[df12db4294e9bfd3]::fmt::write
[INFO] [stdout]    2:     0x5bb37381176c - <alloc[2182bb758b4b3781]::vec::Vec<u8> as core[df12db4294e9bfd3]::io::write::Write>::write_fmt
[INFO] [stdout]    3:     0x5bb3737e8146 - std[70759c8f55707aa4]::panicking::default_hook::{closure#0}
[INFO] [stdout]    4:     0x5bb373804c79 - std[70759c8f55707aa4]::panicking::default_hook
[INFO] [stdout]    5:     0x5bb37364b720 - test[9d35eded1c95d3be]::test_main_inner::<test[9d35eded1c95d3be]::test_main_static::{closure#0}>::{closure#0}
[INFO] [stdout]    6:     0x5bb373804fa2 - std[70759c8f55707aa4]::panicking::panic_with_hook
[INFO] [stdout]    7:     0x5bb3737e81f2 - std[70759c8f55707aa4]::panicking::panic_handler::{closure#0}
[INFO] [stdout]    8:     0x5bb3737e0e99 - std[70759c8f55707aa4]::sys::backtrace::__rust_end_short_backtrace::<std[70759c8f55707aa4]::panicking::panic_handler::{closure#0}, !>
[INFO] [stdout]    9:     0x5bb3737e8fdd - __rustc[8fa7c3cbc660c2b3]::rust_begin_unwind
[INFO] [stdout]   10:     0x5bb37382361c - core[df12db4294e9bfd3]::panicking::panic_fmt
[INFO] [stdout]   11:     0x5bb3738233f2 - core[df12db4294e9bfd3]::result::unwrap_failed
[INFO] [stdout]   12:     0x5bb373609aec - wappu[6bb45a3fd559d079]::tests::client::client_error_tests::test_wappu_client_get_with_query_params::{closure#0}
[INFO] [stdout]   13:     0x5bb373623b13 - <tokio[1790f470b58882dd]::runtime::scheduler::current_thread::Context>::enter::<core[df12db4294e9bfd3]::task::poll::Poll<()>, <tokio[1790f470b58882dd]::runtime::scheduler::current_thread::CoreGuard>::block_on<core[df12db4294e9bfd3]::pin::Pin<&mut core[df12db4294e9bfd3]::pin::Pin<&mut dyn core[df12db4294e9bfd3]::future::future::Future<Output = ()>>>>::{closure#0}::{closure#0}>
[INFO] [stdout]   14:     0x5bb37363d6cc - <tokio[1790f470b58882dd]::runtime::context::scoped::Scoped<tokio[1790f470b58882dd]::runtime::scheduler::Context>>::set::<<tokio[1790f470b58882dd]::runtime::scheduler::current_thread::CoreGuard>::enter<<tokio[1790f470b58882dd]::runtime::scheduler::current_thread::CoreGuard>::block_on<core[df12db4294e9bfd3]::pin::Pin<&mut core[df12db4294e9bfd3]::pin::Pin<&mut dyn core[df12db4294e9bfd3]::future::future::Future<Output = ()>>>>::{closure#0}, core[df12db4294e9bfd3]::option::Option<()>>::{closure#0}, (alloc[2182bb758b4b3781]::boxed::Box<tokio[1790f470b58882dd]::runtime::scheduler::current_thread::Core>, core[df12db4294e9bfd3]::option::Option<()>)>
[INFO] [stdout]   15:     0x5bb373623cb7 - <tokio[1790f470b58882dd]::runtime::scheduler::current_thread::CoreGuard>::block_on::<core[df12db4294e9bfd3]::pin::Pin<&mut core[df12db4294e9bfd3]::pin::Pin<&mut dyn core[df12db4294e9bfd3]::future::future::Future<Output = ()>>>>
[INFO] [stdout]   16:     0x5bb3736323ab - tokio[1790f470b58882dd]::runtime::context::runtime::enter_runtime::<<tokio[1790f470b58882dd]::runtime::scheduler::current_thread::CurrentThread>::block_on<core[df12db4294e9bfd3]::pin::Pin<&mut dyn core[df12db4294e9bfd3]::future::future::Future<Output = ()>>>::{closure#0}, ()>
[INFO] [stdout]   17:     0x5bb373634f75 - <tokio[1790f470b58882dd]::runtime::runtime::Runtime>::block_on::<core[df12db4294e9bfd3]::pin::Pin<&mut dyn core[df12db4294e9bfd3]::future::future::Future<Output = ()>>>
[INFO] [stdout]   18:     0x5bb37360d5eb - wappu[6bb45a3fd559d079]::tests::client::client_error_tests::test_wappu_client_get_with_query_params
[INFO] [stdout]   19:     0x5bb373636db9 - <wappu[6bb45a3fd559d079]::tests::client::client_error_tests::test_wappu_client_get_with_query_params::{closure#0} as core[df12db4294e9bfd3]::ops::function::FnOnce<()>>::call_once
[INFO] [stdout]   20:     0x5bb37363ea0b - test[9d35eded1c95d3be]::__rust_begin_short_backtrace::<core[df12db4294e9bfd3]::result::Result<(), alloc[2182bb758b4b3781]::string::String>, fn() -> core[df12db4294e9bfd3]::result::Result<(), alloc[2182bb758b4b3781]::string::String>>
[INFO] [stdout]   21:     0x5bb37364c075 - test[9d35eded1c95d3be]::run_test::{closure#0}
[INFO] [stdout]   22:     0x5bb373645934 - std[70759c8f55707aa4]::sys::backtrace::__rust_begin_short_backtrace::<test[9d35eded1c95d3be]::run_test::{closure#1}, ()>
[INFO] [stdout]   23:     0x5bb37364f1d2 - <std[70759c8f55707aa4]::thread::lifecycle::spawn_unchecked<test[9d35eded1c95d3be]::run_test::{closure#1}, ()>::{closure#1} as core[df12db4294e9bfd3]::ops::function::FnOnce<()>>::call_once::{shim:vtable#0}
[INFO] [stdout]   24:     0x5bb37380c179 - <std[70759c8f55707aa4]::sys::thread::unix::Thread>::new::thread_start
[INFO] [stdout]   25:     0x7dacd933edfa - <unknown>
[INFO] [stdout]   26:     0x7dacd93d23d4 - clone
[INFO] [stdout]   27:                0x0 - <unknown>
[INFO] [stdout] 
[INFO] [stdout] ---- tests::client::client_error_tests::test_wappu_client_put_network_error stdout ----
[INFO] [stdout] 
[INFO] [stdout] thread 'tests::client::client_error_tests::test_wappu_client_put_network_error' (1937) panicked at src/tests/client.rs:127:9:
[INFO] [stdout] assertion failed: result.is_err()
[INFO] [stdout] stack backtrace:
[INFO] [stdout]    0:     0x5bb37380cc51 - <<std[70759c8f55707aa4]::sys::backtrace::BacktraceLock>::print::DisplayBacktrace as core[df12db4294e9bfd3]::fmt::Display>::fmt
[INFO] [stdout]    1:     0x5bb373822eba - core[df12db4294e9bfd3]::fmt::write
[INFO] [stdout]    2:     0x5bb37381176c - <alloc[2182bb758b4b3781]::vec::Vec<u8> as core[df12db4294e9bfd3]::io::write::Write>::write_fmt
[INFO] [stdout]    3:     0x5bb3737e8146 - std[70759c8f55707aa4]::panicking::default_hook::{closure#0}
[INFO] [stdout]    4:     0x5bb373804c79 - std[70759c8f55707aa4]::panicking::default_hook
[INFO] [stdout]    5:     0x5bb37364b720 - test[9d35eded1c95d3be]::test_main_inner::<test[9d35eded1c95d3be]::test_main_static::{closure#0}>::{closure#0}
[INFO] [stdout]    6:     0x5bb373804fa2 - std[70759c8f55707aa4]::panicking::panic_with_hook
[INFO] [stdout]    7:     0x5bb3737e8224 - std[70759c8f55707aa4]::panicking::panic_handler::{closure#0}
[INFO] [stdout]    8:     0x5bb3737e0e99 - std[70759c8f55707aa4]::sys::backtrace::__rust_end_short_backtrace::<std[70759c8f55707aa4]::panicking::panic_handler::{closure#0}, !>
[INFO] [stdout]    9:     0x5bb3737e8fdd - __rustc[8fa7c3cbc660c2b3]::rust_begin_unwind
[INFO] [stdout]   10:     0x5bb37382361c - core[df12db4294e9bfd3]::panicking::panic_fmt
[INFO] [stdout]   11:     0x5bb3738235e2 - core[df12db4294e9bfd3]::panicking::panic
[INFO] [stdout]   12:     0x5bb373608d18 - wappu[6bb45a3fd559d079]::tests::client::client_error_tests::test_wappu_client_put_network_error::{closure#0}
[INFO] [stdout]   13:     0x5bb373623b13 - <tokio[1790f470b58882dd]::runtime::scheduler::current_thread::Context>::enter::<core[df12db4294e9bfd3]::task::poll::Poll<()>, <tokio[1790f470b58882dd]::runtime::scheduler::current_thread::CoreGuard>::block_on<core[df12db4294e9bfd3]::pin::Pin<&mut core[df12db4294e9bfd3]::pin::Pin<&mut dyn core[df12db4294e9bfd3]::future::future::Future<Output = ()>>>>::{closure#0}::{closure#0}>
[INFO] [stdout]   14:     0x5bb37363d6cc - <tokio[1790f470b58882dd]::runtime::context::scoped::Scoped<tokio[1790f470b58882dd]::runtime::scheduler::Context>>::set::<<tokio[1790f470b58882dd]::runtime::scheduler::current_thread::CoreGuard>::enter<<tokio[1790f470b58882dd]::runtime::scheduler::current_thread::CoreGuard>::block_on<core[df12db4294e9bfd3]::pin::Pin<&mut core[df12db4294e9bfd3]::pin::Pin<&mut dyn core[df12db4294e9bfd3]::future::future::Future<Output = ()>>>>::{closure#0}, core[df12db4294e9bfd3]::option::Option<()>>::{closure#0}, (alloc[2182bb758b4b3781]::boxed::Box<tokio[1790f470b58882dd]::runtime::scheduler::current_thread::Core>, core[df12db4294e9bfd3]::option::Option<()>)>
[INFO] [stdout]   15:     0x5bb373623cb7 - <tokio[1790f470b58882dd]::runtime::scheduler::current_thread::CoreGuard>::block_on::<core[df12db4294e9bfd3]::pin::Pin<&mut core[df12db4294e9bfd3]::pin::Pin<&mut dyn core[df12db4294e9bfd3]::future::future::Future<Output = ()>>>>
[INFO] [stdout]   16:     0x5bb3736323ab - tokio[1790f470b58882dd]::runtime::context::runtime::enter_runtime::<<tokio[1790f470b58882dd]::runtime::scheduler::current_thread::CurrentThread>::block_on<core[df12db4294e9bfd3]::pin::Pin<&mut dyn core[df12db4294e9bfd3]::future::future::Future<Output = ()>>>::{closure#0}, ()>
[INFO] [stdout]   17:     0x5bb373634f75 - <tokio[1790f470b58882dd]::runtime::runtime::Runtime>::block_on::<core[df12db4294e9bfd3]::pin::Pin<&mut dyn core[df12db4294e9bfd3]::future::future::Future<Output = ()>>>
[INFO] [stdout]   18:     0x5bb37360ce6b - wappu[6bb45a3fd559d079]::tests::client::client_error_tests::test_wappu_client_put_network_error
[INFO] [stdout]   19:     0x5bb373636d19 - <wappu[6bb45a3fd559d079]::tests::client::client_error_tests::test_wappu_client_put_network_error::{closure#0} as core[df12db4294e9bfd3]::ops::function::FnOnce<()>>::call_once
[INFO] [stdout]   20:     0x5bb37363ea0b - test[9d35eded1c95d3be]::__rust_begin_short_backtrace::<core[df12db4294e9bfd3]::result::Result<(), alloc[2182bb758b4b3781]::string::String>, fn() -> core[df12db4294e9bfd3]::result::Result<(), alloc[2182bb758b4b3781]::string::String>>
[INFO] [stdout]   21:     0x5bb37364c075 - test[9d35eded1c95d3be]::run_test::{closure#0}
[INFO] [stdout]   22:     0x5bb373645934 - std[70759c8f55707aa4]::sys::backtrace::__rust_begin_short_backtrace::<test[9d35eded1c95d3be]::run_test::{closure#1}, ()>
[INFO] [stdout]   23:     0x5bb37364f1d2 - <std[70759c8f55707aa4]::thread::lifecycle::spawn_unchecked<test[9d35eded1c95d3be]::run_test::{closure#1}, ()>::{closure#1} as core[df12db4294e9bfd3]::ops::function::FnOnce<()>>::call_once::{shim:vtable#0}
[INFO] [stdout]   24:     0x5bb37380c179 - <std[70759c8f55707aa4]::sys::thread::unix::Thread>::new::thread_start
[INFO] [stdout]   25:     0x7dacd933edfa - <unknown>
[INFO] [stdout]   26:     0x7dacd93d23d4 - clone
[INFO] [stdout]   27:                0x0 - <unknown>
[INFO] [stdout] 
[INFO] [stdout] ---- tests::client::client_error_tests::test_headers_macro stdout ----
[INFO] [stdout] 
[INFO] [stdout] thread 'tests::client::client_error_tests::test_headers_macro' (1919) panicked at src/tests/client.rs:249:14:
[INFO] [stdout] called `Result::unwrap()` on an `Err` value: Network(reqwest::Error { kind: Request, url: Url { scheme: "https", cannot_be_a_base: false, username: "", password: None, host: Some(Domain("httpbin.org")), port: None, path: "/headers", query: None, fragment: None }, source: hyper::Error(Connect, ConnectError("dns error", Custom { kind: Uncategorized, error: "failed to lookup address information: Temporary failure in name resolution" })) })
[INFO] [stdout] stack backtrace:
[INFO] [stdout]    0:     0x5bb37380cc51 - <<std[70759c8f55707aa4]::sys::backtrace::BacktraceLock>::print::DisplayBacktrace as core[df12db4294e9bfd3]::fmt::Display>::fmt
[INFO] [stdout]    1:     0x5bb373822eba - core[df12db4294e9bfd3]::fmt::write
[INFO] [stdout]    2:     0x5bb37381176c - <alloc[2182bb758b4b3781]::vec::Vec<u8> as core[df12db4294e9bfd3]::io::write::Write>::write_fmt
[INFO] [stdout]    3:     0x5bb3737e8146 - std[70759c8f55707aa4]::panicking::default_hook::{closure#0}
[INFO] [stdout]    4:     0x5bb373804c79 - std[70759c8f55707aa4]::panicking::default_hook
[INFO] [stdout]    5:     0x5bb37364b720 - test[9d35eded1c95d3be]::test_main_inner::<test[9d35eded1c95d3be]::test_main_static::{closure#0}>::{closure#0}
[INFO] [stdout]    6:     0x5bb373804fa2 - std[70759c8f55707aa4]::panicking::panic_with_hook
[INFO] [stdout]    7:     0x5bb3737e81f2 - std[70759c8f55707aa4]::panicking::panic_handler::{closure#0}
[INFO] [stdout]    8:     0x5bb3737e0e99 - std[70759c8f55707aa4]::sys::backtrace::__rust_end_short_backtrace::<std[70759c8f55707aa4]::panicking::panic_handler::{closure#0}, !>
[INFO] [stdout]    9:     0x5bb3737e8fdd - __rustc[8fa7c3cbc660c2b3]::rust_begin_unwind
[INFO] [stdout]   10:     0x5bb37382361c - core[df12db4294e9bfd3]::panicking::panic_fmt
[INFO] [stdout]   11:     0x5bb3738233f2 - core[df12db4294e9bfd3]::result::unwrap_failed
[INFO] [stdout]   12:     0x5bb3736079df - wappu[6bb45a3fd559d079]::tests::client::client_error_tests::test_headers_macro::{closure#0}
[INFO] [stdout]   13:     0x5bb373623b13 - <tokio[1790f470b58882dd]::runtime::scheduler::current_thread::Context>::enter::<core[df12db4294e9bfd3]::task::poll::Poll<()>, <tokio[1790f470b58882dd]::runtime::scheduler::current_thread::CoreGuard>::block_on<core[df12db4294e9bfd3]::pin::Pin<&mut core[df12db4294e9bfd3]::pin::Pin<&mut dyn core[df12db4294e9bfd3]::future::future::Future<Output = ()>>>>::{closure#0}::{closure#0}>
[INFO] [stdout]   14:     0x5bb37363d6cc - <tokio[1790f470b58882dd]::runtime::context::scoped::Scoped<tokio[1790f470b58882dd]::runtime::scheduler::Context>>::set::<<tokio[1790f470b58882dd]::runtime::scheduler::current_thread::CoreGuard>::enter<<tokio[1790f470b58882dd]::runtime::scheduler::current_thread::CoreGuard>::block_on<core[df12db4294e9bfd3]::pin::Pin<&mut core[df12db4294e9bfd3]::pin::Pin<&mut dyn core[df12db4294e9bfd3]::future::future::Future<Output = ()>>>>::{closure#0}, core[df12db4294e9bfd3]::option::Option<()>>::{closure#0}, (alloc[2182bb758b4b3781]::boxed::Box<tokio[1790f470b58882dd]::runtime::scheduler::current_thread::Core>, core[df12db4294e9bfd3]::option::Option<()>)>
[INFO] [stdout]   15:     0x5bb373623cb7 - <tokio[1790f470b58882dd]::runtime::scheduler::current_thread::CoreGuard>::block_on::<core[df12db4294e9bfd3]::pin::Pin<&mut core[df12db4294e9bfd3]::pin::Pin<&mut dyn core[df12db4294e9bfd3]::future::future::Future<Output = ()>>>>
[INFO] [stdout]   16:     0x5bb3736323ab - tokio[1790f470b58882dd]::runtime::context::runtime::enter_runtime::<<tokio[1790f470b58882dd]::runtime::scheduler::current_thread::CurrentThread>::block_on<core[df12db4294e9bfd3]::pin::Pin<&mut dyn core[df12db4294e9bfd3]::future::future::Future<Output = ()>>>::{closure#0}, ()>
[INFO] [stdout]   17:     0x5bb373634f75 - <tokio[1790f470b58882dd]::runtime::runtime::Runtime>::block_on::<core[df12db4294e9bfd3]::pin::Pin<&mut dyn core[df12db4294e9bfd3]::future::future::Future<Output = ()>>>
[INFO] [stdout]   18:     0x5bb37360c7ab - wappu[6bb45a3fd559d079]::tests::client::client_error_tests::test_headers_macro
[INFO] [stdout]   19:     0x5bb373636c79 - <wappu[6bb45a3fd559d079]::tests::client::client_error_tests::test_headers_macro::{closure#0} as core[df12db4294e9bfd3]::ops::function::FnOnce<()>>::call_once
[INFO] [stdout]   20:     0x5bb37363ea0b - test[9d35eded1c95d3be]::__rust_begin_short_backtrace::<core[df12db4294e9bfd3]::result::Result<(), alloc[2182bb758b4b3781]::string::String>, fn() -> core[df12db4294e9bfd3]::result::Result<(), alloc[2182bb758b4b3781]::string::String>>
[INFO] [stdout]   21:     0x5bb37364c075 - test[9d35eded1c95d3be]::run_test::{closure#0}
[INFO] [stdout]   22:     0x5bb373645934 - std[70759c8f55707aa4]::sys::backtrace::__rust_begin_short_backtrace::<test[9d35eded1c95d3be]::run_test::{closure#1}, ()>
[INFO] [stdout]   23:     0x5bb37364f1d2 - <std[70759c8f55707aa4]::thread::lifecycle::spawn_unchecked<test[9d35eded1c95d3be]::run_test::{closure#1}, ()>::{closure#1} as core[df12db4294e9bfd3]::ops::function::FnOnce<()>>::call_once::{shim:vtable#0}
[INFO] [stdout]   24:     0x5bb37380c179 - <std[70759c8f55707aa4]::sys::thread::unix::Thread>::new::thread_start
[INFO] [stdout]   25:     0x7dacd933edfa - <unknown>
[INFO] [stdout]   26:     0x7dacd93d23d4 - clone
[INFO] [stdout]   27:                0x0 - <unknown>
[INFO] [stdout] 
[INFO] [stdout] ---- tests::client::client_error_tests::test_wappu_client_patch_unexpected_status_code stdout ----
[INFO] [stdout] 
[INFO] [stdout] thread 'tests::client::client_error_tests::test_wappu_client_patch_unexpected_status_code' (1929) panicked at src/tests/client.rs:214:9:
[INFO] [stdout] assertion failed: matches!(result, Err(WappuError::UnexpectedStatusCode(code, _)) if code ==
[INFO] [stdout]     StatusCode::NOT_FOUND)
[INFO] [stdout] stack backtrace:
[INFO] [stdout]    0:     0x5bb37380cc51 - <<std[70759c8f55707aa4]::sys::backtrace::BacktraceLock>::print::DisplayBacktrace as core[df12db4294e9bfd3]::fmt::Display>::fmt
[INFO] [stdout]    1:     0x5bb373822eba - core[df12db4294e9bfd3]::fmt::write
[INFO] [stdout]    2:     0x5bb37381176c - <alloc[2182bb758b4b3781]::vec::Vec<u8> as core[df12db4294e9bfd3]::io::write::Write>::write_fmt
[INFO] [stdout]    3:     0x5bb3737e8146 - std[70759c8f55707aa4]::panicking::default_hook::{closure#0}
[INFO] [stdout]    4:     0x5bb373804c79 - std[70759c8f55707aa4]::panicking::default_hook
[INFO] [stdout]    5:     0x5bb37364b720 - test[9d35eded1c95d3be]::test_main_inner::<test[9d35eded1c95d3be]::test_main_static::{closure#0}>::{closure#0}
[INFO] [stdout]    6:     0x5bb373804fa2 - std[70759c8f55707aa4]::panicking::panic_with_hook
[INFO] [stdout]    7:     0x5bb3737e8224 - std[70759c8f55707aa4]::panicking::panic_handler::{closure#0}
[INFO] [stdout]    8:     0x5bb3737e0e99 - std[70759c8f55707aa4]::sys::backtrace::__rust_end_short_backtrace::<std[70759c8f55707aa4]::panicking::panic_handler::{closure#0}, !>
[INFO] [stdout]    9:     0x5bb3737e8fdd - __rustc[8fa7c3cbc660c2b3]::rust_begin_unwind
[INFO] [stdout]   10:     0x5bb37382361c - core[df12db4294e9bfd3]::panicking::panic_fmt
[INFO] [stdout]   11:     0x5bb3738235e2 - core[df12db4294e9bfd3]::panicking::panic
[INFO] [stdout]   12:     0x5bb37360beeb - wappu[6bb45a3fd559d079]::tests::client::client_error_tests::test_wappu_client_patch_unexpected_status_code::{closure#0}
[INFO] [stdout]   13:     0x5bb373623b13 - <tokio[1790f470b58882dd]::runtime::scheduler::current_thread::Context>::enter::<core[df12db4294e9bfd3]::task::poll::Poll<()>, <tokio[1790f470b58882dd]::runtime::scheduler::current_thread::CoreGuard>::block_on<core[df12db4294e9bfd3]::pin::Pin<&mut core[df12db4294e9bfd3]::pin::Pin<&mut dyn core[df12db4294e9bfd3]::future::future::Future<Output = ()>>>>::{closure#0}::{closure#0}>
[INFO] [stdout]   14:     0x5bb37363d6cc - <tokio[1790f470b58882dd]::runtime::context::scoped::Scoped<tokio[1790f470b58882dd]::runtime::scheduler::Context>>::set::<<tokio[1790f470b58882dd]::runtime::scheduler::current_thread::CoreGuard>::enter<<tokio[1790f470b58882dd]::runtime::scheduler::current_thread::CoreGuard>::block_on<core[df12db4294e9bfd3]::pin::Pin<&mut core[df12db4294e9bfd3]::pin::Pin<&mut dyn core[df12db4294e9bfd3]::future::future::Future<Output = ()>>>>::{closure#0}, core[df12db4294e9bfd3]::option::Option<()>>::{closure#0}, (alloc[2182bb758b4b3781]::boxed::Box<tokio[1790f470b58882dd]::runtime::scheduler::current_thread::Core>, core[df12db4294e9bfd3]::option::Option<()>)>
[INFO] [stdout]   15:     0x5bb373623cb7 - <tokio[1790f470b58882dd]::runtime::scheduler::current_thread::CoreGuard>::block_on::<core[df12db4294e9bfd3]::pin::Pin<&mut core[df12db4294e9bfd3]::pin::Pin<&mut dyn core[df12db4294e9bfd3]::future::future::Future<Output = ()>>>>
[INFO] [stdout]   16:     0x5bb3736323ab - tokio[1790f470b58882dd]::runtime::context::runtime::enter_runtime::<<tokio[1790f470b58882dd]::runtime::scheduler::current_thread::CurrentThread>::block_on<core[df12db4294e9bfd3]::pin::Pin<&mut dyn core[df12db4294e9bfd3]::future::future::Future<Output = ()>>>::{closure#0}, ()>
[INFO] [stdout]   17:     0x5bb373634f75 - <tokio[1790f470b58882dd]::runtime::runtime::Runtime>::block_on::<core[df12db4294e9bfd3]::pin::Pin<&mut dyn core[df12db4294e9bfd3]::future::future::Future<Output = ()>>>
[INFO] [stdout]   18:     0x5bb37360de2b - wappu[6bb45a3fd559d079]::tests::client::client_error_tests::test_wappu_client_patch_unexpected_status_code
[INFO] [stdout]   19:     0x5bb373636e79 - <wappu[6bb45a3fd559d079]::tests::client::client_error_tests::test_wappu_client_patch_unexpected_status_code::{closure#0} as core[df12db4294e9bfd3]::ops::function::FnOnce<()>>::call_once
[INFO] [stdout]   20:     0x5bb37363ea0b - test[9d35eded1c95d3be]::__rust_begin_short_backtrace::<core[df12db4294e9bfd3]::result::Result<(), alloc[2182bb758b4b3781]::string::String>, fn() -> core[df12db4294e9bfd3]::result::Result<(), alloc[2182bb758b4b3781]::string::String>>
[INFO] [stdout]   21:     0x5bb37364c075 - test[9d35eded1c95d3be]::run_test::{closure#0}
[INFO] [stdout]   22:     0x5bb373645934 - std[70759c8f55707aa4]::sys::backtrace::__rust_begin_short_backtrace::<test[9d35eded1c95d3be]::run_test::{closure#1}, ()>
[INFO] [stdout]   23:     0x5bb37364f1d2 - <std[70759c8f55707aa4]::thread::lifecycle::spawn_unchecked<test[9d35eded1c95d3be]::run_test::{closure#1}, ()>::{closure#1} as core[df12db4294e9bfd3]::ops::function::FnOnce<()>>::call_once::{shim:vtable#0}
[INFO] [stdout]   24:     0x5bb37380c179 - <std[70759c8f55707aa4]::sys::thread::unix::Thread>::new::thread_start
[INFO] [stdout]   25:     0x7dacd933edfa - <unknown>
[INFO] [stdout]   26:     0x7dacd93d23d4 - clone
[INFO] [stdout]   27:                0x0 - <unknown>
[INFO] [stdout] 
[INFO] [stdout] ---- tests::client::client_error_tests::test_client_cookies stdout ----
[INFO] [stdout] 
[INFO] [stdout] thread 'tests::client::client_error_tests::test_client_cookies' (1916) panicked at src/tests/client.rs:278:68:
[INFO] [stdout] called `Result::unwrap()` on an `Err` value: Network(reqwest::Error { kind: Request, url: Url { scheme: "https", cannot_be_a_base: false, username: "", password: None, host: Some(Domain("discord.com")), port: None, path: "/", query: None, fragment: None }, source: hyper::Error(Connect, ConnectError("dns error", Custom { kind: Uncategorized, error: "failed to lookup address information: Temporary failure in name resolution" })) })
[INFO] [stdout] stack backtrace:
[INFO] [stdout]    0:     0x5bb37380cc51 - <<std[70759c8f55707aa4]::sys::backtrace::BacktraceLock>::print::DisplayBacktrace as core[df12db4294e9bfd3]::fmt::Display>::fmt
[INFO] [stdout]    1:     0x5bb373822eba - core[df12db4294e9bfd3]::fmt::write
[INFO] [stdout]    2:     0x5bb37381176c - <alloc[2182bb758b4b3781]::vec::Vec<u8> as core[df12db4294e9bfd3]::io::write::Write>::write_fmt
[INFO] [stdout]    3:     0x5bb3737e8146 - std[70759c8f55707aa4]::panicking::default_hook::{closure#0}
[INFO] [stdout]    4:     0x5bb373804c79 - std[70759c8f55707aa4]::panicking::default_hook
[INFO] [stdout]    5:     0x5bb37364b720 - test[9d35eded1c95d3be]::test_main_inner::<test[9d35eded1c95d3be]::test_main_static::{closure#0}>::{closure#0}
[INFO] [stdout]    6:     0x5bb373804fa2 - std[70759c8f55707aa4]::panicking::panic_with_hook
[INFO] [stdout]    7:     0x5bb3737e81f2 - std[70759c8f55707aa4]::panicking::panic_handler::{closure#0}
[INFO] [stdout]    8:     0x5bb3737e0e99 - std[70759c8f55707aa4]::sys::backtrace::__rust_end_short_backtrace::<std[70759c8f55707aa4]::panicking::panic_handler::{closure#0}, !>
[INFO] [stdout]    9:     0x5bb3737e8fdd - __rustc[8fa7c3cbc660c2b3]::rust_begin_unwind
[INFO] [stdout]   10:     0x5bb37382361c - core[df12db4294e9bfd3]::panicking::panic_fmt
[INFO] [stdout]   11:     0x5bb3738233f2 - core[df12db4294e9bfd3]::result::unwrap_failed
[INFO] [stdout]   12:     0x5bb373607e25 - wappu[6bb45a3fd559d079]::tests::client::client_error_tests::test_client_cookies::{closure#0}
[INFO] [stdout]   13:     0x5bb373623b13 - <tokio[1790f470b58882dd]::runtime::scheduler::current_thread::Context>::enter::<core[df12db4294e9bfd3]::task::poll::Poll<()>, <tokio[1790f470b58882dd]::runtime::scheduler::current_thread::CoreGuard>::block_on<core[df12db4294e9bfd3]::pin::Pin<&mut core[df12db4294e9bfd3]::pin::Pin<&mut dyn core[df12db4294e9bfd3]::future::future::Future<Output = ()>>>>::{closure#0}::{closure#0}>
[INFO] [stdout]   14:     0x5bb37363d6cc - <tokio[1790f470b58882dd]::runtime::context::scoped::Scoped<tokio[1790f470b58882dd]::runtime::scheduler::Context>>::set::<<tokio[1790f470b58882dd]::runtime::scheduler::current_thread::CoreGuard>::enter<<tokio[1790f470b58882dd]::runtime::scheduler::current_thread::CoreGuard>::block_on<core[df12db4294e9bfd3]::pin::Pin<&mut core[df12db4294e9bfd3]::pin::Pin<&mut dyn core[df12db4294e9bfd3]::future::future::Future<Output = ()>>>>::{closure#0}, core[df12db4294e9bfd3]::option::Option<()>>::{closure#0}, (alloc[2182bb758b4b3781]::boxed::Box<tokio[1790f470b58882dd]::runtime::scheduler::current_thread::Core>, core[df12db4294e9bfd3]::option::Option<()>)>
[INFO] [stdout]   15:     0x5bb373623cb7 - <tokio[1790f470b58882dd]::runtime::scheduler::current_thread::CoreGuard>::block_on::<core[df12db4294e9bfd3]::pin::Pin<&mut core[df12db4294e9bfd3]::pin::Pin<&mut dyn core[df12db4294e9bfd3]::future::future::Future<Output = ()>>>>
[INFO] [stdout]   16:     0x5bb3736323ab - tokio[1790f470b58882dd]::runtime::context::runtime::enter_runtime::<<tokio[1790f470b58882dd]::runtime::scheduler::current_thread::CurrentThread>::block_on<core[df12db4294e9bfd3]::pin::Pin<&mut dyn core[df12db4294e9bfd3]::future::future::Future<Output = ()>>>::{closure#0}, ()>
[INFO] [stdout]   17:     0x5bb373634f75 - <tokio[1790f470b58882dd]::runtime::runtime::Runtime>::block_on::<core[df12db4294e9bfd3]::pin::Pin<&mut dyn core[df12db4294e9bfd3]::future::future::Future<Output = ()>>>
[INFO] [stdout]   18:     0x5bb37360c8fb - wappu[6bb45a3fd559d079]::tests::client::client_error_tests::test_client_cookies
[INFO] [stdout]   19:     0x5bb373636c99 - <wappu[6bb45a3fd559d079]::tests::client::client_error_tests::test_client_cookies::{closure#0} as core[df12db4294e9bfd3]::ops::function::FnOnce<()>>::call_once
[INFO] [stdout]   20:     0x5bb37363ea0b - test[9d35eded1c95d3be]::__rust_begin_short_backtrace::<core[df12db4294e9bfd3]::result::Result<(), alloc[2182bb758b4b3781]::string::String>, fn() -> core[df12db4294e9bfd3]::result::Result<(), alloc[2182bb758b4b3781]::string::String>>
[INFO] [stdout]   21:     0x5bb37364c075 - test[9d35eded1c95d3be]::run_test::{closure#0}
[INFO] [stdout]   22:     0x5bb373645934 - std[70759c8f55707aa4]::sys::backtrace::__rust_begin_short_backtrace::<test[9d35eded1c95d3be]::run_test::{closure#1}, ()>
[INFO] [stdout]   23:     0x5bb37364f1d2 - <std[70759c8f55707aa4]::thread::lifecycle::spawn_unchecked<test[9d35eded1c95d3be]::run_test::{closure#1}, ()>::{closure#1} as core[df12db4294e9bfd3]::ops::function::FnOnce<()>>::call_once::{shim:vtable#0}
[INFO] [stdout]   24:     0x5bb37380c179 - <std[70759c8f55707aa4]::sys::thread::unix::Thread>::new::thread_start
[INFO] [stdout]   25:     0x7dacd933edfa - <unknown>
[INFO] [stdout]   26:     0x7dacd93d23d4 - clone
[INFO] [stdout]   27:                0x0 - <unknown>
[INFO] [stdout] 
[INFO] [stdout] ---- tests::client::client_error_tests::test_wappu_client_head_unexpected_status_code stdout ----
[INFO] [stdout] 
[INFO] [stdout] thread 'tests::client::client_error_tests::test_wappu_client_head_unexpected_status_code' (1927) panicked at src/tests/client.rs:203:9:
[INFO] [stdout] assertion failed: matches!(result, Err(WappuError::UnexpectedStatusCode(code, _)) if code ==
[INFO] [stdout]     StatusCode::NOT_FOUND)
[INFO] [stdout] stack backtrace:
[INFO] [stdout]    0:     0x5bb37380cc51 - <<std[70759c8f55707aa4]::sys::backtrace::BacktraceLock>::print::DisplayBacktrace as core[df12db4294e9bfd3]::fmt::Display>::fmt
[INFO] [stdout]    1:     0x5bb373822eba - core[df12db4294e9bfd3]::fmt::write
[INFO] [stdout]    2:     0x5bb37381176c - <alloc[2182bb758b4b3781]::vec::Vec<u8> as core[df12db4294e9bfd3]::io::write::Write>::write_fmt
[INFO] [stdout]    3:     0x5bb3737e8146 - std[70759c8f55707aa4]::panicking::default_hook::{closure#0}
[INFO] [stdout]    4:     0x5bb373804c79 - std[70759c8f55707aa4]::panicking::default_hook
[INFO] [stdout]    5:     0x5bb37364b720 - test[9d35eded1c95d3be]::test_main_inner::<test[9d35eded1c95d3be]::test_main_static::{closure#0}>::{closure#0}
[INFO] [stdout]    6:     0x5bb373804fa2 - std[70759c8f55707aa4]::panicking::panic_with_hook
[INFO] [stdout]    7:     0x5bb3737e8224 - std[70759c8f55707aa4]::panicking::panic_handler::{closure#0}
[INFO] [stdout]    8:     0x5bb3737e0e99 - std[70759c8f55707aa4]::sys::backtrace::__rust_end_short_backtrace::<std[70759c8f55707aa4]::panicking::panic_handler::{closure#0}, !>
[INFO] [stdout]    9:     0x5bb3737e8fdd - __rustc[8fa7c3cbc660c2b3]::rust_begin_unwind
[INFO] [stdout]   10:     0x5bb37382361c - core[df12db4294e9bfd3]::panicking::panic_fmt
[INFO] [stdout]   11:     0x5bb3738235e2 - core[df12db4294e9bfd3]::panicking::panic
[INFO] [stdout]   12:     0x5bb37360b3df - wappu[6bb45a3fd559d079]::tests::client::client_error_tests::test_wappu_client_head_unexpected_status_code::{closure#0}
[INFO] [stdout]   13:     0x5bb373623b13 - <tokio[1790f470b58882dd]::runtime::scheduler::current_thread::Context>::enter::<core[df12db4294e9bfd3]::task::poll::Poll<()>, <tokio[1790f470b58882dd]::runtime::scheduler::current_thread::CoreGuard>::block_on<core[df12db4294e9bfd3]::pin::Pin<&mut core[df12db4294e9bfd3]::pin::Pin<&mut dyn core[df12db4294e9bfd3]::future::future::Future<Output = ()>>>>::{closure#0}::{closure#0}>
[INFO] [stdout]   14:     0x5bb37363d6cc - <tokio[1790f470b58882dd]::runtime::context::scoped::Scoped<tokio[1790f470b58882dd]::runtime::scheduler::Context>>::set::<<tokio[1790f470b58882dd]::runtime::scheduler::current_thread::CoreGuard>::enter<<tokio[1790f470b58882dd]::runtime::scheduler::current_thread::CoreGuard>::block_on<core[df12db4294e9bfd3]::pin::Pin<&mut core[df12db4294e9bfd3]::pin::Pin<&mut dyn core[df12db4294e9bfd3]::future::future::Future<Output = ()>>>>::{closure#0}, core[df12db4294e9bfd3]::option::Option<()>>::{closure#0}, (alloc[2182bb758b4b3781]::boxed::Box<tokio[1790f470b58882dd]::runtime::scheduler::current_thread::Core>, core[df12db4294e9bfd3]::option::Option<()>)>
[INFO] [stdout]   15:     0x5bb373623cb7 - <tokio[1790f470b58882dd]::runtime::scheduler::current_thread::CoreGuard>::block_on::<core[df12db4294e9bfd3]::pin::Pin<&mut core[df12db4294e9bfd3]::pin::Pin<&mut dyn core[df12db4294e9bfd3]::future::future::Future<Output = ()>>>>
[INFO] [stdout]   16:     0x5bb3736323ab - tokio[1790f470b58882dd]::runtime::context::runtime::enter_runtime::<<tokio[1790f470b58882dd]::runtime::scheduler::current_thread::CurrentThread>::block_on<core[df12db4294e9bfd3]::pin::Pin<&mut dyn core[df12db4294e9bfd3]::future::future::Future<Output = ()>>>::{closure#0}, ()>
[INFO] [stdout]   17:     0x5bb373634f75 - <tokio[1790f470b58882dd]::runtime::runtime::Runtime>::block_on::<core[df12db4294e9bfd3]::pin::Pin<&mut dyn core[df12db4294e9bfd3]::future::future::Future<Output = ()>>>
[INFO] [stdout]   18:     0x5bb37360db5b - wappu[6bb45a3fd559d079]::tests::client::client_error_tests::test_wappu_client_head_unexpected_status_code
[INFO] [stdout]   19:     0x5bb373636e39 - <wappu[6bb45a3fd559d079]::tests::client::client_error_tests::test_wappu_client_head_unexpected_status_code::{closure#0} as core[df12db4294e9bfd3]::ops::function::FnOnce<()>>::call_once
[INFO] [stdout]   20:     0x5bb37363ea0b - test[9d35eded1c95d3be]::__rust_begin_short_backtrace::<core[df12db4294e9bfd3]::result::Result<(), alloc[2182bb758b4b3781]::string::String>, fn() -> core[df12db4294e9bfd3]::result::Result<(), alloc[2182bb758b4b3781]::string::String>>
[INFO] [stdout]   21:     0x5bb37364c075 - test[9d35eded1c95d3be]::run_test::{closure#0}
[INFO] [stdout]   22:     0x5bb373645934 - std[70759c8f55707aa4]::sys::backtrace::__rust_begin_short_backtrace::<test[9d35eded1c95d3be]::run_test::{closure#1}, ()>
[INFO] [stdout]   23:     0x5bb37364f1d2 - <std[70759c8f55707aa4]::thread::lifecycle::spawn_unchecked<test[9d35eded1c95d3be]::run_test::{closure#1}, ()>::{closure#1} as core[df12db4294e9bfd3]::ops::function::FnOnce<()>>::call_once::{shim:vtable#0}
[INFO] [stdout]   24:     0x5bb37380c179 - <std[70759c8f55707aa4]::sys::thread::unix::Thread>::new::thread_start
[INFO] [stdout]   25:     0x7dacd933edfa - <unknown>
[INFO] [stdout]   26:     0x7dacd93d23d4 - clone
[INFO] [stdout]   27:                0x0 - <unknown>
[INFO] [stdout] 
[INFO] [stdout] ---- tests::client::client_tests::test_wappu_client_delete stdout ----
[INFO] [stdout] 
[INFO] [stdout] thread 'tests::client::client_tests::test_wappu_client_delete' (1939) panicked at src/tests/client.rs:34:9:
[INFO] [stdout] assertion failed: result.is_ok()
[INFO] [stdout] stack backtrace:
[INFO] [stdout]    0:     0x5bb37380cc51 - <<std[70759c8f55707aa4]::sys::backtrace::BacktraceLock>::print::DisplayBacktrace as core[df12db4294e9bfd3]::fmt::Display>::fmt
[INFO] [stdout]    1:     0x5bb373822eba - core[df12db4294e9bfd3]::fmt::write
[INFO] [stdout]    2:     0x5bb37381176c - <alloc[2182bb758b4b3781]::vec::Vec<u8> as core[df12db4294e9bfd3]::io::write::Write>::write_fmt
[INFO] [stdout]    3:     0x5bb3737e8146 - std[70759c8f55707aa4]::panicking::default_hook::{closure#0}
[INFO] [stdout]    4:     0x5bb373804c79 - std[70759c8f55707aa4]::panicking::default_hook
[INFO] [stdout]    5:     0x5bb37364b720 - test[9d35eded1c95d3be]::test_main_inner::<test[9d35eded1c95d3be]::test_main_static::{closure#0}>::{closure#0}
[INFO] [stdout]    6:     0x5bb373804fa2 - std[70759c8f55707aa4]::panicking::panic_with_hook
[INFO] [stdout]    7:     0x5bb3737e8224 - std[70759c8f55707aa4]::panicking::panic_handler::{closure#0}
[INFO] [stdout]    8:     0x5bb3737e0e99 - std[70759c8f55707aa4]::sys::backtrace::__rust_end_short_backtrace::<std[70759c8f55707aa4]::panicking::panic_handler::{closure#0}, !>
[INFO] [stdout]    9:     0x5bb3737e8fdd - __rustc[8fa7c3cbc660c2b3]::rust_begin_unwind
[INFO] [stdout]   10:     0x5bb37382361c - core[df12db4294e9bfd3]::panicking::panic_fmt
[INFO] [stdout]   11:     0x5bb3738235e2 - core[df12db4294e9bfd3]::panicking::panic
[INFO] [stdout]   12:     0x5bb37361c498 - wappu[6bb45a3fd559d079]::tests::client::client_tests::test_wappu_client_delete::{closure#0}
[INFO] [stdout]   13:     0x5bb373623b13 - <tokio[1790f470b58882dd]::runtime::scheduler::current_thread::Context>::enter::<core[df12db4294e9bfd3]::task::poll::Poll<()>, <tokio[1790f470b58882dd]::runtime::scheduler::current_thread::CoreGuard>::block_on<core[df12db4294e9bfd3]::pin::Pin<&mut core[df12db4294e9bfd3]::pin::Pin<&mut dyn core[df12db4294e9bfd3]::future::future::Future<Output = ()>>>>::{closure#0}::{closure#0}>
[INFO] [stdout]   14:     0x5bb37363d6cc - <tokio[1790f470b58882dd]::runtime::context::scoped::Scoped<tokio[1790f470b58882dd]::runtime::scheduler::Context>>::set::<<tokio[1790f470b58882dd]::runtime::scheduler::current_thread::CoreGuard>::enter<<tokio[1790f470b58882dd]::runtime::scheduler::current_thread::CoreGuard>::block_on<core[df12db4294e9bfd3]::pin::Pin<&mut core[df12db4294e9bfd3]::pin::Pin<&mut dyn core[df12db4294e9bfd3]::future::future::Future<Output = ()>>>>::{closure#0}, core[df12db4294e9bfd3]::option::Option<()>>::{closure#0}, (alloc[2182bb758b4b3781]::boxed::Box<tokio[1790f470b58882dd]::runtime::scheduler::current_thread::Core>, core[df12db4294e9bfd3]::option::Option<()>)>
[INFO] [stdout]   15:     0x5bb373623cb7 - <tokio[1790f470b58882dd]::runtime::scheduler::current_thread::CoreGuard>::block_on::<core[df12db4294e9bfd3]::pin::Pin<&mut core[df12db4294e9bfd3]::pin::Pin<&mut dyn core[df12db4294e9bfd3]::future::future::Future<Output = ()>>>>
[INFO] [stdout]   16:     0x5bb3736323ab - tokio[1790f470b58882dd]::runtime::context::runtime::enter_runtime::<<tokio[1790f470b58882dd]::runtime::scheduler::current_thread::CurrentThread>::block_on<core[df12db4294e9bfd3]::pin::Pin<&mut dyn core[df12db4294e9bfd3]::future::future::Future<Output = ()>>>::{closure#0}, ()>
[INFO] [stdout]   17:     0x5bb373634f75 - <tokio[1790f470b58882dd]::runtime::runtime::Runtime>::block_on::<core[df12db4294e9bfd3]::pin::Pin<&mut dyn core[df12db4294e9bfd3]::future::future::Future<Output = ()>>>
[INFO] [stdout]   18:     0x5bb37361cd1b - wappu[6bb45a3fd559d079]::tests::client::client_tests::test_wappu_client_delete
[INFO] [stdout]   19:     0x5bb373636c59 - <wappu[6bb45a3fd559d079]::tests::client::client_tests::test_wappu_client_delete::{closure#0} as core[df12db4294e9bfd3]::ops::function::FnOnce<()>>::call_once
[INFO] [stdout]   20:     0x5bb37363ea0b - test[9d35eded1c95d3be]::__rust_begin_short_backtrace::<core[df12db4294e9bfd3]::result::Result<(), alloc[2182bb758b4b3781]::string::String>, fn() -> core[df12db4294e9bfd3]::result::Result<(), alloc[2182bb758b4b3781]::string::String>>
[INFO] [stdout]   21:     0x5bb37364c075 - test[9d35eded1c95d3be]::run_test::{closure#0}
[INFO] [stdout]   22:     0x5bb373645934 - std[70759c8f55707aa4]::sys::backtrace::__rust_begin_short_backtrace::<test[9d35eded1c95d3be]::run_test::{closure#1}, ()>
[INFO] [stdout]   23:     0x5bb37364f1d2 - <std[70759c8f55707aa4]::thread::lifecycle::spawn_unchecked<test[9d35eded1c95d3be]::run_test::{closure#1}, ()>::{closure#1} as core[df12db4294e9bfd3]::ops::function::FnOnce<()>>::call_once::{shim:vtable#0}
[INFO] [stdout]   24:     0x5bb37380c179 - <std[70759c8f55707aa4]::sys::thread::unix::Thread>::new::thread_start
[INFO] [stdout]   25:     0x7dacd933edfa - <unknown>
[INFO] [stdout]   26:     0x7dacd93d23d4 - clone
[INFO] [stdout]   27:                0x0 - <unknown>
[INFO] [stdout] 
[INFO] [stdout] ---- tests::client::client_tests::test_wappu_client_get stdout ----
[INFO] [stdout] 
[INFO] [stdout] thread 'tests::client::client_tests::test_wappu_client_get' (1940) panicked at src/tests/client.rs:9:9:
[INFO] [stdout] assertion failed: result.is_ok()
[INFO] [stdout] stack backtrace:
[INFO] [stdout]    0:     0x5bb37380cc51 - <<std[70759c8f55707aa4]::sys::backtrace::BacktraceLock>::print::DisplayBacktrace as core[df12db4294e9bfd3]::fmt::Display>::fmt
[INFO] [stdout]    1:     0x5bb373822eba - core[df12db4294e9bfd3]::fmt::write
[INFO] [stdout]    2:     0x5bb37381176c - <alloc[2182bb758b4b3781]::vec::Vec<u8> as core[df12db4294e9bfd3]::io::write::Write>::write_fmt
[INFO] [stdout]    3:     0x5bb3737e8146 - std[70759c8f55707aa4]::panicking::default_hook::{closure#0}
[INFO] [stdout]    4:     0x5bb373804c79 - std[70759c8f55707aa4]::panicking::default_hook
[INFO] [stdout]    5:     0x5bb37364b720 - test[9d35eded1c95d3be]::test_main_inner::<test[9d35eded1c95d3be]::test_main_static::{closure#0}>::{closure#0}
[INFO] [stdout]    6:     0x5bb373804fa2 - std[70759c8f55707aa4]::panicking::panic_with_hook
[INFO] [stdout]    7:     0x5bb3737e8224 - std[70759c8f55707aa4]::panicking::panic_handler::{closure#0}
[INFO] [stdout]    8:     0x5bb3737e0e99 - std[70759c8f55707aa4]::sys::backtrace::__rust_end_short_backtrace::<std[70759c8f55707aa4]::panicking::panic_handler::{closure#0}, !>
[INFO] [stdout]    9:     0x5bb3737e8fdd - __rustc[8fa7c3cbc660c2b3]::rust_begin_unwind
[INFO] [stdout]   10:     0x5bb37382361c - core[df12db4294e9bfd3]::panicking::panic_fmt
[INFO] [stdout]   11:     0x5bb3738235e2 - core[df12db4294e9bfd3]::panicking::panic
[INFO] [stdout]   12:     0x5bb373619f58 - wappu[6bb45a3fd559d079]::tests::client::client_tests::test_wappu_client_get::{closure#0}
[INFO] [stdout]   13:     0x5bb373623b13 - <tokio[1790f470b58882dd]::runtime::scheduler::current_thread::Context>::enter::<core[df12db4294e9bfd3]::task::poll::Poll<()>, <tokio[1790f470b58882dd]::runtime::scheduler::current_thread::CoreGuard>::block_on<core[df12db4294e9bfd3]::pin::Pin<&mut core[df12db4294e9bfd3]::pin::Pin<&mut dyn core[df12db4294e9bfd3]::future::future::Future<Output = ()>>>>::{closure#0}::{closure#0}>
[INFO] [stdout]   14:     0x5bb37363d6cc - <tokio[1790f470b58882dd]::runtime::context::scoped::Scoped<tokio[1790f470b58882dd]::runtime::scheduler::Context>>::set::<<tokio[1790f470b58882dd]::runtime::scheduler::current_thread::CoreGuard>::enter<<tokio[1790f470b58882dd]::runtime::scheduler::current_thread::CoreGuard>::block_on<core[df12db4294e9bfd3]::pin::Pin<&mut core[df12db4294e9bfd3]::pin::Pin<&mut dyn core[df12db4294e9bfd3]::future::future::Future<Output = ()>>>>::{closure#0}, core[df12db4294e9bfd3]::option::Option<()>>::{closure#0}, (alloc[2182bb758b4b3781]::boxed::Box<tokio[1790f470b58882dd]::runtime::scheduler::current_thread::Core>, core[df12db4294e9bfd3]::option::Option<()>)>
[INFO] [stdout]   15:     0x5bb373623cb7 - <tokio[1790f470b58882dd]::runtime::scheduler::current_thread::CoreGuard>::block_on::<core[df12db4294e9bfd3]::pin::Pin<&mut core[df12db4294e9bfd3]::pin::Pin<&mut dyn core[df12db4294e9bfd3]::future::future::Future<Output = ()>>>>
[INFO] [stdout]   16:     0x5bb3736323ab - tokio[1790f470b58882dd]::runtime::context::runtime::enter_runtime::<<tokio[1790f470b58882dd]::runtime::scheduler::current_thread::CurrentThread>::block_on<core[df12db4294e9bfd3]::pin::Pin<&mut dyn core[df12db4294e9bfd3]::future::future::Future<Output = ()>>>::{closure#0}, ()>
[INFO] [stdout]   17:     0x5bb373634f75 - <tokio[1790f470b58882dd]::runtime::runtime::Runtime>::block_on::<core[df12db4294e9bfd3]::pin::Pin<&mut dyn core[df12db4294e9bfd3]::future::future::Future<Output = ()>>>
[INFO] [stdout]   18:     0x5bb37361c68b - wappu[6bb45a3fd559d079]::tests::client::client_tests::test_wappu_client_get
[INFO] [stdout]   19:     0x5bb373636bb9 - <wappu[6bb45a3fd559d079]::tests::client::client_tests::test_wappu_client_get::{closure#0} as core[df12db4294e9bfd3]::ops::function::FnOnce<()>>::call_once
[INFO] [stdout]   20:     0x5bb37363ea0b - test[9d35eded1c95d3be]::__rust_begin_short_backtrace::<core[df12db4294e9bfd3]::result::Result<(), alloc[2182bb758b4b3781]::string::String>, fn() -> core[df12db4294e9bfd3]::result::Result<(), alloc[2182bb758b4b3781]::string::String>>
[INFO] [stdout]   21:     0x5bb37364c075 - test[9d35eded1c95d3be]::run_test::{closure#0}
[INFO] [stdout]   22:     0x5bb373645934 - std[70759c8f55707aa4]::sys::backtrace::__rust_begin_short_backtrace::<test[9d35eded1c95d3be]::run_test::{closure#1}, ()>
[INFO] [stdout]   23:     0x5bb37364f1d2 - <std[70759c8f55707aa4]::thread::lifecycle::spawn_unchecked<test[9d35eded1c95d3be]::run_test::{closure#1}, ()>::{closure#1} as core[df12db4294e9bfd3]::ops::function::FnOnce<()>>::call_once::{shim:vtable#0}
[INFO] [stdout]   24:     0x5bb37380c179 - <std[70759c8f55707aa4]::sys::thread::unix::Thread>::new::thread_start
[INFO] [stdout]   25:     0x7dacd933edfa - <unknown>
[INFO] [stdout]   26:     0x7dacd93d23d4 - clone
[INFO] [stdout]   27:                0x0 - <unknown>
[INFO] [stdout] 
[INFO] [stdout] ---- tests::client::client_error_tests::test_wappu_client_put_unexpected_status_code stdout ----
[INFO] [stdout] 
[INFO] [stdout] thread 'tests::client::client_error_tests::test_wappu_client_put_unexpected_status_code' (1938) panicked at src/tests/client.rs:182:17:
[INFO] [stdout] Expected WappuError::UnexpectedStatusCode, but got other error: Network error: error sending request for url (http://example.com/notfound): error trying to connect: dns error: failed to lookup address information: Temporary failure in name resolution
[INFO] [stdout] stack backtrace:
[INFO] [stdout]    0:     0x5bb37380cc51 - <<std[70759c8f55707aa4]::sys::backtrace::BacktraceLock>::print::DisplayBacktrace as core[df12db4294e9bfd3]::fmt::Display>::fmt
[INFO] [stdout]    1:     0x5bb373822eba - core[df12db4294e9bfd3]::fmt::write
[INFO] [stdout]    2:     0x5bb37381176c - <alloc[2182bb758b4b3781]::vec::Vec<u8> as core[df12db4294e9bfd3]::io::write::Write>::write_fmt
[INFO] [stdout]    3:     0x5bb3737e8146 - std[70759c8f55707aa4]::panicking::default_hook::{closure#0}
[INFO] [stdout]    4:     0x5bb373804c79 - std[70759c8f55707aa4]::panicking::default_hook
[INFO] [stdout]    5:     0x5bb37364b720 - test[9d35eded1c95d3be]::test_main_inner::<test[9d35eded1c95d3be]::test_main_static::{closure#0}>::{closure#0}
[INFO] [stdout]    6:     0x5bb373804fa2 - std[70759c8f55707aa4]::panicking::panic_with_hook
[INFO] [stdout]    7:     0x5bb3737e81f2 - std[70759c8f55707aa4]::panicking::panic_handler::{closure#0}
[INFO] [stdout]    8:     0x5bb3737e0e99 - std[70759c8f55707aa4]::sys::backtrace::__rust_end_short_backtrace::<std[70759c8f55707aa4]::panicking::panic_handler::{closure#0}, !>
[INFO] [stdout]    9:     0x5bb3737e8fdd - __rustc[8fa7c3cbc660c2b3]::rust_begin_unwind
[INFO] [stdout]   10:     0x5bb37382361c - core[df12db4294e9bfd3]::panicking::panic_fmt
[INFO] [stdout]   11:     0x5bb37360a70e - wappu[6bb45a3fd559d079]::tests::client::client_error_tests::test_wappu_client_put_unexpected_status_code::{closure#0}
[INFO] [stdout]   12:     0x5bb373623b13 - <tokio[1790f470b58882dd]::runtime::scheduler::current_thread::Context>::enter::<core[df12db4294e9bfd3]::task::poll::Poll<()>, <tokio[1790f470b58882dd]::runtime::scheduler::current_thread::CoreGuard>::block_on<core[df12db4294e9bfd3]::pin::Pin<&mut core[df12db4294e9bfd3]::pin::Pin<&mut dyn core[df12db4294e9bfd3]::future::future::Future<Output = ()>>>>::{closure#0}::{closure#0}>
[INFO] [stdout]   13:     0x5bb37363d6cc - <tokio[1790f470b58882dd]::runtime::context::scoped::Scoped<tokio[1790f470b58882dd]::runtime::scheduler::Context>>::set::<<tokio[1790f470b58882dd]::runtime::scheduler::current_thread::CoreGuard>::enter<<tokio[1790f470b58882dd]::runtime::scheduler::current_thread::CoreGuard>::block_on<core[df12db4294e9bfd3]::pin::Pin<&mut core[df12db4294e9bfd3]::pin::Pin<&mut dyn core[df12db4294e9bfd3]::future::future::Future<Output = ()>>>>::{closure#0}, core[df12db4294e9bfd3]::option::Option<()>>::{closure#0}, (alloc[2182bb758b4b3781]::boxed::Box<tokio[1790f470b58882dd]::runtime::scheduler::current_thread::Core>, core[df12db4294e9bfd3]::option::Option<()>)>
[INFO] [stdout]   14:     0x5bb373623cb7 - <tokio[1790f470b58882dd]::runtime::scheduler::current_thread::CoreGuard>::block_on::<core[df12db4294e9bfd3]::pin::Pin<&mut core[df12db4294e9bfd3]::pin::Pin<&mut dyn core[df12db4294e9bfd3]::future::future::Future<Output = ()>>>>
[INFO] [stdout]   15:     0x5bb3736323ab - tokio[1790f470b58882dd]::runtime::context::runtime::enter_runtime::<<tokio[1790f470b58882dd]::runtime::scheduler::current_thread::CurrentThread>::block_on<core[df12db4294e9bfd3]::pin::Pin<&mut dyn core[df12db4294e9bfd3]::future::future::Future<Output = ()>>>::{closure#0}, ()>
[INFO] [stdout]   16:     0x5bb373634f75 - <tokio[1790f470b58882dd]::runtime::runtime::Runtime>::block_on::<core[df12db4294e9bfd3]::pin::Pin<&mut dyn core[df12db4294e9bfd3]::future::future::Future<Output = ()>>>
[INFO] [stdout]   17:     0x5bb37360d8bb - wappu[6bb45a3fd559d079]::tests::client::client_error_tests::test_wappu_client_put_unexpected_status_code
[INFO] [stdout]   18:     0x5bb373636df9 - <wappu[6bb45a3fd559d079]::tests::client::client_error_tests::test_wappu_client_put_unexpected_status_code::{closure#0} as core[df12db4294e9bfd3]::ops::function::FnOnce<()>>::call_once
[INFO] [stdout]   19:     0x5bb37363ea0b - test[9d35eded1c95d3be]::__rust_begin_short_backtrace::<core[df12db4294e9bfd3]::result::Result<(), alloc[2182bb758b4b3781]::string::String>, fn() -> core[df12db4294e9bfd3]::result::Result<(), alloc[2182bb758b4b3781]::string::String>>
[INFO] [stdout]   20:     0x5bb37364c075 - test[9d35eded1c95d3be]::run_test::{closure#0}
[INFO] [stdout]   21:     0x5bb373645934 - std[70759c8f55707aa4]::sys::backtrace::__rust_begin_short_backtrace::<test[9d35eded1c95d3be]::run_test::{closure#1}, ()>
[INFO] [stdout]   22:     0x5bb37364f1d2 - <std[70759c8f55707aa4]::thread::lifecycle::spawn_unchecked<test[9d35eded1c95d3be]::run_test::{closure#1}, ()>::{closure#1} as core[df12db4294e9bfd3]::ops::function::FnOnce<()>>::call_once::{shim:vtable#0}
[INFO] [stdout]   23:     0x5bb37380c179 - <std[70759c8f55707aa4]::sys::thread::unix::Thread>::new::thread_start
[INFO] [stdout]   24:     0x7dacd933edfa - <unknown>
[INFO] [stdout]   25:     0x7dacd93d23d4 - clone
[INFO] [stdout]   26:                0x0 - <unknown>
[INFO] [stdout] 
[INFO] [stdout] ---- tests::client::client_error_tests::test_client_headers stdout ----
[INFO] [stdout] 
[INFO] [stdout] thread 'tests::client::client_error_tests::test_client_headers' (1917) panicked at src/tests/client.rs:270:14:
[INFO] [stdout] called `Result::unwrap()` on an `Err` value: Network(reqwest::Error { kind: Request, url: Url { scheme: "https", cannot_be_a_base: false, username: "", password: None, host: Some(Domain("httpbin.org")), port: None, path: "/headers", query: None, fragment: None }, source: hyper::Error(Connect, ConnectError("dns error", Custom { kind: Uncategorized, error: "failed to lookup address information: Temporary failure in name resolution" })) })
[INFO] [stdout] stack backtrace:
[INFO] [stdout]    0:     0x5bb37380cc51 - <<std[70759c8f55707aa4]::sys::backtrace::BacktraceLock>::print::DisplayBacktrace as core[df12db4294e9bfd3]::fmt::Display>::fmt
[INFO] [stdout]    1:     0x5bb373822eba - core[df12db4294e9bfd3]::fmt::write
[INFO] [stdout]    2:     0x5bb37381176c - <alloc[2182bb758b4b3781]::vec::Vec<u8> as core[df12db4294e9bfd3]::io::write::Write>::write_fmt
[INFO] [stdout]    3:     0x5bb3737e8146 - std[70759c8f55707aa4]::panicking::default_hook::{closure#0}
[INFO] [stdout]    4:     0x5bb373804c79 - std[70759c8f55707aa4]::panicking::default_hook
[INFO] [stdout]    5:     0x5bb37364b720 - test[9d35eded1c95d3be]::test_main_inner::<test[9d35eded1c95d3be]::test_main_static::{closure#0}>::{closure#0}
[INFO] [stdout]    6:     0x5bb373804fa2 - std[70759c8f55707aa4]::panicking::panic_with_hook
[INFO] [stdout]    7:     0x5bb3737e81f2 - std[70759c8f55707aa4]::panicking::panic_handler::{closure#0}
[INFO] [stdout]    8:     0x5bb3737e0e99 - std[70759c8f55707aa4]::sys::backtrace::__rust_end_short_backtrace::<std[70759c8f55707aa4]::panicking::panic_handler::{closure#0}, !>
[INFO] [stdout]    9:     0x5bb3737e8fdd - __rustc[8fa7c3cbc660c2b3]::rust_begin_unwind
[INFO] [stdout]   10:     0x5bb37382361c - core[df12db4294e9bfd3]::panicking::panic_fmt
[INFO] [stdout]   11:     0x5bb3738233f2 - core[df12db4294e9bfd3]::result::unwrap_failed
[INFO] [stdout]   12:     0x5bb37360831f - wappu[6bb45a3fd559d079]::tests::client::client_error_tests::test_client_headers::{closure#0}
[INFO] [stdout]   13:     0x5bb373623b13 - <tokio[1790f470b58882dd]::runtime::scheduler::current_thread::Context>::enter::<core[df12db4294e9bfd3]::task::poll::Poll<()>, <tokio[1790f470b58882dd]::runtime::scheduler::current_thread::CoreGuard>::block_on<core[df12db4294e9bfd3]::pin::Pin<&mut core[df12db4294e9bfd3]::pin::Pin<&mut dyn core[df12db4294e9bfd3]::future::future::Future<Output = ()>>>>::{closure#0}::{closure#0}>
[INFO] [stdout]   14:     0x5bb37363d6cc - <tokio[1790f470b58882dd]::runtime::context::scoped::Scoped<tokio[1790f470b58882dd]::runtime::scheduler::Context>>::set::<<tokio[1790f470b58882dd]::runtime::scheduler::current_thread::CoreGuard>::enter<<tokio[1790f470b58882dd]::runtime::scheduler::current_thread::CoreGuard>::block_on<core[df12db4294e9bfd3]::pin::Pin<&mut core[df12db4294e9bfd3]::pin::Pin<&mut dyn core[df12db4294e9bfd3]::future::future::Future<Output = ()>>>>::{closure#0}, core[df12db4294e9bfd3]::option::Option<()>>::{closure#0}, (alloc[2182bb758b4b3781]::boxed::Box<tokio[1790f470b58882dd]::runtime::scheduler::current_thread::Core>, core[df12db4294e9bfd3]::option::Option<()>)>
[INFO] [stdout]   15:     0x5bb373623cb7 - <tokio[1790f470b58882dd]::runtime::scheduler::current_thread::CoreGuard>::block_on::<core[df12db4294e9bfd3]::pin::Pin<&mut core[df12db4294e9bfd3]::pin::Pin<&mut dyn core[df12db4294e9bfd3]::future::future::Future<Output = ()>>>>
[INFO] [stdout]   16:     0x5bb3736323ab - tokio[1790f470b58882dd]::runtime::context::runtime::enter_runtime::<<tokio[1790f470b58882dd]::runtime::scheduler::current_thread::CurrentThread>::block_on<core[df12db4294e9bfd3]::pin::Pin<&mut dyn core[df12db4294e9bfd3]::future::future::Future<Output = ()>>>::{closure#0}, ()>
[INFO] [stdout]   17:     0x5bb373634f75 - <tokio[1790f470b58882dd]::runtime::runtime::Runtime>::block_on::<core[df12db4294e9bfd3]::pin::Pin<&mut dyn core[df12db4294e9bfd3]::future::future::Future<Output = ()>>>
[INFO] [stdout]   18:     0x5bb37360ca4b - wappu[6bb45a3fd559d079]::tests::client::client_error_tests::test_client_headers
[INFO] [stdout]   19:     0x5bb373636cb9 - <wappu[6bb45a3fd559d079]::tests::client::client_error_tests::test_client_headers::{closure#0} as core[df12db4294e9bfd3]::ops::function::FnOnce<()>>::call_once
[INFO] [stdout]   20:     0x5bb37363ea0b - test[9d35eded1c95d3be]::__rust_begin_short_backtrace::<core[df12db4294e9bfd3]::result::Result<(), alloc[2182bb758b4b3781]::string::String>, fn() -> core[df12db4294e9bfd3]::result::Result<(), alloc[2182bb758b4b3781]::string::String>>
[INFO] [stdout]   21:     0x5bb37364c075 - test[9d35eded1c95d3be]::run_test::{closure#0}
[INFO] [stdout]   22:     0x5bb373645934 - std[70759c8f55707aa4]::sys::backtrace::__rust_begin_short_backtrace::<test[9d35eded1c95d3be]::run_test::{closure#1}, ()>
[INFO] [stdout]   23:     0x5bb37364f1d2 - <std[70759c8f55707aa4]::thread::lifecycle::spawn_unchecked<test[9d35eded1c95d3be]::run_test::{closure#1}, ()>::{closure#1} as core[df12db4294e9bfd3]::ops::function::FnOnce<()>>::call_once::{shim:vtable#0}
[INFO] [stdout]   24:     0x5bb37380c179 - <std[70759c8f55707aa4]::sys::thread::unix::Thread>::new::thread_start
[INFO] [stdout]   25:     0x7dacd933edfa - <unknown>
[INFO] [stdout]   26:     0x7dacd93d23d4 - clone
[INFO] [stdout]   27:                0x0 - <unknown>
[INFO] [stdout] 
[INFO] [stdout] ---- tests::client::client_tests::test_wappu_client_head stdout ----
[INFO] [stdout] 
[INFO] [stdout] thread 'tests::client::client_tests::test_wappu_client_head' (1942) panicked at src/tests/client.rs:50:9:
[INFO] [stdout] assertion failed: matches!(result, Ok(_))
[INFO] [stdout] stack backtrace:
[INFO] [stdout]    0:     0x5bb37380cc51 - <<std[70759c8f55707aa4]::sys::backtrace::BacktraceLock>::print::DisplayBacktrace as core[df12db4294e9bfd3]::fmt::Display>::fmt
[INFO] [stdout]    1:     0x5bb373822eba - core[df12db4294e9bfd3]::fmt::write
[INFO] [stdout]    2:     0x5bb37381176c - <alloc[2182bb758b4b3781]::vec::Vec<u8> as core[df12db4294e9bfd3]::io::write::Write>::write_fmt
[INFO] [stdout]    3:     0x5bb3737e8146 - std[70759c8f55707aa4]::panicking::default_hook::{closure#0}
[INFO] [stdout]    4:     0x5bb373804c79 - std[70759c8f55707aa4]::panicking::default_hook
[INFO] [stdout]    5:     0x5bb37364b720 - test[9d35eded1c95d3be]::test_main_inner::<test[9d35eded1c95d3be]::test_main_static::{closure#0}>::{closure#0}
[INFO] [stdout]    6:     0x5bb373804fa2 - std[70759c8f55707aa4]::panicking::panic_with_hook
[INFO] [stdout]    7:     0x5bb3737e8224 - std[70759c8f55707aa4]::panicking::panic_handler::{closure#0}
[INFO] [stdout]    8:     0x5bb3737e0e99 - std[70759c8f55707aa4]::sys::backtrace::__rust_end_short_backtrace::<std[70759c8f55707aa4]::panicking::panic_handler::{closure#0}, !>
[INFO] [stdout]    9:     0x5bb3737e8fdd - __rustc[8fa7c3cbc660c2b3]::rust_begin_unwind
[INFO] [stdout]   10:     0x5bb37382361c - core[df12db4294e9bfd3]::panicking::panic_fmt
[INFO] [stdout]   11:     0x5bb3738235e2 - core[df12db4294e9bfd3]::panicking::panic
[INFO] [stdout]   12:     0x5bb37361add8 - wappu[6bb45a3fd559d079]::tests::client::client_tests::test_wappu_client_head::{closure#0}
[INFO] [stdout]   13:     0x5bb373623b13 - <tokio[1790f470b58882dd]::runtime::scheduler::current_thread::Context>::enter::<core[df12db4294e9bfd3]::task::poll::Poll<()>, <tokio[1790f470b58882dd]::runtime::scheduler::current_thread::CoreGuard>::block_on<core[df12db4294e9bfd3]::pin::Pin<&mut core[df12db4294e9bfd3]::pin::Pin<&mut dyn core[df12db4294e9bfd3]::future::future::Future<Output = ()>>>>::{closure#0}::{closure#0}>
[INFO] [stdout]   14:     0x5bb37363d6cc - <tokio[1790f470b58882dd]::runtime::context::scoped::Scoped<tokio[1790f470b58882dd]::runtime::scheduler::Context>>::set::<<tokio[1790f470b58882dd]::runtime::scheduler::current_thread::CoreGuard>::enter<<tokio[1790f470b58882dd]::runtime::scheduler::current_thread::CoreGuard>::block_on<core[df12db4294e9bfd3]::pin::Pin<&mut core[df12db4294e9bfd3]::pin::Pin<&mut dyn core[df12db4294e9bfd3]::future::future::Future<Output = ()>>>>::{closure#0}, core[df12db4294e9bfd3]::option::Option<()>>::{closure#0}, (alloc[2182bb758b4b3781]::boxed::Box<tokio[1790f470b58882dd]::runtime::scheduler::current_thread::Core>, core[df12db4294e9bfd3]::option::Option<()>)>
[INFO] [stdout]   15:     0x5bb373623cb7 - <tokio[1790f470b58882dd]::runtime::scheduler::current_thread::CoreGuard>::block_on::<core[df12db4294e9bfd3]::pin::Pin<&mut core[df12db4294e9bfd3]::pin::Pin<&mut dyn core[df12db4294e9bfd3]::future::future::Future<Output = ()>>>>
[INFO] [stdout]   16:     0x5bb3736323ab - tokio[1790f470b58882dd]::runtime::context::runtime::enter_runtime::<<tokio[1790f470b58882dd]::runtime::scheduler::current_thread::CurrentThread>::block_on<core[df12db4294e9bfd3]::pin::Pin<&mut dyn core[df12db4294e9bfd3]::future::future::Future<Output = ()>>>::{closure#0}, ()>
[INFO] [stdout]   17:     0x5bb373634f75 - <tokio[1790f470b58882dd]::runtime::runtime::Runtime>::block_on::<core[df12db4294e9bfd3]::pin::Pin<&mut dyn core[df12db4294e9bfd3]::future::future::Future<Output = ()>>>
[INFO] [stdout]   18:     0x5bb37361c92b - wappu[6bb45a3fd559d079]::tests::client::client_tests::test_wappu_client_head
[INFO] [stdout]   19:     0x5bb373636bf9 - <wappu[6bb45a3fd559d079]::tests::client::client_tests::test_wappu_client_head::{closure#0} as core[df12db4294e9bfd3]::ops::function::FnOnce<()>>::call_once
[INFO] [stdout]   20:     0x5bb37363ea0b - test[9d35eded1c95d3be]::__rust_begin_short_backtrace::<core[df12db4294e9bfd3]::result::Result<(), alloc[2182bb758b4b3781]::string::String>, fn() -> core[df12db4294e9bfd3]::result::Result<(), alloc[2182bb758b4b3781]::string::String>>
[INFO] [stdout]   21:     0x5bb37364c075 - test[9d35eded1c95d3be]::run_test::{closure#0}
[INFO] [stdout]   22:     0x5bb373645934 - std[70759c8f55707aa4]::sys::backtrace::__rust_begin_short_backtrace::<test[9d35eded1c95d3be]::run_test::{closure#1}, ()>
[INFO] [stdout]   23:     0x5bb37364f1d2 - <std[70759c8f55707aa4]::thread::lifecycle::spawn_unchecked<test[9d35eded1c95d3be]::run_test::{closure#1}, ()>::{closure#1} as core[df12db4294e9bfd3]::ops::function::FnOnce<()>>::call_once::{shim:vtable#0}
[INFO] [stdout]   24:     0x5bb37380c179 - <std[70759c8f55707aa4]::sys::thread::unix::Thread>::new::thread_start
[INFO] [stdout]   25:     0x7dacd933edfa - <unknown>
[INFO] [stdout]   26:     0x7dacd93d23d4 - clone
[INFO] [stdout]   27:                0x0 - <unknown>
[INFO] [stdout] 
[INFO] [stdout] ---- tests::client::client_tests::test_wappu_client_patch stdout ----
[INFO] [stdout] 
[INFO] [stdout] thread 'tests::client::client_tests::test_wappu_client_patch' (1943) panicked at src/tests/client.rs:43:9:
[INFO] [stdout] assertion failed: result.is_ok()
[INFO] [stdout] stack backtrace:
[INFO] [stdout]    0:     0x5bb37380cc51 - <<std[70759c8f55707aa4]::sys::backtrace::BacktraceLock>::print::DisplayBacktrace as core[df12db4294e9bfd3]::fmt::Display>::fmt
[INFO] [stdout]    1:     0x5bb373822eba - core[df12db4294e9bfd3]::fmt::write
[INFO] [stdout]    2:     0x5bb37381176c - <alloc[2182bb758b4b3781]::vec::Vec<u8> as core[df12db4294e9bfd3]::io::write::Write>::write_fmt
[INFO] [stdout]    3:     0x5bb3737e8146 - std[70759c8f55707aa4]::panicking::default_hook::{closure#0}
[INFO] [stdout]    4:     0x5bb373804c79 - std[70759c8f55707aa4]::panicking::default_hook
[INFO] [stdout]    5:     0x5bb37364b720 - test[9d35eded1c95d3be]::test_main_inner::<test[9d35eded1c95d3be]::test_main_static::{closure#0}>::{closure#0}
[INFO] [stdout]    6:     0x5bb373804fa2 - std[70759c8f55707aa4]::panicking::panic_with_hook
[INFO] [stdout]    7:     0x5bb3737e8224 - std[70759c8f55707aa4]::panicking::panic_handler::{closure#0}
[INFO] [stdout]    8:     0x5bb3737e0e99 - std[70759c8f55707aa4]::sys::backtrace::__rust_end_short_backtrace::<std[70759c8f55707aa4]::panicking::panic_handler::{closure#0}, !>
[INFO] [stdout]    9:     0x5bb3737e8fdd - __rustc[8fa7c3cbc660c2b3]::rust_begin_unwind
[INFO] [stdout]   10:     0x5bb37382361c - core[df12db4294e9bfd3]::panicking::panic_fmt
[INFO] [stdout]   11:     0x5bb3738235e2 - core[df12db4294e9bfd3]::panicking::panic
[INFO] [stdout]   12:     0x5bb37361bde4 - wappu[6bb45a3fd559d079]::tests::client::client_tests::test_wappu_client_patch::{closure#0}
[INFO] [stdout]   13:     0x5bb373623b13 - <tokio[1790f470b58882dd]::runtime::scheduler::current_thread::Context>::enter::<core[df12db4294e9bfd3]::task::poll::Poll<()>, <tokio[1790f470b58882dd]::runtime::scheduler::current_thread::CoreGuard>::block_on<core[df12db4294e9bfd3]::pin::Pin<&mut core[df12db4294e9bfd3]::pin::Pin<&mut dyn core[df12db4294e9bfd3]::future::future::Future<Output = ()>>>>::{closure#0}::{closure#0}>
[INFO] [stdout]   14:     0x5bb37363d6cc - <tokio[1790f470b58882dd]::runtime::context::scoped::Scoped<tokio[1790f470b58882dd]::runtime::scheduler::Context>>::set::<<tokio[1790f470b58882dd]::runtime::scheduler::current_thread::CoreGuard>::enter<<tokio[1790f470b58882dd]::runtime::scheduler::current_thread::CoreGuard>::block_on<core[df12db4294e9bfd3]::pin::Pin<&mut core[df12db4294e9bfd3]::pin::Pin<&mut dyn core[df12db4294e9bfd3]::future::future::Future<Output = ()>>>>::{closure#0}, core[df12db4294e9bfd3]::option::Option<()>>::{closure#0}, (alloc[2182bb758b4b3781]::boxed::Box<tokio[1790f470b58882dd]::runtime::scheduler::current_thread::Core>, core[df12db4294e9bfd3]::option::Option<()>)>
[INFO] [stdout]   15:     0x5bb373623cb7 - <tokio[1790f470b58882dd]::runtime::scheduler::current_thread::CoreGuard>::block_on::<core[df12db4294e9bfd3]::pin::Pin<&mut core[df12db4294e9bfd3]::pin::Pin<&mut dyn core[df12db4294e9bfd3]::future::future::Future<Output = ()>>>>
[INFO] [stdout]   16:     0x5bb3736323ab - tokio[1790f470b58882dd]::runtime::context::runtime::enter_runtime::<<tokio[1790f470b58882dd]::runtime::scheduler::current_thread::CurrentThread>::block_on<core[df12db4294e9bfd3]::pin::Pin<&mut dyn core[df12db4294e9bfd3]::future::future::Future<Output = ()>>>::{closure#0}, ()>
[INFO] [stdout]   17:     0x5bb373634f75 - <tokio[1790f470b58882dd]::runtime::runtime::Runtime>::block_on::<core[df12db4294e9bfd3]::pin::Pin<&mut dyn core[df12db4294e9bfd3]::future::future::Future<Output = ()>>>
[INFO] [stdout]   18:     0x5bb37361cbcb - wappu[6bb45a3fd559d079]::tests::client::client_tests::test_wappu_client_patch
[INFO] [stdout]   19:     0x5bb373636c39 - <wappu[6bb45a3fd559d079]::tests::client::client_tests::test_wappu_client_patch::{closure#0} as core[df12db4294e9bfd3]::ops::function::FnOnce<()>>::call_once
[INFO] [stdout]   20:     0x5bb37363ea0b - test[9d35eded1c95d3be]::__rust_begin_short_backtrace::<core[df12db4294e9bfd3]::result::Result<(), alloc[2182bb758b4b3781]::string::String>, fn() -> core[df12db4294e9bfd3]::result::Result<(), alloc[2182bb758b4b3781]::string::String>>
[INFO] [stdout]   21:     0x5bb37364c075 - test[9d35eded1c95d3be]::run_test::{closure#0}
[INFO] [stdout]   22:     0x5bb373645934 - std[70759c8f55707aa4]::sys::backtrace::__rust_begin_short_backtrace::<test[9d35eded1c95d3be]::run_test::{closure#1}, ()>
[INFO] [stdout]   23:     0x5bb37364f1d2 - <std[70759c8f55707aa4]::thread::lifecycle::spawn_unchecked<test[9d35eded1c95d3be]::run_test::{closure#1}, ()>::{closure#1} as core[df12db4294e9bfd3]::ops::function::FnOnce<()>>::call_once::{shim:vtable#0}
[INFO] [stdout]   24:     0x5bb37380c179 - <std[70759c8f55707aa4]::sys::thread::unix::Thread>::new::thread_start
[INFO] [stdout]   25:     0x7dacd933edfa - <unknown>
[INFO] [stdout]   26:     0x7dacd93d23d4 - clone
[INFO] [stdout]   27:                0x0 - <unknown>
[INFO] [stdout] 
[INFO] [stdout] ---- tests::client::client_error_tests::test_wappu_client_post_unexpected_status_code stdout ----
[INFO] [stdout] 
[INFO] [stdout] thread 'tests::client::client_error_tests::test_wappu_client_post_unexpected_status_code' (1931) panicked at src/tests/client.rs:113:9:
[INFO] [stdout] assertion failed: result.is_ok() &&
[INFO] [stdout]     matches!(result.unwrap(), Err(WappuError::UnexpectedStatusCode(code, _))
[INFO] [stdout]         if code == StatusCode::NOT_FOUND)
[INFO] [stdout] stack backtrace:
[INFO] [stdout]    0:     0x5bb37380cc51 - <<std[70759c8f55707aa4]::sys::backtrace::BacktraceLock>::print::DisplayBacktrace as core[df12db4294e9bfd3]::fmt::Display>::fmt
[INFO] [stdout]    1:     0x5bb373822eba - core[df12db4294e9bfd3]::fmt::write
[INFO] [stdout]    2:     0x5bb37381176c - <alloc[2182bb758b4b3781]::vec::Vec<u8> as core[df12db4294e9bfd3]::io::write::Write>::write_fmt
[INFO] [stdout]    3:     0x5bb3737e8146 - std[70759c8f55707aa4]::panicking::default_hook::{closure#0}
[INFO] [stdout]    4:     0x5bb373804c79 - std[70759c8f55707aa4]::panicking::default_hook
[INFO] [stdout]    5:     0x5bb37364b720 - test[9d35eded1c95d3be]::test_main_inner::<test[9d35eded1c95d3be]::test_main_static::{closure#0}>::{closure#0}
[INFO] [stdout]    6:     0x5bb373804fa2 - std[70759c8f55707aa4]::panicking::panic_with_hook
[INFO] [stdout]    7:     0x5bb3737e8224 - std[70759c8f55707aa4]::panicking::panic_handler::{closure#0}
[INFO] [stdout]    8:     0x5bb3737e0e99 - std[70759c8f55707aa4]::sys::backtrace::__rust_end_short_backtrace::<std[70759c8f55707aa4]::panicking::panic_handler::{closure#0}, !>
[INFO] [stdout]    9:     0x5bb3737e8fdd - __rustc[8fa7c3cbc660c2b3]::rust_begin_unwind
[INFO] [stdout]   10:     0x5bb37382361c - core[df12db4294e9bfd3]::panicking::panic_fmt
[INFO] [stdout]   11:     0x5bb3738235e2 - core[df12db4294e9bfd3]::panicking::panic
[INFO] [stdout]   12:     0x5bb37360b77d - wappu[6bb45a3fd559d079]::tests::client::client_error_tests::test_wappu_client_post_unexpected_status_code::{closure#0}
[INFO] [stdout]   13:     0x5bb373623b13 - <tokio[1790f470b58882dd]::runtime::scheduler::current_thread::Context>::enter::<core[df12db4294e9bfd3]::task::poll::Poll<()>, <tokio[1790f470b58882dd]::runtime::scheduler::current_thread::CoreGuard>::block_on<core[df12db4294e9bfd3]::pin::Pin<&mut core[df12db4294e9bfd3]::pin::Pin<&mut dyn core[df12db4294e9bfd3]::future::future::Future<Output = ()>>>>::{closure#0}::{closure#0}>
[INFO] [stdout]   14:     0x5bb37363d6cc - <tokio[1790f470b58882dd]::runtime::context::scoped::Scoped<tokio[1790f470b58882dd]::runtime::scheduler::Context>>::set::<<tokio[1790f470b58882dd]::runtime::scheduler::current_thread::CoreGuard>::enter<<tokio[1790f470b58882dd]::runtime::scheduler::current_thread::CoreGuard>::block_on<core[df12db4294e9bfd3]::pin::Pin<&mut core[df12db4294e9bfd3]::pin::Pin<&mut dyn core[df12db4294e9bfd3]::future::future::Future<Output = ()>>>>::{closure#0}, core[df12db4294e9bfd3]::option::Option<()>>::{closure#0}, (alloc[2182bb758b4b3781]::boxed::Box<tokio[1790f470b58882dd]::runtime::scheduler::current_thread::Core>, core[df12db4294e9bfd3]::option::Option<()>)>
[INFO] [stdout]   15:     0x5bb373623cb7 - <tokio[1790f470b58882dd]::runtime::scheduler::current_thread::CoreGuard>::block_on::<core[df12db4294e9bfd3]::pin::Pin<&mut core[df12db4294e9bfd3]::pin::Pin<&mut dyn core[df12db4294e9bfd3]::future::future::Future<Output = ()>>>>
[INFO] [stdout]   16:     0x5bb3736323ab - tokio[1790f470b58882dd]::runtime::context::runtime::enter_runtime::<<tokio[1790f470b58882dd]::runtime::scheduler::current_thread::CurrentThread>::block_on<core[df12db4294e9bfd3]::pin::Pin<&mut dyn core[df12db4294e9bfd3]::future::future::Future<Output = ()>>>::{closure#0}, ()>
[INFO] [stdout]   17:     0x5bb373634f75 - <tokio[1790f470b58882dd]::runtime::runtime::Runtime>::block_on::<core[df12db4294e9bfd3]::pin::Pin<&mut dyn core[df12db4294e9bfd3]::future::future::Future<Output = ()>>>
[INFO] [stdout]   18:     0x5bb37360dcab - wappu[6bb45a3fd559d079]::tests::client::client_error_tests::test_wappu_client_post_unexpected_status_code
[INFO] [stdout]   19:     0x5bb373636e59 - <wappu[6bb45a3fd559d079]::tests::client::client_error_tests::test_wappu_client_post_unexpected_status_code::{closure#0} as core[df12db4294e9bfd3]::ops::function::FnOnce<()>>::call_once
[INFO] [stdout]   20:     0x5bb37363ea0b - test[9d35eded1c95d3be]::__rust_begin_short_backtrace::<core[df12db4294e9bfd3]::result::Result<(), alloc[2182bb758b4b3781]::string::String>, fn() -> core[df12db4294e9bfd3]::result::Result<(), alloc[2182bb758b4b3781]::string::String>>
[INFO] [stdout]   21:     0x5bb37364c075 - test[9d35eded1c95d3be]::run_test::{closure#0}
[INFO] [stdout]   22:     0x5bb373645934 - std[70759c8f55707aa4]::sys::backtrace::__rust_begin_short_backtrace::<test[9d35eded1c95d3be]::run_test::{closure#1}, ()>
[INFO] [stdout]   23:     0x5bb37364f1d2 - <std[70759c8f55707aa4]::thread::lifecycle::spawn_unchecked<test[9d35eded1c95d3be]::run_test::{closure#1}, ()>::{closure#1} as core[df12db4294e9bfd3]::ops::function::FnOnce<()>>::call_once::{shim:vtable#0}
[INFO] [stdout]   24:     0x5bb37380c179 - <std[70759c8f55707aa4]::sys::thread::unix::Thread>::new::thread_start
[INFO] [stdout]   25:     0x7dacd933edfa - <unknown>
[INFO] [stdout]   26:     0x7dacd93d23d4 - clone
[INFO] [stdout]   27:                0x0 - <unknown>
[INFO] [stdout] 
[INFO] [stdout] ---- tests::client::client_tests::test_wappu_client_post stdout ----
[INFO] [stdout] 
[INFO] [stdout] thread 'tests::client::client_tests::test_wappu_client_post' (1944) panicked at src/tests/client.rs:18:9:
[INFO] [stdout] assertion failed: result.is_ok()
[INFO] [stdout] stack backtrace:
[INFO] [stdout]    0:     0x5bb37380cc51 - <<std[70759c8f55707aa4]::sys::backtrace::BacktraceLock>::print::DisplayBacktrace as core[df12db4294e9bfd3]::fmt::Display>::fmt
[INFO] [stdout]    1:     0x5bb373822eba - core[df12db4294e9bfd3]::fmt::write
[INFO] [stdout]    2:     0x5bb37381176c - <alloc[2182bb758b4b3781]::vec::Vec<u8> as core[df12db4294e9bfd3]::io::write::Write>::write_fmt
[INFO] [stdout]    3:     0x5bb3737e8146 - std[70759c8f55707aa4]::panicking::default_hook::{closure#0}
[INFO] [stdout]    4:     0x5bb373804c79 - std[70759c8f55707aa4]::panicking::default_hook
[INFO] [stdout]    5:     0x5bb37364b720 - test[9d35eded1c95d3be]::test_main_inner::<test[9d35eded1c95d3be]::test_main_static::{closure#0}>::{closure#0}
[INFO] [stdout]    6:     0x5bb373804fa2 - std[70759c8f55707aa4]::panicking::panic_with_hook
[INFO] [stdout]    7:     0x5bb3737e8224 - std[70759c8f55707aa4]::panicking::panic_handler::{closure#0}
[INFO] [stdout]    8:     0x5bb3737e0e99 - std[70759c8f55707aa4]::sys::backtrace::__rust_end_short_backtrace::<std[70759c8f55707aa4]::panicking::panic_handler::{closure#0}, !>
[INFO] [stdout]    9:     0x5bb3737e8fdd - __rustc[8fa7c3cbc660c2b3]::rust_begin_unwind
[INFO] [stdout]   10:     0x5bb37382361c - core[df12db4294e9bfd3]::panicking::panic_fmt
[INFO] [stdout]   11:     0x5bb3738235e2 - core[df12db4294e9bfd3]::panicking::panic
[INFO] [stdout]   12:     0x5bb37361b5a4 - wappu[6bb45a3fd559d079]::tests::client::client_tests::test_wappu_client_post::{closure#0}
[INFO] [stdout]   13:     0x5bb373623b13 - <tokio[1790f470b58882dd]::runtime::scheduler::current_thread::Context>::enter::<core[df12db4294e9bfd3]::task::poll::Poll<()>, <tokio[1790f470b58882dd]::runtime::scheduler::current_thread::CoreGuard>::block_on<core[df12db4294e9bfd3]::pin::Pin<&mut core[df12db4294e9bfd3]::pin::Pin<&mut dyn core[df12db4294e9bfd3]::future::future::Future<Output = ()>>>>::{closure#0}::{closure#0}>
[INFO] [stdout]   14:     0x5bb37363d6cc - <tokio[1790f470b58882dd]::runtime::context::scoped::Scoped<tokio[1790f470b58882dd]::runtime::scheduler::Context>>::set::<<tokio[1790f470b58882dd]::runtime::scheduler::current_thread::CoreGuard>::enter<<tokio[1790f470b58882dd]::runtime::scheduler::current_thread::CoreGuard>::block_on<core[df12db4294e9bfd3]::pin::Pin<&mut core[df12db4294e9bfd3]::pin::Pin<&mut dyn core[df12db4294e9bfd3]::future::future::Future<Output = ()>>>>::{closure#0}, core[df12db4294e9bfd3]::option::Option<()>>::{closure#0}, (alloc[2182bb758b4b3781]::boxed::Box<tokio[1790f470b58882dd]::runtime::scheduler::current_thread::Core>, core[df12db4294e9bfd3]::option::Option<()>)>
[INFO] [stdout]   15:     0x5bb373623cb7 - <tokio[1790f470b58882dd]::runtime::scheduler::current_thread::CoreGuard>::block_on::<core[df12db4294e9bfd3]::pin::Pin<&mut core[df12db4294e9bfd3]::pin::Pin<&mut dyn core[df12db4294e9bfd3]::future::future::Future<Output = ()>>>>
[INFO] [stdout]   16:     0x5bb3736323ab - tokio[1790f470b58882dd]::runtime::context::runtime::enter_runtime::<<tokio[1790f470b58882dd]::runtime::scheduler::current_thread::CurrentThread>::block_on<core[df12db4294e9bfd3]::pin::Pin<&mut dyn core[df12db4294e9bfd3]::future::future::Future<Output = ()>>>::{closure#0}, ()>
[INFO] [stdout]   17:     0x5bb373634f75 - <tokio[1790f470b58882dd]::runtime::runtime::Runtime>::block_on::<core[df12db4294e9bfd3]::pin::Pin<&mut dyn core[df12db4294e9bfd3]::future::future::Future<Output = ()>>>
[INFO] [stdout]   18:     0x5bb37361ca7b - wappu[6bb45a3fd559d079]::tests::client::client_tests::test_wappu_client_post
[INFO] [stdout]   19:     0x5bb373636c19 - <wappu[6bb45a3fd559d079]::tests::client::client_tests::test_wappu_client_post::{closure#0} as core[df12db4294e9bfd3]::ops::function::FnOnce<()>>::call_once
[INFO] [stdout]   20:     0x5bb37363ea0b - test[9d35eded1c95d3be]::__rust_begin_short_backtrace::<core[df12db4294e9bfd3]::result::Result<(), alloc[2182bb758b4b3781]::string::String>, fn() -> core[df12db4294e9bfd3]::result::Result<(), alloc[2182bb758b4b3781]::string::String>>
[INFO] [stdout]   21:     0x5bb37364c075 - test[9d35eded1c95d3be]::run_test::{closure#0}
[INFO] [stdout]   22:     0x5bb373645934 - std[70759c8f55707aa4]::sys::backtrace::__rust_begin_short_backtrace::<test[9d35eded1c95d3be]::run_test::{closure#1}, ()>
[INFO] [stdout]   23:     0x5bb37364f1d2 - <std[70759c8f55707aa4]::thread::lifecycle::spawn_unchecked<test[9d35eded1c95d3be]::run_test::{closure#1}, ()>::{closure#1} as core[df12db4294e9bfd3]::ops::function::FnOnce<()>>::call_once::{shim:vtable#0}
[INFO] [stdout]   24:     0x5bb37380c179 - <std[70759c8f55707aa4]::sys::thread::unix::Thread>::new::thread_start
[INFO] [stdout]   25:     0x7dacd933edfa - <unknown>
[INFO] [stdout]   26:     0x7dacd93d23d4 - clone
[INFO] [stdout]   27:                0x0 - <unknown>
[INFO] [stdout] 
[INFO] [stdout] ---- tests::client::client_error_tests::test_wappu_client_delete_network_error stdout ----
[INFO] [stdout] 
[INFO] [stdout] thread 'tests::client::client_error_tests::test_wappu_client_delete_network_error' (1920) panicked at src/tests/client.rs:138:9:
[INFO] [stdout] assertion failed: result.is_err()
[INFO] [stdout] stack backtrace:
[INFO] [stdout]    0:     0x5bb37380cc51 - <<std[70759c8f55707aa4]::sys::backtrace::BacktraceLock>::print::DisplayBacktrace as core[df12db4294e9bfd3]::fmt::Display>::fmt
[INFO] [stdout]    1:     0x5bb373822eba - core[df12db4294e9bfd3]::fmt::write
[INFO] [stdout]    2:     0x5bb37381176c - <alloc[2182bb758b4b3781]::vec::Vec<u8> as core[df12db4294e9bfd3]::io::write::Write>::write_fmt
[INFO] [stdout]    3:     0x5bb3737e8146 - std[70759c8f55707aa4]::panicking::default_hook::{closure#0}
[INFO] [stdout]    4:     0x5bb373804c79 - std[70759c8f55707aa4]::panicking::default_hook
[INFO] [stdout]    5:     0x5bb37364b720 - test[9d35eded1c95d3be]::test_main_inner::<test[9d35eded1c95d3be]::test_main_static::{closure#0}>::{closure#0}
[INFO] [stdout]    6:     0x5bb373804fa2 - std[70759c8f55707aa4]::panicking::panic_with_hook
[INFO] [stdout]    7:     0x5bb3737e8224 - std[70759c8f55707aa4]::panicking::panic_handler::{closure#0}
[INFO] [stdout]    8:     0x5bb3737e0e99 - std[70759c8f55707aa4]::sys::backtrace::__rust_end_short_backtrace::<std[70759c8f55707aa4]::panicking::panic_handler::{closure#0}, !>
[INFO] [stdout]    9:     0x5bb3737e8fdd - __rustc[8fa7c3cbc660c2b3]::rust_begin_unwind
[INFO] [stdout]   10:     0x5bb37382361c - core[df12db4294e9bfd3]::panicking::panic_fmt
[INFO] [stdout]   11:     0x5bb3738235e2 - core[df12db4294e9bfd3]::panicking::panic
[INFO] [stdout]   12:     0x5bb37360975d - wappu[6bb45a3fd559d079]::tests::client::client_error_tests::test_wappu_client_delete_network_error::{closure#0}
[INFO] [stdout]   13:     0x5bb373623b13 - <tokio[1790f470b58882dd]::runtime::scheduler::current_thread::Context>::enter::<core[df12db4294e9bfd3]::task::poll::Poll<()>, <tokio[1790f470b58882dd]::runtime::scheduler::current_thread::CoreGuard>::block_on<core[df12db4294e9bfd3]::pin::Pin<&mut core[df12db4294e9bfd3]::pin::Pin<&mut dyn core[df12db4294e9bfd3]::future::future::Future<Output = ()>>>>::{closure#0}::{closure#0}>
[INFO] [stdout]   14:     0x5bb37363d6cc - <tokio[1790f470b58882dd]::runtime::context::scoped::Scoped<tokio[1790f470b58882dd]::runtime::scheduler::Context>>::set::<<tokio[1790f470b58882dd]::runtime::scheduler::current_thread::CoreGuard>::enter<<tokio[1790f470b58882dd]::runtime::scheduler::current_thread::CoreGuard>::block_on<core[df12db4294e9bfd3]::pin::Pin<&mut core[df12db4294e9bfd3]::pin::Pin<&mut dyn core[df12db4294e9bfd3]::future::future::Future<Output = ()>>>>::{closure#0}, core[df12db4294e9bfd3]::option::Option<()>>::{closure#0}, (alloc[2182bb758b4b3781]::boxed::Box<tokio[1790f470b58882dd]::runtime::scheduler::current_thread::Core>, core[df12db4294e9bfd3]::option::Option<()>)>
[INFO] [stdout]   15:     0x5bb373623cb7 - <tokio[1790f470b58882dd]::runtime::scheduler::current_thread::CoreGuard>::block_on::<core[df12db4294e9bfd3]::pin::Pin<&mut core[df12db4294e9bfd3]::pin::Pin<&mut dyn core[df12db4294e9bfd3]::future::future::Future<Output = ()>>>>
[INFO] [stdout]   16:     0x5bb3736323ab - tokio[1790f470b58882dd]::runtime::context::runtime::enter_runtime::<<tokio[1790f470b58882dd]::runtime::scheduler::current_thread::CurrentThread>::block_on<core[df12db4294e9bfd3]::pin::Pin<&mut dyn core[df12db4294e9bfd3]::future::future::Future<Output = ()>>>::{closure#0}, ()>
[INFO] [stdout]   17:     0x5bb373634f75 - <tokio[1790f470b58882dd]::runtime::runtime::Runtime>::block_on::<core[df12db4294e9bfd3]::pin::Pin<&mut dyn core[df12db4294e9bfd3]::future::future::Future<Output = ()>>>
[INFO] [stdout]   18:     0x5bb37360d46b - wappu[6bb45a3fd559d079]::tests::client::client_error_tests::test_wappu_client_delete_network_error
[INFO] [stdout]   19:     0x5bb373636d99 - <wappu[6bb45a3fd559d079]::tests::client::client_error_tests::test_wappu_client_delete_network_error::{closure#0} as core[df12db4294e9bfd3]::ops::function::FnOnce<()>>::call_once
[INFO] [stdout]   20:     0x5bb37363ea0b - test[9d35eded1c95d3be]::__rust_begin_short_backtrace::<core[df12db4294e9bfd3]::result::Result<(), alloc[2182bb758b4b3781]::string::String>, fn() -> core[df12db4294e9bfd3]::result::Result<(), alloc[2182bb758b4b3781]::string::String>>
[INFO] [stdout]   21:     0x5bb37364c075 - test[9d35eded1c95d3be]::run_test::{closure#0}
[INFO] [stdout]   22:     0x5bb373645934 - std[70759c8f55707aa4]::sys::backtrace::__rust_begin_short_backtrace::<test[9d35eded1c95d3be]::run_test::{closure#1}, ()>
[INFO] [stdout]   23:     0x5bb37364f1d2 - <std[70759c8f55707aa4]::thread::lifecycle::spawn_unchecked<test[9d35eded1c95d3be]::run_test::{closure#1}, ()>::{closure#1} as core[df12db4294e9bfd3]::ops::function::FnOnce<()>>::call_once::{shim:vtable#0}
[INFO] [stdout]   24:     0x5bb37380c179 - <std[70759c8f55707aa4]::sys::thread::unix::Thread>::new::thread_start
[INFO] [stdout]   25:     0x7dacd933edfa - <unknown>
[INFO] [stdout]   26:     0x7dacd93d23d4 - clone
[INFO] [stdout]   27:                0x0 - <unknown>
[INFO] [stdout] 
[INFO] [stdout] ---- tests::client::client_error_tests::test_wappu_client_patch_network_error stdout ----
[INFO] [stdout] 
[INFO] [stdout] thread 'tests::client::client_error_tests::test_wappu_client_patch_network_error' (1928) panicked at src/tests/client.rs:160:9:
[INFO] [stdout] assertion failed: result.is_err()
[INFO] [stdout] stack backtrace:
[INFO] [stdout]    0:     0x5bb37380cc51 - <<std[70759c8f55707aa4]::sys::backtrace::BacktraceLock>::print::DisplayBacktrace as core[df12db4294e9bfd3]::fmt::Display>::fmt
[INFO] [stdout]    1:     0x5bb373822eba - core[df12db4294e9bfd3]::fmt::write
[INFO] [stdout]    2:     0x5bb37381176c - <alloc[2182bb758b4b3781]::vec::Vec<u8> as core[df12db4294e9bfd3]::io::write::Write>::write_fmt
[INFO] [stdout]    3:     0x5bb3737e8146 - std[70759c8f55707aa4]::panicking::default_hook::{closure#0}
[INFO] [stdout]    4:     0x5bb373804c79 - std[70759c8f55707aa4]::panicking::default_hook
[INFO] [stdout]    5:     0x5bb37364b720 - test[9d35eded1c95d3be]::test_main_inner::<test[9d35eded1c95d3be]::test_main_static::{closure#0}>::{closure#0}
[INFO] [stdout]    6:     0x5bb373804fa2 - std[70759c8f55707aa4]::panicking::panic_with_hook
[INFO] [stdout]    7:     0x5bb3737e8224 - std[70759c8f55707aa4]::panicking::panic_handler::{closure#0}
[INFO] [stdout]    8:     0x5bb3737e0e99 - std[70759c8f55707aa4]::sys::backtrace::__rust_end_short_backtrace::<std[70759c8f55707aa4]::panicking::panic_handler::{closure#0}, !>
[INFO] [stdout]    9:     0x5bb3737e8fdd - __rustc[8fa7c3cbc660c2b3]::rust_begin_unwind
[INFO] [stdout]   10:     0x5bb37382361c - core[df12db4294e9bfd3]::panicking::panic_fmt
[INFO] [stdout]   11:     0x5bb3738235e2 - core[df12db4294e9bfd3]::panicking::panic
[INFO] [stdout]   12:     0x5bb3736094e8 - wappu[6bb45a3fd559d079]::tests::client::client_error_tests::test_wappu_client_patch_network_error::{closure#0}
[INFO] [stdout]   13:     0x5bb373623b13 - <tokio[1790f470b58882dd]::runtime::scheduler::current_thread::Context>::enter::<core[df12db4294e9bfd3]::task::poll::Poll<()>, <tokio[1790f470b58882dd]::runtime::scheduler::current_thread::CoreGuard>::block_on<core[df12db4294e9bfd3]::pin::Pin<&mut core[df12db4294e9bfd3]::pin::Pin<&mut dyn core[df12db4294e9bfd3]::future::future::Future<Output = ()>>>>::{closure#0}::{closure#0}>
[INFO] [stdout]   14:     0x5bb37363d6cc - <tokio[1790f470b58882dd]::runtime::context::scoped::Scoped<tokio[1790f470b58882dd]::runtime::scheduler::Context>>::set::<<tokio[1790f470b58882dd]::runtime::scheduler::current_thread::CoreGuard>::enter<<tokio[1790f470b58882dd]::runtime::scheduler::current_thread::CoreGuard>::block_on<core[df12db4294e9bfd3]::pin::Pin<&mut core[df12db4294e9bfd3]::pin::Pin<&mut dyn core[df12db4294e9bfd3]::future::future::Future<Output = ()>>>>::{closure#0}, core[df12db4294e9bfd3]::option::Option<()>>::{closure#0}, (alloc[2182bb758b4b3781]::boxed::Box<tokio[1790f470b58882dd]::runtime::scheduler::current_thread::Core>, core[df12db4294e9bfd3]::option::Option<()>)>
[INFO] [stdout]   15:     0x5bb373623cb7 - <tokio[1790f470b58882dd]::runtime::scheduler::current_thread::CoreGuard>::block_on::<core[df12db4294e9bfd3]::pin::Pin<&mut core[df12db4294e9bfd3]::pin::Pin<&mut dyn core[df12db4294e9bfd3]::future::future::Future<Output = ()>>>>
[INFO] [stdout]   16:     0x5bb3736323ab - tokio[1790f470b58882dd]::runtime::context::runtime::enter_runtime::<<tokio[1790f470b58882dd]::runtime::scheduler::current_thread::CurrentThread>::block_on<core[df12db4294e9bfd3]::pin::Pin<&mut dyn core[df12db4294e9bfd3]::future::future::Future<Output = ()>>>::{closure#0}, ()>
[INFO] [stdout]   17:     0x5bb373634f75 - <tokio[1790f470b58882dd]::runtime::runtime::Runtime>::block_on::<core[df12db4294e9bfd3]::pin::Pin<&mut dyn core[df12db4294e9bfd3]::future::future::Future<Output = ()>>>
[INFO] [stdout]   18:     0x5bb37360d2eb - wappu[6bb45a3fd559d079]::tests::client::client_error_tests::test_wappu_client_patch_network_error
[INFO] [stdout]   19:     0x5bb373636d79 - <wappu[6bb45a3fd559d079]::tests::client::client_error_tests::test_wappu_client_patch_network_error::{closure#0} as core[df12db4294e9bfd3]::ops::function::FnOnce<()>>::call_once
[INFO] [stdout]   20:     0x5bb37363ea0b - test[9d35eded1c95d3be]::__rust_begin_short_backtrace::<core[df12db4294e9bfd3]::result::Result<(), alloc[2182bb758b4b3781]::string::String>, fn() -> core[df12db4294e9bfd3]::result::Result<(), alloc[2182bb758b4b3781]::string::String>>
[INFO] [stdout]   21:     0x5bb37364c075 - test[9d35eded1c95d3be]::run_test::{closure#0}
[INFO] [stdout]   22:     0x5bb373645934 - std[70759c8f55707aa4]::sys::backtrace::__rust_begin_short_backtrace::<test[9d35eded1c95d3be]::run_test::{closure#1}, ()>
[INFO] [stdout]   23:     0x5bb37364f1d2 - <std[70759c8f55707aa4]::thread::lifecycle::spawn_unchecked<test[9d35eded1c95d3be]::run_test::{closure#1}, ()>::{closure#1} as core[df12db4294e9bfd3]::ops::function::FnOnce<()>>::call_once::{shim:vtable#0}
[INFO] [stdout]   24:     0x5bb37380c179 - <std[70759c8f55707aa4]::sys::thread::unix::Thread>::new::thread_start
[INFO] [stdout]   25:     0x7dacd933edfa - <unknown>
[INFO] [stdout]   26:     0x7dacd93d23d4 - clone
[INFO] [stdout]   27:                0x0 - <unknown>
[INFO] [stdout] 
[INFO] [stdout] ---- tests::selector::tests::test_selection_by_tag_macro stdout ----
[INFO] [stdout] 
[INFO] [stdout] thread 'tests::selector::tests::test_selection_by_tag_macro' (1959) panicked at src/tests/selector.rs:99:14:
[INFO] [stdout] called `Result::unwrap()` on an `Err` value: Network(reqwest::Error { kind: Request, url: Url { scheme: "https", cannot_be_a_base: false, username: "", password: None, host: Some(Domain("doc.rust-lang.org")), port: None, path: "/book/", query: None, fragment: None }, source: hyper::Error(Connect, ConnectError("dns error", Custom { kind: Uncategorized, error: "failed to lookup address information: Temporary failure in name resolution" })) })
[INFO] [stdout] stack backtrace:
[INFO] [stdout]    0:     0x5bb37380cc51 - <<std[70759c8f55707aa4]::sys::backtrace::BacktraceLock>::print::DisplayBacktrace as core[df12db4294e9bfd3]::fmt::Display>::fmt
[INFO] [stdout]    1:     0x5bb373822eba - core[df12db4294e9bfd3]::fmt::write
[INFO] [stdout]    2:     0x5bb37381176c - <alloc[2182bb758b4b3781]::vec::Vec<u8> as core[df12db4294e9bfd3]::io::write::Write>::write_fmt
[INFO] [stdout]    3:     0x5bb3737e8146 - std[70759c8f55707aa4]::panicking::default_hook::{closure#0}
[INFO] [stdout]    4:     0x5bb373804c79 - std[70759c8f55707aa4]::panicking::default_hook
[INFO] [stdout]    5:     0x5bb37364b720 - test[9d35eded1c95d3be]::test_main_inner::<test[9d35eded1c95d3be]::test_main_static::{closure#0}>::{closure#0}
[INFO] [stdout]    6:     0x5bb373804fa2 - std[70759c8f55707aa4]::panicking::panic_with_hook
[INFO] [stdout]    7:     0x5bb3737e81f2 - std[70759c8f55707aa4]::panicking::panic_handler::{closure#0}
[INFO] [stdout]    8:     0x5bb3737e0e99 - std[70759c8f55707aa4]::sys::backtrace::__rust_end_short_backtrace::<std[70759c8f55707aa4]::panicking::panic_handler::{closure#0}, !>
[INFO] [stdout]    9:     0x5bb3737e8fdd - __rustc[8fa7c3cbc660c2b3]::rust_begin_unwind
[INFO] [stdout]   10:     0x5bb37382361c - core[df12db4294e9bfd3]::panicking::panic_fmt
[INFO] [stdout]   11:     0x5bb3738233f2 - core[df12db4294e9bfd3]::result::unwrap_failed
[INFO] [stdout]   12:     0x5bb3736216ac - wappu[6bb45a3fd559d079]::tests::selector::tests::test_selection_by_tag_macro::{closure#0}
[INFO] [stdout]   13:     0x5bb373623b13 - <tokio[1790f470b58882dd]::runtime::scheduler::current_thread::Context>::enter::<core[df12db4294e9bfd3]::task::poll::Poll<()>, <tokio[1790f470b58882dd]::runtime::scheduler::current_thread::CoreGuard>::block_on<core[df12db4294e9bfd3]::pin::Pin<&mut core[df12db4294e9bfd3]::pin::Pin<&mut dyn core[df12db4294e9bfd3]::future::future::Future<Output = ()>>>>::{closure#0}::{closure#0}>
[INFO] [stdout]   14:     0x5bb37363d6cc - <tokio[1790f470b58882dd]::runtime::context::scoped::Scoped<tokio[1790f470b58882dd]::runtime::scheduler::Context>>::set::<<tokio[1790f470b58882dd]::runtime::scheduler::current_thread::CoreGuard>::enter<<tokio[1790f470b58882dd]::runtime::scheduler::current_thread::CoreGuard>::block_on<core[df12db4294e9bfd3]::pin::Pin<&mut core[df12db4294e9bfd3]::pin::Pin<&mut dyn core[df12db4294e9bfd3]::future::future::Future<Output = ()>>>>::{closure#0}, core[df12db4294e9bfd3]::option::Option<()>>::{closure#0}, (alloc[2182bb758b4b3781]::boxed::Box<tokio[1790f470b58882dd]::runtime::scheduler::current_thread::Core>, core[df12db4294e9bfd3]::option::Option<()>)>
[INFO] [stdout]   15:     0x5bb373623cb7 - <tokio[1790f470b58882dd]::runtime::scheduler::current_thread::CoreGuard>::block_on::<core[df12db4294e9bfd3]::pin::Pin<&mut core[df12db4294e9bfd3]::pin::Pin<&mut dyn core[df12db4294e9bfd3]::future::future::Future<Output = ()>>>>
[INFO] [stdout]   16:     0x5bb3736323ab - tokio[1790f470b58882dd]::runtime::context::runtime::enter_runtime::<<tokio[1790f470b58882dd]::runtime::scheduler::current_thread::CurrentThread>::block_on<core[df12db4294e9bfd3]::pin::Pin<&mut dyn core[df12db4294e9bfd3]::future::future::Future<Output = ()>>>::{closure#0}, ()>
[INFO] [stdout]   17:     0x5bb373634f75 - <tokio[1790f470b58882dd]::runtime::runtime::Runtime>::block_on::<core[df12db4294e9bfd3]::pin::Pin<&mut dyn core[df12db4294e9bfd3]::future::future::Future<Output = ()>>>
[INFO] [stdout]   18:     0x5bb37362228b - wappu[6bb45a3fd559d079]::tests::selector::tests::test_selection_by_tag_macro
[INFO] [stdout]   19:     0x5bb373636f19 - <wappu[6bb45a3fd559d079]::tests::selector::tests::test_selection_by_tag_macro::{closure#0} as core[df12db4294e9bfd3]::ops::function::FnOnce<()>>::call_once
[INFO] [stdout]   20:     0x5bb37363ea0b - test[9d35eded1c95d3be]::__rust_begin_short_backtrace::<core[df12db4294e9bfd3]::result::Result<(), alloc[2182bb758b4b3781]::string::String>, fn() -> core[df12db4294e9bfd3]::result::Result<(), alloc[2182bb758b4b3781]::string::String>>
[INFO] [stdout]   21:     0x5bb37364c075 - test[9d35eded1c95d3be]::run_test::{closure#0}
[INFO] [stdout]   22:     0x5bb373645934 - std[70759c8f55707aa4]::sys::backtrace::__rust_begin_short_backtrace::<test[9d35eded1c95d3be]::run_test::{closure#1}, ()>
[INFO] [stdout]   23:     0x5bb37364f1d2 - <std[70759c8f55707aa4]::thread::lifecycle::spawn_unchecked<test[9d35eded1c95d3be]::run_test::{closure#1}, ()>::{closure#1} as core[df12db4294e9bfd3]::ops::function::FnOnce<()>>::call_once::{shim:vtable#0}
[INFO] [stdout]   24:     0x5bb37380c179 - <std[70759c8f55707aa4]::sys::thread::unix::Thread>::new::thread_start
[INFO] [stdout]   25:     0x7dacd933edfa - <unknown>
[INFO] [stdout]   26:     0x7dacd93d23d4 - clone
[INFO] [stdout]   27:                0x0 - <unknown>
[INFO] [stdout] 
[INFO] [stdout] ---- tests::selector::tests::test_selection_request stdout ----
[INFO] [stdout] 
[INFO] [stdout] thread 'tests::selector::tests::test_selection_request' (1961) panicked at src/tests/selector.rs:69:14:
[INFO] [stdout] called `Result::unwrap()` on an `Err` value: Network(reqwest::Error { kind: Request, url: Url { scheme: "https", cannot_be_a_base: false, username: "", password: None, host: Some(Domain("doc.rust-lang.org")), port: None, path: "/book/", query: None, fragment: None }, source: hyper::Error(Connect, ConnectError("dns error", Custom { kind: Uncategorized, error: "failed to lookup address information: Temporary failure in name resolution" })) })
[INFO] [stdout] stack backtrace:
[INFO] [stdout]    0:     0x5bb37380cc51 - <<std[70759c8f55707aa4]::sys::backtrace::BacktraceLock>::print::DisplayBacktrace as core[df12db4294e9bfd3]::fmt::Display>::fmt
[INFO] [stdout]    1:     0x5bb373822eba - core[df12db4294e9bfd3]::fmt::write
[INFO] [stdout]    2:     0x5bb37381176c - <alloc[2182bb758b4b3781]::vec::Vec<u8> as core[df12db4294e9bfd3]::io::write::Write>::write_fmt
[INFO] [stdout]    3:     0x5bb3737e8146 - std[70759c8f55707aa4]::panicking::default_hook::{closure#0}
[INFO] [stdout]    4:     0x5bb373804c79 - std[70759c8f55707aa4]::panicking::default_hook
[INFO] [stdout]    5:     0x5bb37364b720 - test[9d35eded1c95d3be]::test_main_inner::<test[9d35eded1c95d3be]::test_main_static::{closure#0}>::{closure#0}
[INFO] [stdout]    6:     0x5bb373804fa2 - std[70759c8f55707aa4]::panicking::panic_with_hook
[INFO] [stdout]    7:     0x5bb3737e81f2 - std[70759c8f55707aa4]::panicking::panic_handler::{closure#0}
[INFO] [stdout]    8:     0x5bb3737e0e99 - std[70759c8f55707aa4]::sys::backtrace::__rust_end_short_backtrace::<std[70759c8f55707aa4]::panicking::panic_handler::{closure#0}, !>
[INFO] [stdout]    9:     0x5bb3737e8fdd - __rustc[8fa7c3cbc660c2b3]::rust_begin_unwind
[INFO] [stdout]   10:     0x5bb37382361c - core[df12db4294e9bfd3]::panicking::panic_fmt
[INFO] [stdout]   11:     0x5bb3738233f2 - core[df12db4294e9bfd3]::result::unwrap_failed
[INFO] [stdout]   12:     0x5bb3736211b0 - wappu[6bb45a3fd559d079]::tests::selector::tests::test_selection_request::{closure#0}
[INFO] [stdout]   13:     0x5bb373623b13 - <tokio[1790f470b58882dd]::runtime::scheduler::current_thread::Context>::enter::<core[df12db4294e9bfd3]::task::poll::Poll<()>, <tokio[1790f470b58882dd]::runtime::scheduler::current_thread::CoreGuard>::block_on<core[df12db4294e9bfd3]::pin::Pin<&mut core[df12db4294e9bfd3]::pin::Pin<&mut dyn core[df12db4294e9bfd3]::future::future::Future<Output = ()>>>>::{closure#0}::{closure#0}>
[INFO] [stdout]   14:     0x5bb37363d6cc - <tokio[1790f470b58882dd]::runtime::context::scoped::Scoped<tokio[1790f470b58882dd]::runtime::scheduler::Context>>::set::<<tokio[1790f470b58882dd]::runtime::scheduler::current_thread::CoreGuard>::enter<<tokio[1790f470b58882dd]::runtime::scheduler::current_thread::CoreGuard>::block_on<core[df12db4294e9bfd3]::pin::Pin<&mut core[df12db4294e9bfd3]::pin::Pin<&mut dyn core[df12db4294e9bfd3]::future::future::Future<Output = ()>>>>::{closure#0}, core[df12db4294e9bfd3]::option::Option<()>>::{closure#0}, (alloc[2182bb758b4b3781]::boxed::Box<tokio[1790f470b58882dd]::runtime::scheduler::current_thread::Core>, core[df12db4294e9bfd3]::option::Option<()>)>
[INFO] [stdout]   15:     0x5bb373623cb7 - <tokio[1790f470b58882dd]::runtime::scheduler::current_thread::CoreGuard>::block_on::<core[df12db4294e9bfd3]::pin::Pin<&mut core[df12db4294e9bfd3]::pin::Pin<&mut dyn core[df12db4294e9bfd3]::future::future::Future<Output = ()>>>>
[INFO] [stdout]   16:     0x5bb3736323ab - tokio[1790f470b58882dd]::runtime::context::runtime::enter_runtime::<<tokio[1790f470b58882dd]::runtime::scheduler::current_thread::CurrentThread>::block_on<core[df12db4294e9bfd3]::pin::Pin<&mut dyn core[df12db4294e9bfd3]::future::future::Future<Output = ()>>>::{closure#0}, ()>
[INFO] [stdout]   17:     0x5bb373634f75 - <tokio[1790f470b58882dd]::runtime::runtime::Runtime>::block_on::<core[df12db4294e9bfd3]::pin::Pin<&mut dyn core[df12db4294e9bfd3]::future::future::Future<Output = ()>>>
[INFO] [stdout]   18:     0x5bb37362213b - wappu[6bb45a3fd559d079]::tests::selector::tests::test_selection_request
[INFO] [stdout]   19:     0x5bb373636ef9 - <wappu[6bb45a3fd559d079]::tests::selector::tests::test_selection_request::{closure#0} as core[df12db4294e9bfd3]::ops::function::FnOnce<()>>::call_once
[INFO] [stdout]   20:     0x5bb37363ea0b - test[9d35eded1c95d3be]::__rust_begin_short_backtrace::<core[df12db4294e9bfd3]::result::Result<(), alloc[2182bb758b4b3781]::string::String>, fn() -> core[df12db4294e9bfd3]::result::Result<(), alloc[2182bb758b4b3781]::string::String>>
[INFO] [stdout]   21:     0x5bb37364c075 - test[9d35eded1c95d3be]::run_test::{closure#0}
[INFO] [stdout]   22:     0x5bb373645934 - std[70759c8f55707aa4]::sys::backtrace::__rust_begin_short_backtrace::<test[9d35eded1c95d3be]::run_test::{closure#1}, ()>
[INFO] [stdout]   23:     0x5bb37364f1d2 - <std[70759c8f55707aa4]::thread::lifecycle::spawn_unchecked<test[9d35eded1c95d3be]::run_test::{closure#1}, ()>::{closure#1} as core[df12db4294e9bfd3]::ops::function::FnOnce<()>>::call_once::{shim:vtable#0}
[INFO] [stdout]   24:     0x5bb37380c179 - <std[70759c8f55707aa4]::sys::thread::unix::Thread>::new::thread_start
[INFO] [stdout]   25:     0x7dacd933edfa - <unknown>
[INFO] [stdout]   26:     0x7dacd93d23d4 - clone
[INFO] [stdout]   27:                0x0 - <unknown>
[INFO] [stdout] 
[INFO] [stdout] ---- tests::client::client_tests::test_wappu_client_put stdout ----
[INFO] [stdout] 
[INFO] [stdout] thread 'tests::client::client_tests::test_wappu_client_put' (1946) panicked at src/tests/client.rs:27:9:
[INFO] [stdout] assertion failed: result.is_ok()
[INFO] [stdout] stack backtrace:
[INFO] [stdout]    0:     0x5bb37380cc51 - <<std[70759c8f55707aa4]::sys::backtrace::BacktraceLock>::print::DisplayBacktrace as core[df12db4294e9bfd3]::fmt::Display>::fmt
[INFO] [stdout]    1:     0x5bb373822eba - core[df12db4294e9bfd3]::fmt::write
[INFO] [stdout]    2:     0x5bb37381176c - <alloc[2182bb758b4b3781]::vec::Vec<u8> as core[df12db4294e9bfd3]::io::write::Write>::write_fmt
[INFO] [stdout]    3:     0x5bb3737e8146 - std[70759c8f55707aa4]::panicking::default_hook::{closure#0}
[INFO] [stdout]    4:     0x5bb373804c79 - std[70759c8f55707aa4]::panicking::default_hook
[INFO] [stdout]    5:     0x5bb37364b720 - test[9d35eded1c95d3be]::test_main_inner::<test[9d35eded1c95d3be]::test_main_static::{closure#0}>::{closure#0}
[INFO] [stdout]    6:     0x5bb373804fa2 - std[70759c8f55707aa4]::panicking::panic_with_hook
[INFO] [stdout]    7:     0x5bb3737e8224 - std[70759c8f55707aa4]::panicking::panic_handler::{closure#0}
[INFO] [stdout]    8:     0x5bb3737e0e99 - std[70759c8f55707aa4]::sys::backtrace::__rust_end_short_backtrace::<std[70759c8f55707aa4]::panicking::panic_handler::{closure#0}, !>
[INFO] [stdout]    9:     0x5bb3737e8fdd - __rustc[8fa7c3cbc660c2b3]::rust_begin_unwind
[INFO] [stdout]   10:     0x5bb37382361c - core[df12db4294e9bfd3]::panicking::panic_fmt
[INFO] [stdout]   11:     0x5bb3738235e2 - core[df12db4294e9bfd3]::panicking::panic
[INFO] [stdout]   12:     0x5bb37361a724 - wappu[6bb45a3fd559d079]::tests::client::client_tests::test_wappu_client_put::{closure#0}
[INFO] [stdout]   13:     0x5bb373623b13 - <tokio[1790f470b58882dd]::runtime::scheduler::current_thread::Context>::enter::<core[df12db4294e9bfd3]::task::poll::Poll<()>, <tokio[1790f470b58882dd]::runtime::scheduler::current_thread::CoreGuard>::block_on<core[df12db4294e9bfd3]::pin::Pin<&mut core[df12db4294e9bfd3]::pin::Pin<&mut dyn core[df12db4294e9bfd3]::future::future::Future<Output = ()>>>>::{closure#0}::{closure#0}>
[INFO] [stdout]   14:     0x5bb37363d6cc - <tokio[1790f470b58882dd]::runtime::context::scoped::Scoped<tokio[1790f470b58882dd]::runtime::scheduler::Context>>::set::<<tokio[1790f470b58882dd]::runtime::scheduler::current_thread::CoreGuard>::enter<<tokio[1790f470b58882dd]::runtime::scheduler::current_thread::CoreGuard>::block_on<core[df12db4294e9bfd3]::pin::Pin<&mut core[df12db4294e9bfd3]::pin::Pin<&mut dyn core[df12db4294e9bfd3]::future::future::Future<Output = ()>>>>::{closure#0}, core[df12db4294e9bfd3]::option::Option<()>>::{closure#0}, (alloc[2182bb758b4b3781]::boxed::Box<tokio[1790f470b58882dd]::runtime::scheduler::current_thread::Core>, core[df12db4294e9bfd3]::option::Option<()>)>
[INFO] [stdout]   15:     0x5bb373623cb7 - <tokio[1790f470b58882dd]::runtime::scheduler::current_thread::CoreGuard>::block_on::<core[df12db4294e9bfd3]::pin::Pin<&mut core[df12db4294e9bfd3]::pin::Pin<&mut dyn core[df12db4294e9bfd3]::future::future::Future<Output = ()>>>>
[INFO] [stdout]   16:     0x5bb3736323ab - tokio[1790f470b58882dd]::runtime::context::runtime::enter_runtime::<<tokio[1790f470b58882dd]::runtime::scheduler::current_thread::CurrentThread>::block_on<core[df12db4294e9bfd3]::pin::Pin<&mut dyn core[df12db4294e9bfd3]::future::future::Future<Output = ()>>>::{closure#0}, ()>
[INFO] [stdout]   17:     0x5bb373634f75 - <tokio[1790f470b58882dd]::runtime::runtime::Runtime>::block_on::<core[df12db4294e9bfd3]::pin::Pin<&mut dyn core[df12db4294e9bfd3]::future::future::Future<Output = ()>>>
[INFO] [stdout]   18:     0x5bb37361c7db - wappu[6bb45a3fd559d079]::tests::client::client_tests::test_wappu_client_put
[INFO] [stdout]   19:     0x5bb373636bd9 - <wappu[6bb45a3fd559d079]::tests::client::client_tests::test_wappu_client_put::{closure#0} as core[df12db4294e9bfd3]::ops::function::FnOnce<()>>::call_once
[INFO] [stdout]   20:     0x5bb37363ea0b - test[9d35eded1c95d3be]::__rust_begin_short_backtrace::<core[df12db4294e9bfd3]::result::Result<(), alloc[2182bb758b4b3781]::string::String>, fn() -> core[df12db4294e9bfd3]::result::Result<(), alloc[2182bb758b4b3781]::string::String>>
[INFO] [stdout]   21:     0x5bb37364c075 - test[9d35eded1c95d3be]::run_test::{closure#0}
[INFO] [stdout]   22:     0x5bb373645934 - std[70759c8f55707aa4]::sys::backtrace::__rust_begin_short_backtrace::<test[9d35eded1c95d3be]::run_test::{closure#1}, ()>
[INFO] [stdout]   23:     0x5bb37364f1d2 - <std[70759c8f55707aa4]::thread::lifecycle::spawn_unchecked<test[9d35eded1c95d3be]::run_test::{closure#1}, ()>::{closure#1} as core[df12db4294e9bfd3]::ops::function::FnOnce<()>>::call_once::{shim:vtable#0}
[INFO] [stdout]   24:     0x5bb37380c179 - <std[70759c8f55707aa4]::sys::thread::unix::Thread>::new::thread_start
[INFO] [stdout]   25:     0x7dacd933edfa - <unknown>
[INFO] [stdout]   26:     0x7dacd93d23d4 - clone
[INFO] [stdout]   27:                0x0 - <unknown>
[INFO] [stdout] 
[INFO] [stdout] ---- tests::selector::tests::test_selection_macro stdout ----
[INFO] [stdout] 
[INFO] [stdout] thread 'tests::selector::tests::test_selection_macro' (1960) panicked at src/tests/selector.rs:84:14:
[INFO] [stdout] called `Result::unwrap()` on an `Err` value: Network(reqwest::Error { kind: Request, url: Url { scheme: "https", cannot_be_a_base: false, username: "", password: None, host: Some(Domain("doc.rust-lang.org")), port: None, path: "/book/", query: None, fragment: None }, source: hyper::Error(Connect, ConnectError("dns error", Custom { kind: Uncategorized, error: "failed to lookup address information: Temporary failure in name resolution" })) })
[INFO] [stdout] stack backtrace:
[INFO] [stdout]    0:     0x5bb37380cc51 - <<std[70759c8f55707aa4]::sys::backtrace::BacktraceLock>::print::DisplayBacktrace as core[df12db4294e9bfd3]::fmt::Display>::fmt
[INFO] [stdout]    1:     0x5bb373822eba - core[df12db4294e9bfd3]::fmt::write
[INFO] [stdout]    2:     0x5bb37381176c - <alloc[2182bb758b4b3781]::vec::Vec<u8> as core[df12db4294e9bfd3]::io::write::Write>::write_fmt
[INFO] [stdout]    3:     0x5bb3737e8146 - std[70759c8f55707aa4]::panicking::default_hook::{closure#0}
[INFO] [stdout]    4:     0x5bb373804c79 - std[70759c8f55707aa4]::panicking::default_hook
[INFO] [stdout]    5:     0x5bb37364b720 - test[9d35eded1c95d3be]::test_main_inner::<test[9d35eded1c95d3be]::test_main_static::{closure#0}>::{closure#0}
[INFO] [stdout]    6:     0x5bb373804fa2 - std[70759c8f55707aa4]::panicking::panic_with_hook
[INFO] [stdout]    7:     0x5bb3737e81f2 - std[70759c8f55707aa4]::panicking::panic_handler::{closure#0}
[INFO] [stdout]    8:     0x5bb3737e0e99 - std[70759c8f55707aa4]::sys::backtrace::__rust_end_short_backtrace::<std[70759c8f55707aa4]::panicking::panic_handler::{closure#0}, !>
[INFO] [stdout]    9:     0x5bb3737e8fdd - __rustc[8fa7c3cbc660c2b3]::rust_begin_unwind
[INFO] [stdout]   10:     0x5bb37382361c - core[df12db4294e9bfd3]::panicking::panic_fmt
[INFO] [stdout]   11:     0x5bb3738233f2 - core[df12db4294e9bfd3]::result::unwrap_failed
[INFO] [stdout]   12:     0x5bb373620c8c - wappu[6bb45a3fd559d079]::tests::selector::tests::test_selection_macro::{closure#0}
[INFO] [stdout]   13:     0x5bb373623b13 - <tokio[1790f470b58882dd]::runtime::scheduler::current_thread::Context>::enter::<core[df12db4294e9bfd3]::task::poll::Poll<()>, <tokio[1790f470b58882dd]::runtime::scheduler::current_thread::CoreGuard>::block_on<core[df12db4294e9bfd3]::pin::Pin<&mut core[df12db4294e9bfd3]::pin::Pin<&mut dyn core[df12db4294e9bfd3]::future::future::Future<Output = ()>>>>::{closure#0}::{closure#0}>
[INFO] [stdout]   14:     0x5bb37363d6cc - <tokio[1790f470b58882dd]::runtime::context::scoped::Scoped<tokio[1790f470b58882dd]::runtime::scheduler::Context>>::set::<<tokio[1790f470b58882dd]::runtime::scheduler::current_thread::CoreGuard>::enter<<tokio[1790f470b58882dd]::runtime::scheduler::current_thread::CoreGuard>::block_on<core[df12db4294e9bfd3]::pin::Pin<&mut core[df12db4294e9bfd3]::pin::Pin<&mut dyn core[df12db4294e9bfd3]::future::future::Future<Output = ()>>>>::{closure#0}, core[df12db4294e9bfd3]::option::Option<()>>::{closure#0}, (alloc[2182bb758b4b3781]::boxed::Box<tokio[1790f470b58882dd]::runtime::scheduler::current_thread::Core>, core[df12db4294e9bfd3]::option::Option<()>)>
[INFO] [stdout]   15:     0x5bb373623cb7 - <tokio[1790f470b58882dd]::runtime::scheduler::current_thread::CoreGuard>::block_on::<core[df12db4294e9bfd3]::pin::Pin<&mut core[df12db4294e9bfd3]::pin::Pin<&mut dyn core[df12db4294e9bfd3]::future::future::Future<Output = ()>>>>
[INFO] [stdout]   16:     0x5bb3736323ab - tokio[1790f470b58882dd]::runtime::context::runtime::enter_runtime::<<tokio[1790f470b58882dd]::runtime::scheduler::current_thread::CurrentThread>::block_on<core[df12db4294e9bfd3]::pin::Pin<&mut dyn core[df12db4294e9bfd3]::future::future::Future<Output = ()>>>::{closure#0}, ()>
[INFO] [stdout]   17:     0x5bb373634f75 - <tokio[1790f470b58882dd]::runtime::runtime::Runtime>::block_on::<core[df12db4294e9bfd3]::pin::Pin<&mut dyn core[df12db4294e9bfd3]::future::future::Future<Output = ()>>>
[INFO] [stdout]   18:     0x5bb373621feb - wappu[6bb45a3fd559d079]::tests::selector::tests::test_selection_macro
[INFO] [stdout]   19:     0x5bb373636ed9 - <wappu[6bb45a3fd559d079]::tests::selector::tests::test_selection_macro::{closure#0} as core[df12db4294e9bfd3]::ops::function::FnOnce<()>>::call_once
[INFO] [stdout]   20:     0x5bb37363ea0b - test[9d35eded1c95d3be]::__rust_begin_short_backtrace::<core[df12db4294e9bfd3]::result::Result<(), alloc[2182bb758b4b3781]::string::String>, fn() -> core[df12db4294e9bfd3]::result::Result<(), alloc[2182bb758b4b3781]::string::String>>
[INFO] [stdout]   21:     0x5bb37364c075 - test[9d35eded1c95d3be]::run_test::{closure#0}
[INFO] [stdout]   22:     0x5bb373645934 - std[70759c8f55707aa4]::sys::backtrace::__rust_begin_short_backtrace::<test[9d35eded1c95d3be]::run_test::{closure#1}, ()>
[INFO] [stdout]   23:     0x5bb37364f1d2 - <std[70759c8f55707aa4]::thread::lifecycle::spawn_unchecked<test[9d35eded1c95d3be]::run_test::{closure#1}, ()>::{closure#1} as core[df12db4294e9bfd3]::ops::function::FnOnce<()>>::call_once::{shim:vtable#0}
[INFO] [stdout]   24:     0x5bb37380c179 - <std[70759c8f55707aa4]::sys::thread::unix::Thread>::new::thread_start
[INFO] [stdout]   25:     0x7dacd933edfa - <unknown>
[INFO] [stdout]   26:     0x7dacd93d23d4 - clone
[INFO] [stdout]   27:                0x0 - <unknown>
[INFO] [stdout] 
[INFO] [stdout] 
[INFO] [stdout] failures:
[INFO] [stdout]     tests::client::client_error_tests::test_client_cookies
[INFO] [stdout]     tests::client::client_error_tests::test_client_headers
[INFO] [stdout]     tests::client::client_error_tests::test_headers_echoed_back
[INFO] [stdout]     tests::client::client_error_tests::test_headers_macro
[INFO] [stdout]     tests::client::client_error_tests::test_wappu_client_delete_network_error
[INFO] [stdout]     tests::client::client_error_tests::test_wappu_client_delete_unexpected_status_code
[INFO] [stdout]     tests::client::client_error_tests::test_wappu_client_get_unexpected_status_code
[INFO] [stdout]     tests::client::client_error_tests::test_wappu_client_get_with_macro_query_params
[INFO] [stdout]     tests::client::client_error_tests::test_wappu_client_get_with_query_params
[INFO] [stdout]     tests::client::client_error_tests::test_wappu_client_head_network_error
[INFO] [stdout]     tests::client::client_error_tests::test_wappu_client_head_unexpected_status_code
[INFO] [stdout]     tests::client::client_error_tests::test_wappu_client_patch_network_error
[INFO] [stdout]     tests::client::client_error_tests::test_wappu_client_patch_unexpected_status_code
[INFO] [stdout]     tests::client::client_error_tests::test_wappu_client_post_unexpected_status_code
[INFO] [stdout]     tests::client::client_error_tests::test_wappu_client_put_network_error
[INFO] [stdout]     tests::client::client_error_tests::test_wappu_client_put_unexpected_status_code
[INFO] [stdout]     tests::client::client_tests::test_wappu_client_delete
[INFO] [stdout]     tests::client::client_tests::test_wappu_client_get
[INFO] [stdout]     tests::client::client_tests::test_wappu_client_head
[INFO] [stdout]     tests::client::client_tests::test_wappu_client_patch
[INFO] [stdout]     tests::client::client_tests::test_wappu_client_post
[INFO] [stdout]     tests::client::client_tests::test_wappu_client_put
[INFO] [stdout]     tests::selector::tests::test_selection_by_tag_macro
[INFO] [stdout]     tests::selector::tests::test_selection_macro
[INFO] [stdout]     tests::selector::tests::test_selection_request
[INFO] [stdout] 
[INFO] [stdout] test result: FAILED. 8 passed; 25 failed; 0 ignored; 0 measured; 0 filtered out; finished in 0.33s
[INFO] [stdout] 
[INFO] [stderr] error: test failed, to rerun pass `--lib`
[INFO] running `Command { std: "docker" "inspect" "43792f1605a663481782eb1d90cd57d083de855e7113cd313c980163e7959f10", kill_on_drop: false }`
[INFO] running `Command { std: "docker" "rm" "-f" "43792f1605a663481782eb1d90cd57d083de855e7113cd313c980163e7959f10", kill_on_drop: false }`
[INFO] [stdout] 43792f1605a663481782eb1d90cd57d083de855e7113cd313c980163e7959f10
