[INFO] fetching crate wanning-init 0.1.4...
[INFO] testing wanning-init-0.1.4 against 1.100.0-beta.1+cargoflags=--release for beta-release-1.100-2
[INFO] extracting crate wanning-init 0.1.4 into /workspace/builds/worker-3-tc2/source
[INFO] started tweaking crates.io crate wanning-init 0.1.4
[INFO] removed 0 missing tests
[INFO] finished tweaking crates.io crate wanning-init 0.1.4
[INFO] tweaked toml for crates.io crate wanning-init 0.1.4 written to /workspace/builds/worker-3-tc2/source/Cargo.toml
[INFO] validating manifest of crates.io crate wanning-init 0.1.4 on toolchain 1.100.0-beta.1
[INFO] running `Command { std: CARGO_HOME="/workspace/cargo-home" RUSTUP_HOME="/workspace/rustup-home" "/workspace/cargo-home/bin/cargo" "+1.100.0-beta.1" "metadata" "--manifest-path" "Cargo.toml" "--no-deps", kill_on_drop: false }`
[INFO] crate crates.io crate wanning-init 0.1.4 already has a lockfile, it will not be regenerated
[INFO] running `Command { std: CARGO_HOME="/workspace/cargo-home" RUSTUP_HOME="/workspace/rustup-home" "/workspace/cargo-home/bin/cargo" "+1.100.0-beta.1" "fetch" "--manifest-path" "Cargo.toml", kill_on_drop: false }`
[INFO] running `Command { std: "docker" "create" "-v" "/var/lib/crater-agent-workspace/builds/worker-3-tc2/source:/opt/rustwide/workdir:ro,Z" "-v" "/var/lib/crater-agent-workspace/builds/worker-3-tc2/target:/opt/rustwide/target:rw,Z" "-v" "/var/lib/crater-agent-workspace/cargo-home:/opt/rustwide/cargo-home:ro,Z" "-v" "/var/lib/crater-agent-workspace/rustup-home:/opt/rustwide/rustup-home:ro,Z" "-m" "1610612736" "--network" "none" "ghcr.io/rust-lang/crates-build-env/linux@sha256:77db811e55d90add9212f6832c23229e3de5f1c1f9905e8cb07319ea15df73ac" "sleep" "infinity", kill_on_drop: false }`
[INFO] [stdout] 845782f78779fe7704471462b68b60581e29a2d7032f9feed3828e2f0a73236d
[INFO] running `Command { std: "docker" "start" "845782f78779fe7704471462b68b60581e29a2d7032f9feed3828e2f0a73236d", kill_on_drop: false }`
[INFO] running `Command { std: "docker" "inspect" "845782f78779fe7704471462b68b60581e29a2d7032f9feed3828e2f0a73236d", kill_on_drop: false }`
[INFO] running `Command { std: "docker" "exec" "-e" "SOURCE_DIR=/opt/rustwide/workdir" "-e" "CARGO_HOME=/opt/rustwide/cargo-home" "-e" "RUSTUP_HOME=/opt/rustwide/rustup-home" "-e" "CARGO_TARGET_DIR=/opt/rustwide/target" "-w" "/opt/rustwide/workdir" "--user" "0:0" "845782f78779fe7704471462b68b60581e29a2d7032f9feed3828e2f0a73236d" "/opt/rustwide/cargo-home/bin/cargo" "+1.100.0-beta.1" "metadata" "--no-deps" "--format-version=1", kill_on_drop: false }`
[INFO] running `Command { std: "docker" "inspect" "845782f78779fe7704471462b68b60581e29a2d7032f9feed3828e2f0a73236d", kill_on_drop: false }`
[INFO] running `Command { std: "docker" "exec" "-e" "SOURCE_DIR=/opt/rustwide/workdir" "-e" "CARGO_HOME=/opt/rustwide/cargo-home" "-e" "RUSTUP_HOME=/opt/rustwide/rustup-home" "-e" "CARGO_TARGET_DIR=/opt/rustwide/target" "-e" "CARGO_INCREMENTAL=0" "-e" "RUST_BACKTRACE=full" "-e" "RUSTFLAGS=--cap-lints=warn" "-e" "RUSTDOCFLAGS=--cap-lints=warn" "-w" "/opt/rustwide/workdir" "--user" "0:0" "845782f78779fe7704471462b68b60581e29a2d7032f9feed3828e2f0a73236d" "/opt/rustwide/cargo-home/bin/cargo" "+1.100.0-beta.1" "build" "--frozen" "--message-format=json" "--release", kill_on_drop: false }`
[INFO] [stderr]    Compiling proc-macro2 v1.0.107
[INFO] [stderr]    Compiling serde_json v1.0.151
[INFO] [stderr]    Compiling quote v1.0.47
[INFO] [stderr]    Compiling syn v3.0.4
[INFO] [stderr]    Compiling serde_derive v1.0.229
[INFO] [stderr]    Compiling serde v1.0.229
[INFO] [stderr]    Compiling wanning-core v0.1.4
[INFO] [stderr]    Compiling wanning-init v0.1.4 (/opt/rustwide/workdir)
[INFO] [stderr]     Finished `release` profile [optimized] target(s) in 16.36s
[INFO] running `Command { std: "docker" "inspect" "845782f78779fe7704471462b68b60581e29a2d7032f9feed3828e2f0a73236d", kill_on_drop: false }`
[INFO] running `Command { std: "docker" "exec" "-e" "SOURCE_DIR=/opt/rustwide/workdir" "-e" "CARGO_HOME=/opt/rustwide/cargo-home" "-e" "RUSTUP_HOME=/opt/rustwide/rustup-home" "-e" "CARGO_TARGET_DIR=/opt/rustwide/target" "-e" "CARGO_INCREMENTAL=0" "-e" "RUST_BACKTRACE=full" "-e" "RUSTFLAGS=--cap-lints=warn" "-e" "RUSTDOCFLAGS=--cap-lints=warn" "-w" "/opt/rustwide/workdir" "--user" "0:0" "845782f78779fe7704471462b68b60581e29a2d7032f9feed3828e2f0a73236d" "/opt/rustwide/cargo-home/bin/cargo" "+1.100.0-beta.1" "test" "--frozen" "--no-run" "--message-format=json" "--release", kill_on_drop: false }`
[INFO] [stderr]    Compiling wanning-init v0.1.4 (/opt/rustwide/workdir)
[INFO] [stderr]     Finished `release` profile [optimized] target(s) in 4.01s
[INFO] running `Command { std: "docker" "inspect" "845782f78779fe7704471462b68b60581e29a2d7032f9feed3828e2f0a73236d", kill_on_drop: false }`
[INFO] running `Command { std: "docker" "exec" "-e" "SOURCE_DIR=/opt/rustwide/workdir" "-e" "CARGO_HOME=/opt/rustwide/cargo-home" "-e" "RUSTUP_HOME=/opt/rustwide/rustup-home" "-e" "CARGO_TARGET_DIR=/opt/rustwide/target" "-e" "CARGO_INCREMENTAL=0" "-e" "RUST_BACKTRACE=full" "-e" "RUSTFLAGS=--cap-lints=warn" "-e" "RUSTDOCFLAGS=--cap-lints=warn" "-w" "/opt/rustwide/workdir" "--user" "0:0" "845782f78779fe7704471462b68b60581e29a2d7032f9feed3828e2f0a73236d" "/opt/rustwide/cargo-home/bin/cargo" "+1.100.0-beta.1" "test" "--frozen" "--release", kill_on_drop: false }`
[INFO] [stderr]     Finished `release` profile [optimized] target(s) in 0.19s
[INFO] [stderr]      Running unittests src/lib.rs (/opt/rustwide/target/release/build/wanning-init/af812b3df8fb4bd6/out/wanning_init-af812b3df8fb4bd6)
[INFO] [stderr]      Running unittests src/main.rs (/opt/rustwide/target/release/build/wanning-init/86fc08defdc6f28b/out/wanning_init-86fc08defdc6f28b)
[INFO] [stdout] 
[INFO] [stdout] running 0 tests
[INFO] [stdout] 
[INFO] [stdout] test result: ok. 0 passed; 0 failed; 0 ignored; 0 measured; 0 filtered out; finished in 0.00s
[INFO] [stdout] 
[INFO] [stdout] 
[INFO] [stderr]      Running tests/install.rs (/opt/rustwide/target/release/build/wanning-init/be815f6dd0eff064/out/install-be815f6dd0eff064)
[INFO] [stdout] running 0 tests
[INFO] [stdout] 
[INFO] [stdout] test result: ok. 0 passed; 0 failed; 0 ignored; 0 measured; 0 filtered out; finished in 0.00s
[INFO] [stdout] 
[INFO] [stdout] 
[INFO] [stdout] running 37 tests
[INFO] [stdout] test already_current_is_byte_noop ... ok
[INFO] [stdout] test corrupt_json_refused_and_unchanged ... ok
[INFO] [stdout] test dsh_appends_into_existing_patch_preserving_bytes ... ok
[INFO] [stdout] test dsh_without_home_fails_closed ... ok
[INFO] [stdout] test cli_openclaw_yes_host_failure_exit_1 ... ok
[INFO] [stdout] test cli_install_out_conflict_is_usage_error ... ok
[INFO] [stdout] test dsh_replaces_existing_wanning_block_with_diff ... ok
[INFO] [stdout] test cli_no_install_stdout_unchanged ... ok
[INFO] [stdout] test fresh_creates_project_mcp_json ... ok
[INFO] [stdout] test cli_install_dry_run_writes_nothing ... ok
[INFO] [stdout] test dsh_fresh_creates_patch_file ... ok
[INFO] [stdout] test cli_unsupported_platform_exit_1 ... ok
[INFO] [stdout] test corrupt_config_is_error ... ok
[INFO] [stdout] test dry_run_changes_nothing ... ok
[INFO] [stdout] test codex_install_unsupported_with_guidance ... ok
[INFO] [stdout] test dsh_non_list_top_level_refused ... ok
[INFO] [stdout] test cli_install_reports_and_writes ... ok
[INFO] [stdout] test host_not_found_fails_closed ... ok
[INFO] [stdout] test parses_dsh_block ... ok
[INFO] [stdout] test openclaw_without_yes_prints_only ... ok
[INFO] [stdout] test parses_codex_fragment ... ok
[INFO] [stdout] test install_entry_matches_generate_output ... ok
[INFO] [stdout] test non_object_root_refused ... ok
[INFO] [stdout] test none_when_not_installed ... ok
[INFO] [stdout] test mcp_servers_not_object_refused ... ok
[INFO] [stdout] test parses_real_hermes_shape ... ok
[INFO] [stdout] test merge_preserves_other_servers_exactly ... ok
[INFO] [stdout] test parses_real_openclaw_shape ... ok
[INFO] [stdout] test cli_dsh_install_via_env ... ok
[INFO] [stdout] test cli_openclaw_yes_runs_fake_host ... ok
[INFO] [stdout] test cli_yes_alone_is_usage_error ... ok
[INFO] [stdout] test upgrade_updates_entry_diff_and_backup ... ok
[INFO] [stdout] test reads_back_installed_entry ... ok
[INFO] [stdout] test project_paths_per_platform ... ok
[INFO] [stdout] test hermes_yes_feeds_confirm_and_args ... ok
[INFO] [stdout] test openclaw_yes_executes_host_with_payload ... ok
[INFO] [stdout] test host_nonzero_exit_is_fail_closed ... ok
[INFO] [stdout] 
[INFO] [stdout] test result: ok. 37 passed; 0 failed; 0 ignored; 0 measured; 0 filtered out; finished in 0.05s
[INFO] [stdout] 
[INFO] [stderr]      Running tests/matrix.rs (/opt/rustwide/target/release/build/wanning-init/451c4a814d57907d/out/matrix-451c4a814d57907d)
[INFO] [stdout] 
[INFO] [stdout] running 20 tests
[INFO] [stdout] test first_run_notes_are_three_lines ... ok
[INFO] [stdout] test generated_wal_path_is_absolute_and_forward_slashed ... ok
[INFO] [stdout] test trae_fails_closed_when_command_path_contains_whitespace ... ok
[INFO] [stdout] test json_platforms_keep_comments_out_of_file ... ok
[INFO] [stdout] test resolve_bin_searches_path_and_reports_searched_dirs ... ok
[INFO] [stdout] test openclaw_output_matches_w45_research ... ok
[INFO] [stdout] test trae_output_matches_repo_field_face ... FAILED
[INFO] [stdout] test claude_code_output_matches_repo_field_face ... FAILED
[INFO] [stdout] test codex_snippet_matches_w35_research ... ok
[INFO] [stdout] test kimi_output_matches_w40_experiment ... ok
[INFO] [stdout] test stdout_default_creates_no_file ... ok
[INFO] [stdout] test default_wal_lands_under_wanning_home_without_placeholder ... ok
[INFO] [stdout] test explicit_bin_must_be_an_existing_file ... ok
[INFO] [stdout] test unknown_platform_fails_closed_listing_matrix ... ok
[INFO] [stdout] test workbuddy_output_matches_w37_research ... ok
[INFO] [stdout] test hermes_output_matches_w45_research ... ok
[INFO] [stdout] test deepseek_harness_output_matches_w44_research ... ok
[INFO] [stdout] test missing_flag_value_is_a_usage_error ... ok
[INFO] [stdout] test out_writes_exact_content_and_prints_notes ... ok
[INFO] [stdout] test out_refuses_to_overwrite_existing_file ... ok
[INFO] [stdout] 
[INFO] [stdout] failures:
[INFO] [stdout] 
[INFO] [stdout] ---- trae_output_matches_repo_field_face stdout ----
[INFO] [stdout] 
[INFO] [stdout] thread 'trae_output_matches_repo_field_face' (518) panicked at tests/matrix.rs:136:81:
[INFO] [stdout] 读现物: Os { code: 2, kind: NotFound, message: "No such file or directory" }
[INFO] [stdout] stack backtrace:
[INFO] [stdout]    0:     0x61418e6ba161 - <<std[617be2ca0a6fd877]::sys::backtrace::BacktraceLock>::print::DisplayBacktrace as core[a373ad73a504971]::fmt::Display>::fmt
[INFO] [stdout]    1:     0x61418e6cf72a - core[a373ad73a504971]::fmt::write
[INFO] [stdout]    2:     0x61418e6be7dc - <alloc[2e1b2a31b91974c5]::vec::Vec<u8> as core[a373ad73a504971]::io::write::Write>::write_fmt
[INFO] [stdout]    3:     0x61418e694996 - std[617be2ca0a6fd877]::panicking::default_hook::{closure#0}
[INFO] [stdout]    4:     0x61418e6b20a9 - std[617be2ca0a6fd877]::panicking::default_hook
[INFO] [stdout]    5:     0x61418e639de0 - test[aada8e7e76ba119b]::test_main_inner::{closure#0}
[INFO] [stdout]    6:     0x61418e6b2262 - std[617be2ca0a6fd877]::panicking::panic_with_hook
[INFO] [stdout]    7:     0x61418e694a42 - std[617be2ca0a6fd877]::panicking::panic_handler::{closure#0}
[INFO] [stdout]    8:     0x61418e68d409 - std[617be2ca0a6fd877]::sys::backtrace::__rust_end_short_backtrace::<std[617be2ca0a6fd877]::panicking::panic_handler::{closure#0}, !>
[INFO] [stdout]    9:     0x61418e69564d - __rustc[ea4f61d10b84890b]::rust_begin_unwind
[INFO] [stdout]   10:     0x61418e6cfe5c - core[a373ad73a504971]::panicking::panic_fmt
[INFO] [stdout]   11:     0x61418e6cfc32 - core[a373ad73a504971]::result::unwrap_failed
[INFO] [stdout]   12:     0x61418e61fa53 - <matrix[5de0821120f1d411]::trae_output_matches_repo_field_face::{closure#0} as core[a373ad73a504971]::ops::function::FnOnce<()>>::call_once
[INFO] [stdout]   13:     0x61418e62d22b - test[aada8e7e76ba119b]::__rust_begin_short_backtrace::<core[a373ad73a504971]::result::Result<(), alloc[2e1b2a31b91974c5]::string::String>, fn() -> core[a373ad73a504971]::result::Result<(), alloc[2e1b2a31b91974c5]::string::String>>
[INFO] [stdout]   14:     0x61418e63a405 - test[aada8e7e76ba119b]::run_test::{closure#0}
[INFO] [stdout]   15:     0x61418e633cf4 - std[617be2ca0a6fd877]::sys::backtrace::__rust_begin_short_backtrace::<test[aada8e7e76ba119b]::run_test::{closure#1}, ()>
[INFO] [stdout]   16:     0x61418e63d492 - <std[617be2ca0a6fd877]::thread::lifecycle::spawn_unchecked<test[aada8e7e76ba119b]::run_test::{closure#1}, ()>::{closure#1} as core[a373ad73a504971]::ops::function::FnOnce<()>>::call_once::{shim:vtable#0}
[INFO] [stdout]   17:     0x61418e6b947f - <std[617be2ca0a6fd877]::sys::thread::unix::Thread>::new::thread_start
[INFO] [stdout]   18:     0x7948f2f83dfa - <unknown>
[INFO] [stdout]   19:     0x7948f30173d4 - clone
[INFO] [stdout]   20:                0x0 - <unknown>
[INFO] [stdout] 
[INFO] [stdout] ---- claude_code_output_matches_repo_field_face stdout ----
[INFO] [stdout] 
[INFO] [stdout] thread 'claude_code_output_matches_repo_field_face' (499) panicked at tests/matrix.rs:87:14:
[INFO] [stdout] 读现物: Os { code: 2, kind: NotFound, message: "No such file or directory" }
[INFO] [stdout] stack backtrace:
[INFO] [stdout]    0:     0x61418e6ba161 - <<std[617be2ca0a6fd877]::sys::backtrace::BacktraceLock>::print::DisplayBacktrace as core[a373ad73a504971]::fmt::Display>::fmt
[INFO] [stdout]    1:     0x61418e6cf72a - core[a373ad73a504971]::fmt::write
[INFO] [stdout]    2:     0x61418e6be7dc - <alloc[2e1b2a31b91974c5]::vec::Vec<u8> as core[a373ad73a504971]::io::write::Write>::write_fmt
[INFO] [stdout]    3:     0x61418e694996 - std[617be2ca0a6fd877]::panicking::default_hook::{closure#0}
[INFO] [stdout]    4:     0x61418e6b20a9 - std[617be2ca0a6fd877]::panicking::default_hook
[INFO] [stdout]    5:     0x61418e639de0 - test[aada8e7e76ba119b]::test_main_inner::{closure#0}
[INFO] [stdout]    6:     0x61418e6b2262 - std[617be2ca0a6fd877]::panicking::panic_with_hook
[INFO] [stdout]    7:     0x61418e694a42 - std[617be2ca0a6fd877]::panicking::panic_handler::{closure#0}
[INFO] [stdout]    8:     0x61418e68d409 - std[617be2ca0a6fd877]::sys::backtrace::__rust_end_short_backtrace::<std[617be2ca0a6fd877]::panicking::panic_handler::{closure#0}, !>
[INFO] [stdout]    9:     0x61418e69564d - __rustc[ea4f61d10b84890b]::rust_begin_unwind
[INFO] [stdout]   10:     0x61418e6cfe5c - core[a373ad73a504971]::panicking::panic_fmt
[INFO] [stdout]   11:     0x61418e6cfc32 - core[a373ad73a504971]::result::unwrap_failed
[INFO] [stdout]   12:     0x61418e623697 - <matrix[5de0821120f1d411]::claude_code_output_matches_repo_field_face::{closure#0} as core[a373ad73a504971]::ops::function::FnOnce<()>>::call_once
[INFO] [stdout]   13:     0x61418e62d22b - test[aada8e7e76ba119b]::__rust_begin_short_backtrace::<core[a373ad73a504971]::result::Result<(), alloc[2e1b2a31b91974c5]::string::String>, fn() -> core[a373ad73a504971]::result::Result<(), alloc[2e1b2a31b91974c5]::string::String>>
[INFO] [stdout]   14:     0x61418e63a405 - test[aada8e7e76ba119b]::run_test::{closure#0}
[INFO] [stdout]   15:     0x61418e633cf4 - std[617be2ca0a6fd877]::sys::backtrace::__rust_begin_short_backtrace::<test[aada8e7e76ba119b]::run_test::{closure#1}, ()>
[INFO] [stdout]   16:     0x61418e63d492 - <std[617be2ca0a6fd877]::thread::lifecycle::spawn_unchecked<test[aada8e7e76ba119b]::run_test::{closure#1}, ()>::{closure#1} as core[a373ad73a504971]::ops::function::FnOnce<()>>::call_once::{shim:vtable#0}
[INFO] [stdout]   17:     0x61418e6b947f - <std[617be2ca0a6fd877]::sys::thread::unix::Thread>::new::thread_start
[INFO] [stdout]   18:     0x7948f2f83dfa - <unknown>
[INFO] [stdout]   19:     0x7948f30173d4 - clone
[INFO] [stdout]   20:                0x0 - <unknown>
[INFO] [stdout] 
[INFO] [stdout] 
[INFO] [stdout] failures:
[INFO] [stdout]     claude_code_output_matches_repo_field_face
[INFO] [stdout]     trae_output_matches_repo_field_face
[INFO] [stdout] 
[INFO] [stdout] test result: FAILED. 18 passed; 2 failed; 0 ignored; 0 measured; 0 filtered out; finished in 0.03s
[INFO] [stdout] 
[INFO] [stderr] error: test failed, to rerun pass `--test matrix`
[INFO] running `Command { std: "docker" "inspect" "845782f78779fe7704471462b68b60581e29a2d7032f9feed3828e2f0a73236d", kill_on_drop: false }`
[INFO] running `Command { std: "docker" "rm" "-f" "845782f78779fe7704471462b68b60581e29a2d7032f9feed3828e2f0a73236d", kill_on_drop: false }`
[INFO] [stdout] 845782f78779fe7704471462b68b60581e29a2d7032f9feed3828e2f0a73236d
