[INFO] fetching crate wallet_standard 0.7.1...
[INFO] testing wallet_standard-0.7.1 against 1.100.0-beta.1+cargoflags=--release for beta-release-1.100-2
[INFO] extracting crate wallet_standard 0.7.1 into /workspace/builds/worker-5-tc2/source
[INFO] started tweaking crates.io crate wallet_standard 0.7.1
[INFO] finished tweaking crates.io crate wallet_standard 0.7.1
[INFO] tweaked toml for crates.io crate wallet_standard 0.7.1 written to /workspace/builds/worker-5-tc2/source/Cargo.toml
[INFO] validating manifest of crates.io crate wallet_standard 0.7.1 on toolchain 1.100.0-beta.1
[INFO] running `Command { std: CARGO_HOME="/workspace/cargo-home" RUSTUP_HOME="/workspace/rustup-home" "/workspace/cargo-home/bin/cargo" "+1.100.0-beta.1" "metadata" "--manifest-path" "Cargo.toml" "--no-deps", kill_on_drop: false }`
[INFO] crate crates.io crate wallet_standard 0.7.1 already has a lockfile, it will not be regenerated
[INFO] running `Command { std: CARGO_HOME="/workspace/cargo-home" RUSTUP_HOME="/workspace/rustup-home" "/workspace/cargo-home/bin/cargo" "+1.100.0-beta.1" "fetch" "--manifest-path" "Cargo.toml", kill_on_drop: false }`
[INFO] [stderr] warning: Cargo.toml: `lints.clippy.tabs-in-doc-comments` is deprecated in favor of `lints.clippy.tabs_in_doc_comments` and will not work in a future edition
[INFO] [stderr] warning: `package.homepage` is redundant with `package.repository`
[INFO] [stderr]    --> Cargo.toml:185:12
[INFO] [stderr]     |
[INFO] [stderr] 185 | homepage = "https://github.com/pina-rs/wallet_standard"
[INFO] [stderr]     |            ^^^^^^^^^^^^^^^^^^^^^^^^^^^^^^^^^^^^^^^^^^^^
[INFO] [stderr] ...
[INFO] [stderr] 192 | repository = "https://github.com/pina-rs/wallet_standard"
[INFO] [stderr]     |              --------------------------------------------
[INFO] [stderr]     |
[INFO] [stderr]     = note: `cargo::redundant_homepage` is set to `warn` by default
[INFO] [stderr] help: consider removing `package.homepage`
[INFO] [stderr] warning: `wallet_standard` (manifest) generated 2 warnings
[INFO] running `Command { std: "docker" "create" "-v" "/var/lib/crater-agent-workspace/builds/worker-5-tc2/source:/opt/rustwide/workdir:ro,Z" "-v" "/var/lib/crater-agent-workspace/builds/worker-5-tc2/target:/opt/rustwide/target:rw,Z" "-v" "/var/lib/crater-agent-workspace/cargo-home:/opt/rustwide/cargo-home:ro,Z" "-v" "/var/lib/crater-agent-workspace/rustup-home:/opt/rustwide/rustup-home:ro,Z" "-m" "1610612736" "--network" "none" "ghcr.io/rust-lang/crates-build-env/linux@sha256:77db811e55d90add9212f6832c23229e3de5f1c1f9905e8cb07319ea15df73ac" "sleep" "infinity", kill_on_drop: false }`
[INFO] [stdout] af98bd9eba29969240e77263383c7fbefd98339407824e1a422bdd2cca4a212d
[INFO] running `Command { std: "docker" "start" "af98bd9eba29969240e77263383c7fbefd98339407824e1a422bdd2cca4a212d", kill_on_drop: false }`
[INFO] running `Command { std: "docker" "inspect" "af98bd9eba29969240e77263383c7fbefd98339407824e1a422bdd2cca4a212d", kill_on_drop: false }`
[INFO] running `Command { std: "docker" "exec" "-e" "SOURCE_DIR=/opt/rustwide/workdir" "-e" "CARGO_HOME=/opt/rustwide/cargo-home" "-e" "RUSTUP_HOME=/opt/rustwide/rustup-home" "-e" "CARGO_TARGET_DIR=/opt/rustwide/target" "-w" "/opt/rustwide/workdir" "--user" "0:0" "af98bd9eba29969240e77263383c7fbefd98339407824e1a422bdd2cca4a212d" "/opt/rustwide/cargo-home/bin/cargo" "+1.100.0-beta.1" "metadata" "--no-deps" "--format-version=1", kill_on_drop: false }`
[INFO] running `Command { std: "docker" "inspect" "af98bd9eba29969240e77263383c7fbefd98339407824e1a422bdd2cca4a212d", kill_on_drop: false }`
[INFO] running `Command { std: "docker" "exec" "-e" "SOURCE_DIR=/opt/rustwide/workdir" "-e" "CARGO_HOME=/opt/rustwide/cargo-home" "-e" "RUSTUP_HOME=/opt/rustwide/rustup-home" "-e" "CARGO_TARGET_DIR=/opt/rustwide/target" "-e" "CARGO_INCREMENTAL=0" "-e" "RUST_BACKTRACE=full" "-e" "RUSTFLAGS=--cap-lints=warn" "-e" "RUSTDOCFLAGS=--cap-lints=warn" "-w" "/opt/rustwide/workdir" "--user" "0:0" "af98bd9eba29969240e77263383c7fbefd98339407824e1a422bdd2cca4a212d" "/opt/rustwide/cargo-home/bin/cargo" "+1.100.0-beta.1" "build" "--frozen" "--message-format=json" "--release", kill_on_drop: false }`
[INFO] [stderr] warning: Cargo.toml: `lints.clippy.tabs-in-doc-comments` is deprecated in favor of `lints.clippy.tabs_in_doc_comments` and will not work in a future edition
[INFO] [stderr] warning: `package.homepage` is redundant with `package.repository`
[INFO] [stderr]    --> Cargo.toml:185:12
[INFO] [stderr]     |
[INFO] [stderr] 185 | homepage = "https://github.com/pina-rs/wallet_standard"
[INFO] [stderr]     |            ^^^^^^^^^^^^^^^^^^^^^^^^^^^^^^^^^^^^^^^^^^^^
[INFO] [stderr] ...
[INFO] [stderr] 192 | repository = "https://github.com/pina-rs/wallet_standard"
[INFO] [stderr]     |              --------------------------------------------
[INFO] [stderr]     |
[INFO] [stderr]     = note: `cargo::redundant_homepage` is set to `warn` by default
[INFO] [stderr] help: consider removing `package.homepage`
[INFO] [stderr] warning: `wallet_standard` (manifest) generated 2 warnings
[INFO] [stderr]    Compiling futures-core v0.3.34
[INFO] [stderr]    Compiling futures-sink v0.3.34
[INFO] [stderr]    Compiling slab v0.4.12
[INFO] [stderr]    Compiling serde v1.0.229
[INFO] [stderr]    Compiling syn v3.0.5
[INFO] [stderr]    Compiling syn v2.0.119
[INFO] [stderr]    Compiling serde_bytes v0.11.19
[INFO] [stderr]    Compiling futures-channel v0.3.34
[INFO] [stderr]    Compiling futures-macro v0.3.34
[INFO] [stderr]    Compiling serde_derive v1.0.229
[INFO] [stderr]    Compiling thiserror-impl v2.0.20
[INFO] [stderr]    Compiling async-trait v0.1.92
[INFO] [stderr]    Compiling typed-builder-macro v0.23.2
[INFO] [stderr]    Compiling futures-util v0.3.34
[INFO] [stderr]    Compiling thiserror v2.0.20
[INFO] [stderr]    Compiling typed-builder v0.23.2
[INFO] [stderr]    Compiling futures-executor v0.3.34
[INFO] [stderr]    Compiling futures v0.3.34
[INFO] [stderr]    Compiling wallet_standard v0.7.1 (/opt/rustwide/workdir)
[INFO] [stderr] warning: unused dependency `futures`
[INFO] [stderr]   --> Cargo.toml:10:15
[INFO] [stderr]    |
[INFO] [stderr] 10 | [dependencies.futures]
[INFO] [stderr]    |               ^^^^^^^^
[INFO] [stderr]    |
[INFO] [stderr]    = note: `cargo::unused_dependencies` is set to `warn` by default
[INFO] [stderr] help: consider removing the dependency on `futures`
[INFO] [stderr] warning: `wallet_standard` (manifest) generated 1 warning
[INFO] [stderr]     Finished `release` profile [optimized] target(s) in 22.63s
[INFO] running `Command { std: "docker" "inspect" "af98bd9eba29969240e77263383c7fbefd98339407824e1a422bdd2cca4a212d", kill_on_drop: false }`
[INFO] running `Command { std: "docker" "exec" "-e" "SOURCE_DIR=/opt/rustwide/workdir" "-e" "CARGO_HOME=/opt/rustwide/cargo-home" "-e" "RUSTUP_HOME=/opt/rustwide/rustup-home" "-e" "CARGO_TARGET_DIR=/opt/rustwide/target" "-e" "CARGO_INCREMENTAL=0" "-e" "RUST_BACKTRACE=full" "-e" "RUSTFLAGS=--cap-lints=warn" "-e" "RUSTDOCFLAGS=--cap-lints=warn" "-w" "/opt/rustwide/workdir" "--user" "0:0" "af98bd9eba29969240e77263383c7fbefd98339407824e1a422bdd2cca4a212d" "/opt/rustwide/cargo-home/bin/cargo" "+1.100.0-beta.1" "test" "--frozen" "--no-run" "--message-format=json" "--release", kill_on_drop: false }`
[INFO] [stderr] warning: Cargo.toml: `lints.clippy.tabs-in-doc-comments` is deprecated in favor of `lints.clippy.tabs_in_doc_comments` and will not work in a future edition
[INFO] [stderr] warning: `package.homepage` is redundant with `package.repository`
[INFO] [stderr]    --> Cargo.toml:185:12
[INFO] [stderr]     |
[INFO] [stderr] 185 | homepage = "https://github.com/pina-rs/wallet_standard"
[INFO] [stderr]     |            ^^^^^^^^^^^^^^^^^^^^^^^^^^^^^^^^^^^^^^^^^^^^
[INFO] [stderr] ...
[INFO] [stderr] 192 | repository = "https://github.com/pina-rs/wallet_standard"
[INFO] [stderr]     |              --------------------------------------------
[INFO] [stderr]     |
[INFO] [stderr]     = note: `cargo::redundant_homepage` is set to `warn` by default
[INFO] [stderr] help: consider removing `package.homepage`
[INFO] [stderr] warning: `wallet_standard` (manifest) generated 2 warnings
[INFO] [stderr]    Compiling serde_core v1.0.229
[INFO] [stderr]    Compiling ucd-trie v0.1.7
[INFO] [stderr]    Compiling console v0.16.4
[INFO] [stderr]    Compiling pest v2.9.1
[INFO] [stderr]    Compiling pest_meta v2.9.1
[INFO] [stderr]    Compiling pest_generator v2.9.1
[INFO] [stderr]    Compiling pest_derive v2.9.1
[INFO] [stderr]    Compiling bitflags v2.13.1
[INFO] [stderr]    Compiling serde v1.0.229
[INFO] [stderr]    Compiling serde_bytes v0.11.19
[INFO] [stderr]    Compiling rustix v1.1.4
[INFO] [stderr]    Compiling ron v0.12.2
[INFO] [stderr]    Compiling wallet_standard v0.7.1 (/opt/rustwide/workdir)
[INFO] [stderr]    Compiling tempfile v3.27.0
[INFO] [stderr]    Compiling insta v1.48.0
[INFO] [stderr] warning: unused dependency `futures`
[INFO] [stderr]   --> Cargo.toml:10:15
[INFO] [stderr]    |
[INFO] [stderr] 10 | [dependencies.futures]
[INFO] [stderr]    |               ^^^^^^^^
[INFO] [stderr]    |
[INFO] [stderr]    = note: `cargo::unused_dependencies` is set to `warn` by default
[INFO] [stderr] help: consider removing the dependency on `futures`
[INFO] [stderr] warning: `wallet_standard` (manifest) generated 1 warning
[INFO] [stderr]     Finished `release` profile [optimized] target(s) in 40.09s
[INFO] running `Command { std: "docker" "inspect" "af98bd9eba29969240e77263383c7fbefd98339407824e1a422bdd2cca4a212d", kill_on_drop: false }`
[INFO] running `Command { std: "docker" "exec" "-e" "SOURCE_DIR=/opt/rustwide/workdir" "-e" "CARGO_HOME=/opt/rustwide/cargo-home" "-e" "RUSTUP_HOME=/opt/rustwide/rustup-home" "-e" "CARGO_TARGET_DIR=/opt/rustwide/target" "-e" "CARGO_INCREMENTAL=0" "-e" "RUST_BACKTRACE=full" "-e" "RUSTFLAGS=--cap-lints=warn" "-e" "RUSTDOCFLAGS=--cap-lints=warn" "-w" "/opt/rustwide/workdir" "--user" "0:0" "af98bd9eba29969240e77263383c7fbefd98339407824e1a422bdd2cca4a212d" "/opt/rustwide/cargo-home/bin/cargo" "+1.100.0-beta.1" "test" "--frozen" "--release", kill_on_drop: false }`
[INFO] [stderr] warning: Cargo.toml: `lints.clippy.tabs-in-doc-comments` is deprecated in favor of `lints.clippy.tabs_in_doc_comments` and will not work in a future edition
[INFO] [stderr] warning: `package.homepage` is redundant with `package.repository`
[INFO] [stderr]    --> Cargo.toml:185:12
[INFO] [stderr]     |
[INFO] [stderr] 185 | homepage = "https://github.com/pina-rs/wallet_standard"
[INFO] [stderr]     |            ^^^^^^^^^^^^^^^^^^^^^^^^^^^^^^^^^^^^^^^^^^^^
[INFO] [stderr] ...
[INFO] [stderr] 192 | repository = "https://github.com/pina-rs/wallet_standard"
[INFO] [stderr]     |              --------------------------------------------
[INFO] [stderr]     |
[INFO] [stderr]     = note: `cargo::redundant_homepage` is set to `warn` by default
[INFO] [stderr] help: consider removing `package.homepage`
[INFO] [stderr] warning: `wallet_standard` (manifest) generated 2 warnings
[INFO] [stderr] warning: unused dependency `futures`
[INFO] [stderr]   --> Cargo.toml:10:15
[INFO] [stderr]    |
[INFO] [stderr] 10 | [dependencies.futures]
[INFO] [stderr]    |               ^^^^^^^^
[INFO] [stderr]    |
[INFO] [stderr]    = note: `cargo::unused_dependencies` is set to `warn` by default
[INFO] [stderr] help: consider removing the dependency on `futures`
[INFO] [stderr] warning: `wallet_standard` (manifest) generated 1 warning
[INFO] [stderr]     Finished `release` profile [optimized] target(s) in 0.10s
[INFO] [stderr]      Running unittests src/lib.rs (/opt/rustwide/target/release/build/wallet_standard/0b8992e2bc39d652/out/wallet_standard-0b8992e2bc39d652)
[INFO] [stdout] 
[INFO] [stdout] running 0 tests
[INFO] [stderr]    Doc-tests wallet_standard
[INFO] [stdout] 
[INFO] [stdout] test result: ok. 0 passed; 0 failed; 0 ignored; 0 measured; 0 filtered out; finished in 0.00s
[INFO] [stdout] 
[INFO] [stdout] 
[INFO] [stdout] running 17 tests
[INFO] [stdout] test /opt/rustwide/workdir/readme.md - (line 88) ... ignored
[INFO] [stdout] test src/standard/connect.rs - standard::connect::StandardConnectOutput (line 24) ... ignored
[INFO] [stdout] test src/standard/connect.rs - standard::connect::WalletStandardConnect (line 97) ... ignored
[INFO] [stdout] test src/standard/disconnect.rs - standard::disconnect::WalletStandardDisconnect (line 21) ... ignored
[INFO] [stdout] test src/types.rs - types::Wallet (line 245) ... ignored
[INFO] [stdout] test src/types.rs - types::WalletAccountInfo (line 146) ... ignored
[INFO] [stdout] test src/types.rs - types::WalletAccountInfo::icon (line 230) ... FAILED
[INFO] [stdout] test src/types.rs - types::WalletInfo (line 12) ... ignored
[INFO] [stdout] test src/types.rs - types::WalletAccountInfo::public_key (line 184) ... FAILED
[INFO] [stdout] test src/types.rs - types::WalletAccountInfo::chains (line 196) ... FAILED
[INFO] [stdout] test /opt/rustwide/workdir/readme.md - (line 291) ... FAILED
[INFO] [stdout] test src/types.rs - types::WalletAccountInfo::label (line 219) ... FAILED
[INFO] [stdout] test src/types.rs - types::WalletAccountInfo::features (line 207) ... FAILED
[INFO] [stdout] test src/types.rs - types::WalletInfo::chains (line 72) ... FAILED
[INFO] [stdout] test src/standard/connect.rs - standard::connect::StandardConnectInput (line 57) ... ok
[INFO] [stdout] test /opt/rustwide/workdir/readme.md - (line 221) ... FAILED
[INFO] [stdout] test src/types.rs - types::WalletInfo::features (line 111) ... FAILED
[INFO] [stdout] 
[INFO] [stdout] failures:
[INFO] [stdout] 
[INFO] [stdout] ---- src/types.rs - types::WalletAccountInfo::icon (line 230) stdout ----
[INFO] [stdout] error[E0308]: mismatched types
[INFO] [stdout]    --> src/types.rs:231:1
[INFO] [stdout]     |
[INFO] [stdout] 231 | Some("data:image/svg+xml;base64,...".to_string())
[INFO] [stdout]     | ^^^^^^^^^^^^^^^^^^^^^^^^^^^^^^^^^^^^^^^^^^^^^^^^^ expected `()`, found `Option<String>`
[INFO] [stdout]     |
[INFO] [stdout]     = note: expected unit type `()`
[INFO] [stdout]                     found enum `Option<String>`
[INFO] [stdout] help: consider using a semicolon here
[INFO] [stdout]     |
[INFO] [stdout] 231 | Some("data:image/svg+xml;base64,...".to_string());
[INFO] [stdout]     |                                                  +
[INFO] [stdout] help: try adding a return type
[INFO] [stdout]     |
[INFO] [stdout] 230 | fn main() { #[allow(non_snake_case)] fn _doctest_main_src_types_rs_230_0() -> Option<String> {
[INFO] [stdout]     |                                                                            +++++++++++++++++
[INFO] [stdout] 
[INFO] [stdout] error: aborting due to 1 previous error
[INFO] [stdout] 
[INFO] [stdout] For more information about this error, try `rustc --explain E0308`.
[INFO] [stdout] Couldn't compile the test.
[INFO] [stdout] ---- src/types.rs - types::WalletAccountInfo::public_key (line 184) stdout ----
[INFO] [stdout] error[E0308]: mismatched types
[INFO] [stdout]    --> src/types.rs:186:1
[INFO] [stdout]     |
[INFO] [stdout] 184 | fn main() { #[allow(non_snake_case)] fn _doctest_main_src_types_rs_184_0() {
[INFO] [stdout]     |                                                                           - help: try adding a return type: `-> Vec<i32>`
[INFO] [stdout] 185 | // A 32-byte Ed25519 public key
[INFO] [stdout] 186 | vec![0, 1, 2, 3 /* ... */]
[INFO] [stdout]     | ^^^^^^^^^^^^^^^^^^^^^^^^^^ expected `()`, found `Vec<{integer}>`
[INFO] [stdout]     |
[INFO] [stdout]     = note: expected unit type `()`
[INFO] [stdout]                   found struct `Vec<{integer}>`
[INFO] [stdout] 
[INFO] [stdout] error: aborting due to 1 previous error
[INFO] [stdout] 
[INFO] [stdout] For more information about this error, try `rustc --explain E0308`.
[INFO] [stdout] Couldn't compile the test.
[INFO] [stdout] ---- src/types.rs - types::WalletAccountInfo::chains (line 196) stdout ----
[INFO] [stdout] error[E0308]: mismatched types
[INFO] [stdout]    --> src/types.rs:197:1
[INFO] [stdout]     |
[INFO] [stdout] 196 | fn main() { #[allow(non_snake_case)] fn _doctest_main_src_types_rs_196_0() {
[INFO] [stdout]     |                                                                           - help: try adding a return type: `-> Vec<String>`
[INFO] [stdout] 197 | vec!["solana:mainnet".to_string()]
[INFO] [stdout]     | ^^^^^^^^^^^^^^^^^^^^^^^^^^^^^^^^^^ expected `()`, found `Vec<String>`
[INFO] [stdout]     |
[INFO] [stdout]     = note: expected unit type `()`
[INFO] [stdout]                   found struct `Vec<String>`
[INFO] [stdout] 
[INFO] [stdout] error: aborting due to 1 previous error
[INFO] [stdout] 
[INFO] [stdout] For more information about this error, try `rustc --explain E0308`.
[INFO] [stdout] Couldn't compile the test.
[INFO] [stdout] ---- /opt/rustwide/workdir/readme.md - (line 291) stdout ----
[INFO] [stdout] error[E0425]: cannot find function `some_wallet_function` in this scope
[INFO] [stdout]    --> /opt/rustwide/workdir/readme.md:297:15
[INFO] [stdout]     |
[INFO] [stdout] 297 |     let result = some_wallet_function();
[INFO] [stdout]     |                  ^^^^^^^^^^^^^^^^^^^^ not found in this scope
[INFO] [stdout] 
[INFO] [stdout] error: aborting due to 1 previous error
[INFO] [stdout] 
[INFO] [stdout] For more information about this error, try `rustc --explain E0425`.
[INFO] [stdout] Couldn't compile the test.
[INFO] [stdout] ---- src/types.rs - types::WalletAccountInfo::label (line 219) stdout ----
[INFO] [stdout] error[E0308]: mismatched types
[INFO] [stdout]    --> src/types.rs:220:1
[INFO] [stdout]     |
[INFO] [stdout] 220 | Some("Main Account".to_string())
[INFO] [stdout]     | ^^^^^^^^^^^^^^^^^^^^^^^^^^^^^^^^ expected `()`, found `Option<String>`
[INFO] [stdout]     |
[INFO] [stdout]     = note: expected unit type `()`
[INFO] [stdout]                     found enum `Option<String>`
[INFO] [stdout] help: consider using a semicolon here
[INFO] [stdout]     |
[INFO] [stdout] 220 | Some("Main Account".to_string());
[INFO] [stdout]     |                                 +
[INFO] [stdout] help: try adding a return type
[INFO] [stdout]     |
[INFO] [stdout] 219 | fn main() { #[allow(non_snake_case)] fn _doctest_main_src_types_rs_219_0() -> Option<String> {
[INFO] [stdout]     |                                                                            +++++++++++++++++
[INFO] [stdout] 
[INFO] [stdout] error: aborting due to 1 previous error
[INFO] [stdout] 
[INFO] [stdout] For more information about this error, try `rustc --explain E0308`.
[INFO] [stdout] Couldn't compile the test.
[INFO] [stdout] ---- src/types.rs - types::WalletAccountInfo::features (line 207) stdout ----
[INFO] [stdout] error[E0308]: mismatched types
[INFO] [stdout]    --> src/types.rs:208:1
[INFO] [stdout]     |
[INFO] [stdout] 207 |   fn main() { #[allow(non_snake_case)] fn _doctest_main_src_types_rs_207_0() {
[INFO] [stdout]     |                                                                             - help: try adding a return type: `-> Vec<String>`
[INFO] [stdout] 208 | / vec![
[INFO] [stdout] 209 | |     "solana:signMessage".to_string(),
[INFO] [stdout] 210 | |     "solana:signTransaction".to_string(),
[INFO] [stdout] 211 | | ]
[INFO] [stdout]     | |_^ expected `()`, found `Vec<String>`
[INFO] [stdout]     |
[INFO] [stdout]     = note: expected unit type `()`
[INFO] [stdout]                   found struct `Vec<String>`
[INFO] [stdout] 
[INFO] [stdout] error: aborting due to 1 previous error
[INFO] [stdout] 
[INFO] [stdout] For more information about this error, try `rustc --explain E0308`.
[INFO] [stdout] Couldn't compile the test.
[INFO] [stdout] ---- src/types.rs - types::WalletInfo::chains (line 72) stdout ----
[INFO] [stdout] error[E0308]: mismatched types
[INFO] [stdout]   --> src/types.rs:73:1
[INFO] [stdout]    |
[INFO] [stdout] 72 | fn main() { #[allow(non_snake_case)] fn _doctest_main_src_types_rs_72_0() {
[INFO] [stdout]    |                                                                          - help: try adding a return type: `-> Vec<String>`
[INFO] [stdout] 73 | vec!["solana:mainnet".to_string(), "solana:devnet".to_string()]
[INFO] [stdout]    | ^^^^^^^^^^^^^^^^^^^^^^^^^^^^^^^^^^^^^^^^^^^^^^^^^^^^^^^^^^^^^^^ expected `()`, found `Vec<String>`
[INFO] [stdout]    |
[INFO] [stdout]    = note: expected unit type `()`
[INFO] [stdout]                  found struct `Vec<String>`
[INFO] [stdout] 
[INFO] [stdout] error: aborting due to 1 previous error
[INFO] [stdout] 
[INFO] [stdout] For more information about this error, try `rustc --explain E0308`.
[INFO] [stdout] Couldn't compile the test.
[INFO] [stdout] ---- /opt/rustwide/workdir/readme.md - (line 221) stdout ----
[INFO] [stdout] error[E0432]: unresolved import `solana_signature`
[INFO] [stdout]    --> /opt/rustwide/workdir/readme.md:223:5
[INFO] [stdout]     |
[INFO] [stdout] 223 | use solana_signature::Keypair;
[INFO] [stdout]     |     ^^^^^^^^^^^^^^^^ use of unresolved module or unlinked crate `solana_signature`
[INFO] [stdout]     |
[INFO] [stdout]     = help: if you wanted to use a crate named `solana_signature`, use `cargo add solana_signature` to add it to your `Cargo.toml`
[INFO] [stdout] 
[INFO] [stdout] error[E0432]: unresolved import `solana_signature`
[INFO] [stdout]    --> /opt/rustwide/workdir/readme.md:224:5
[INFO] [stdout]     |
[INFO] [stdout] 224 | use solana_signature::Signature;
[INFO] [stdout]     |     ^^^^^^^^^^^^^^^^ use of unresolved module or unlinked crate `solana_signature`
[INFO] [stdout]     |
[INFO] [stdout]     = help: if you wanted to use a crate named `solana_signature`, use `cargo add solana_signature` to add it to your `Cargo.toml`
[INFO] [stdout] 
[INFO] [stdout] error[E0432]: unresolved import `solana_signer`
[INFO] [stdout]    --> /opt/rustwide/workdir/readme.md:225:5
[INFO] [stdout]     |
[INFO] [stdout] 225 | use solana_signer::Signer;
[INFO] [stdout]     |     ^^^^^^^^^^^^^ use of unresolved module or unlinked crate `solana_signer`
[INFO] [stdout]     |
[INFO] [stdout]     = help: if you wanted to use a crate named `solana_signer`, use `cargo add solana_signer` to add it to your `Cargo.toml`
[INFO] [stdout] 
[INFO] [stdout] error: cannot find attribute `async_trait` in this scope
[INFO] [stdout]    --> /opt/rustwide/workdir/readme.md:257:3
[INFO] [stdout]     |
[INFO] [stdout] 257 | #[async_trait(?Send)]
[INFO] [stdout]     |   ^^^^^^^^^^^
[INFO] [stdout]     |
[INFO] [stdout]     = note: `async_trait` is in scope, but it is a crate, not an attribute
[INFO] [stdout] 
[INFO] [stdout] error[E0405]: cannot find trait `SolanaSignatureOutput` in this scope
[INFO] [stdout]    --> /opt/rustwide/workdir/readme.md:236:6
[INFO] [stdout]     |
[INFO] [stdout] 236 | impl SolanaSignatureOutput for MySignMessageOutput {
[INFO] [stdout]     |      ^^^^^^^^^^^^^^^^^^^^^ not found in this scope
[INFO] [stdout] 
[INFO] [stdout] error[E0405]: cannot find trait `SolanaSignMessageOutput` in this scope
[INFO] [stdout]    --> /opt/rustwide/workdir/readme.md:246:6
[INFO] [stdout]     |
[INFO] [stdout] 246 | impl SolanaSignMessageOutput for MySignMessageOutput {
[INFO] [stdout]     |      ^^^^^^^^^^^^^^^^^^^^^^^ not found in this scope
[INFO] [stdout] 
[INFO] [stdout] error[E0405]: cannot find trait `WalletSolanaSignMessage` in this scope
[INFO] [stdout]    --> /opt/rustwide/workdir/readme.md:258:6
[INFO] [stdout]     |
[INFO] [stdout] 258 | impl WalletSolanaSignMessage for MyWallet {
[INFO] [stdout]     |      ^^^^^^^^^^^^^^^^^^^^^^^ not found in this scope
[INFO] [stdout] 
[INFO] [stdout] error[E0425]: cannot find type `MyWallet` in this scope
[INFO] [stdout]    --> /opt/rustwide/workdir/readme.md:258:34
[INFO] [stdout]     |
[INFO] [stdout] 258 | impl WalletSolanaSignMessage for MyWallet {
[INFO] [stdout]     |                                  ^^^^^^^^ not found in this scope
[INFO] [stdout]     |
[INFO] [stdout] note: similarly named trait `Wallet` defined here
[INFO] [stdout]    --> src/types.rs:264:1
[INFO] [stdout]     |
[INFO] [stdout] 264 | pub trait Wallet {
[INFO] [stdout]     | ^^^^^^^^^^^^^^^^
[INFO] [stdout] help: a trait with a similar name exists
[INFO] [stdout]     |
[INFO] [stdout] 258 - impl WalletSolanaSignMessage for MyWallet {
[INFO] [stdout] 258 + impl WalletSolanaSignMessage for Wallet {
[INFO] [stdout]     |
[INFO] [stdout] 
[INFO] [stdout] error: aborting due to 8 previous errors
[INFO] [stdout] 
[INFO] [stdout] Some errors have detailed explanations: E0405, E0425, E0432.
[INFO] [stdout] For more information about an error, try `rustc --explain E0405`.
[INFO] [stdout] Couldn't compile the test.
[INFO] [stdout] ---- src/types.rs - types::WalletInfo::features (line 111) stdout ----
[INFO] [stdout] error[E0308]: mismatched types
[INFO] [stdout]    --> src/types.rs:112:1
[INFO] [stdout]     |
[INFO] [stdout] 111 |   fn main() { #[allow(non_snake_case)] fn _doctest_main_src_types_rs_111_0() {
[INFO] [stdout]     |                                                                             - help: try adding a return type: `-> Vec<String>`
[INFO] [stdout] 112 | / vec![
[INFO] [stdout] 113 | |     "standard:connect".to_string(),
[INFO] [stdout] 114 | |     "standard:disconnect".to_string(),
[INFO] [stdout] 115 | |     "solana:signMessage".to_string(),
[INFO] [stdout] 116 | |     "solana:signTransaction".to_string(),
[INFO] [stdout] 117 | | ]
[INFO] [stdout]     | |_^ expected `()`, found `Vec<String>`
[INFO] [stdout]     |
[INFO] [stdout]     = note: expected unit type `()`
[INFO] [stdout]                   found struct `Vec<String>`
[INFO] [stdout] 
[INFO] [stdout] error: aborting due to 1 previous error
[INFO] [stdout] 
[INFO] [stdout] For more information about this error, try `rustc --explain E0308`.
[INFO] [stdout] Couldn't compile the test.
[INFO] [stdout] 
[INFO] [stdout] failures:
[INFO] [stdout]     /opt/rustwide/workdir/readme.md - (line 221)
[INFO] [stdout]     /opt/rustwide/workdir/readme.md - (line 291)
[INFO] [stdout]     src/types.rs - types::WalletAccountInfo::chains (line 196)
[INFO] [stdout]     src/types.rs - types::WalletAccountInfo::features (line 207)
[INFO] [stdout]     src/types.rs - types::WalletAccountInfo::icon (line 230)
[INFO] [stdout]     src/types.rs - types::WalletAccountInfo::label (line 219)
[INFO] [stdout]     src/types.rs - types::WalletAccountInfo::public_key (line 184)
[INFO] [stdout]     src/types.rs - types::WalletInfo::chains (line 72)
[INFO] [stdout]     src/types.rs - types::WalletInfo::features (line 111)
[INFO] [stdout] 
[INFO] [stdout] test result: FAILED. 1 passed; 9 failed; 7 ignored; 0 measured; 0 filtered out; finished in 0.47s
[INFO] [stdout] 
[INFO] [stdout] all doctests ran in 0.61s; merged doctests compilation took 0.14s
[INFO] [stderr] error: doctest failed, to rerun pass `--doc`
[INFO] running `Command { std: "docker" "inspect" "af98bd9eba29969240e77263383c7fbefd98339407824e1a422bdd2cca4a212d", kill_on_drop: false }`
[INFO] running `Command { std: "docker" "rm" "-f" "af98bd9eba29969240e77263383c7fbefd98339407824e1a422bdd2cca4a212d", kill_on_drop: false }`
[INFO] [stdout] af98bd9eba29969240e77263383c7fbefd98339407824e1a422bdd2cca4a212d
