[INFO] fetching crate wall-echain 0.1.2...
[INFO] testing wall-echain-0.1.2 against 1.99.0-beta.8+cargoflags=--release for beta-release-1.100-2
[INFO] extracting crate wall-echain 0.1.2 into /workspace/builds/worker-2-tc1/source
[INFO] started tweaking crates.io crate wall-echain 0.1.2
[INFO] finished tweaking crates.io crate wall-echain 0.1.2
[INFO] tweaked toml for crates.io crate wall-echain 0.1.2 written to /workspace/builds/worker-2-tc1/source/Cargo.toml
[INFO] validating manifest of crates.io crate wall-echain 0.1.2 on toolchain 1.99.0-beta.8
[INFO] running `Command { std: CARGO_HOME="/workspace/cargo-home" RUSTUP_HOME="/workspace/rustup-home" "/workspace/cargo-home/bin/cargo" "+1.99.0-beta.8" "metadata" "--manifest-path" "Cargo.toml" "--no-deps", kill_on_drop: false }`
[INFO] running `Command { std: CARGO_HOME="/workspace/cargo-home" RUSTUP_HOME="/workspace/rustup-home" "/workspace/cargo-home/bin/cargo" "+1.99.0-beta.8" "generate-lockfile" "--manifest-path" "Cargo.toml", kill_on_drop: false }`
[INFO] [stderr]     Updating crates.io index
[INFO] [stderr]      Locking 238 packages to highest compatible versions
[INFO] [stderr]       Adding rand v0.8.8 (available: v0.10.3)
[INFO] [stderr]       Adding subtle v2.4.1 (available: v2.6.1)
[INFO] running `Command { std: CARGO_HOME="/workspace/cargo-home" RUSTUP_HOME="/workspace/rustup-home" "/workspace/cargo-home/bin/cargo" "+1.99.0-beta.8" "fetch" "--manifest-path" "Cargo.toml", kill_on_drop: false }`
[INFO] [stderr]  Downloading crates ...
[INFO] [stderr]   Downloaded surf v2.3.2
[INFO] [stderr]   Downloaded serde_qs v0.8.5
[INFO] [stderr]   Downloaded http-client v6.5.3
[INFO] running `Command { std: "docker" "create" "-v" "/var/lib/crater-agent-workspace/builds/worker-2-tc1/source:/opt/rustwide/workdir:ro,Z" "-v" "/var/lib/crater-agent-workspace/builds/worker-2-tc1/target:/opt/rustwide/target:rw,Z" "-v" "/var/lib/crater-agent-workspace/cargo-home:/opt/rustwide/cargo-home:ro,Z" "-v" "/var/lib/crater-agent-workspace/rustup-home:/opt/rustwide/rustup-home:ro,Z" "-m" "1610612736" "--network" "none" "ghcr.io/rust-lang/crates-build-env/linux@sha256:77db811e55d90add9212f6832c23229e3de5f1c1f9905e8cb07319ea15df73ac" "sleep" "infinity", kill_on_drop: false }`
[INFO] [stdout] eecec1c70954698cb4564e05c612551c869cc88e83ee057e98262a80c0abd15b
[INFO] running `Command { std: "docker" "start" "eecec1c70954698cb4564e05c612551c869cc88e83ee057e98262a80c0abd15b", kill_on_drop: false }`
[INFO] running `Command { std: "docker" "inspect" "eecec1c70954698cb4564e05c612551c869cc88e83ee057e98262a80c0abd15b", kill_on_drop: false }`
[INFO] running `Command { std: "docker" "exec" "-e" "SOURCE_DIR=/opt/rustwide/workdir" "-e" "CARGO_HOME=/opt/rustwide/cargo-home" "-e" "RUSTUP_HOME=/opt/rustwide/rustup-home" "-e" "CARGO_TARGET_DIR=/opt/rustwide/target" "-w" "/opt/rustwide/workdir" "--user" "0:0" "eecec1c70954698cb4564e05c612551c869cc88e83ee057e98262a80c0abd15b" "/opt/rustwide/cargo-home/bin/cargo" "+1.99.0-beta.8" "metadata" "--no-deps" "--format-version=1", kill_on_drop: false }`
[INFO] running `Command { std: "docker" "inspect" "eecec1c70954698cb4564e05c612551c869cc88e83ee057e98262a80c0abd15b", kill_on_drop: false }`
[INFO] running `Command { std: "docker" "exec" "-e" "SOURCE_DIR=/opt/rustwide/workdir" "-e" "CARGO_HOME=/opt/rustwide/cargo-home" "-e" "RUSTUP_HOME=/opt/rustwide/rustup-home" "-e" "CARGO_TARGET_DIR=/opt/rustwide/target" "-e" "CARGO_INCREMENTAL=0" "-e" "RUST_BACKTRACE=full" "-e" "RUSTFLAGS=--cap-lints=warn" "-e" "RUSTDOCFLAGS=--cap-lints=warn" "-w" "/opt/rustwide/workdir" "--user" "0:0" "eecec1c70954698cb4564e05c612551c869cc88e83ee057e98262a80c0abd15b" "/opt/rustwide/cargo-home/bin/cargo" "+1.99.0-beta.8" "build" "--frozen" "--message-format=json" "--release", kill_on_drop: false }`
[INFO] [stderr]    Compiling value-bag v1.14.1
[INFO] [stderr]    Compiling generic-array v0.14.9
[INFO] [stderr]    Compiling subtle v2.4.1
[INFO] [stderr]    Compiling wasm-bindgen-shared v0.2.129
[INFO] [stderr]    Compiling syn v2.0.119
[INFO] [stderr]    Compiling openssl-sys v0.9.117
[INFO] [stderr]    Compiling concurrent-queue v2.5.0
[INFO] [stderr]    Compiling standback v0.2.17
[INFO] [stderr]    Compiling event-listener v5.4.2
[INFO] [stderr]    Compiling proc-macro-hack v0.5.20+deprecated
[INFO] [stderr]    Compiling rustix v1.1.5
[INFO] [stderr]    Compiling futures-lite v2.6.1
[INFO] [stderr]    Compiling linux-raw-sys v0.12.1
[INFO] [stderr]    Compiling futures-util v0.3.34
[INFO] [stderr]    Compiling getrandom v0.2.17
[INFO] [stderr]    Compiling async-io v2.6.0
[INFO] [stderr]    Compiling const_fn v0.4.12
[INFO] [stderr]    Compiling piper v0.2.5
[INFO] [stderr]    Compiling rand_core v0.6.4
[INFO] [stderr]    Compiling getrandom v0.1.16
[INFO] [stderr]    Compiling event-listener-strategy v0.5.4
[INFO] [stderr]    Compiling time v0.2.27
[INFO] [stderr]    Compiling bumpalo v3.20.3
[INFO] [stderr]    Compiling async-channel v2.5.0
[INFO] [stderr]    Compiling rand_chacha v0.3.1
[INFO] [stderr]    Compiling rand_core v0.5.1
[INFO] [stderr]    Compiling async-lock v3.4.2
[INFO] [stderr]    Compiling log v0.4.34
[INFO] [stderr]    Compiling cipher v0.2.5
[INFO] [stderr]    Compiling universal-hash v0.4.1
[INFO] [stderr]    Compiling digest v0.9.0
[INFO] [stderr]    Compiling polyval v0.4.5
[INFO] [stderr]    Compiling openssl v0.10.81
[INFO] [stderr]    Compiling crypto-mac v0.10.1
[INFO] [stderr]    Compiling aes-soft v0.6.4
[INFO] [stderr]    Compiling wasm-bindgen-macro-support v0.2.129
[INFO] [stderr]    Compiling mio v0.6.23
[INFO] [stderr]    Compiling tracing v0.1.44
[INFO] [stderr]    Compiling hmac v0.10.1
[INFO] [stderr]    Compiling ghash v0.3.1
[INFO] [stderr]    Compiling ctr v0.6.0
[INFO] [stderr]    Compiling native-tls v0.2.18
[INFO] [stderr]    Compiling time-macros-impl v0.1.2
[INFO] [stderr]    Compiling block-buffer v0.9.0
[INFO] [stderr]    Compiling aead v0.3.2
[INFO] [stderr]    Compiling wasm-bindgen v0.2.129
[INFO] [stderr]    Compiling cookie v0.14.4
[INFO] [stderr]    Compiling tokio v1.53.3
[INFO] [stderr]    Compiling event-listener v2.5.3
[INFO] [stderr]    Compiling sha2 v0.9.9
[INFO] [stderr]    Compiling aes v0.6.0
[INFO] [stderr]    Compiling aes-gcm v0.8.0
[INFO] [stderr]    Compiling async-channel v1.9.0
[INFO] [stderr]    Compiling hkdf v0.10.0
[INFO] [stderr]    Compiling rand v0.8.8
[INFO] [stderr]    Compiling rand_chacha v0.2.2
[INFO] [stderr]    Compiling kv-log-macro v1.0.7
[INFO] [stderr]    Compiling async-executor v1.14.0
[INFO] [stderr]    Compiling time-macros v0.1.1
[INFO] [stderr]    Compiling blocking v1.7.0
[INFO] [stderr]    Compiling async-attributes v1.1.2
[INFO] [stderr]    Compiling http-types v2.12.0
[INFO] [stderr]    Compiling pin-utils v0.1.1
[INFO] [stderr]    Compiling waker-fn v1.2.0
[INFO] [stderr]    Compiling tokio v0.2.25
[INFO] [stderr]    Compiling futures-lite v1.13.0
[INFO] [stderr]    Compiling rand v0.7.3
[INFO] [stderr]    Compiling url v2.5.8
[INFO] [stderr]    Compiling pin-project-internal v1.1.13
[INFO] [stderr]    Compiling openssl-macros v0.1.1
[INFO] [stderr]    Compiling thiserror-impl v1.0.69
[INFO] [stderr]    Compiling pin-project v1.1.13
[INFO] [stderr]    Compiling tracing-futures v0.2.5
[INFO] [stderr]    Compiling thiserror v1.0.69
[INFO] [stderr]    Compiling serde_qs v0.8.5
[INFO] [stderr]    Compiling tokio-util v0.3.1
[INFO] [stderr]    Compiling h2 v0.2.7
[INFO] [stderr]    Compiling wasm-bindgen-macro v0.2.129
[INFO] [stderr]    Compiling polling v3.11.0
[INFO] [stderr]    Compiling js-sys v0.3.106
[INFO] [stderr]    Compiling async-global-executor v2.4.1
[INFO] [stderr]    Compiling tokio-tls v0.3.1
[INFO] [stderr]    Compiling async-std v1.13.2
[INFO] [stderr]    Compiling hyper v0.13.10
[INFO] [stderr]    Compiling hyper-tls v0.4.3
[INFO] [stderr]    Compiling http-client v6.5.3
[INFO] [stderr]    Compiling web-sys v0.3.106
[INFO] [stderr]    Compiling surf v2.3.2
[INFO] [stderr]    Compiling wall-echain v0.1.2 (/opt/rustwide/workdir)
[INFO] [stderr]     Finished `release` profile [optimized] target(s) in 1m 16s
[INFO] running `Command { std: "docker" "inspect" "eecec1c70954698cb4564e05c612551c869cc88e83ee057e98262a80c0abd15b", kill_on_drop: false }`
[INFO] running `Command { std: "docker" "exec" "-e" "SOURCE_DIR=/opt/rustwide/workdir" "-e" "CARGO_HOME=/opt/rustwide/cargo-home" "-e" "RUSTUP_HOME=/opt/rustwide/rustup-home" "-e" "CARGO_TARGET_DIR=/opt/rustwide/target" "-e" "CARGO_INCREMENTAL=0" "-e" "RUST_BACKTRACE=full" "-e" "RUSTFLAGS=--cap-lints=warn" "-e" "RUSTDOCFLAGS=--cap-lints=warn" "-w" "/opt/rustwide/workdir" "--user" "0:0" "eecec1c70954698cb4564e05c612551c869cc88e83ee057e98262a80c0abd15b" "/opt/rustwide/cargo-home/bin/cargo" "+1.99.0-beta.8" "test" "--frozen" "--no-run" "--message-format=json" "--release", kill_on_drop: false }`
[INFO] [stderr]    Compiling wall-echain v0.1.2 (/opt/rustwide/workdir)
[INFO] [stderr]     Finished `release` profile [optimized] target(s) in 7.72s
[INFO] running `Command { std: "docker" "inspect" "eecec1c70954698cb4564e05c612551c869cc88e83ee057e98262a80c0abd15b", kill_on_drop: false }`
[INFO] running `Command { std: "docker" "exec" "-e" "SOURCE_DIR=/opt/rustwide/workdir" "-e" "CARGO_HOME=/opt/rustwide/cargo-home" "-e" "RUSTUP_HOME=/opt/rustwide/rustup-home" "-e" "CARGO_TARGET_DIR=/opt/rustwide/target" "-e" "CARGO_INCREMENTAL=0" "-e" "RUST_BACKTRACE=full" "-e" "RUSTFLAGS=--cap-lints=warn" "-e" "RUSTDOCFLAGS=--cap-lints=warn" "-w" "/opt/rustwide/workdir" "--user" "0:0" "eecec1c70954698cb4564e05c612551c869cc88e83ee057e98262a80c0abd15b" "/opt/rustwide/cargo-home/bin/cargo" "+1.99.0-beta.8" "test" "--frozen" "--release", kill_on_drop: false }`
[INFO] [stderr]     Finished `release` profile [optimized] target(s) in 0.25s
[INFO] [stderr]      Running unittests src/lib.rs (/opt/rustwide/target/release/deps/wall_echain-9ebdb2a6d70caabf)
[INFO] [stdout] 
[INFO] [stdout] running 6 tests
[INFO] [stdout] test tests::test_get_latest_number ... FAILED
[INFO] [stdout] test tests::test_get_logs ... FAILED
[INFO] [stdout] test tests::test_get_transactions_for_block ... FAILED
[INFO] [stdout] test tests::test_get_transaction_receipt_for_hash_error ... FAILED
[INFO] [stdout] test tests::test_get_transaction_receipt_for_hash ... FAILED
[INFO] [stdout] test tests::test_get_transactions_for_block_error ... ok
[INFO] [stdout] 
[INFO] [stdout] failures:
[INFO] [stdout] 
[INFO] [stdout] ---- tests::test_get_latest_number stdout ----
[INFO] [stdout] 
[INFO] [stdout] thread 'tests::test_get_latest_number' (1931) panicked at src/lib.rs:117:49:
[INFO] [stdout] called `Option::unwrap()` on a `None` value
[INFO] [stdout] stack backtrace:
[INFO] [stdout]    0:     0x64fa24e4d591 - <<std[70759c8f55707aa4]::sys::backtrace::BacktraceLock>::print::DisplayBacktrace as core[df12db4294e9bfd3]::fmt::Display>::fmt
[INFO] [stdout]    1:     0x64fa24e6404a - core[df12db4294e9bfd3]::fmt::write
[INFO] [stdout]    2:     0x64fa24e5246c - <alloc[2182bb758b4b3781]::vec::Vec<u8> as core[df12db4294e9bfd3]::io::write::Write>::write_fmt
[INFO] [stdout]    3:     0x64fa24e28686 - std[70759c8f55707aa4]::panicking::default_hook::{closure#0}
[INFO] [stdout]    4:     0x64fa24e455b9 - std[70759c8f55707aa4]::panicking::default_hook
[INFO] [stdout]    5:     0x64fa24d8b830 - test[9d35eded1c95d3be]::test_main_inner::<test[9d35eded1c95d3be]::test_main_static::{closure#0}>::{closure#0}
[INFO] [stdout]    6:     0x64fa24e458e2 - std[70759c8f55707aa4]::panicking::panic_with_hook
[INFO] [stdout]    7:     0x64fa24e28764 - std[70759c8f55707aa4]::panicking::panic_handler::{closure#0}
[INFO] [stdout]    8:     0x64fa24e20e49 - std[70759c8f55707aa4]::sys::backtrace::__rust_end_short_backtrace::<std[70759c8f55707aa4]::panicking::panic_handler::{closure#0}, !>
[INFO] [stdout]    9:     0x64fa24e2962d - __rustc[8fa7c3cbc660c2b3]::rust_begin_unwind
[INFO] [stdout]   10:     0x64fa24e647ac - core[df12db4294e9bfd3]::panicking::panic_fmt
[INFO] [stdout]   11:     0x64fa24e64772 - core[df12db4294e9bfd3]::panicking::panic
[INFO] [stdout]   12:     0x64fa24e64529 - core[df12db4294e9bfd3]::option::unwrap_failed
[INFO] [stdout]   13:     0x64fa24c1e225 - <std[70759c8f55707aa4]::thread::local::LocalKey<core[df12db4294e9bfd3]::cell::Cell<*const async_std[bd7c1e0f5601028]::task::task_locals_wrapper::TaskLocalsWrapper>>>::with::<<async_std[bd7c1e0f5601028]::task::task_locals_wrapper::TaskLocalsWrapper>::set_current<<async_std[bd7c1e0f5601028]::task::builder::SupportTaskLocals<wall_echain[6c8f933670b4d111]::tests::test_get_latest_number::{closure#0}> as core[df12db4294e9bfd3]::future::future::Future>::poll::{closure#0}, core[df12db4294e9bfd3]::task::poll::Poll<()>>::{closure#0}, core[df12db4294e9bfd3]::task::poll::Poll<()>>
[INFO] [stdout]   14:     0x64fa24c46952 - <futures_lite[ab3b2cbb366dbff1]::future::Or<async_std[bd7c1e0f5601028]::task::builder::SupportTaskLocals<wall_echain[6c8f933670b4d111]::tests::test_get_latest_number::{closure#0}>, <async_executor[54412152318b98eb]::State>::run<(), async_std[bd7c1e0f5601028]::task::builder::SupportTaskLocals<wall_echain[6c8f933670b4d111]::tests::test_get_latest_number::{closure#0}>>::{closure#0}::{closure#0}> as core[df12db4294e9bfd3]::future::future::Future>::poll
[INFO] [stdout]   15:     0x64fa24c215ce - <std[70759c8f55707aa4]::thread::local::LocalKey<core[df12db4294e9bfd3]::cell::RefCell<(parking[bb0b0b8fa49f1c1a]::Parker, core[df12db4294e9bfd3]::task::wake::Waker, alloc[2182bb758b4b3781]::sync::Arc<core[df12db4294e9bfd3]::sync::atomic::Atomic<bool>>)>>>::with::<async_io[b58e030392ec6aab]::driver::block_on<(), <async_executor[54412152318b98eb]::LocalExecutor>::run<(), async_std[bd7c1e0f5601028]::task::builder::SupportTaskLocals<wall_echain[6c8f933670b4d111]::tests::test_get_latest_number::{closure#0}>>::{closure#0}>::{closure#1}, ()>
[INFO] [stdout]   16:     0x64fa24c4b341 - tokio[5f219e10a45edc87]::runtime::context::enter::<async_global_executor[4fa437791f4150df]::reactor::block_on<<async_executor[54412152318b98eb]::LocalExecutor>::run<(), async_std[bd7c1e0f5601028]::task::builder::SupportTaskLocals<wall_echain[6c8f933670b4d111]::tests::test_get_latest_number::{closure#0}>>::{closure#0}, ()>::{closure#0}, ()>
[INFO] [stdout]   17:     0x64fa24c4bfe5 - async_global_executor[4fa437791f4150df]::tokio02::enter::<async_global_executor[4fa437791f4150df]::reactor::block_on<<async_executor[54412152318b98eb]::LocalExecutor>::run<(), async_std[bd7c1e0f5601028]::task::builder::SupportTaskLocals<wall_echain[6c8f933670b4d111]::tests::test_get_latest_number::{closure#0}>>::{closure#0}, ()>::{closure#0}, ()>
[INFO] [stdout]   18:     0x64fa24c5c094 - async_global_executor[4fa437791f4150df]::reactor::block_on::<<async_executor[54412152318b98eb]::LocalExecutor>::run<(), async_std[bd7c1e0f5601028]::task::builder::SupportTaskLocals<wall_echain[6c8f933670b4d111]::tests::test_get_latest_number::{closure#0}>>::{closure#0}, ()>
[INFO] [stdout]   19:     0x64fa24c1f3ab - <std[70759c8f55707aa4]::thread::local::LocalKey<core[df12db4294e9bfd3]::cell::Cell<usize>>>::with::<<async_std[bd7c1e0f5601028]::task::builder::Builder>::blocking<wall_echain[6c8f933670b4d111]::tests::test_get_latest_number::{closure#0}, ()>::{closure#0}, ()>
[INFO] [stdout]   20:     0x64fa24c51e9a - <async_std[bd7c1e0f5601028]::task::builder::Builder>::blocking::<wall_echain[6c8f933670b4d111]::tests::test_get_latest_number::{closure#0}, ()>
[INFO] [stdout]   21:     0x64fa24c518c8 - <wall_echain[6c8f933670b4d111]::tests::test_get_latest_number::{closure#0} as core[df12db4294e9bfd3]::ops::function::FnOnce<()>>::call_once
[INFO] [stdout]   22:     0x64fa24d7eb1b - test[9d35eded1c95d3be]::__rust_begin_short_backtrace::<core[df12db4294e9bfd3]::result::Result<(), alloc[2182bb758b4b3781]::string::String>, fn() -> core[df12db4294e9bfd3]::result::Result<(), alloc[2182bb758b4b3781]::string::String>>
[INFO] [stdout]   23:     0x64fa24d8c185 - test[9d35eded1c95d3be]::run_test::{closure#0}
[INFO] [stdout]   24:     0x64fa24d85a44 - std[70759c8f55707aa4]::sys::backtrace::__rust_begin_short_backtrace::<test[9d35eded1c95d3be]::run_test::{closure#1}, ()>
[INFO] [stdout]   25:     0x64fa24d8f2e2 - <std[70759c8f55707aa4]::thread::lifecycle::spawn_unchecked<test[9d35eded1c95d3be]::run_test::{closure#1}, ()>::{closure#1} as core[df12db4294e9bfd3]::ops::function::FnOnce<()>>::call_once::{shim:vtable#0}
[INFO] [stdout]   26:     0x64fa24e4cab9 - <std[70759c8f55707aa4]::sys::thread::unix::Thread>::new::thread_start
[INFO] [stdout]   27:     0x7ef9e9c39dfa - <unknown>
[INFO] [stdout]   28:     0x7ef9e9ccd3d4 - clone
[INFO] [stdout]   29:                0x0 - <unknown>
[INFO] [stdout] 
[INFO] [stdout] ---- tests::test_get_logs stdout ----
[INFO] [stdout] 
[INFO] [stdout] thread 'tests::test_get_logs' (1932) panicked at src/lib.rs:191:9:
[INFO] [stdout] assertion `left == right` failed
[INFO] [stdout]   left: true
[INFO] [stdout]  right: false
[INFO] [stdout] stack backtrace:
[INFO] [stdout]    0:     0x64fa24e4d591 - <<std[70759c8f55707aa4]::sys::backtrace::BacktraceLock>::print::DisplayBacktrace as core[df12db4294e9bfd3]::fmt::Display>::fmt
[INFO] [stdout]    1:     0x64fa24e6404a - core[df12db4294e9bfd3]::fmt::write
[INFO] [stdout]    2:     0x64fa24e5246c - <alloc[2182bb758b4b3781]::vec::Vec<u8> as core[df12db4294e9bfd3]::io::write::Write>::write_fmt
[INFO] [stdout]    3:     0x64fa24e28686 - std[70759c8f55707aa4]::panicking::default_hook::{closure#0}
[INFO] [stdout]    4:     0x64fa24e455b9 - std[70759c8f55707aa4]::panicking::default_hook
[INFO] [stdout]    5:     0x64fa24d8b830 - test[9d35eded1c95d3be]::test_main_inner::<test[9d35eded1c95d3be]::test_main_static::{closure#0}>::{closure#0}
[INFO] [stdout]    6:     0x64fa24e458e2 - std[70759c8f55707aa4]::panicking::panic_with_hook
[INFO] [stdout]    7:     0x64fa24e28732 - std[70759c8f55707aa4]::panicking::panic_handler::{closure#0}
[INFO] [stdout]    8:     0x64fa24e20e49 - std[70759c8f55707aa4]::sys::backtrace::__rust_end_short_backtrace::<std[70759c8f55707aa4]::panicking::panic_handler::{closure#0}, !>
[INFO] [stdout]    9:     0x64fa24e2962d - __rustc[8fa7c3cbc660c2b3]::rust_begin_unwind
[INFO] [stdout]   10:     0x64fa24e647ac - core[df12db4294e9bfd3]::panicking::panic_fmt
[INFO] [stdout]   11:     0x64fa24e646c3 - core[df12db4294e9bfd3]::panicking::assert_failed_inner
[INFO] [stdout]   12:     0x64fa24c5ade9 - core[df12db4294e9bfd3]::panicking::assert_failed::<bool, bool>
[INFO] [stdout]   13:     0x64fa24c1dc7d - <std[70759c8f55707aa4]::thread::local::LocalKey<core[df12db4294e9bfd3]::cell::Cell<*const async_std[bd7c1e0f5601028]::task::task_locals_wrapper::TaskLocalsWrapper>>>::with::<<async_std[bd7c1e0f5601028]::task::task_locals_wrapper::TaskLocalsWrapper>::set_current<<async_std[bd7c1e0f5601028]::task::builder::SupportTaskLocals<wall_echain[6c8f933670b4d111]::tests::test_get_logs::{closure#0}> as core[df12db4294e9bfd3]::future::future::Future>::poll::{closure#0}, core[df12db4294e9bfd3]::task::poll::Poll<()>>::{closure#0}, core[df12db4294e9bfd3]::task::poll::Poll<()>>
[INFO] [stdout]   14:     0x64fa24c46812 - <futures_lite[ab3b2cbb366dbff1]::future::Or<async_std[bd7c1e0f5601028]::task::builder::SupportTaskLocals<wall_echain[6c8f933670b4d111]::tests::test_get_logs::{closure#0}>, <async_executor[54412152318b98eb]::State>::run<(), async_std[bd7c1e0f5601028]::task::builder::SupportTaskLocals<wall_echain[6c8f933670b4d111]::tests::test_get_logs::{closure#0}>>::{closure#0}::{closure#0}> as core[df12db4294e9bfd3]::future::future::Future>::poll
[INFO] [stdout]   15:     0x64fa24c20a07 - <std[70759c8f55707aa4]::thread::local::LocalKey<core[df12db4294e9bfd3]::cell::RefCell<(parking[bb0b0b8fa49f1c1a]::Parker, core[df12db4294e9bfd3]::task::wake::Waker, alloc[2182bb758b4b3781]::sync::Arc<core[df12db4294e9bfd3]::sync::atomic::Atomic<bool>>)>>>::with::<async_io[b58e030392ec6aab]::driver::block_on<(), <async_executor[54412152318b98eb]::LocalExecutor>::run<(), async_std[bd7c1e0f5601028]::task::builder::SupportTaskLocals<wall_echain[6c8f933670b4d111]::tests::test_get_logs::{closure#0}>>::{closure#0}>::{closure#1}, ()>
[INFO] [stdout]   16:     0x64fa24c4b221 - tokio[5f219e10a45edc87]::runtime::context::enter::<async_global_executor[4fa437791f4150df]::reactor::block_on<<async_executor[54412152318b98eb]::LocalExecutor>::run<(), async_std[bd7c1e0f5601028]::task::builder::SupportTaskLocals<wall_echain[6c8f933670b4d111]::tests::test_get_logs::{closure#0}>>::{closure#0}, ()>::{closure#0}, ()>
[INFO] [stdout]   17:     0x64fa24c4bec5 - async_global_executor[4fa437791f4150df]::tokio02::enter::<async_global_executor[4fa437791f4150df]::reactor::block_on<<async_executor[54412152318b98eb]::LocalExecutor>::run<(), async_std[bd7c1e0f5601028]::task::builder::SupportTaskLocals<wall_echain[6c8f933670b4d111]::tests::test_get_logs::{closure#0}>>::{closure#0}, ()>::{closure#0}, ()>
[INFO] [stdout]   18:     0x64fa24c5bf53 - async_global_executor[4fa437791f4150df]::reactor::block_on::<<async_executor[54412152318b98eb]::LocalExecutor>::run<(), async_std[bd7c1e0f5601028]::task::builder::SupportTaskLocals<wall_echain[6c8f933670b4d111]::tests::test_get_logs::{closure#0}>>::{closure#0}, ()>
[INFO] [stdout]   19:     0x64fa24c1f0b6 - <std[70759c8f55707aa4]::thread::local::LocalKey<core[df12db4294e9bfd3]::cell::Cell<usize>>>::with::<<async_std[bd7c1e0f5601028]::task::builder::Builder>::blocking<wall_echain[6c8f933670b4d111]::tests::test_get_logs::{closure#0}, ()>::{closure#0}, ()>
[INFO] [stdout]   20:     0x64fa24c51c0a - <async_std[bd7c1e0f5601028]::task::builder::Builder>::blocking::<wall_echain[6c8f933670b4d111]::tests::test_get_logs::{closure#0}, ()>
[INFO] [stdout]   21:     0x64fa24c51888 - <wall_echain[6c8f933670b4d111]::tests::test_get_logs::{closure#0} as core[df12db4294e9bfd3]::ops::function::FnOnce<()>>::call_once
[INFO] [stdout]   22:     0x64fa24d7eb1b - test[9d35eded1c95d3be]::__rust_begin_short_backtrace::<core[df12db4294e9bfd3]::result::Result<(), alloc[2182bb758b4b3781]::string::String>, fn() -> core[df12db4294e9bfd3]::result::Result<(), alloc[2182bb758b4b3781]::string::String>>
[INFO] [stdout]   23:     0x64fa24d8c185 - test[9d35eded1c95d3be]::run_test::{closure#0}
[INFO] [stdout]   24:     0x64fa24d85a44 - std[70759c8f55707aa4]::sys::backtrace::__rust_begin_short_backtrace::<test[9d35eded1c95d3be]::run_test::{closure#1}, ()>
[INFO] [stdout]   25:     0x64fa24d8f2e2 - <std[70759c8f55707aa4]::thread::lifecycle::spawn_unchecked<test[9d35eded1c95d3be]::run_test::{closure#1}, ()>::{closure#1} as core[df12db4294e9bfd3]::ops::function::FnOnce<()>>::call_once::{shim:vtable#0}
[INFO] [stdout]   26:     0x64fa24e4cab9 - <std[70759c8f55707aa4]::sys::thread::unix::Thread>::new::thread_start
[INFO] [stdout]   27:     0x7ef9e9c39dfa - <unknown>
[INFO] [stdout]   28:     0x7ef9e9ccd3d4 - clone
[INFO] [stdout]   29:                0x0 - <unknown>
[INFO] [stdout] 
[INFO] [stdout] ---- tests::test_get_transactions_for_block stdout ----
[INFO] [stdout] 
[INFO] [stdout] thread 'tests::test_get_transactions_for_block' (1935) panicked at src/lib.rs:127:18:
[INFO] [stdout] called `Option::unwrap()` on a `None` value
[INFO] [stdout] stack backtrace:
[INFO] [stdout]    0:     0x64fa24e4d591 - <<std[70759c8f55707aa4]::sys::backtrace::BacktraceLock>::print::DisplayBacktrace as core[df12db4294e9bfd3]::fmt::Display>::fmt
[INFO] [stdout]    1:     0x64fa24e6404a - core[df12db4294e9bfd3]::fmt::write
[INFO] [stdout]    2:     0x64fa24e5246c - <alloc[2182bb758b4b3781]::vec::Vec<u8> as core[df12db4294e9bfd3]::io::write::Write>::write_fmt
[INFO] [stdout]    3:     0x64fa24e28686 - std[70759c8f55707aa4]::panicking::default_hook::{closure#0}
[INFO] [stdout]    4:     0x64fa24e455b9 - std[70759c8f55707aa4]::panicking::default_hook
[INFO] [stdout]    5:     0x64fa24d8b830 - test[9d35eded1c95d3be]::test_main_inner::<test[9d35eded1c95d3be]::test_main_static::{closure#0}>::{closure#0}
[INFO] [stdout]    6:     0x64fa24e458e2 - std[70759c8f55707aa4]::panicking::panic_with_hook
[INFO] [stdout]    7:     0x64fa24e28764 - std[70759c8f55707aa4]::panicking::panic_handler::{closure#0}
[INFO] [stdout]    8:     0x64fa24e20e49 - std[70759c8f55707aa4]::sys::backtrace::__rust_end_short_backtrace::<std[70759c8f55707aa4]::panicking::panic_handler::{closure#0}, !>
[INFO] [stdout]    9:     0x64fa24e2962d - __rustc[8fa7c3cbc660c2b3]::rust_begin_unwind
[INFO] [stdout]   10:     0x64fa24e647ac - core[df12db4294e9bfd3]::panicking::panic_fmt
[INFO] [stdout]   11:     0x64fa24e64772 - core[df12db4294e9bfd3]::panicking::panic
[INFO] [stdout]   12:     0x64fa24e64529 - core[df12db4294e9bfd3]::option::unwrap_failed
[INFO] [stdout]   13:     0x64fa24c1e515 - <std[70759c8f55707aa4]::thread::local::LocalKey<core[df12db4294e9bfd3]::cell::Cell<*const async_std[bd7c1e0f5601028]::task::task_locals_wrapper::TaskLocalsWrapper>>>::with::<<async_std[bd7c1e0f5601028]::task::task_locals_wrapper::TaskLocalsWrapper>::set_current<<async_std[bd7c1e0f5601028]::task::builder::SupportTaskLocals<wall_echain[6c8f933670b4d111]::tests::test_get_transactions_for_block::{closure#0}> as core[df12db4294e9bfd3]::future::future::Future>::poll::{closure#0}, core[df12db4294e9bfd3]::task::poll::Poll<()>>::{closure#0}, core[df12db4294e9bfd3]::task::poll::Poll<()>>
[INFO] [stdout]   14:     0x64fa24c46a92 - <futures_lite[ab3b2cbb366dbff1]::future::Or<async_std[bd7c1e0f5601028]::task::builder::SupportTaskLocals<wall_echain[6c8f933670b4d111]::tests::test_get_transactions_for_block::{closure#0}>, <async_executor[54412152318b98eb]::State>::run<(), async_std[bd7c1e0f5601028]::task::builder::SupportTaskLocals<wall_echain[6c8f933670b4d111]::tests::test_get_transactions_for_block::{closure#0}>>::{closure#0}::{closure#0}> as core[df12db4294e9bfd3]::future::future::Future>::poll
[INFO] [stdout]   15:     0x64fa24c22134 - <std[70759c8f55707aa4]::thread::local::LocalKey<core[df12db4294e9bfd3]::cell::RefCell<(parking[bb0b0b8fa49f1c1a]::Parker, core[df12db4294e9bfd3]::task::wake::Waker, alloc[2182bb758b4b3781]::sync::Arc<core[df12db4294e9bfd3]::sync::atomic::Atomic<bool>>)>>>::with::<async_io[b58e030392ec6aab]::driver::block_on<(), <async_executor[54412152318b98eb]::LocalExecutor>::run<(), async_std[bd7c1e0f5601028]::task::builder::SupportTaskLocals<wall_echain[6c8f933670b4d111]::tests::test_get_transactions_for_block::{closure#0}>>::{closure#0}>::{closure#1}, ()>
[INFO] [stdout]   16:     0x64fa24c4b461 - tokio[5f219e10a45edc87]::runtime::context::enter::<async_global_executor[4fa437791f4150df]::reactor::block_on<<async_executor[54412152318b98eb]::LocalExecutor>::run<(), async_std[bd7c1e0f5601028]::task::builder::SupportTaskLocals<wall_echain[6c8f933670b4d111]::tests::test_get_transactions_for_block::{closure#0}>>::{closure#0}, ()>::{closure#0}, ()>
[INFO] [stdout]   17:     0x64fa24c4c105 - async_global_executor[4fa437791f4150df]::tokio02::enter::<async_global_executor[4fa437791f4150df]::reactor::block_on<<async_executor[54412152318b98eb]::LocalExecutor>::run<(), async_std[bd7c1e0f5601028]::task::builder::SupportTaskLocals<wall_echain[6c8f933670b4d111]::tests::test_get_transactions_for_block::{closure#0}>>::{closure#0}, ()>::{closure#0}, ()>
[INFO] [stdout]   18:     0x64fa24c5c1d4 - async_global_executor[4fa437791f4150df]::reactor::block_on::<<async_executor[54412152318b98eb]::LocalExecutor>::run<(), async_std[bd7c1e0f5601028]::task::builder::SupportTaskLocals<wall_echain[6c8f933670b4d111]::tests::test_get_transactions_for_block::{closure#0}>>::{closure#0}, ()>
[INFO] [stdout]   19:     0x64fa24c1f5fb - <std[70759c8f55707aa4]::thread::local::LocalKey<core[df12db4294e9bfd3]::cell::Cell<usize>>>::with::<<async_std[bd7c1e0f5601028]::task::builder::Builder>::blocking<wall_echain[6c8f933670b4d111]::tests::test_get_transactions_for_block::{closure#0}, ()>::{closure#0}, ()>
[INFO] [stdout]   20:     0x64fa24c5212a - <async_std[bd7c1e0f5601028]::task::builder::Builder>::blocking::<wall_echain[6c8f933670b4d111]::tests::test_get_transactions_for_block::{closure#0}, ()>
[INFO] [stdout]   21:     0x64fa24c51908 - <wall_echain[6c8f933670b4d111]::tests::test_get_transactions_for_block::{closure#0} as core[df12db4294e9bfd3]::ops::function::FnOnce<()>>::call_once
[INFO] [stdout]   22:     0x64fa24d7eb1b - test[9d35eded1c95d3be]::__rust_begin_short_backtrace::<core[df12db4294e9bfd3]::result::Result<(), alloc[2182bb758b4b3781]::string::String>, fn() -> core[df12db4294e9bfd3]::result::Result<(), alloc[2182bb758b4b3781]::string::String>>
[INFO] [stdout]   23:     0x64fa24d8c185 - test[9d35eded1c95d3be]::run_test::{closure#0}
[INFO] [stdout]   24:     0x64fa24d85a44 - std[70759c8f55707aa4]::sys::backtrace::__rust_begin_short_backtrace::<test[9d35eded1c95d3be]::run_test::{closure#1}, ()>
[INFO] [stdout]   25:     0x64fa24d8f2e2 - <std[70759c8f55707aa4]::thread::lifecycle::spawn_unchecked<test[9d35eded1c95d3be]::run_test::{closure#1}, ()>::{closure#1} as core[df12db4294e9bfd3]::ops::function::FnOnce<()>>::call_once::{shim:vtable#0}
[INFO] [stdout]   26:     0x64fa24e4cab9 - <std[70759c8f55707aa4]::sys::thread::unix::Thread>::new::thread_start
[INFO] [stdout]   27:     0x7ef9e9c39dfa - <unknown>
[INFO] [stdout]   28:     0x7ef9e9ccd3d4 - clone
[INFO] [stdout]   29:                0x0 - <unknown>
[INFO] [stdout] 
[INFO] [stdout] ---- tests::test_get_transaction_receipt_for_hash_error stdout ----
[INFO] [stdout] None
[INFO] [stdout] 
[INFO] [stdout] thread 'tests::test_get_transaction_receipt_for_hash_error' (1934) panicked at src/lib.rs:167:14:
[INFO] [stdout] called `Option::unwrap()` on a `None` value
[INFO] [stdout] stack backtrace:
[INFO] [stdout]    0:     0x64fa24e4d591 - <<std[70759c8f55707aa4]::sys::backtrace::BacktraceLock>::print::DisplayBacktrace as core[df12db4294e9bfd3]::fmt::Display>::fmt
[INFO] [stdout]    1:     0x64fa24e6404a - core[df12db4294e9bfd3]::fmt::write
[INFO] [stdout]    2:     0x64fa24e5246c - <alloc[2182bb758b4b3781]::vec::Vec<u8> as core[df12db4294e9bfd3]::io::write::Write>::write_fmt
[INFO] [stdout]    3:     0x64fa24e28686 - std[70759c8f55707aa4]::panicking::default_hook::{closure#0}
[INFO] [stdout]    4:     0x64fa24e455b9 - std[70759c8f55707aa4]::panicking::default_hook
[INFO] [stdout]    5:     0x64fa24d8b830 - test[9d35eded1c95d3be]::test_main_inner::<test[9d35eded1c95d3be]::test_main_static::{closure#0}>::{closure#0}
[INFO] [stdout]    6:     0x64fa24e458e2 - std[70759c8f55707aa4]::panicking::panic_with_hook
[INFO] [stdout]    7:     0x64fa24e28764 - std[70759c8f55707aa4]::panicking::panic_handler::{closure#0}
[INFO] [stdout]    8:     0x64fa24e20e49 - std[70759c8f55707aa4]::sys::backtrace::__rust_end_short_backtrace::<std[70759c8f55707aa4]::panicking::panic_handler::{closure#0}, !>
[INFO] [stdout]    9:     0x64fa24e2962d - __rustc[8fa7c3cbc660c2b3]::rust_begin_unwind
[INFO] [stdout]   10:     0x64fa24e647ac - core[df12db4294e9bfd3]::panicking::panic_fmt
[INFO] [stdout]   11:     0x64fa24e64772 - core[df12db4294e9bfd3]::panicking::panic
[INFO] [stdout]   12:     0x64fa24e64529 - core[df12db4294e9bfd3]::option::unwrap_failed
[INFO] [stdout]   13:     0x64fa24c1ee46 - <std[70759c8f55707aa4]::thread::local::LocalKey<core[df12db4294e9bfd3]::cell::Cell<*const async_std[bd7c1e0f5601028]::task::task_locals_wrapper::TaskLocalsWrapper>>>::with::<<async_std[bd7c1e0f5601028]::task::task_locals_wrapper::TaskLocalsWrapper>::set_current<<async_std[bd7c1e0f5601028]::task::builder::SupportTaskLocals<wall_echain[6c8f933670b4d111]::tests::test_get_transaction_receipt_for_hash_error::{closure#0}> as core[df12db4294e9bfd3]::future::future::Future>::poll::{closure#0}, core[df12db4294e9bfd3]::task::poll::Poll<()>>::{closure#0}, core[df12db4294e9bfd3]::task::poll::Poll<()>>
[INFO] [stdout]   14:     0x64fa24c46e40 - <futures_lite[ab3b2cbb366dbff1]::future::Or<async_std[bd7c1e0f5601028]::task::builder::SupportTaskLocals<wall_echain[6c8f933670b4d111]::tests::test_get_transaction_receipt_for_hash_error::{closure#0}>, <async_executor[54412152318b98eb]::State>::run<(), async_std[bd7c1e0f5601028]::task::builder::SupportTaskLocals<wall_echain[6c8f933670b4d111]::tests::test_get_transaction_receipt_for_hash_error::{closure#0}>>::{closure#0}::{closure#0}> as core[df12db4294e9bfd3]::future::future::Future>::poll
[INFO] [stdout]   15:     0x64fa24c2439c - <std[70759c8f55707aa4]::thread::local::LocalKey<core[df12db4294e9bfd3]::cell::RefCell<(parking[bb0b0b8fa49f1c1a]::Parker, core[df12db4294e9bfd3]::task::wake::Waker, alloc[2182bb758b4b3781]::sync::Arc<core[df12db4294e9bfd3]::sync::atomic::Atomic<bool>>)>>>::with::<async_io[b58e030392ec6aab]::driver::block_on<(), <async_executor[54412152318b98eb]::LocalExecutor>::run<(), async_std[bd7c1e0f5601028]::task::builder::SupportTaskLocals<wall_echain[6c8f933670b4d111]::tests::test_get_transaction_receipt_for_hash_error::{closure#0}>>::{closure#0}>::{closure#1}, ()>
[INFO] [stdout]   16:     0x64fa24c4b7c1 - tokio[5f219e10a45edc87]::runtime::context::enter::<async_global_executor[4fa437791f4150df]::reactor::block_on<<async_executor[54412152318b98eb]::LocalExecutor>::run<(), async_std[bd7c1e0f5601028]::task::builder::SupportTaskLocals<wall_echain[6c8f933670b4d111]::tests::test_get_transaction_receipt_for_hash_error::{closure#0}>>::{closure#0}, ()>::{closure#0}, ()>
[INFO] [stdout]   17:     0x64fa24c4c465 - async_global_executor[4fa437791f4150df]::tokio02::enter::<async_global_executor[4fa437791f4150df]::reactor::block_on<<async_executor[54412152318b98eb]::LocalExecutor>::run<(), async_std[bd7c1e0f5601028]::task::builder::SupportTaskLocals<wall_echain[6c8f933670b4d111]::tests::test_get_transaction_receipt_for_hash_error::{closure#0}>>::{closure#0}, ()>::{closure#0}, ()>
[INFO] [stdout]   18:     0x64fa24c5c594 - async_global_executor[4fa437791f4150df]::reactor::block_on::<<async_executor[54412152318b98eb]::LocalExecutor>::run<(), async_std[bd7c1e0f5601028]::task::builder::SupportTaskLocals<wall_echain[6c8f933670b4d111]::tests::test_get_transaction_receipt_for_hash_error::{closure#0}>>::{closure#0}, ()>
[INFO] [stdout]   19:     0x64fa24c1fce9 - <std[70759c8f55707aa4]::thread::local::LocalKey<core[df12db4294e9bfd3]::cell::Cell<usize>>>::with::<<async_std[bd7c1e0f5601028]::task::builder::Builder>::blocking<wall_echain[6c8f933670b4d111]::tests::test_get_transaction_receipt_for_hash_error::{closure#0}, ()>::{closure#0}, ()>
[INFO] [stdout]   20:     0x64fa24c528da - <async_std[bd7c1e0f5601028]::task::builder::Builder>::blocking::<wall_echain[6c8f933670b4d111]::tests::test_get_transaction_receipt_for_hash_error::{closure#0}, ()>
[INFO] [stdout]   21:     0x64fa24c519c8 - <wall_echain[6c8f933670b4d111]::tests::test_get_transaction_receipt_for_hash_error::{closure#0} as core[df12db4294e9bfd3]::ops::function::FnOnce<()>>::call_once
[INFO] [stdout]   22:     0x64fa24d7eb1b - test[9d35eded1c95d3be]::__rust_begin_short_backtrace::<core[df12db4294e9bfd3]::result::Result<(), alloc[2182bb758b4b3781]::string::String>, fn() -> core[df12db4294e9bfd3]::result::Result<(), alloc[2182bb758b4b3781]::string::String>>
[INFO] [stdout]   23:     0x64fa24d8c185 - test[9d35eded1c95d3be]::run_test::{closure#0}
[INFO] [stdout]   24:     0x64fa24d85a44 - std[70759c8f55707aa4]::sys::backtrace::__rust_begin_short_backtrace::<test[9d35eded1c95d3be]::run_test::{closure#1}, ()>
[INFO] [stdout]   25:     0x64fa24d8f2e2 - <std[70759c8f55707aa4]::thread::lifecycle::spawn_unchecked<test[9d35eded1c95d3be]::run_test::{closure#1}, ()>::{closure#1} as core[df12db4294e9bfd3]::ops::function::FnOnce<()>>::call_once::{shim:vtable#0}
[INFO] [stdout]   26:     0x64fa24e4cab9 - <std[70759c8f55707aa4]::sys::thread::unix::Thread>::new::thread_start
[INFO] [stdout]   27:     0x7ef9e9c39dfa - <unknown>
[INFO] [stdout]   28:     0x7ef9e9ccd3d4 - clone
[INFO] [stdout]   29:                0x0 - <unknown>
[INFO] [stdout] 
[INFO] [stdout] ---- tests::test_get_transaction_receipt_for_hash stdout ----
[INFO] [stdout] 
[INFO] [stdout] thread 'tests::test_get_transaction_receipt_for_hash' (1933) panicked at src/lib.rs:182:14:
[INFO] [stdout] called `Option::unwrap()` on a `None` value
[INFO] [stdout] stack backtrace:
[INFO] [stdout]    0:     0x64fa24e4d591 - <<std[70759c8f55707aa4]::sys::backtrace::BacktraceLock>::print::DisplayBacktrace as core[df12db4294e9bfd3]::fmt::Display>::fmt
[INFO] [stdout]    1:     0x64fa24e6404a - core[df12db4294e9bfd3]::fmt::write
[INFO] [stdout]    2:     0x64fa24e5246c - <alloc[2182bb758b4b3781]::vec::Vec<u8> as core[df12db4294e9bfd3]::io::write::Write>::write_fmt
[INFO] [stdout]    3:     0x64fa24e28686 - std[70759c8f55707aa4]::panicking::default_hook::{closure#0}
[INFO] [stdout]    4:     0x64fa24e455b9 - std[70759c8f55707aa4]::panicking::default_hook
[INFO] [stdout]    5:     0x64fa24d8b830 - test[9d35eded1c95d3be]::test_main_inner::<test[9d35eded1c95d3be]::test_main_static::{closure#0}>::{closure#0}
[INFO] [stdout]    6:     0x64fa24e458e2 - std[70759c8f55707aa4]::panicking::panic_with_hook
[INFO] [stdout]    7:     0x64fa24e28764 - std[70759c8f55707aa4]::panicking::panic_handler::{closure#0}
[INFO] [stdout]    8:     0x64fa24e20e49 - std[70759c8f55707aa4]::sys::backtrace::__rust_end_short_backtrace::<std[70759c8f55707aa4]::panicking::panic_handler::{closure#0}, !>
[INFO] [stdout]    9:     0x64fa24e2962d - __rustc[8fa7c3cbc660c2b3]::rust_begin_unwind
[INFO] [stdout]   10:     0x64fa24e647ac - core[df12db4294e9bfd3]::panicking::panic_fmt
[INFO] [stdout]   11:     0x64fa24e64772 - core[df12db4294e9bfd3]::panicking::panic
[INFO] [stdout]   12:     0x64fa24e64529 - core[df12db4294e9bfd3]::option::unwrap_failed
[INFO] [stdout]   13:     0x64fa24c1e7c3 - <std[70759c8f55707aa4]::thread::local::LocalKey<core[df12db4294e9bfd3]::cell::Cell<*const async_std[bd7c1e0f5601028]::task::task_locals_wrapper::TaskLocalsWrapper>>>::with::<<async_std[bd7c1e0f5601028]::task::task_locals_wrapper::TaskLocalsWrapper>::set_current<<async_std[bd7c1e0f5601028]::task::builder::SupportTaskLocals<wall_echain[6c8f933670b4d111]::tests::test_get_transaction_receipt_for_hash::{closure#0}> as core[df12db4294e9bfd3]::future::future::Future>::poll::{closure#0}, core[df12db4294e9bfd3]::task::poll::Poll<()>>::{closure#0}, core[df12db4294e9bfd3]::task::poll::Poll<()>>
[INFO] [stdout]   14:     0x64fa24c46be0 - <futures_lite[ab3b2cbb366dbff1]::future::Or<async_std[bd7c1e0f5601028]::task::builder::SupportTaskLocals<wall_echain[6c8f933670b4d111]::tests::test_get_transaction_receipt_for_hash::{closure#0}>, <async_executor[54412152318b98eb]::State>::run<(), async_std[bd7c1e0f5601028]::task::builder::SupportTaskLocals<wall_echain[6c8f933670b4d111]::tests::test_get_transaction_receipt_for_hash::{closure#0}>>::{closure#0}::{closure#0}> as core[df12db4294e9bfd3]::future::future::Future>::poll
[INFO] [stdout]   15:     0x64fa24c22cac - <std[70759c8f55707aa4]::thread::local::LocalKey<core[df12db4294e9bfd3]::cell::RefCell<(parking[bb0b0b8fa49f1c1a]::Parker, core[df12db4294e9bfd3]::task::wake::Waker, alloc[2182bb758b4b3781]::sync::Arc<core[df12db4294e9bfd3]::sync::atomic::Atomic<bool>>)>>>::with::<async_io[b58e030392ec6aab]::driver::block_on<(), <async_executor[54412152318b98eb]::LocalExecutor>::run<(), async_std[bd7c1e0f5601028]::task::builder::SupportTaskLocals<wall_echain[6c8f933670b4d111]::tests::test_get_transaction_receipt_for_hash::{closure#0}>>::{closure#0}>::{closure#1}, ()>
[INFO] [stdout]   16:     0x64fa24c4b581 - tokio[5f219e10a45edc87]::runtime::context::enter::<async_global_executor[4fa437791f4150df]::reactor::block_on<<async_executor[54412152318b98eb]::LocalExecutor>::run<(), async_std[bd7c1e0f5601028]::task::builder::SupportTaskLocals<wall_echain[6c8f933670b4d111]::tests::test_get_transaction_receipt_for_hash::{closure#0}>>::{closure#0}, ()>::{closure#0}, ()>
[INFO] [stdout]   17:     0x64fa24c4c225 - async_global_executor[4fa437791f4150df]::tokio02::enter::<async_global_executor[4fa437791f4150df]::reactor::block_on<<async_executor[54412152318b98eb]::LocalExecutor>::run<(), async_std[bd7c1e0f5601028]::task::builder::SupportTaskLocals<wall_echain[6c8f933670b4d111]::tests::test_get_transaction_receipt_for_hash::{closure#0}>>::{closure#0}, ()>::{closure#0}, ()>
[INFO] [stdout]   18:     0x64fa24c5c314 - async_global_executor[4fa437791f4150df]::reactor::block_on::<<async_executor[54412152318b98eb]::LocalExecutor>::run<(), async_std[bd7c1e0f5601028]::task::builder::SupportTaskLocals<wall_echain[6c8f933670b4d111]::tests::test_get_transaction_receipt_for_hash::{closure#0}>>::{closure#0}, ()>
[INFO] [stdout]   19:     0x64fa24c1f849 - <std[70759c8f55707aa4]::thread::local::LocalKey<core[df12db4294e9bfd3]::cell::Cell<usize>>>::with::<<async_std[bd7c1e0f5601028]::task::builder::Builder>::blocking<wall_echain[6c8f933670b4d111]::tests::test_get_transaction_receipt_for_hash::{closure#0}, ()>::{closure#0}, ()>
[INFO] [stdout]   20:     0x64fa24c523ba - <async_std[bd7c1e0f5601028]::task::builder::Builder>::blocking::<wall_echain[6c8f933670b4d111]::tests::test_get_transaction_receipt_for_hash::{closure#0}, ()>
[INFO] [stdout]   21:     0x64fa24c5194b - <wall_echain[6c8f933670b4d111]::tests::test_get_transaction_receipt_for_hash::{closure#0} as core[df12db4294e9bfd3]::ops::function::FnOnce<()>>::call_once
[INFO] [stdout]   22:     0x64fa24d7eb1b - test[9d35eded1c95d3be]::__rust_begin_short_backtrace::<core[df12db4294e9bfd3]::result::Result<(), alloc[2182bb758b4b3781]::string::String>, fn() -> core[df12db4294e9bfd3]::result::Result<(), alloc[2182bb758b4b3781]::string::String>>
[INFO] [stdout]   23:     0x64fa24d8c185 - test[9d35eded1c95d3be]::run_test::{closure#0}
[INFO] [stdout]   24:     0x64fa24d85a44 - std[70759c8f55707aa4]::sys::backtrace::__rust_begin_short_backtrace::<test[9d35eded1c95d3be]::run_test::{closure#1}, ()>
[INFO] [stdout]   25:     0x64fa24d8f2e2 - <std[70759c8f55707aa4]::thread::lifecycle::spawn_unchecked<test[9d35eded1c95d3be]::run_test::{closure#1}, ()>::{closure#1} as core[df12db4294e9bfd3]::ops::function::FnOnce<()>>::call_once::{shim:vtable#0}
[INFO] [stdout]   26:     0x64fa24e4cab9 - <std[70759c8f55707aa4]::sys::thread::unix::Thread>::new::thread_start
[INFO] [stdout]   27:     0x7ef9e9c39dfa - <unknown>
[INFO] [stdout]   28:     0x7ef9e9ccd3d4 - clone
[INFO] [stdout]   29:                0x0 - <unknown>
[INFO] [stdout] 
[INFO] [stdout] 
[INFO] [stdout] failures:
[INFO] [stdout]     tests::test_get_latest_number
[INFO] [stdout]     tests::test_get_logs
[INFO] [stdout]     tests::test_get_transaction_receipt_for_hash
[INFO] [stdout]     tests::test_get_transaction_receipt_for_hash_error
[INFO] [stdout]     tests::test_get_transactions_for_block
[INFO] [stdout] 
[INFO] [stdout] test result: FAILED. 1 passed; 5 failed; 0 ignored; 0 measured; 0 filtered out; finished in 0.17s
[INFO] [stdout] 
[INFO] [stderr] error: test failed, to rerun pass `--lib`
[INFO] running `Command { std: "docker" "inspect" "eecec1c70954698cb4564e05c612551c869cc88e83ee057e98262a80c0abd15b", kill_on_drop: false }`
[INFO] running `Command { std: "docker" "rm" "-f" "eecec1c70954698cb4564e05c612551c869cc88e83ee057e98262a80c0abd15b", kill_on_drop: false }`
[INFO] [stdout] eecec1c70954698cb4564e05c612551c869cc88e83ee057e98262a80c0abd15b
