[INFO] fetching crate walkkit 0.1.3...
[INFO] testing walkkit-0.1.3 against 1.100.0-beta.1+cargoflags=--release for beta-release-1.100-2
[INFO] extracting crate walkkit 0.1.3 into /workspace/builds/worker-6-tc2/source
[INFO] started tweaking crates.io crate walkkit 0.1.3
[INFO] removed 0 missing examples
[INFO] removed 0 missing tests
[INFO] finished tweaking crates.io crate walkkit 0.1.3
[INFO] tweaked toml for crates.io crate walkkit 0.1.3 written to /workspace/builds/worker-6-tc2/source/Cargo.toml
[INFO] validating manifest of crates.io crate walkkit 0.1.3 on toolchain 1.100.0-beta.1
[INFO] running `Command { std: CARGO_HOME="/workspace/cargo-home" RUSTUP_HOME="/workspace/rustup-home" "/workspace/cargo-home/bin/cargo" "+1.100.0-beta.1" "metadata" "--manifest-path" "Cargo.toml" "--no-deps", kill_on_drop: false }`
[INFO] crate crates.io crate walkkit 0.1.3 already has a lockfile, it will not be regenerated
[INFO] running `Command { std: CARGO_HOME="/workspace/cargo-home" RUSTUP_HOME="/workspace/rustup-home" "/workspace/cargo-home/bin/cargo" "+1.100.0-beta.1" "fetch" "--manifest-path" "Cargo.toml", kill_on_drop: false }`
[INFO] [stderr] warning: `package.homepage` is redundant with `package.repository`
[INFO] [stderr]    --> Cargo.toml:95:12
[INFO] [stderr]     |
[INFO] [stderr]  95 | homepage = "https://github.com/santhreal/walkkit"
[INFO] [stderr]     |            ^^^^^^^^^^^^^^^^^^^^^^^^^^^^^^^^^^^^^^
[INFO] [stderr] ...
[INFO] [stderr] 100 | repository = "https://github.com/santhreal/walkkit"
[INFO] [stderr]     |              --------------------------------------
[INFO] [stderr]     |
[INFO] [stderr]     = note: `cargo::redundant_homepage` is set to `warn` by default
[INFO] [stderr] help: consider removing `package.homepage`
[INFO] [stderr] warning: `walkkit` (manifest) generated 1 warning
[INFO] running `Command { std: "docker" "create" "-v" "/var/lib/crater-agent-workspace/builds/worker-6-tc2/source:/opt/rustwide/workdir:ro,Z" "-v" "/var/lib/crater-agent-workspace/builds/worker-6-tc2/target:/opt/rustwide/target:rw,Z" "-v" "/var/lib/crater-agent-workspace/cargo-home:/opt/rustwide/cargo-home:ro,Z" "-v" "/var/lib/crater-agent-workspace/rustup-home:/opt/rustwide/rustup-home:ro,Z" "-m" "1610612736" "--network" "none" "ghcr.io/rust-lang/crates-build-env/linux@sha256:77db811e55d90add9212f6832c23229e3de5f1c1f9905e8cb07319ea15df73ac" "sleep" "infinity", kill_on_drop: false }`
[INFO] [stdout] 664f489aeeb7c7887ed648e8c9cd4821a563c910b79565ee37c531fa84e39b85
[INFO] running `Command { std: "docker" "start" "664f489aeeb7c7887ed648e8c9cd4821a563c910b79565ee37c531fa84e39b85", kill_on_drop: false }`
[INFO] running `Command { std: "docker" "inspect" "664f489aeeb7c7887ed648e8c9cd4821a563c910b79565ee37c531fa84e39b85", kill_on_drop: false }`
[INFO] running `Command { std: "docker" "exec" "-e" "SOURCE_DIR=/opt/rustwide/workdir" "-e" "CARGO_HOME=/opt/rustwide/cargo-home" "-e" "RUSTUP_HOME=/opt/rustwide/rustup-home" "-e" "CARGO_TARGET_DIR=/opt/rustwide/target" "-w" "/opt/rustwide/workdir" "--user" "0:0" "664f489aeeb7c7887ed648e8c9cd4821a563c910b79565ee37c531fa84e39b85" "/opt/rustwide/cargo-home/bin/cargo" "+1.100.0-beta.1" "metadata" "--no-deps" "--format-version=1", kill_on_drop: false }`
[INFO] running `Command { std: "docker" "inspect" "664f489aeeb7c7887ed648e8c9cd4821a563c910b79565ee37c531fa84e39b85", kill_on_drop: false }`
[INFO] running `Command { std: "docker" "exec" "-e" "SOURCE_DIR=/opt/rustwide/workdir" "-e" "CARGO_HOME=/opt/rustwide/cargo-home" "-e" "RUSTUP_HOME=/opt/rustwide/rustup-home" "-e" "CARGO_TARGET_DIR=/opt/rustwide/target" "-e" "CARGO_INCREMENTAL=0" "-e" "RUST_BACKTRACE=full" "-e" "RUSTFLAGS=--cap-lints=warn" "-e" "RUSTDOCFLAGS=--cap-lints=warn" "-w" "/opt/rustwide/workdir" "--user" "0:0" "664f489aeeb7c7887ed648e8c9cd4821a563c910b79565ee37c531fa84e39b85" "/opt/rustwide/cargo-home/bin/cargo" "+1.100.0-beta.1" "build" "--frozen" "--message-format=json" "--release", kill_on_drop: false }`
[INFO] [stderr] warning: `package.homepage` is redundant with `package.repository`
[INFO] [stderr]    --> Cargo.toml:95:12
[INFO] [stderr]     |
[INFO] [stderr]  95 | homepage = "https://github.com/santhreal/walkkit"
[INFO] [stderr]     |            ^^^^^^^^^^^^^^^^^^^^^^^^^^^^^^^^^^^^^^
[INFO] [stderr] ...
[INFO] [stderr] 100 | repository = "https://github.com/santhreal/walkkit"
[INFO] [stderr]     |              --------------------------------------
[INFO] [stderr]     |
[INFO] [stderr]     = note: `cargo::redundant_homepage` is set to `warn` by default
[INFO] [stderr] help: consider removing `package.homepage`
[INFO] [stderr] warning: `walkkit` (manifest) generated 1 warning
[INFO] [stderr]    Compiling typenum v1.20.0
[INFO] [stderr]    Compiling regex-syntax v0.8.10
[INFO] [stderr]    Compiling arrayref v0.3.9
[INFO] [stderr]    Compiling syn v2.0.117
[INFO] [stderr]    Compiling blake3 v1.8.5
[INFO] [stderr]    Compiling percent-encoding v2.3.2
[INFO] [stderr]    Compiling log v0.4.30
[INFO] [stderr]    Compiling crossbeam-epoch v0.9.18
[INFO] [stderr]    Compiling mio v1.2.0
[INFO] [stderr]    Compiling bytes v1.11.1
[INFO] [stderr]    Compiling constant_time_eq v0.3.1
[INFO] [stderr]    Compiling md5 v0.8.0
[INFO] [stderr]    Compiling form_urlencoded v1.2.2
[INFO] [stderr]    Compiling crossbeam-deque v0.8.6
[INFO] [stderr]    Compiling generic-array v0.14.7
[INFO] [stderr]    Compiling tokio v1.52.3
[INFO] [stderr]    Compiling regex-automata v0.4.14
[INFO] [stderr]    Compiling crypto-common v0.1.7
[INFO] [stderr]    Compiling block-buffer v0.10.4
[INFO] [stderr]    Compiling digest v0.10.7
[INFO] [stderr]    Compiling sha2 v0.10.9
[INFO] [stderr]    Compiling hashkit v0.1.5
[INFO] [stderr]    Compiling synstructure v0.13.2
[INFO] [stderr]    Compiling zerovec-derive v0.11.3
[INFO] [stderr]    Compiling displaydoc v0.2.5
[INFO] [stderr]    Compiling serde_derive v1.0.228
[INFO] [stderr]    Compiling thiserror-impl v2.0.18
[INFO] [stderr]    Compiling tracing-attributes v0.1.31
[INFO] [stderr]    Compiling zerofrom-derive v0.1.7
[INFO] [stderr]    Compiling yoke-derive v0.8.2
[INFO] [stderr]    Compiling globset v0.4.18
[INFO] [stderr]    Compiling tracing v0.1.44
[INFO] [stderr]    Compiling zerofrom v0.1.8
[INFO] [stderr]    Compiling yoke v0.8.2
[INFO] [stderr]    Compiling thiserror v2.0.18
[INFO] [stderr]    Compiling ignore v0.4.25
[INFO] [stderr]    Compiling zerovec v0.11.6
[INFO] [stderr]    Compiling zerotrie v0.2.4
[INFO] [stderr]    Compiling tinystr v0.8.3
[INFO] [stderr]    Compiling potential_utf v0.1.5
[INFO] [stderr]    Compiling icu_collections v2.2.0
[INFO] [stderr]    Compiling icu_locale_core v2.2.0
[INFO] [stderr]    Compiling serde v1.0.228
[INFO] [stderr]    Compiling toml_datetime v0.6.11
[INFO] [stderr]    Compiling serde_spanned v0.6.9
[INFO] [stderr]    Compiling toml_edit v0.22.27
[INFO] [stderr]    Compiling icu_provider v2.2.0
[INFO] [stderr]    Compiling icu_properties v2.2.0
[INFO] [stderr]    Compiling icu_normalizer v2.2.0
[INFO] [stderr]    Compiling idna_adapter v1.2.2
[INFO] [stderr]    Compiling idna v1.1.0
[INFO] [stderr]    Compiling url v2.5.8
[INFO] [stderr]    Compiling toml v0.8.23
[INFO] [stderr]    Compiling walkkit v0.1.3 (/opt/rustwide/workdir)
[INFO] [stderr]     Finished `release` profile [optimized] target(s) in 36.17s
[INFO] running `Command { std: "docker" "inspect" "664f489aeeb7c7887ed648e8c9cd4821a563c910b79565ee37c531fa84e39b85", kill_on_drop: false }`
[INFO] running `Command { std: "docker" "exec" "-e" "SOURCE_DIR=/opt/rustwide/workdir" "-e" "CARGO_HOME=/opt/rustwide/cargo-home" "-e" "RUSTUP_HOME=/opt/rustwide/rustup-home" "-e" "CARGO_TARGET_DIR=/opt/rustwide/target" "-e" "CARGO_INCREMENTAL=0" "-e" "RUST_BACKTRACE=full" "-e" "RUSTFLAGS=--cap-lints=warn" "-e" "RUSTDOCFLAGS=--cap-lints=warn" "-w" "/opt/rustwide/workdir" "--user" "0:0" "664f489aeeb7c7887ed648e8c9cd4821a563c910b79565ee37c531fa84e39b85" "/opt/rustwide/cargo-home/bin/cargo" "+1.100.0-beta.1" "test" "--frozen" "--no-run" "--message-format=json" "--release", kill_on_drop: false }`
[INFO] [stderr] warning: `package.homepage` is redundant with `package.repository`
[INFO] [stderr]    --> Cargo.toml:95:12
[INFO] [stderr]     |
[INFO] [stderr]  95 | homepage = "https://github.com/santhreal/walkkit"
[INFO] [stderr]     |            ^^^^^^^^^^^^^^^^^^^^^^^^^^^^^^^^^^^^^^
[INFO] [stderr] ...
[INFO] [stderr] 100 | repository = "https://github.com/santhreal/walkkit"
[INFO] [stderr]     |              --------------------------------------
[INFO] [stderr]     |
[INFO] [stderr]     = note: `cargo::redundant_homepage` is set to `warn` by default
[INFO] [stderr] help: consider removing `package.homepage`
[INFO] [stderr] warning: `walkkit` (manifest) generated 1 warning
[INFO] [stderr]    Compiling zerocopy-derive v0.8.48
[INFO] [stderr]    Compiling regex-automata v0.4.14
[INFO] [stderr]    Compiling num-traits v0.2.19
[INFO] [stderr]    Compiling serde v1.0.228
[INFO] [stderr]    Compiling getrandom v0.3.4
[INFO] [stderr]    Compiling either v1.16.0
[INFO] [stderr]    Compiling bitflags v2.11.1
[INFO] [stderr]    Compiling getrandom v0.4.2
[INFO] [stderr]    Compiling serde_json v1.0.150
[INFO] [stderr]    Compiling wait-timeout v0.2.1
[INFO] [stderr]    Compiling clap v4.6.1
[INFO] [stderr]    Compiling crossbeam-channel v0.5.15
[INFO] [stderr]    Compiling is-terminal v0.4.17
[INFO] [stderr]    Compiling rustix v1.1.4
[INFO] [stderr]    Compiling rand_core v0.9.5
[INFO] [stderr]    Compiling itertools v0.10.5
[INFO] [stderr]    Compiling rayon v1.12.0
[INFO] [stderr]    Compiling rand_xorshift v0.4.0
[INFO] [stderr]    Compiling rand v0.9.4
[INFO] [stderr]    Compiling toml_datetime v0.6.11
[INFO] [stderr]    Compiling serde_spanned v0.6.9
[INFO] [stderr]    Compiling zerocopy v0.8.48
[INFO] [stderr]    Compiling plotters v0.3.7
[INFO] [stderr]    Compiling toml_edit v0.22.27
[INFO] [stderr]    Compiling criterion-plot v0.5.0
[INFO] [stderr]    Compiling tinytemplate v1.2.1
[INFO] [stderr]    Compiling tempfile v3.27.0
[INFO] [stderr]    Compiling rusty-fork v0.3.1
[INFO] [stderr]    Compiling globset v0.4.18
[INFO] [stderr]    Compiling regex v1.12.3
[INFO] [stderr]    Compiling toml v0.8.23
[INFO] [stderr]    Compiling ignore v0.4.25
[INFO] [stderr]    Compiling walkkit v0.1.3 (/opt/rustwide/workdir)
[INFO] [stderr]    Compiling half v2.7.1
[INFO] [stderr]    Compiling ppv-lite86 v0.2.21
[INFO] [stderr]    Compiling rand_chacha v0.9.0
[INFO] [stderr]    Compiling proptest v1.9.0
[INFO] [stderr]    Compiling ciborium-ll v0.2.2
[INFO] [stderr]    Compiling ciborium v0.2.2
[INFO] [stderr]    Compiling criterion v0.5.1
[INFO] [stderr]     Finished `release` profile [optimized] target(s) in 1m 09s
[INFO] running `Command { std: "docker" "inspect" "664f489aeeb7c7887ed648e8c9cd4821a563c910b79565ee37c531fa84e39b85", kill_on_drop: false }`
[INFO] running `Command { std: "docker" "exec" "-e" "SOURCE_DIR=/opt/rustwide/workdir" "-e" "CARGO_HOME=/opt/rustwide/cargo-home" "-e" "RUSTUP_HOME=/opt/rustwide/rustup-home" "-e" "CARGO_TARGET_DIR=/opt/rustwide/target" "-e" "CARGO_INCREMENTAL=0" "-e" "RUST_BACKTRACE=full" "-e" "RUSTFLAGS=--cap-lints=warn" "-e" "RUSTDOCFLAGS=--cap-lints=warn" "-w" "/opt/rustwide/workdir" "--user" "0:0" "664f489aeeb7c7887ed648e8c9cd4821a563c910b79565ee37c531fa84e39b85" "/opt/rustwide/cargo-home/bin/cargo" "+1.100.0-beta.1" "test" "--frozen" "--release", kill_on_drop: false }`
[INFO] [stderr] warning: `package.homepage` is redundant with `package.repository`
[INFO] [stderr]    --> Cargo.toml:95:12
[INFO] [stderr]     |
[INFO] [stderr]  95 | homepage = "https://github.com/santhreal/walkkit"
[INFO] [stderr]     |            ^^^^^^^^^^^^^^^^^^^^^^^^^^^^^^^^^^^^^^
[INFO] [stderr] ...
[INFO] [stderr] 100 | repository = "https://github.com/santhreal/walkkit"
[INFO] [stderr]     |              --------------------------------------
[INFO] [stderr]     |
[INFO] [stderr]     = note: `cargo::redundant_homepage` is set to `warn` by default
[INFO] [stderr] help: consider removing `package.homepage`
[INFO] [stderr] warning: `walkkit` (manifest) generated 1 warning
[INFO] [stderr]     Finished `release` profile [optimized] target(s) in 0.19s
[INFO] [stderr]      Running unittests src/lib.rs (/opt/rustwide/target/release/build/walkkit/ba91cc1ac4ed99a7/out/walkkit-ba91cc1ac4ed99a7)
[INFO] [stdout] 
[INFO] [stdout] running 59 tests
[INFO] [stdout] test codewalker::tests::default_config_excludes_common_dirs ... ok
[INFO] [stdout] test probe::file_type::tests::detects_binary_magics ... ok
[INFO] [stdout] test probe::file_type::tests::detects_source_by_prefix ... ok
[INFO] [stdout] test codewalker::tests::file_content_read_larger_than_prealloc_cap_is_exact ... ok
[INFO] [stdout] test codewalker::traverse::tests::empty_directory ... ok
[INFO] [stdout] test codewalker::traverse::tests::count_matches_walk ... ok
[INFO] [stdout] test codewalker::traverse::tests::try_count_surfaces_traversal_error_instead_of_undercounting ... ok
[INFO] [stdout] test codewalker::traverse::tests::handles_non_utf8_filenames ... ok
[INFO] [stdout] test codewalker::tests::file_content_read ... ok
[INFO] [stdout] test probe::file_type::tests::unknown_when_no_signal_matches ... ok
[INFO] [stdout] test codewalker::tests::file_content_str ... ok
[INFO] [stdout] test probe::pe::tests::imphash_module_name_strips_extension_and_lowercases ... ok
[INFO] [stdout] test probe::pe::tests::imphash_preserves_order_and_duplicates ... ok
[INFO] [stdout] test probe::format::tests::detects_common_compression_magic_bytes ... ok
[INFO] [stdout] test probe::format::tests::detects_zip_and_tar ... ok
[INFO] [stdout] test codewalker::tests::file_content_reads_grown_file ... ok
[INFO] [stdout] test codewalker::tests::file_content_reads_exact_chunk_multiple_boundary ... ok
[INFO] [stdout] test probe::format::tests::unknown_when_magic_does_not_match ... ok
[INFO] [stdout] test probe::pe::tests::imphash_empty_entries_is_md5_of_empty_string ... ok
[INFO] [stdout] test probe::pe::tests::imphash_matches_pefile_reference_string ... ok
[INFO] [stdout] test codewalker::traverse::tests::walks_directory ... ok
[INFO] [stdout] test codewalker::traverse::tests::walk_and_count_single_pass ... ok
[INFO] [stdout] test probe::pe::tests::optional_header_size_four_returns_none ... ok
[INFO] [stdout] test probe::pe::tests::optional_header_size_one_returns_none ... ok
[INFO] [stdout] test probe::pe::tests::parses_minimal_pe_headers ... ok
[INFO] [stdout] test codewalker::traverse::tests::walk_iter_collects_entries ... ok
[INFO] [stdout] test codewalker::traverse::tests::try_count_matches_walk_on_a_clean_tree ... ok
[INFO] [stdout] test codewalker::parallel::tests::parallel_walk ... ok
[INFO] [stdout] test sandbox::tests::bracketed_ipv6_without_port ... ok
[INFO] [stdout] test sandbox::tests::ipv4_host_with_port ... ok
[INFO] [stdout] test sandbox::tests::full_url_still_parsed_by_url_crate ... ok
[INFO] [stdout] test sandbox::tests::hostname_without_port ... ok
[INFO] [stdout] test walk_common::extension_filter_tests::non_utf8_extension_is_compared_by_bytes_not_dropped ... ok
[INFO] [stdout] test codewalker::traverse::tests::handles_permission_denied ... ok
[INFO] [stdout] test walk_common::nul_scan_tests::nul_at_edge_of_prefix_is_binary ... ok
[INFO] [stdout] test sandbox::tests::substitution_is_deterministic ... ok
[INFO] [stdout] test probe::pe::tests::parses_pe_with_few_data_directories ... ok
[INFO] [stdout] test walk_common::extension_filter_tests::ascii_extension_matching_is_case_insensitive ... ok
[INFO] [stdout] test probe::pe::tests::rejects_invalid_pe ... ok
[INFO] [stdout] test sandbox::tests::bracketed_ipv6_with_port ... ok
[INFO] [stdout] test sandbox::tests::strips_path_before_parsing_host ... ok
[INFO] [stdout] test walk_common::extension_filter_tests::empty_required_keeps_only_extensionless ... ok
[INFO] [stdout] test walk_common::nul_scan_tests::pure_text_is_not_binary ... ok
[INFO] [stdout] test sandbox::tests::bare_ipv6_has_no_port ... ok
[INFO] [stdout] test walk_common::nul_scan_tests::nul_in_prefix_is_binary ... ok
[INFO] [stdout] test probe::pe::tests::read_u32_u64_checked_overflow ... ok
[INFO] [stdout] test walk_common::nul_scan_tests::nul_past_prefix_is_treated_as_text ... ok
[INFO] [stdout] test walk_common::extension_filter_tests::missing_extension_excluded_when_specific_required ... ok
[INFO] [stdout] test probe::pe::tests::rva_to_file_offset_does_not_overflow_on_malformed_section ... ok
[INFO] [stdout] test walkkit_tests::walker_empty_directory ... ok
[INFO] [stdout] test walkkit_tests::walker_nonexistent_root ... ok
[INFO] [stdout] test walkkit_tests::walker_file_size_reported ... ok
[INFO] [stdout] test walkkit_tests::walker_single_file ... ok
[INFO] [stdout] test walkkit_tests::walker_hidden_files_included ... ok
[INFO] [stdout] test walkkit_tests::walker_multiple_files ... ok
[INFO] [stdout] test walkkit_tests::walker_nested_directories ... ok
[INFO] [stdout] test walkkit_tests::walker_symlink_not_followed_by_default ... ok
[INFO] [stdout] test walkkit_tests::walker_parallelism_setting ... ok
[INFO] [stdout] test walkkit_tests::walker_many_files_no_oom ... ok
[INFO] [stdout] 
[INFO] [stdout] test result: ok. 59 passed; 0 failed; 0 ignored; 0 measured; 0 filtered out; finished in 0.15s
[INFO] [stdout] 
[INFO] [stderr]      Running tests/adversarial/mod.rs (/opt/rustwide/target/release/build/walkkit/31ff9c9e2b3972ce/out/adversarial-31ff9c9e2b3972ce)
[INFO] [stdout] 
[INFO] [stdout] running 56 tests
[INFO] [stdout] test walk::broken_symlink_handling ... ok
[INFO] [stdout] test walk::binary_detection_null_at_start ... ok
[INFO] [stdout] test walk::directory_with_no_read_permission ... ok
[INFO] [stdout] test walk::empty_file_names_not_created ... ok
[INFO] [stdout] test walk::binary_detection_null_at_end_of_8kb ... ok
[INFO] [stdout] test walk::filter_include_extension_with_dot ... ok
[INFO] [stdout] test walk::filter_glob_directory_pattern ... ok
[INFO] [stdout] test walk::filter_include_and_exclude_combined ... ok
[INFO] [stdout] test walk::filter_invalid_glob_walk_returns_error ... ok
[INFO] [stdout] test walk::filter_invalid_glob_returns_error ... ok
[INFO] [stdout] test walk::file_with_spaces_in_name ... ok
[INFO] [stdout] test walk::filter_case_insensitive_extension ... ok
[INFO] [stdout] test walk::file_with_unicode_name ... ok
[INFO] [stdout] test walk::binary_detection_null_after_8kb ... ok
[INFO] [stdout] test walk::follow_symlinks_true_follows_file_symlinks ... ok
[INFO] [stdout] test walk::filter_exclude_glob_pattern ... ok
[INFO] [stdout] test walk::file_with_special_chars_in_name ... ok
[INFO] [stdout] test walk::follow_symlinks_false_skips_symlinks ... ok
[INFO] [stdout] test walk::filter_include_extension_rs ... ok
[INFO] [stdout] test walk::follow_symlinks_true_follows_directory_symlinks ... ok
[INFO] [stdout] test walk::binary_detection_empty_file ... ok
[INFO] [stdout] test walk::hidden_files_are_included_by_default ... ok
[INFO] [stdout] test walk::filter_empty_extension ... ok
[INFO] [stdout] test walk::respect_gitignore_skips_git_directory ... ok
[INFO] [stdout] test walk::hidden_files_in_hidden_dirs ... ok
[INFO] [stdout] test walk::filter_include_glob_pattern ... ok
[INFO] [stdout] test walk::scale_100_nested_directories_10_deep ... ok
[INFO] [stdout] test walk::max_depth_one_includes_immediate_subdirs ... ok
[INFO] [stdout] test walk::sort_by_name ... ok
[INFO] [stdout] test walk::size_limit_exact_boundary ... ok
[INFO] [stdout] test walk::filter_exclude_takes_precedence_over_include ... ok
[INFO] [stdout] test walk::size_limit_filters_large_files ... ok
[INFO] [stdout] test walk::skip_binary_false_includes_binary_files ... ok
[INFO] [stdout] test walk::iterator_handles_drops_gracefully ... ok
[INFO] [stdout] test walk::multiple_iterators_independent ... ok
[INFO] [stdout] test walk::walk_nested_directories ... ok
[INFO] [stdout] test walk::walk_nonexistent_directory ... ok
[INFO] [stdout] test walk::walk_multiple_files_flat ... ok
[INFO] [stdout] test walk::sort_by_size ... ok
[INFO] [stdout] test walk::walk_multiple_roots ... ok
[INFO] [stdout] test walk::walk_empty_directory ... ok
[INFO] [stdout] test walk::walk_single_file ... ok
[INFO] [stdout] test walk::skip_binary_true_skips_binary_files ... ok
[INFO] [stdout] test walk::max_depth_zero_only_root ... ok
[INFO] [stdout] test walk::scale_mixed_files ... ok
[INFO] [stdout] test walk::walked_file_inode_present ... ok
[INFO] [stdout] test walk::walked_file_is_hidden ... ok
[INFO] [stdout] test walk::symlink_cycle_detection_multiple_levels ... ok
[INFO] [stdout] test walk::walked_file_size_correct ... ok
[INFO] [stdout] test walk::symlink_cycle_detection_no_infinite_loop ... ok
[INFO] [stdout] test walk::parallelism_1_matches_parallelism_8_nested ... ok
[INFO] [stdout] test walk::walker_reusable_across_roots ... ok
[INFO] [stdout] test walk::parallelism_1_matches_parallelism_4 ... ok
[INFO] [stdout] test walk::walker_clonable ... ok
[INFO] [stdout] test walk::scale_wide_directory_structure ... ok
[INFO] [stderr]      Running tests/adversarial/adversarial_walk.rs (/opt/rustwide/target/release/build/walkkit/62c1a1ea2abc314b/out/adversarial_adversarial_walk-62c1a1ea2abc314b)
[INFO] [stdout] test walk::scale_10k_files_flat_directory ... ok
[INFO] [stdout] 
[INFO] [stdout] test result: ok. 56 passed; 0 failed; 0 ignored; 0 measured; 0 filtered out; finished in 1.51s
[INFO] [stdout] 
[INFO] [stdout] 
[INFO] [stdout] running 33 tests
[INFO] [stdout] test test_10_permission_denied_gitignore ... FAILED
[INFO] [stdout] test test_04_symlink_to_parent ... ok
[INFO] [stdout] test test_02_symlink_indirect_loop ... ok
[INFO] [stdout] test test_07_permission_denied_dir ... FAILED
[INFO] [stdout] test test_01_symlink_direct_loop ... ok
[INFO] [stdout] test test_16_filename_unicode ... ok
[INFO] [stdout] test test_18_filename_newline ... ok
[INFO] [stdout] test test_03_symlink_three_way_loop ... ok
[INFO] [stdout] test test_05_symlink_to_self_dir ... ok
[INFO] [stdout] test test_19_filename_invalid_utf8 ... ok
[INFO] [stdout] test test_23_single_empty_directory ... ok
[INFO] [stdout] test test_21_empty_directory ... ok
[INFO] [stdout] test test_25_single_file_deep_empty_dirs ... ok
[INFO] [stdout] test test_06_permission_denied_file ... ok
[INFO] [stdout] test test_26_gitignore_simple ... ok
[INFO] [stdout] test test_27_gitignore_nested ... ok
[INFO] [stdout] test test_17_filename_spaces ... ok
[INFO] [stdout] test test_24_multiple_empty_directories ... ok
[INFO] [stdout] test test_20_filename_control_chars ... ok
[INFO] [stdout] test test_29_gitignore_directory ... ok
[INFO] [stdout] test test_30_gitignore_invalid_syntax ... ok
[INFO] [stdout] test test_09_permission_denied_symlink_target ... FAILED
[INFO] [stdout] test test_08_permission_denied_file_in_readable_dir ... ok
[INFO] [stdout] test test_22_single_file ... ok
[INFO] [stdout] test test_31_race_file_deleted ... ok
[INFO] [stdout] test test_28_gitignore_negation ... ok
[INFO] [stdout] test test_32_race_directory_deleted ... ok
[INFO] [stdout] test test_33_race_permissions_changed ... ok
[INFO] [stdout] test test_14_deep_nesting_empty ... ok
[INFO] [stdout] test test_11_deep_nesting_bottom_file ... ok
[INFO] [stdout] test test_15_deep_nesting_symlink_to_bottom ... ok
[INFO] [stdout] test test_13_deep_nesting_max_depth ... ok
[INFO] [stdout] test test_12_deep_nesting_all_files ... ok
[INFO] [stdout] 
[INFO] [stdout] failures:
[INFO] [stdout] 
[INFO] [stdout] ---- test_10_permission_denied_gitignore stdout ----
[INFO] [stdout] 
[INFO] [stdout] thread 'test_10_permission_denied_gitignore' (2988) panicked at tests/adversarial/adversarial_walk.rs:182:5:
[INFO] [stdout] assertion `left == right` failed
[INFO] [stdout]   left: 1
[INFO] [stdout]  right: 2
[INFO] [stdout] stack backtrace:
[INFO] [stdout]    0:     0x5b80f6c726b1 - <<std[617be2ca0a6fd877]::sys::backtrace::BacktraceLock>::print::DisplayBacktrace as core[a373ad73a504971]::fmt::Display>::fmt
[INFO] [stdout]    1:     0x5b80f6c8812a - core[a373ad73a504971]::fmt::write
[INFO] [stdout]    2:     0x5b80f6c76bbc - <alloc[2e1b2a31b91974c5]::vec::Vec<u8> as core[a373ad73a504971]::io::write::Write>::write_fmt
[INFO] [stdout]    3:     0x5b80f6c4bdf6 - std[617be2ca0a6fd877]::panicking::default_hook::{closure#0}
[INFO] [stdout]    4:     0x5b80f6c695c9 - std[617be2ca0a6fd877]::panicking::default_hook
[INFO] [stdout]    5:     0x5b80f6b00ef0 - test[aada8e7e76ba119b]::test_main_inner::{closure#0}
[INFO] [stdout]    6:     0x5b80f6c69782 - std[617be2ca0a6fd877]::panicking::panic_with_hook
[INFO] [stdout]    7:     0x5b80f6c4bea2 - std[617be2ca0a6fd877]::panicking::panic_handler::{closure#0}
[INFO] [stdout]    8:     0x5b80f6c44809 - std[617be2ca0a6fd877]::sys::backtrace::__rust_end_short_backtrace::<std[617be2ca0a6fd877]::panicking::panic_handler::{closure#0}, !>
[INFO] [stdout]    9:     0x5b80f6c4cc5d - __rustc[ea4f61d10b84890b]::rust_begin_unwind
[INFO] [stdout]   10:     0x5b80f6c8890c - core[a373ad73a504971]::panicking::panic_fmt
[INFO] [stdout]   11:     0x5b80f6c88823 - core[a373ad73a504971]::panicking::assert_failed_inner
[INFO] [stdout]   12:     0x5b80f6c8415d - core[a373ad73a504971]::panicking::assert_failed::<usize, usize>
[INFO] [stdout]   13:     0x5b80f6aec52e - <adversarial_adversarial_walk[9624f0768889a5fd]::test_10_permission_denied_gitignore::{closure#0} as core[a373ad73a504971]::ops::function::FnOnce<()>>::call_once
[INFO] [stdout]   14:     0x5b80f6af433b - test[aada8e7e76ba119b]::__rust_begin_short_backtrace::<core[a373ad73a504971]::result::Result<(), alloc[2e1b2a31b91974c5]::string::String>, fn() -> core[a373ad73a504971]::result::Result<(), alloc[2e1b2a31b91974c5]::string::String>>
[INFO] [stdout]   15:     0x5b80f6b01515 - test[aada8e7e76ba119b]::run_test::{closure#0}
[INFO] [stdout]   16:     0x5b80f6afae04 - std[617be2ca0a6fd877]::sys::backtrace::__rust_begin_short_backtrace::<test[aada8e7e76ba119b]::run_test::{closure#1}, ()>
[INFO] [stdout]   17:     0x5b80f6b045a2 - <std[617be2ca0a6fd877]::thread::lifecycle::spawn_unchecked<test[aada8e7e76ba119b]::run_test::{closure#1}, ()>::{closure#1} as core[a373ad73a504971]::ops::function::FnOnce<()>>::call_once::{shim:vtable#0}
[INFO] [stdout]   18:     0x5b80f6c7199f - <std[617be2ca0a6fd877]::sys::thread::unix::Thread>::new::thread_start
[INFO] [stdout]   19:     0x7239e2160dfa - <unknown>
[INFO] [stdout]   20:     0x7239e21f43d4 - clone
[INFO] [stdout]   21:                0x0 - <unknown>
[INFO] [stdout] 
[INFO] [stdout] ---- test_07_permission_denied_dir stdout ----
[INFO] [stdout] 
[INFO] [stdout] thread 'test_07_permission_denied_dir' (2984) panicked at tests/adversarial/adversarial_walk.rs:126:5:
[INFO] [stdout] assertion `left == right` failed
[INFO] [stdout]   left: 1
[INFO] [stdout]  right: 0
[INFO] [stdout] stack backtrace:
[INFO] [stdout]    0:     0x5b80f6c726b1 - <<std[617be2ca0a6fd877]::sys::backtrace::BacktraceLock>::print::DisplayBacktrace as core[a373ad73a504971]::fmt::Display>::fmt
[INFO] [stdout]    1:     0x5b80f6c8812a - core[a373ad73a504971]::fmt::write
[INFO] [stdout]    2:     0x5b80f6c76bbc - <alloc[2e1b2a31b91974c5]::vec::Vec<u8> as core[a373ad73a504971]::io::write::Write>::write_fmt
[INFO] [stdout]    3:     0x5b80f6c4bdf6 - std[617be2ca0a6fd877]::panicking::default_hook::{closure#0}
[INFO] [stdout]    4:     0x5b80f6c695c9 - std[617be2ca0a6fd877]::panicking::default_hook
[INFO] [stdout]    5:     0x5b80f6b00ef0 - test[aada8e7e76ba119b]::test_main_inner::{closure#0}
[INFO] [stdout]    6:     0x5b80f6c69782 - std[617be2ca0a6fd877]::panicking::panic_with_hook
[INFO] [stdout]    7:     0x5b80f6c4bea2 - std[617be2ca0a6fd877]::panicking::panic_handler::{closure#0}
[INFO] [stdout]    8:     0x5b80f6c44809 - std[617be2ca0a6fd877]::sys::backtrace::__rust_end_short_backtrace::<std[617be2ca0a6fd877]::panicking::panic_handler::{closure#0}, !>
[INFO] [stdout]    9:     0x5b80f6c4cc5d - __rustc[ea4f61d10b84890b]::rust_begin_unwind
[INFO] [stdout]   10:     0x5b80f6c8890c - core[a373ad73a504971]::panicking::panic_fmt
[INFO] [stdout]   11:     0x5b80f6c88823 - core[a373ad73a504971]::panicking::assert_failed_inner
[INFO] [stdout]   12:     0x5b80f6c8415d - core[a373ad73a504971]::panicking::assert_failed::<usize, usize>
[INFO] [stdout]   13:     0x5b80f6ae7416 - <adversarial_adversarial_walk[9624f0768889a5fd]::test_07_permission_denied_dir::{closure#0} as core[a373ad73a504971]::ops::function::FnOnce<()>>::call_once
[INFO] [stdout]   14:     0x5b80f6af433b - test[aada8e7e76ba119b]::__rust_begin_short_backtrace::<core[a373ad73a504971]::result::Result<(), alloc[2e1b2a31b91974c5]::string::String>, fn() -> core[a373ad73a504971]::result::Result<(), alloc[2e1b2a31b91974c5]::string::String>>
[INFO] [stdout]   15:     0x5b80f6b01515 - test[aada8e7e76ba119b]::run_test::{closure#0}
[INFO] [stdout]   16:     0x5b80f6afae04 - std[617be2ca0a6fd877]::sys::backtrace::__rust_begin_short_backtrace::<test[aada8e7e76ba119b]::run_test::{closure#1}, ()>
[INFO] [stdout]   17:     0x5b80f6b045a2 - <std[617be2ca0a6fd877]::thread::lifecycle::spawn_unchecked<test[aada8e7e76ba119b]::run_test::{closure#1}, ()>::{closure#1} as core[a373ad73a504971]::ops::function::FnOnce<()>>::call_once::{shim:vtable#0}
[INFO] [stdout]   18:     0x5b80f6c7199f - <std[617be2ca0a6fd877]::sys::thread::unix::Thread>::new::thread_start
[INFO] [stdout]   19:     0x7239e2160dfa - <unknown>
[INFO] [stdout]   20:     0x7239e21f43d4 - clone
[INFO] [stdout]   21:                0x0 - <unknown>
[INFO] [stdout] 
[INFO] [stdout] ---- test_09_permission_denied_symlink_target stdout ----
[INFO] [stdout] 
[INFO] [stdout] thread 'test_09_permission_denied_symlink_target' (2987) panicked at tests/adversarial/adversarial_walk.rs:165:5:
[INFO] [stdout] assertion `left == right` failed
[INFO] [stdout]   left: 1
[INFO] [stdout]  right: 0
[INFO] [stdout] stack backtrace:
[INFO] [stdout]    0:     0x5b80f6c726b1 - <<std[617be2ca0a6fd877]::sys::backtrace::BacktraceLock>::print::DisplayBacktrace as core[a373ad73a504971]::fmt::Display>::fmt
[INFO] [stdout]    1:     0x5b80f6c8812a - core[a373ad73a504971]::fmt::write
[INFO] [stdout]    2:     0x5b80f6c76bbc - <alloc[2e1b2a31b91974c5]::vec::Vec<u8> as core[a373ad73a504971]::io::write::Write>::write_fmt
[INFO] [stdout]    3:     0x5b80f6c4bdf6 - std[617be2ca0a6fd877]::panicking::default_hook::{closure#0}
[INFO] [stdout]    4:     0x5b80f6c695c9 - std[617be2ca0a6fd877]::panicking::default_hook
[INFO] [stdout]    5:     0x5b80f6b00ef0 - test[aada8e7e76ba119b]::test_main_inner::{closure#0}
[INFO] [stdout]    6:     0x5b80f6c69782 - std[617be2ca0a6fd877]::panicking::panic_with_hook
[INFO] [stdout]    7:     0x5b80f6c4bea2 - std[617be2ca0a6fd877]::panicking::panic_handler::{closure#0}
[INFO] [stdout]    8:     0x5b80f6c44809 - std[617be2ca0a6fd877]::sys::backtrace::__rust_end_short_backtrace::<std[617be2ca0a6fd877]::panicking::panic_handler::{closure#0}, !>
[INFO] [stdout]    9:     0x5b80f6c4cc5d - __rustc[ea4f61d10b84890b]::rust_begin_unwind
[INFO] [stdout]   10:     0x5b80f6c8890c - core[a373ad73a504971]::panicking::panic_fmt
[INFO] [stdout]   11:     0x5b80f6c88823 - core[a373ad73a504971]::panicking::assert_failed_inner
[INFO] [stdout]   12:     0x5b80f6c8415d - core[a373ad73a504971]::panicking::assert_failed::<usize, usize>
[INFO] [stdout]   13:     0x5b80f6aed914 - <adversarial_adversarial_walk[9624f0768889a5fd]::test_09_permission_denied_symlink_target::{closure#0} as core[a373ad73a504971]::ops::function::FnOnce<()>>::call_once
[INFO] [stdout]   14:     0x5b80f6af433b - test[aada8e7e76ba119b]::__rust_begin_short_backtrace::<core[a373ad73a504971]::result::Result<(), alloc[2e1b2a31b91974c5]::string::String>, fn() -> core[a373ad73a504971]::result::Result<(), alloc[2e1b2a31b91974c5]::string::String>>
[INFO] [stdout]   15:     0x5b80f6b01515 - test[aada8e7e76ba119b]::run_test::{closure#0}
[INFO] [stdout]   16:     0x5b80f6afae04 - std[617be2ca0a6fd877]::sys::backtrace::__rust_begin_short_backtrace::<test[aada8e7e76ba119b]::run_test::{closure#1}, ()>
[INFO] [stdout]   17:     0x5b80f6b045a2 - <std[617be2ca0a6fd877]::thread::lifecycle::spawn_unchecked<test[aada8e7e76ba119b]::run_test::{closure#1}, ()>::{closure#1} as core[a373ad73a504971]::ops::function::FnOnce<()>>::call_once::{shim:vtable#0}
[INFO] [stdout]   18:     0x5b80f6c7199f - <std[617be2ca0a6fd877]::sys::thread::unix::Thread>::new::thread_start
[INFO] [stdout]   19:     0x7239e2160dfa - <unknown>
[INFO] [stdout]   20:     0x7239e21f43d4 - clone
[INFO] [stdout]   21:                0x0 - <unknown>
[INFO] [stdout] 
[INFO] [stdout] 
[INFO] [stdout] failures:
[INFO] [stdout]     test_07_permission_denied_dir
[INFO] [stdout]     test_09_permission_denied_symlink_target
[INFO] [stdout]     test_10_permission_denied_gitignore
[INFO] [stdout] 
[INFO] [stdout] test result: FAILED. 30 passed; 3 failed; 0 ignored; 0 measured; 0 filtered out; finished in 2.41s
[INFO] [stdout] 
[INFO] [stderr] error: test failed, to rerun pass `--test adversarial_adversarial_walk`
[INFO] running `Command { std: "docker" "inspect" "664f489aeeb7c7887ed648e8c9cd4821a563c910b79565ee37c531fa84e39b85", kill_on_drop: false }`
[INFO] running `Command { std: "docker" "rm" "-f" "664f489aeeb7c7887ed648e8c9cd4821a563c910b79565ee37c531fa84e39b85", kill_on_drop: false }`
[INFO] [stdout] 664f489aeeb7c7887ed648e8c9cd4821a563c910b79565ee37c531fa84e39b85
