[INFO] fetching crate waitprims-core 0.2.3...
[INFO] testing waitprims-core-0.2.3 against 1.100.0-beta.1+cargoflags=--release for beta-release-1.100-2
[INFO] extracting crate waitprims-core 0.2.3 into /workspace/builds/worker-0-tc2/source
[INFO] started tweaking crates.io crate waitprims-core 0.2.3
[INFO] removed 0 missing tests
[INFO] finished tweaking crates.io crate waitprims-core 0.2.3
[INFO] tweaked toml for crates.io crate waitprims-core 0.2.3 written to /workspace/builds/worker-0-tc2/source/Cargo.toml
[INFO] validating manifest of crates.io crate waitprims-core 0.2.3 on toolchain 1.100.0-beta.1
[INFO] running `Command { std: CARGO_HOME="/workspace/cargo-home" RUSTUP_HOME="/workspace/rustup-home" "/workspace/cargo-home/bin/cargo" "+1.100.0-beta.1" "metadata" "--manifest-path" "Cargo.toml" "--no-deps", kill_on_drop: false }`
[INFO] crate crates.io crate waitprims-core 0.2.3 already has a lockfile, it will not be regenerated
[INFO] running `Command { std: CARGO_HOME="/workspace/cargo-home" RUSTUP_HOME="/workspace/rustup-home" "/workspace/cargo-home/bin/cargo" "+1.100.0-beta.1" "fetch" "--manifest-path" "Cargo.toml", kill_on_drop: false }`
[INFO] [stderr] warning: `package.homepage` is redundant with `package.repository`
[INFO] [stderr]   --> Cargo.toml:40:12
[INFO] [stderr]    |
[INFO] [stderr] 40 | homepage = "https://github.com/3leaps/waitprims"
[INFO] [stderr]    |            ^^^^^^^^^^^^^^^^^^^^^^^^^^^^^^^^^^^^^
[INFO] [stderr] ...
[INFO] [stderr] 45 | repository = "https://github.com/3leaps/waitprims"
[INFO] [stderr]    |              -------------------------------------
[INFO] [stderr]    |
[INFO] [stderr]    = note: `cargo::redundant_homepage` is set to `warn` by default
[INFO] [stderr] help: consider removing `package.homepage`
[INFO] [stderr] warning: `waitprims-core` (manifest) generated 1 warning
[INFO] running `Command { std: "docker" "create" "-v" "/var/lib/crater-agent-workspace/builds/worker-0-tc2/source:/opt/rustwide/workdir:ro,Z" "-v" "/var/lib/crater-agent-workspace/builds/worker-0-tc2/target:/opt/rustwide/target:rw,Z" "-v" "/var/lib/crater-agent-workspace/cargo-home:/opt/rustwide/cargo-home:ro,Z" "-v" "/var/lib/crater-agent-workspace/rustup-home:/opt/rustwide/rustup-home:ro,Z" "-m" "1610612736" "--network" "none" "ghcr.io/rust-lang/crates-build-env/linux@sha256:77db811e55d90add9212f6832c23229e3de5f1c1f9905e8cb07319ea15df73ac" "sleep" "infinity", kill_on_drop: false }`
[INFO] [stdout] 463f1614d20e1c4afa64ad8dd7b5b7daca5f2eca1e8d6c8839e9b456ecf71ef3
[INFO] running `Command { std: "docker" "start" "463f1614d20e1c4afa64ad8dd7b5b7daca5f2eca1e8d6c8839e9b456ecf71ef3", kill_on_drop: false }`
[INFO] running `Command { std: "docker" "inspect" "463f1614d20e1c4afa64ad8dd7b5b7daca5f2eca1e8d6c8839e9b456ecf71ef3", kill_on_drop: false }`
[INFO] running `Command { std: "docker" "exec" "-e" "SOURCE_DIR=/opt/rustwide/workdir" "-e" "CARGO_HOME=/opt/rustwide/cargo-home" "-e" "RUSTUP_HOME=/opt/rustwide/rustup-home" "-e" "CARGO_TARGET_DIR=/opt/rustwide/target" "-w" "/opt/rustwide/workdir" "--user" "0:0" "463f1614d20e1c4afa64ad8dd7b5b7daca5f2eca1e8d6c8839e9b456ecf71ef3" "/opt/rustwide/cargo-home/bin/cargo" "+1.100.0-beta.1" "metadata" "--no-deps" "--format-version=1", kill_on_drop: false }`
[INFO] running `Command { std: "docker" "inspect" "463f1614d20e1c4afa64ad8dd7b5b7daca5f2eca1e8d6c8839e9b456ecf71ef3", kill_on_drop: false }`
[INFO] running `Command { std: "docker" "exec" "-e" "SOURCE_DIR=/opt/rustwide/workdir" "-e" "CARGO_HOME=/opt/rustwide/cargo-home" "-e" "RUSTUP_HOME=/opt/rustwide/rustup-home" "-e" "CARGO_TARGET_DIR=/opt/rustwide/target" "-e" "CARGO_INCREMENTAL=0" "-e" "RUST_BACKTRACE=full" "-e" "RUSTFLAGS=--cap-lints=warn" "-e" "RUSTDOCFLAGS=--cap-lints=warn" "-w" "/opt/rustwide/workdir" "--user" "0:0" "463f1614d20e1c4afa64ad8dd7b5b7daca5f2eca1e8d6c8839e9b456ecf71ef3" "/opt/rustwide/cargo-home/bin/cargo" "+1.100.0-beta.1" "build" "--frozen" "--message-format=json" "--release", kill_on_drop: false }`
[INFO] [stderr] warning: `package.homepage` is redundant with `package.repository`
[INFO] [stderr]   --> Cargo.toml:40:12
[INFO] [stderr]    |
[INFO] [stderr] 40 | homepage = "https://github.com/3leaps/waitprims"
[INFO] [stderr]    |            ^^^^^^^^^^^^^^^^^^^^^^^^^^^^^^^^^^^^^
[INFO] [stderr] ...
[INFO] [stderr] 45 | repository = "https://github.com/3leaps/waitprims"
[INFO] [stderr]    |              -------------------------------------
[INFO] [stderr]    |
[INFO] [stderr]    = note: `cargo::redundant_homepage` is set to `warn` by default
[INFO] [stderr] help: consider removing `package.homepage`
[INFO] [stderr] warning: `waitprims-core` (manifest) generated 1 warning
[INFO] [stderr]    Compiling syn v3.0.3
[INFO] [stderr]    Compiling syn v2.0.119
[INFO] [stderr]    Compiling smallvec v1.15.2
[INFO] [stderr]    Compiling ref-cast v1.0.26
[INFO] [stderr]    Compiling zerocopy v0.8.56
[INFO] [stderr]    Compiling ahash v0.8.12
[INFO] [stderr]    Compiling getrandom v0.3.4
[INFO] [stderr]    Compiling bit-vec v0.8.0
[INFO] [stderr]    Compiling num-integer v0.1.47
[INFO] [stderr]    Compiling regex-automata v0.4.18
[INFO] [stderr]    Compiling num-complex v0.4.6
[INFO] [stderr]    Compiling borrow-or-share v0.2.4
[INFO] [stderr]    Compiling uuid v1.24.1
[INFO] [stderr]    Compiling bytecount v0.6.9
[INFO] [stderr]    Compiling num-cmp v0.1.0
[INFO] [stderr]    Compiling sha2 v0.10.9
[INFO] [stderr]    Compiling time v0.3.55
[INFO] [stderr]    Compiling parking_lot_core v0.9.12
[INFO] [stderr]    Compiling uuid-simd v0.8.0
[INFO] [stderr]    Compiling bit-set v0.8.0
[INFO] [stderr]    Compiling num-bigint v0.4.8
[INFO] [stderr]    Compiling num-iter v0.1.46
[INFO] [stderr]    Compiling parking_lot v0.12.5
[INFO] [stderr]    Compiling num-rational v0.4.2
[INFO] [stderr]    Compiling num v0.4.3
[INFO] [stderr]    Compiling fraction v0.15.4
[INFO] [stderr]    Compiling synstructure v0.13.2
[INFO] [stderr]    Compiling thiserror-impl v1.0.69
[INFO] [stderr]    Compiling zerofrom-derive v0.1.7
[INFO] [stderr]    Compiling yoke-derive v0.8.2
[INFO] [stderr]    Compiling zerovec-derive v0.11.4
[INFO] [stderr]    Compiling displaydoc v0.2.7
[INFO] [stderr]    Compiling serde_derive v1.0.229
[INFO] [stderr]    Compiling ref-cast-impl v1.0.26
[INFO] [stderr]    Compiling zerofrom v0.1.8
[INFO] [stderr]    Compiling yoke v0.8.3
[INFO] [stderr]    Compiling zerotrie v0.2.5
[INFO] [stderr]    Compiling thiserror v1.0.69
[INFO] [stderr]    Compiling zerovec v0.11.7
[INFO] [stderr]    Compiling tinystr v0.8.4
[INFO] [stderr]    Compiling potential_utf v0.1.6
[INFO] [stderr]    Compiling icu_collections v2.3.0
[INFO] [stderr]    Compiling icu_locale_core v2.3.0
[INFO] [stderr]    Compiling fancy-regex v0.14.0
[INFO] [stderr]    Compiling regex v1.13.1
[INFO] [stderr]    Compiling serde v1.0.229
[INFO] [stderr]    Compiling icu_provider v2.3.0
[INFO] [stderr]    Compiling icu_properties v2.3.0
[INFO] [stderr]    Compiling icu_normalizer v2.3.0
[INFO] [stderr]    Compiling fluent-uri v0.3.2
[INFO] [stderr]    Compiling email_address v0.2.9
[INFO] [stderr]    Compiling referencing v0.30.0
[INFO] [stderr]    Compiling idna_adapter v1.2.2
[INFO] [stderr]    Compiling idna v1.1.0
[INFO] [stderr]    Compiling jsonschema v0.30.0
[INFO] [stderr]    Compiling waitprims-core v0.2.3 (/opt/rustwide/workdir)
[INFO] [stderr]     Finished `release` profile [optimized] target(s) in 52.81s
[INFO] running `Command { std: "docker" "inspect" "463f1614d20e1c4afa64ad8dd7b5b7daca5f2eca1e8d6c8839e9b456ecf71ef3", kill_on_drop: false }`
[INFO] running `Command { std: "docker" "exec" "-e" "SOURCE_DIR=/opt/rustwide/workdir" "-e" "CARGO_HOME=/opt/rustwide/cargo-home" "-e" "RUSTUP_HOME=/opt/rustwide/rustup-home" "-e" "CARGO_TARGET_DIR=/opt/rustwide/target" "-e" "CARGO_INCREMENTAL=0" "-e" "RUST_BACKTRACE=full" "-e" "RUSTFLAGS=--cap-lints=warn" "-e" "RUSTDOCFLAGS=--cap-lints=warn" "-w" "/opt/rustwide/workdir" "--user" "0:0" "463f1614d20e1c4afa64ad8dd7b5b7daca5f2eca1e8d6c8839e9b456ecf71ef3" "/opt/rustwide/cargo-home/bin/cargo" "+1.100.0-beta.1" "test" "--frozen" "--no-run" "--message-format=json" "--release", kill_on_drop: false }`
[INFO] [stderr] warning: `package.homepage` is redundant with `package.repository`
[INFO] [stderr]   --> Cargo.toml:40:12
[INFO] [stderr]    |
[INFO] [stderr] 40 | homepage = "https://github.com/3leaps/waitprims"
[INFO] [stderr]    |            ^^^^^^^^^^^^^^^^^^^^^^^^^^^^^^^^^^^^^
[INFO] [stderr] ...
[INFO] [stderr] 45 | repository = "https://github.com/3leaps/waitprims"
[INFO] [stderr]    |              -------------------------------------
[INFO] [stderr]    |
[INFO] [stderr]    = note: `cargo::redundant_homepage` is set to `warn` by default
[INFO] [stderr] help: consider removing `package.homepage`
[INFO] [stderr] warning: `waitprims-core` (manifest) generated 1 warning
[INFO] [stderr]    Compiling waitprims-core v0.2.3 (/opt/rustwide/workdir)
[INFO] [stderr]     Finished `release` profile [optimized] target(s) in 12.42s
[INFO] running `Command { std: "docker" "inspect" "463f1614d20e1c4afa64ad8dd7b5b7daca5f2eca1e8d6c8839e9b456ecf71ef3", kill_on_drop: false }`
[INFO] running `Command { std: "docker" "exec" "-e" "SOURCE_DIR=/opt/rustwide/workdir" "-e" "CARGO_HOME=/opt/rustwide/cargo-home" "-e" "RUSTUP_HOME=/opt/rustwide/rustup-home" "-e" "CARGO_TARGET_DIR=/opt/rustwide/target" "-e" "CARGO_INCREMENTAL=0" "-e" "RUST_BACKTRACE=full" "-e" "RUSTFLAGS=--cap-lints=warn" "-e" "RUSTDOCFLAGS=--cap-lints=warn" "-w" "/opt/rustwide/workdir" "--user" "0:0" "463f1614d20e1c4afa64ad8dd7b5b7daca5f2eca1e8d6c8839e9b456ecf71ef3" "/opt/rustwide/cargo-home/bin/cargo" "+1.100.0-beta.1" "test" "--frozen" "--release", kill_on_drop: false }`
[INFO] [stderr] warning: `package.homepage` is redundant with `package.repository`
[INFO] [stderr]   --> Cargo.toml:40:12
[INFO] [stderr]    |
[INFO] [stderr] 40 | homepage = "https://github.com/3leaps/waitprims"
[INFO] [stderr]    |            ^^^^^^^^^^^^^^^^^^^^^^^^^^^^^^^^^^^^^
[INFO] [stderr] ...
[INFO] [stderr] 45 | repository = "https://github.com/3leaps/waitprims"
[INFO] [stderr]    |              -------------------------------------
[INFO] [stderr]    |
[INFO] [stderr]    = note: `cargo::redundant_homepage` is set to `warn` by default
[INFO] [stderr] help: consider removing `package.homepage`
[INFO] [stderr] warning: `waitprims-core` (manifest) generated 1 warning
[INFO] [stderr]     Finished `release` profile [optimized] target(s) in 0.11s
[INFO] [stderr]      Running unittests src/lib.rs (/opt/rustwide/target/release/build/waitprims-core/418848a030e4c33c/out/waitprims_core-418848a030e4c33c)
[INFO] [stdout] 
[INFO] [stdout] running 33 tests
[INFO] [stdout] test contract::tests::bundled_entry_schema_is_the_pin_document ... ok
[INFO] [stdout] test contract::tests::bundled_message_schema_is_the_kind_definition ... ok
[INFO] [stdout] test digest::tests::registration_digest_rejects_duplicate_keys_in_raw_array ... ok
[INFO] [stdout] test contract::tests::schema_id_is_not_the_entry_mechanism ... ok
[INFO] [stdout] test contract::tests::bundled_pin_bytes_match_vendored_schemas ... FAILED
[INFO] [stdout] test contract::tests::unknown_capability_fails_closed ... ok
[INFO] [stdout] test contract::tests::bundled_pin_resolves_through_contract_json ... ok
[INFO] [stdout] test jcs::tests::rejects_non_finite_exponent ... ok
[INFO] [stdout] test digest::tests::example_registration_digest_matches_pin ... ok
[INFO] [stdout] test jcs::tests::integer_valued_float_is_es_integer ... ok
[INFO] [stdout] test error::tests::validation_display_omits_raw_values ... ok
[INFO] [stdout] test rfc3339::tests::fraction_compare_matches_pinned_six_digit_oracle ... ok
[INFO] [stdout] test jcs::tests::sorts_keys_and_elides_whitespace ... ok
[INFO] [stdout] test refs::tests::ref_debug_does_not_dump_raw_value ... ok
[INFO] [stdout] test receipts::tests::evidence_is_not_a_wait_message_kind ... ok
[INFO] [stdout] test jcs::tests::rejects_duplicate_keys ... ok
[INFO] [stdout] test jcs::tests::accepts_exact_binary64_integer_bound ... ok
[INFO] [stdout] test digest::tests::omitted_priority_digest_differs_from_explicit_50 ... ok
[INFO] [stdout] test jcs::tests::rejects_integer_outside_ijson ... ok
[INFO] [stdout] test jcs::tests::rejects_lone_surrogate ... ok
[INFO] [stdout] test digest::tests::empty_input_matches_known_vector ... ok
[INFO] [stdout] test rfc3339::tests::equivalent_offsets_are_equal_on_the_newtype ... ok
[INFO] [stdout] test rfc3339::tests::rfc3339_six_digit_compare_pads_truncates_and_normalizes_offsets ... ok
[INFO] [stdout] test types::tests::six_kinds_only_no_live_wait_ack_variant ... ok
[INFO] [stdout] test validate::tests::deserialize_is_not_admission ... FAILED
[INFO] [stdout] test rfc3339::tests::one_millisecond_is_a_distinct_logical_instant ... ok
[INFO] [stdout] test validate::tests::rejects_waitspec_shaped_public_json ... ok
[INFO] [stdout] test rfc3339::tests::profile_self_test ... ok
[INFO] [stdout] test types::tests::nine_outcome_kinds_exactly ... ok
[INFO] [stdout] test rfc3339::tests::saturating_add_and_duration_until_round_trip ... ok
[INFO] [stdout] test rfc3339::tests::seven_digit_fractions_compare_equal_after_six_digit_truncate ... ok
[INFO] [stdout] test validate::tests::rejects_live_wait_ack ... ok
[INFO] [stdout] test contract::tests::bundled_message_schema_compiles_and_admits_each_kind_example ... FAILED
[INFO] [stdout] 
[INFO] [stdout] failures:
[INFO] [stdout] 
[INFO] [stdout] ---- contract::tests::bundled_pin_bytes_match_vendored_schemas stdout ----
[INFO] [stdout] 
[INFO] [stdout] thread 'contract::tests::bundled_pin_bytes_match_vendored_schemas' (1296) panicked at src/contract.rs:268:71:
[INFO] [stdout] called `Result::unwrap()` on an `Err` value: Os { code: 2, kind: NotFound, message: "No such file or directory" }
[INFO] [stdout] stack backtrace:
[INFO] [stdout]    0:     0x5ce7ce8b6251 - <<std[617be2ca0a6fd877]::sys::backtrace::BacktraceLock>::print::DisplayBacktrace as core[a373ad73a504971]::fmt::Display>::fmt
[INFO] [stdout]    1:     0x5ce7ce8cc9da - core[a373ad73a504971]::fmt::write
[INFO] [stdout]    2:     0x5ce7ce8ba53c - <alloc[2e1b2a31b91974c5]::vec::Vec<u8> as core[a373ad73a504971]::io::write::Write>::write_fmt
[INFO] [stdout]    3:     0x5ce7ce892036 - std[617be2ca0a6fd877]::panicking::default_hook::{closure#0}
[INFO] [stdout]    4:     0x5ce7ce8ae3f9 - std[617be2ca0a6fd877]::panicking::default_hook
[INFO] [stdout]    5:     0x5ce7ce634a10 - test[aada8e7e76ba119b]::test_main_inner::{closure#0}
[INFO] [stdout]    6:     0x5ce7ce8ae5b2 - std[617be2ca0a6fd877]::panicking::panic_with_hook
[INFO] [stdout]    7:     0x5ce7ce8920e2 - std[617be2ca0a6fd877]::panicking::panic_handler::{closure#0}
[INFO] [stdout]    8:     0x5ce7ce88ac39 - std[617be2ca0a6fd877]::sys::backtrace::__rust_end_short_backtrace::<std[617be2ca0a6fd877]::panicking::panic_handler::{closure#0}, !>
[INFO] [stdout]    9:     0x5ce7ce892ced - __rustc[ea4f61d10b84890b]::rust_begin_unwind
[INFO] [stdout]   10:     0x5ce7ce8cd1bc - core[a373ad73a504971]::panicking::panic_fmt
[INFO] [stdout]   11:     0x5ce7ce8ccf92 - core[a373ad73a504971]::result::unwrap_failed
[INFO] [stdout]   12:     0x5ce7ce61b32b - <waitprims_core[b5112a882c5a5374]::contract::tests::bundled_pin_bytes_match_vendored_schemas::{closure#0} as core[a373ad73a504971]::ops::function::FnOnce<()>>::call_once
[INFO] [stdout]   13:     0x5ce7ce627e5b - test[aada8e7e76ba119b]::__rust_begin_short_backtrace::<core[a373ad73a504971]::result::Result<(), alloc[2e1b2a31b91974c5]::string::String>, fn() -> core[a373ad73a504971]::result::Result<(), alloc[2e1b2a31b91974c5]::string::String>>
[INFO] [stdout]   14:     0x5ce7ce635035 - test[aada8e7e76ba119b]::run_test::{closure#0}
[INFO] [stdout]   15:     0x5ce7ce62e924 - std[617be2ca0a6fd877]::sys::backtrace::__rust_begin_short_backtrace::<test[aada8e7e76ba119b]::run_test::{closure#1}, ()>
[INFO] [stdout]   16:     0x5ce7ce6380c2 - <std[617be2ca0a6fd877]::thread::lifecycle::spawn_unchecked<test[aada8e7e76ba119b]::run_test::{closure#1}, ()>::{closure#1} as core[a373ad73a504971]::ops::function::FnOnce<()>>::call_once::{shim:vtable#0}
[INFO] [stdout]   17:     0x5ce7ce8b571f - <std[617be2ca0a6fd877]::sys::thread::unix::Thread>::new::thread_start
[INFO] [stdout]   18:     0x7fa729a39dfa - <unknown>
[INFO] [stdout]   19:     0x7fa729acd3d4 - clone
[INFO] [stdout]   20:                0x0 - <unknown>
[INFO] [stdout] 
[INFO] [stdout] ---- validate::tests::deserialize_is_not_admission stdout ----
[INFO] [stdout] 
[INFO] [stdout] thread 'validate::tests::deserialize_is_not_admission' (1323) panicked at src/validate.rs:863:50:
[INFO] [stdout] read deadline-ordering reject: Os { code: 2, kind: NotFound, message: "No such file or directory" }
[INFO] [stdout] stack backtrace:
[INFO] [stdout]    0:     0x5ce7ce8b6251 - <<std[617be2ca0a6fd877]::sys::backtrace::BacktraceLock>::print::DisplayBacktrace as core[a373ad73a504971]::fmt::Display>::fmt
[INFO] [stdout]    1:     0x5ce7ce8cc9da - core[a373ad73a504971]::fmt::write
[INFO] [stdout]    2:     0x5ce7ce8ba53c - <alloc[2e1b2a31b91974c5]::vec::Vec<u8> as core[a373ad73a504971]::io::write::Write>::write_fmt
[INFO] [stdout]    3:     0x5ce7ce892036 - std[617be2ca0a6fd877]::panicking::default_hook::{closure#0}
[INFO] [stdout]    4:     0x5ce7ce8ae3f9 - std[617be2ca0a6fd877]::panicking::default_hook
[INFO] [stdout]    5:     0x5ce7ce634a10 - test[aada8e7e76ba119b]::test_main_inner::{closure#0}
[INFO] [stdout]    6:     0x5ce7ce8ae5b2 - std[617be2ca0a6fd877]::panicking::panic_with_hook
[INFO] [stdout]    7:     0x5ce7ce8920e2 - std[617be2ca0a6fd877]::panicking::panic_handler::{closure#0}
[INFO] [stdout]    8:     0x5ce7ce88ac39 - std[617be2ca0a6fd877]::sys::backtrace::__rust_end_short_backtrace::<std[617be2ca0a6fd877]::panicking::panic_handler::{closure#0}, !>
[INFO] [stdout]    9:     0x5ce7ce892ced - __rustc[ea4f61d10b84890b]::rust_begin_unwind
[INFO] [stdout]   10:     0x5ce7ce8cd1bc - core[a373ad73a504971]::panicking::panic_fmt
[INFO] [stdout]   11:     0x5ce7ce8ccf92 - core[a373ad73a504971]::result::unwrap_failed
[INFO] [stdout]   12:     0x5ce7ce61308d - <waitprims_core[b5112a882c5a5374]::validate::tests::deserialize_is_not_admission::{closure#0} as core[a373ad73a504971]::ops::function::FnOnce<()>>::call_once
[INFO] [stdout]   13:     0x5ce7ce627e5b - test[aada8e7e76ba119b]::__rust_begin_short_backtrace::<core[a373ad73a504971]::result::Result<(), alloc[2e1b2a31b91974c5]::string::String>, fn() -> core[a373ad73a504971]::result::Result<(), alloc[2e1b2a31b91974c5]::string::String>>
[INFO] [stdout]   14:     0x5ce7ce635035 - test[aada8e7e76ba119b]::run_test::{closure#0}
[INFO] [stdout]   15:     0x5ce7ce62e924 - std[617be2ca0a6fd877]::sys::backtrace::__rust_begin_short_backtrace::<test[aada8e7e76ba119b]::run_test::{closure#1}, ()>
[INFO] [stdout]   16:     0x5ce7ce6380c2 - <std[617be2ca0a6fd877]::thread::lifecycle::spawn_unchecked<test[aada8e7e76ba119b]::run_test::{closure#1}, ()>::{closure#1} as core[a373ad73a504971]::ops::function::FnOnce<()>>::call_once::{shim:vtable#0}
[INFO] [stdout]   17:     0x5ce7ce8b571f - <std[617be2ca0a6fd877]::sys::thread::unix::Thread>::new::thread_start
[INFO] [stdout]   18:     0x7fa729a39dfa - <unknown>
[INFO] [stdout]   19:     0x7fa729acd3d4 - clone
[INFO] [stdout]   20:                0x0 - <unknown>
[INFO] [stdout] 
[INFO] [stdout] ---- contract::tests::bundled_message_schema_compiles_and_admits_each_kind_example stdout ----
[INFO] [stdout] 
[INFO] [stdout] thread 'contract::tests::bundled_message_schema_compiles_and_admits_each_kind_example' (1294) panicked at src/contract.rs:336:35:
[INFO] [stdout] read /opt/rustwide/workdir/../../schemas/v0/examples/registration_set.example.json: No such file or directory (os error 2)
[INFO] [stdout] stack backtrace:
[INFO] [stdout]    0:     0x5ce7ce8b6251 - <<std[617be2ca0a6fd877]::sys::backtrace::BacktraceLock>::print::DisplayBacktrace as core[a373ad73a504971]::fmt::Display>::fmt
[INFO] [stdout]    1:     0x5ce7ce8cc9da - core[a373ad73a504971]::fmt::write
[INFO] [stdout]    2:     0x5ce7ce8ba53c - <alloc[2e1b2a31b91974c5]::vec::Vec<u8> as core[a373ad73a504971]::io::write::Write>::write_fmt
[INFO] [stdout]    3:     0x5ce7ce892036 - std[617be2ca0a6fd877]::panicking::default_hook::{closure#0}
[INFO] [stdout]    4:     0x5ce7ce8ae3f9 - std[617be2ca0a6fd877]::panicking::default_hook
[INFO] [stdout]    5:     0x5ce7ce634a10 - test[aada8e7e76ba119b]::test_main_inner::{closure#0}
[INFO] [stdout]    6:     0x5ce7ce8ae5b2 - std[617be2ca0a6fd877]::panicking::panic_with_hook
[INFO] [stdout]    7:     0x5ce7ce8920e2 - std[617be2ca0a6fd877]::panicking::panic_handler::{closure#0}
[INFO] [stdout]    8:     0x5ce7ce88ac39 - std[617be2ca0a6fd877]::sys::backtrace::__rust_end_short_backtrace::<std[617be2ca0a6fd877]::panicking::panic_handler::{closure#0}, !>
[INFO] [stdout]    9:     0x5ce7ce892ced - __rustc[ea4f61d10b84890b]::rust_begin_unwind
[INFO] [stdout]   10:     0x5ce7ce8cd1bc - core[a373ad73a504971]::panicking::panic_fmt
[INFO] [stdout]   11:     0x5ce7ce619729 - waitprims_core[b5112a882c5a5374]::contract::tests::kind_example::{closure#0}
[INFO] [stdout]   12:     0x5ce7ce61c268 - <waitprims_core[b5112a882c5a5374]::contract::tests::bundled_message_schema_compiles_and_admits_each_kind_example::{closure#0} as core[a373ad73a504971]::ops::function::FnOnce<()>>::call_once
[INFO] [stdout]   13:     0x5ce7ce627e5b - test[aada8e7e76ba119b]::__rust_begin_short_backtrace::<core[a373ad73a504971]::result::Result<(), alloc[2e1b2a31b91974c5]::string::String>, fn() -> core[a373ad73a504971]::result::Result<(), alloc[2e1b2a31b91974c5]::string::String>>
[INFO] [stdout]   14:     0x5ce7ce635035 - test[aada8e7e76ba119b]::run_test::{closure#0}
[INFO] [stdout]   15:     0x5ce7ce62e924 - std[617be2ca0a6fd877]::sys::backtrace::__rust_begin_short_backtrace::<test[aada8e7e76ba119b]::run_test::{closure#1}, ()>
[INFO] [stdout]   16:     0x5ce7ce6380c2 - <std[617be2ca0a6fd877]::thread::lifecycle::spawn_unchecked<test[aada8e7e76ba119b]::run_test::{closure#1}, ()>::{closure#1} as core[a373ad73a504971]::ops::function::FnOnce<()>>::call_once::{shim:vtable#0}
[INFO] [stdout]   17:     0x5ce7ce8b571f - <std[617be2ca0a6fd877]::sys::thread::unix::Thread>::new::thread_start
[INFO] [stdout]   18:     0x7fa729a39dfa - <unknown>
[INFO] [stdout]   19:     0x7fa729acd3d4 - clone
[INFO] [stdout]   20:                0x0 - <unknown>
[INFO] [stdout] 
[INFO] [stdout] 
[INFO] [stdout] failures:
[INFO] [stdout]     contract::tests::bundled_message_schema_compiles_and_admits_each_kind_example
[INFO] [stdout]     contract::tests::bundled_pin_bytes_match_vendored_schemas
[INFO] [stdout]     validate::tests::deserialize_is_not_admission
[INFO] [stdout] 
[INFO] [stdout] test result: FAILED. 30 passed; 3 failed; 0 ignored; 0 measured; 0 filtered out; finished in 0.14s
[INFO] [stdout] 
[INFO] [stderr] error: test failed, to rerun pass `--lib`
[INFO] running `Command { std: "docker" "inspect" "463f1614d20e1c4afa64ad8dd7b5b7daca5f2eca1e8d6c8839e9b456ecf71ef3", kill_on_drop: false }`
[INFO] running `Command { std: "docker" "rm" "-f" "463f1614d20e1c4afa64ad8dd7b5b7daca5f2eca1e8d6c8839e9b456ecf71ef3", kill_on_drop: false }`
[INFO] [stdout] 463f1614d20e1c4afa64ad8dd7b5b7daca5f2eca1e8d6c8839e9b456ecf71ef3
