[INFO] fetching crate wain-syntax-binary 0.1.5...
[INFO] testing wain-syntax-binary-0.1.5 against 1.99.0-beta.8+cargoflags=--release for beta-release-1.100-2
[INFO] extracting crate wain-syntax-binary 0.1.5 into /workspace/builds/worker-5-tc1/source
[INFO] started tweaking crates.io crate wain-syntax-binary 0.1.5
[INFO] finished tweaking crates.io crate wain-syntax-binary 0.1.5
[INFO] tweaked toml for crates.io crate wain-syntax-binary 0.1.5 written to /workspace/builds/worker-5-tc1/source/Cargo.toml
[INFO] validating manifest of crates.io crate wain-syntax-binary 0.1.5 on toolchain 1.99.0-beta.8
[INFO] running `Command { std: CARGO_HOME="/workspace/cargo-home" RUSTUP_HOME="/workspace/rustup-home" "/workspace/cargo-home/bin/cargo" "+1.99.0-beta.8" "metadata" "--manifest-path" "Cargo.toml" "--no-deps", kill_on_drop: false }`
[INFO] running `Command { std: CARGO_HOME="/workspace/cargo-home" RUSTUP_HOME="/workspace/rustup-home" "/workspace/cargo-home/bin/cargo" "+1.99.0-beta.8" "generate-lockfile" "--manifest-path" "Cargo.toml", kill_on_drop: false }`
[INFO] [stderr]     Updating crates.io index
[INFO] [stderr]      Locking 1 package to highest compatible version
[INFO] running `Command { std: CARGO_HOME="/workspace/cargo-home" RUSTUP_HOME="/workspace/rustup-home" "/workspace/cargo-home/bin/cargo" "+1.99.0-beta.8" "fetch" "--manifest-path" "Cargo.toml", kill_on_drop: false }`
[INFO] [stderr]  Downloading crates ...
[INFO] [stderr]   Downloaded wain-ast v0.2.2
[INFO] running `Command { std: "docker" "create" "-v" "/var/lib/crater-agent-workspace/builds/worker-5-tc1/source:/opt/rustwide/workdir:ro,Z" "-v" "/var/lib/crater-agent-workspace/builds/worker-5-tc1/target:/opt/rustwide/target:rw,Z" "-v" "/var/lib/crater-agent-workspace/cargo-home:/opt/rustwide/cargo-home:ro,Z" "-v" "/var/lib/crater-agent-workspace/rustup-home:/opt/rustwide/rustup-home:ro,Z" "-m" "1610612736" "--network" "none" "ghcr.io/rust-lang/crates-build-env/linux@sha256:77db811e55d90add9212f6832c23229e3de5f1c1f9905e8cb07319ea15df73ac" "sleep" "infinity", kill_on_drop: false }`
[INFO] [stdout] 5c148ed3848f3c1e6587cd62f5decd29772a3644dbaeca35b95af37de4a61ae6
[INFO] running `Command { std: "docker" "start" "5c148ed3848f3c1e6587cd62f5decd29772a3644dbaeca35b95af37de4a61ae6", kill_on_drop: false }`
[INFO] running `Command { std: "docker" "inspect" "5c148ed3848f3c1e6587cd62f5decd29772a3644dbaeca35b95af37de4a61ae6", kill_on_drop: false }`
[INFO] running `Command { std: "docker" "exec" "-e" "SOURCE_DIR=/opt/rustwide/workdir" "-e" "CARGO_HOME=/opt/rustwide/cargo-home" "-e" "RUSTUP_HOME=/opt/rustwide/rustup-home" "-e" "CARGO_TARGET_DIR=/opt/rustwide/target" "-w" "/opt/rustwide/workdir" "--user" "0:0" "5c148ed3848f3c1e6587cd62f5decd29772a3644dbaeca35b95af37de4a61ae6" "/opt/rustwide/cargo-home/bin/cargo" "+1.99.0-beta.8" "metadata" "--no-deps" "--format-version=1", kill_on_drop: false }`
[INFO] running `Command { std: "docker" "inspect" "5c148ed3848f3c1e6587cd62f5decd29772a3644dbaeca35b95af37de4a61ae6", kill_on_drop: false }`
[INFO] running `Command { std: "docker" "exec" "-e" "SOURCE_DIR=/opt/rustwide/workdir" "-e" "CARGO_HOME=/opt/rustwide/cargo-home" "-e" "RUSTUP_HOME=/opt/rustwide/rustup-home" "-e" "CARGO_TARGET_DIR=/opt/rustwide/target" "-e" "CARGO_INCREMENTAL=0" "-e" "RUST_BACKTRACE=full" "-e" "RUSTFLAGS=--cap-lints=warn" "-e" "RUSTDOCFLAGS=--cap-lints=warn" "-w" "/opt/rustwide/workdir" "--user" "0:0" "5c148ed3848f3c1e6587cd62f5decd29772a3644dbaeca35b95af37de4a61ae6" "/opt/rustwide/cargo-home/bin/cargo" "+1.99.0-beta.8" "build" "--frozen" "--message-format=json" "--release", kill_on_drop: false }`
[INFO] [stderr]    Compiling wain-ast v0.2.2
[INFO] [stderr]    Compiling wain-syntax-binary v0.1.5 (/opt/rustwide/workdir)
[INFO] [stderr]     Finished `release` profile [optimized] target(s) in 1.15s
[INFO] running `Command { std: "docker" "inspect" "5c148ed3848f3c1e6587cd62f5decd29772a3644dbaeca35b95af37de4a61ae6", kill_on_drop: false }`
[INFO] running `Command { std: "docker" "exec" "-e" "SOURCE_DIR=/opt/rustwide/workdir" "-e" "CARGO_HOME=/opt/rustwide/cargo-home" "-e" "RUSTUP_HOME=/opt/rustwide/rustup-home" "-e" "CARGO_TARGET_DIR=/opt/rustwide/target" "-e" "CARGO_INCREMENTAL=0" "-e" "RUST_BACKTRACE=full" "-e" "RUSTFLAGS=--cap-lints=warn" "-e" "RUSTDOCFLAGS=--cap-lints=warn" "-w" "/opt/rustwide/workdir" "--user" "0:0" "5c148ed3848f3c1e6587cd62f5decd29772a3644dbaeca35b95af37de4a61ae6" "/opt/rustwide/cargo-home/bin/cargo" "+1.99.0-beta.8" "test" "--frozen" "--no-run" "--message-format=json" "--release", kill_on_drop: false }`
[INFO] [stderr]    Compiling wain-syntax-binary v0.1.5 (/opt/rustwide/workdir)
[INFO] [stderr]     Finished `release` profile [optimized] target(s) in 1.36s
[INFO] running `Command { std: "docker" "inspect" "5c148ed3848f3c1e6587cd62f5decd29772a3644dbaeca35b95af37de4a61ae6", kill_on_drop: false }`
[INFO] running `Command { std: "docker" "exec" "-e" "SOURCE_DIR=/opt/rustwide/workdir" "-e" "CARGO_HOME=/opt/rustwide/cargo-home" "-e" "RUSTUP_HOME=/opt/rustwide/rustup-home" "-e" "CARGO_TARGET_DIR=/opt/rustwide/target" "-e" "CARGO_INCREMENTAL=0" "-e" "RUST_BACKTRACE=full" "-e" "RUSTFLAGS=--cap-lints=warn" "-e" "RUSTDOCFLAGS=--cap-lints=warn" "-w" "/opt/rustwide/workdir" "--user" "0:0" "5c148ed3848f3c1e6587cd62f5decd29772a3644dbaeca35b95af37de4a61ae6" "/opt/rustwide/cargo-home/bin/cargo" "+1.99.0-beta.8" "test" "--frozen" "--release", kill_on_drop: false }`
[INFO] [stderr]     Finished `release` profile [optimized] target(s) in 0.02s
[INFO] [stderr]      Running unittests src/lib.rs (/opt/rustwide/target/release/deps/wain_syntax_binary-9b1d906066a232fe)
[INFO] [stdout] 
[INFO] [stdout] running 11 tests
[INFO] [stdout] test leb128::tests::i64_value_ok ... ok
[INFO] [stdout] test leb128::tests::u64_value_ok ... ok
[INFO] [stdout] test leb128::tests::i32_value_ok ... ok
[INFO] [stdout] test parser::tests::regression_issue_29 ... ok
[INFO] [stdout] test leb128::tests::overflow_error ... ok
[INFO] [stdout] test leb128::tests::unexpected_eof ... ok
[INFO] [stdout] test parser::tests::hello_world ... FAILED
[INFO] [stdout] test leb128::tests::other_bytes_follow ... ok
[INFO] [stdout] test leb128::tests::u32_value_ok ... ok
[INFO] [stdout] test parser::tests::regression_issue_30 ... ok
[INFO] [stdout] test parser::tests::code_size ... ok
[INFO] [stdout] 
[INFO] [stdout] failures:
[INFO] [stdout] 
[INFO] [stdout] ---- parser::tests::hello_world stdout ----
[INFO] [stdout] 
[INFO] [stdout] thread 'parser::tests::hello_world' (177) panicked at src/parser.rs:1030:23:
[INFO] [stdout] called `Result::unwrap()` on an `Err` value: Os { code: 2, kind: NotFound, message: "No such file or directory" }
[INFO] [stdout] stack backtrace:
[INFO] [stdout]    0:     0x5abdd6a3d531 - <<std[70759c8f55707aa4]::sys::backtrace::BacktraceLock>::print::DisplayBacktrace as core[df12db4294e9bfd3]::fmt::Display>::fmt
[INFO] [stdout]    1:     0x5abdd6a51afa - core[df12db4294e9bfd3]::fmt::write
[INFO] [stdout]    2:     0x5abdd6a419cc - <alloc[2182bb758b4b3781]::vec::Vec<u8> as core[df12db4294e9bfd3]::io::write::Write>::write_fmt
[INFO] [stdout]    3:     0x5abdd6a19806 - std[70759c8f55707aa4]::panicking::default_hook::{closure#0}
[INFO] [stdout]    4:     0x5abdd6a35979 - std[70759c8f55707aa4]::panicking::default_hook
[INFO] [stdout]    5:     0x5abdd69d18b0 - test[9d35eded1c95d3be]::test_main_inner::<test[9d35eded1c95d3be]::test_main_static::{closure#0}>::{closure#0}
[INFO] [stdout]    6:     0x5abdd6a35b32 - std[70759c8f55707aa4]::panicking::panic_with_hook
[INFO] [stdout]    7:     0x5abdd6a198b2 - std[70759c8f55707aa4]::panicking::panic_handler::{closure#0}
[INFO] [stdout]    8:     0x5abdd6a124a9 - std[70759c8f55707aa4]::sys::backtrace::__rust_end_short_backtrace::<std[70759c8f55707aa4]::panicking::panic_handler::{closure#0}, !>
[INFO] [stdout]    9:     0x5abdd6a1a4ad - __rustc[8fa7c3cbc660c2b3]::rust_begin_unwind
[INFO] [stdout]   10:     0x5abdd6a5222c - core[df12db4294e9bfd3]::panicking::panic_fmt
[INFO] [stdout]   11:     0x5abdd6a52002 - core[df12db4294e9bfd3]::result::unwrap_failed
[INFO] [stdout]   12:     0x5abdd69c2b60 - wain_syntax_binary[debeed9b3ae84ba2]::parser::tests::read_hello_file
[INFO] [stdout]   13:     0x5abdd69c2c07 - wain_syntax_binary[debeed9b3ae84ba2]::parser::tests::hello_world
[INFO] [stdout]   14:     0x5abdd69bd5b9 - <wain_syntax_binary[debeed9b3ae84ba2]::parser::tests::hello_world::{closure#0} as core[df12db4294e9bfd3]::ops::function::FnOnce<()>>::call_once
[INFO] [stdout]   15:     0x5abdd69c4b9b - test[9d35eded1c95d3be]::__rust_begin_short_backtrace::<core[df12db4294e9bfd3]::result::Result<(), alloc[2182bb758b4b3781]::string::String>, fn() -> core[df12db4294e9bfd3]::result::Result<(), alloc[2182bb758b4b3781]::string::String>>
[INFO] [stdout]   16:     0x5abdd69d2205 - test[9d35eded1c95d3be]::run_test::{closure#0}
[INFO] [stdout]   17:     0x5abdd69cbac4 - std[70759c8f55707aa4]::sys::backtrace::__rust_begin_short_backtrace::<test[9d35eded1c95d3be]::run_test::{closure#1}, ()>
[INFO] [stdout]   18:     0x5abdd69d5362 - <std[70759c8f55707aa4]::thread::lifecycle::spawn_unchecked<test[9d35eded1c95d3be]::run_test::{closure#1}, ()>::{closure#1} as core[df12db4294e9bfd3]::ops::function::FnOnce<()>>::call_once::{shim:vtable#0}
[INFO] [stdout]   19:     0x5abdd6a3cae9 - <std[70759c8f55707aa4]::sys::thread::unix::Thread>::new::thread_start
[INFO] [stdout]   20:     0x7df4a5d9fdfa - <unknown>
[INFO] [stdout]   21:     0x7df4a5e333d4 - clone
[INFO] [stdout]   22:                0x0 - <unknown>
[INFO] [stdout] 
[INFO] [stdout] 
[INFO] [stdout] failures:
[INFO] [stdout]     parser::tests::hello_world
[INFO] [stdout] 
[INFO] [stdout] test result: FAILED. 10 passed; 1 failed; 0 ignored; 0 measured; 0 filtered out; finished in 0.01s
[INFO] [stdout] 
[INFO] [stderr] error: test failed, to rerun pass `--lib`
[INFO] running `Command { std: "docker" "inspect" "5c148ed3848f3c1e6587cd62f5decd29772a3644dbaeca35b95af37de4a61ae6", kill_on_drop: false }`
[INFO] running `Command { std: "docker" "rm" "-f" "5c148ed3848f3c1e6587cd62f5decd29772a3644dbaeca35b95af37de4a61ae6", kill_on_drop: false }`
[INFO] [stdout] 5c148ed3848f3c1e6587cd62f5decd29772a3644dbaeca35b95af37de4a61ae6
