[INFO] fetching crate waggle-core 0.5.3...
[INFO] testing waggle-core-0.5.3 against 1.99.0-beta.8+cargoflags=--release for beta-release-1.100-2
[INFO] extracting crate waggle-core 0.5.3 into /workspace/builds/worker-6-tc1/source
[INFO] started tweaking crates.io crate waggle-core 0.5.3
[INFO] removed 0 missing tests
[INFO] finished tweaking crates.io crate waggle-core 0.5.3
[INFO] tweaked toml for crates.io crate waggle-core 0.5.3 written to /workspace/builds/worker-6-tc1/source/Cargo.toml
[INFO] validating manifest of crates.io crate waggle-core 0.5.3 on toolchain 1.99.0-beta.8
[INFO] running `Command { std: CARGO_HOME="/workspace/cargo-home" RUSTUP_HOME="/workspace/rustup-home" "/workspace/cargo-home/bin/cargo" "+1.99.0-beta.8" "metadata" "--manifest-path" "Cargo.toml" "--no-deps", kill_on_drop: false }`
[INFO] crate crates.io crate waggle-core 0.5.3 already has a lockfile, it will not be regenerated
[INFO] running `Command { std: CARGO_HOME="/workspace/cargo-home" RUSTUP_HOME="/workspace/rustup-home" "/workspace/cargo-home/bin/cargo" "+1.99.0-beta.8" "fetch" "--manifest-path" "Cargo.toml", kill_on_drop: false }`
[INFO] [stderr]  Downloading crates ...
[INFO] [stderr]   Downloaded zerocopy-derive v0.8.53
[INFO] [stderr]   Downloaded zerocopy v0.8.53
[INFO] running `Command { std: "docker" "create" "-v" "/var/lib/crater-agent-workspace/builds/worker-6-tc1/source:/opt/rustwide/workdir:ro,Z" "-v" "/var/lib/crater-agent-workspace/builds/worker-6-tc1/target:/opt/rustwide/target:rw,Z" "-v" "/var/lib/crater-agent-workspace/cargo-home:/opt/rustwide/cargo-home:ro,Z" "-v" "/var/lib/crater-agent-workspace/rustup-home:/opt/rustwide/rustup-home:ro,Z" "-m" "1610612736" "--network" "none" "ghcr.io/rust-lang/crates-build-env/linux@sha256:77db811e55d90add9212f6832c23229e3de5f1c1f9905e8cb07319ea15df73ac" "sleep" "infinity", kill_on_drop: false }`
[INFO] [stdout] 72cd4731683727e78b67769fb99a774c03c5b81c61a6e6af343e0bb1a9938090
[INFO] running `Command { std: "docker" "start" "72cd4731683727e78b67769fb99a774c03c5b81c61a6e6af343e0bb1a9938090", kill_on_drop: false }`
[INFO] running `Command { std: "docker" "inspect" "72cd4731683727e78b67769fb99a774c03c5b81c61a6e6af343e0bb1a9938090", kill_on_drop: false }`
[INFO] running `Command { std: "docker" "exec" "-e" "SOURCE_DIR=/opt/rustwide/workdir" "-e" "CARGO_HOME=/opt/rustwide/cargo-home" "-e" "RUSTUP_HOME=/opt/rustwide/rustup-home" "-e" "CARGO_TARGET_DIR=/opt/rustwide/target" "-w" "/opt/rustwide/workdir" "--user" "0:0" "72cd4731683727e78b67769fb99a774c03c5b81c61a6e6af343e0bb1a9938090" "/opt/rustwide/cargo-home/bin/cargo" "+1.99.0-beta.8" "metadata" "--no-deps" "--format-version=1", kill_on_drop: false }`
[INFO] running `Command { std: "docker" "inspect" "72cd4731683727e78b67769fb99a774c03c5b81c61a6e6af343e0bb1a9938090", kill_on_drop: false }`
[INFO] running `Command { std: "docker" "exec" "-e" "SOURCE_DIR=/opt/rustwide/workdir" "-e" "CARGO_HOME=/opt/rustwide/cargo-home" "-e" "RUSTUP_HOME=/opt/rustwide/rustup-home" "-e" "CARGO_TARGET_DIR=/opt/rustwide/target" "-e" "CARGO_INCREMENTAL=0" "-e" "RUST_BACKTRACE=full" "-e" "RUSTFLAGS=--cap-lints=warn" "-e" "RUSTDOCFLAGS=--cap-lints=warn" "-w" "/opt/rustwide/workdir" "--user" "0:0" "72cd4731683727e78b67769fb99a774c03c5b81c61a6e6af343e0bb1a9938090" "/opt/rustwide/cargo-home/bin/cargo" "+1.99.0-beta.8" "build" "--frozen" "--message-format=json" "--release", kill_on_drop: false }`
[INFO] [stderr]    Compiling syn v2.0.118
[INFO] [stderr]    Compiling zeroize v1.9.0
[INFO] [stderr]    Compiling signature v2.2.0
[INFO] [stderr]    Compiling serde_json v1.0.150
[INFO] [stderr]    Compiling curve25519-dalek v4.1.3
[INFO] [stderr]    Compiling sha2 v0.10.9
[INFO] [stderr]    Compiling ed25519 v2.2.3
[INFO] [stderr]    Compiling curve25519-dalek-derive v0.1.1
[INFO] [stderr]    Compiling serde_derive v1.0.228
[INFO] [stderr]    Compiling thiserror-impl v2.0.18
[INFO] [stderr]    Compiling thiserror v2.0.18
[INFO] [stderr]    Compiling ed25519-dalek v2.2.0
[INFO] [stderr]    Compiling serde v1.0.228
[INFO] [stderr]    Compiling waggle-core v0.5.3 (/opt/rustwide/workdir)
[INFO] [stderr]     Finished `release` profile [optimized] target(s) in 14.92s
[INFO] running `Command { std: "docker" "inspect" "72cd4731683727e78b67769fb99a774c03c5b81c61a6e6af343e0bb1a9938090", kill_on_drop: false }`
[INFO] running `Command { std: "docker" "exec" "-e" "SOURCE_DIR=/opt/rustwide/workdir" "-e" "CARGO_HOME=/opt/rustwide/cargo-home" "-e" "RUSTUP_HOME=/opt/rustwide/rustup-home" "-e" "CARGO_TARGET_DIR=/opt/rustwide/target" "-e" "CARGO_INCREMENTAL=0" "-e" "RUST_BACKTRACE=full" "-e" "RUSTFLAGS=--cap-lints=warn" "-e" "RUSTDOCFLAGS=--cap-lints=warn" "-w" "/opt/rustwide/workdir" "--user" "0:0" "72cd4731683727e78b67769fb99a774c03c5b81c61a6e6af343e0bb1a9938090" "/opt/rustwide/cargo-home/bin/cargo" "+1.99.0-beta.8" "test" "--frozen" "--no-run" "--message-format=json" "--release", kill_on_drop: false }`
[INFO] [stderr]    Compiling zerocopy v0.8.53
[INFO] [stderr]    Compiling bitflags v2.13.0
[INFO] [stderr]    Compiling zerocopy-derive v0.8.53
[INFO] [stderr]    Compiling serde_json v1.0.150
[INFO] [stderr]    Compiling either v1.16.0
[INFO] [stderr]    Compiling serde v1.0.228
[INFO] [stderr]    Compiling wait-timeout v0.2.1
[INFO] [stderr]    Compiling regex-automata v0.4.14
[INFO] [stderr]    Compiling quick-error v1.2.3
[INFO] [stderr]    Compiling bit-vec v0.8.0
[INFO] [stderr]    Compiling rand v0.9.4
[INFO] [stderr]    Compiling clap v4.6.1
[INFO] [stderr]    Compiling rand_xorshift v0.4.0
[INFO] [stderr]    Compiling is-terminal v0.4.17
[INFO] [stderr]    Compiling unarray v0.1.4
[INFO] [stderr]    Compiling rustix v1.1.4
[INFO] [stderr]    Compiling bit-set v0.8.0
[INFO] [stderr]    Compiling itertools v0.10.5
[INFO] [stderr]    Compiling tinytemplate v1.2.1
[INFO] [stderr]    Compiling waggle-core v0.5.3 (/opt/rustwide/workdir)
[INFO] [stderr]    Compiling criterion-plot v0.5.0
[INFO] [stderr]    Compiling regex v1.12.4
[INFO] [stderr]    Compiling tempfile v3.27.0
[INFO] [stderr]    Compiling rusty-fork v0.3.1
[INFO] [stderr]    Compiling half v2.7.1
[INFO] [stderr]    Compiling ppv-lite86 v0.2.21
[INFO] [stderr]    Compiling ciborium-ll v0.2.2
[INFO] [stderr]    Compiling rand_chacha v0.9.0
[INFO] [stderr]    Compiling proptest v1.11.0
[INFO] [stderr]    Compiling ciborium v0.2.2
[INFO] [stderr]    Compiling criterion v0.5.1
[INFO] [stderr]     Finished `release` profile [optimized] target(s) in 56.82s
[INFO] running `Command { std: "docker" "inspect" "72cd4731683727e78b67769fb99a774c03c5b81c61a6e6af343e0bb1a9938090", kill_on_drop: false }`
[INFO] running `Command { std: "docker" "exec" "-e" "SOURCE_DIR=/opt/rustwide/workdir" "-e" "CARGO_HOME=/opt/rustwide/cargo-home" "-e" "RUSTUP_HOME=/opt/rustwide/rustup-home" "-e" "CARGO_TARGET_DIR=/opt/rustwide/target" "-e" "CARGO_INCREMENTAL=0" "-e" "RUST_BACKTRACE=full" "-e" "RUSTFLAGS=--cap-lints=warn" "-e" "RUSTDOCFLAGS=--cap-lints=warn" "-w" "/opt/rustwide/workdir" "--user" "0:0" "72cd4731683727e78b67769fb99a774c03c5b81c61a6e6af343e0bb1a9938090" "/opt/rustwide/cargo-home/bin/cargo" "+1.99.0-beta.8" "test" "--frozen" "--release", kill_on_drop: false }`
[INFO] [stderr]     Finished `release` profile [optimized] target(s) in 0.09s
[INFO] [stderr]      Running unittests src/lib.rs (/opt/rustwide/target/release/deps/waggle_core-5ffe5bc53e416fe2)
[INFO] [stdout] 
[INFO] [stdout] running 68 tests
[INFO] [stdout] test context::tests::user_agent_classes ... ok
[INFO] [stdout] test context::tests::context_serde_roundtrip ... ok
[INFO] [stdout] test contract::tests::construction_rejects_what_the_spec_rejects ... ok
[INFO] [stdout] test contract::tests::touch_bits_are_declaration_order_indexed ... ok
[INFO] [stdout] test entropy::tests::closures_are_entropy_sources ... ok
[INFO] [stdout] test contract::tests::evaluate_thresholds_and_misses ... ok
[INFO] [stdout] test entropy::tests::failures_propagate ... ok
[INFO] [stdout] test fold::tests::entry_touches_union_together_shuffle_and_duplicate_immune ... ok
[INFO] [stdout] test log::tests::lifecycle_split_is_exact ... ok
[INFO] [stdout] test manifest::tests::manifest_serde_roundtrip ... ok
[INFO] [stdout] test fold::tests::one_pass_multi_fold_agrees_with_separate_passes ... ok
[INFO] [stdout] test context::tests::explicit_context_passes_through_unchanged ... ok
[INFO] [stdout] test event::tests::classification_is_coarse_by_construction ... ok
[INFO] [stdout] test fold::tests::region_touches_or_together_shuffle_and_duplicate_immune ... ok
[INFO] [stdout] test fold::tests::mutation_before_mint_is_ignored_not_a_panic ... ok
[INFO] [stdout] test log::tests::record_identity_and_serde ... ok
[INFO] [stdout] test manifest::tests::disposition_precedence ... ok
[INFO] [stdout] test manifest::tests::modality_set_algebra ... ok
[INFO] [stdout] test event::tests::actor_codes_are_distinct_and_stable ... ok
[INFO] [stdout] test matcher::tests::modalities_are_superset_matched ... ok
[INFO] [stdout] test event::tests::event_serde_roundtrip ... ok
[INFO] [stdout] test fold::tests::cosmetic_changes_do_not_bump_version ... ok
[INFO] [stdout] test matcher::tests::specificity_beats_declaration_order_but_ties_do_not ... ok
[INFO] [stdout] test fold::tests::outcome_derivation_is_a_pure_function_of_counts ... ok
[INFO] [stdout] test matcher::tests::undeclared_context_value_fails_a_constrained_dimension ... ok
[INFO] [stdout] test manifest::tests::catch_all_and_specificity ... ok
[INFO] [stdout] test contract::tests::serde_validates_on_the_way_in_and_roundtrips ... ok
[INFO] [stdout] test matcher::tests::empty_variant_list_yields_none_never_panics ... ok
[INFO] [stdout] test matcher::tests::family_match_is_case_insensitive ... ok
[INFO] [stdout] test mint::tests::duplicate_catch_alls_are_rejected ... ok
[INFO] [stdout] test mint::tests::one_call_mint_synthesizes_the_catch_all ... ok
[INFO] [stdout] test mint::tests::synthesized_catch_all_sits_last_so_declared_variants_win_ties ... ok
[INFO] [stdout] test mint::tests::declared_catch_all_is_respected_not_duplicated ... ok
[INFO] [stdout] test reconstruct::tests::seq_zero_event_never_conflates_with_minted ... ok
[INFO] [stdout] test resolve::tests::g3_resolution_carries_freshness ... ok
[INFO] [stdout] test resolve::tests::revoked_serves_nothing_superseded_serves_with_pointer ... ok
[INFO] [stdout] test resolve::tests::variant_declared_window_overrides_default ... ok
[INFO] [stdout] test mint::tests::ttl_becomes_expiry_relative_to_now ... ok
[INFO] [stdout] test resolve::tests::resolve_is_pure_same_inputs_same_output ... ok
[INFO] [stdout] test mint::tests::lineage_parent_is_recorded ... ok
[INFO] [stdout] test slug::tests::charset_and_length_are_enforced ... ok
[INFO] [stdout] test slug::tests::normalization_trims_and_lowercases ... ok
[INFO] [stdout] test mint::tests::oversized_manifests_are_rejected_with_the_fix_named ... ok
[INFO] [stdout] test soa::tests::soa_counts_agree_with_naive_counting ... ok
[INFO] [stdout] test soa::tests::interning_is_idempotent_and_dense ... ok
[INFO] [stdout] test target::tests::canonical_url_rules ... ok
[INFO] [stdout] test target::tests::sha256_hex_validation ... ok
[INFO] [stdout] test target::tests::media_ref_serde_roundtrip ... ok
[INFO] [stdout] test time::tests::ordering_is_chronological ... ok
[INFO] [stdout] test time::tests::plus_saturates_instead_of_wrapping ... ok
[INFO] [stdout] test slug::tests::serde_validates_on_the_way_in ... ok
[INFO] [stdout] test slug::tests::well_known_stages_are_valid_slugs ... ok
[INFO] [stdout] test target::tests::target_meta_omits_empty_fields ... ok
[INFO] [stdout] test time::tests::serde_is_transparent ... ok
[INFO] [stdout] test token::tests::generate_bounds_are_enforced ... ok
[INFO] [stdout] test token::tests::generate_parse_roundtrip ... ok
[INFO] [stdout] test token::tests::parse_rejects_bad_lengths_and_alphabet ... ok
[INFO] [stdout] test token::tests::rejection_sampling_skips_biased_bytes ... ok
[INFO] [stdout] test token::tests::serde_roundtrip_and_validation ... ok
[INFO] [stdout] test token::tests::size_is_inline_and_copy ... ok
[INFO] [stdout] test token::tests::entropy_failure_surfaces ... ok
[INFO] [stdout] test trust::tests::contract_free_canonical_bytes_never_mention_the_field ... ok
[INFO] [stdout] test token::tests::uniform_distribution_smoke ... ok
[INFO] [stdout] test trust::tests::contract_bearing_manifests_sign_and_tamper_detect ... ok
[INFO] [stdout] test trust::tests::mutations_never_invalidate_the_signature ... ok
[INFO] [stdout] test trust::tests::outline_pointer_is_signed_with_the_core ... ok
[INFO] [stdout] test trust::tests::signature_round_trip_vector ... ok
[INFO] [stdout] test trust::tests::tampered_core_is_invalid_absent_is_unsigned ... ok
[INFO] [stdout] 
[INFO] [stdout] test result: ok. 68 passed; 0 failed; 0 ignored; 0 measured; 0 filtered out; finished in 0.02s
[INFO] [stdout] 
[INFO] [stderr]      Running tests/event_sourcing.rs (/opt/rustwide/target/release/deps/event_sourcing-b2055b40247da18c)
[INFO] [stdout] 
[INFO] [stdout] running 4 tests
[INFO] [stdout] test r2_snapshot_plus_suffix_equals_full ... ok
[INFO] [stdout] test r1_reconstruct_is_order_insensitive ... ok
[INFO] [stdout] test r3_duplicates_change_nothing ... ok
[INFO] [stdout] test fold_funnel_1m_shape ... ok
[INFO] [stdout] 
[INFO] [stdout] test result: ok. 4 passed; 0 failed; 0 ignored; 0 measured; 0 filtered out; finished in 0.19s
[INFO] [stdout] 
[INFO] [stderr]      Running tests/properties.rs (/opt/rustwide/target/release/deps/properties-306458a3335beac2)
[INFO] [stdout] 
[INFO] [stdout] running 8 tests
[INFO] [stdout] test p7_ttl_expiry_boundary ... ok
[INFO] [stdout] test p5_one_call_mint_is_total ... ok
[INFO] [stdout] test p8_no_collisions_across_10k_seeds ... ok
[INFO] [stdout] test p1_tokens_stay_inside_the_alphabet ... ok
[INFO] [stdout] test p3_slug_normalization_idempotent ... ok
[INFO] [stdout] test p4_slug_rejects_or_normalizes_everything ... ok
[INFO] [stdout] test p6_manifest_serde_roundtrip ... ok
[INFO] [stdout] test p2_token_string_roundtrip ... ok
[INFO] [stdout] 
[INFO] [stdout] test result: ok. 8 passed; 0 failed; 0 ignored; 0 measured; 0 filtered out; finished in 0.02s
[INFO] [stdout] 
[INFO] [stderr]      Running tests/selection_vectors.rs (/opt/rustwide/target/release/deps/selection_vectors-0e1b6a8da91e42fe)
[INFO] [stdout] 
[INFO] [stdout] running 3 tests
[INFO] [stdout] test multimodal_by_modality_table ... ok
[INFO] [stdout] test doc06_walkthrough_table ... ok
[INFO] [stdout] test determinism_over_10k_random_contexts ... ok
[INFO] [stdout] 
[INFO] [stdout] test result: ok. 3 passed; 0 failed; 0 ignored; 0 measured; 0 filtered out; finished in 0.00s
[INFO] [stdout] 
[INFO] [stderr]      Running tests/spec_vectors.rs (/opt/rustwide/target/release/deps/spec_vectors-41f3345b8a25f48b)
[INFO] [stdout] 
[INFO] [stdout] running 2 tests
[INFO] [stdout] test signature_vector_holds ... FAILED
[INFO] [stdout] test selection_vectors_hold ... FAILED
[INFO] [stdout] 
[INFO] [stdout] failures:
[INFO] [stdout] 
[INFO] [stdout] ---- signature_vector_holds stdout ----
[INFO] [stdout] 
[INFO] [stdout] thread 'signature_vector_holds' (1208) panicked at tests/spec_vectors.rs:38:10:
[INFO] [stdout] spec/vectors/signature.json — run `cargo xtask gen-vectors`: Os { code: 2, kind: NotFound, message: "No such file or directory" }
[INFO] [stdout] stack backtrace:
[INFO] [stdout]    0:     0x5fd776789e51 - <<std[70759c8f55707aa4]::sys::backtrace::BacktraceLock>::print::DisplayBacktrace as core[df12db4294e9bfd3]::fmt::Display>::fmt
[INFO] [stdout]    1:     0x5fd77679eb3a - core[df12db4294e9bfd3]::fmt::write
[INFO] [stdout]    2:     0x5fd77678e2ec - <alloc[2182bb758b4b3781]::vec::Vec<u8> as core[df12db4294e9bfd3]::io::write::Write>::write_fmt
[INFO] [stdout]    3:     0x5fd776765f46 - std[70759c8f55707aa4]::panicking::default_hook::{closure#0}
[INFO] [stdout]    4:     0x5fd776782249 - std[70759c8f55707aa4]::panicking::default_hook
[INFO] [stdout]    5:     0x5fd7766fd6f0 - test[9d35eded1c95d3be]::test_main_inner::<test[9d35eded1c95d3be]::test_main_static::{closure#0}>::{closure#0}
[INFO] [stdout]    6:     0x5fd776782402 - std[70759c8f55707aa4]::panicking::panic_with_hook
[INFO] [stdout]    7:     0x5fd776765ff2 - std[70759c8f55707aa4]::panicking::panic_handler::{closure#0}
[INFO] [stdout]    8:     0x5fd77675ebe9 - std[70759c8f55707aa4]::sys::backtrace::__rust_end_short_backtrace::<std[70759c8f55707aa4]::panicking::panic_handler::{closure#0}, !>
[INFO] [stdout]    9:     0x5fd776766bed - __rustc[8fa7c3cbc660c2b3]::rust_begin_unwind
[INFO] [stdout]   10:     0x5fd77679f26c - core[df12db4294e9bfd3]::panicking::panic_fmt
[INFO] [stdout]   11:     0x5fd77679f042 - core[df12db4294e9bfd3]::result::unwrap_failed
[INFO] [stdout]   12:     0x5fd7766f054a - <spec_vectors[9faed7ad4c54ba24]::signature_vector_holds::{closure#0} as core[df12db4294e9bfd3]::ops::function::FnOnce<()>>::call_once
[INFO] [stdout]   13:     0x5fd7766f09db - test[9d35eded1c95d3be]::__rust_begin_short_backtrace::<core[df12db4294e9bfd3]::result::Result<(), alloc[2182bb758b4b3781]::string::String>, fn() -> core[df12db4294e9bfd3]::result::Result<(), alloc[2182bb758b4b3781]::string::String>>
[INFO] [stdout]   14:     0x5fd7766fe045 - test[9d35eded1c95d3be]::run_test::{closure#0}
[INFO] [stdout]   15:     0x5fd7766f7904 - std[70759c8f55707aa4]::sys::backtrace::__rust_begin_short_backtrace::<test[9d35eded1c95d3be]::run_test::{closure#1}, ()>
[INFO] [stdout]   16:     0x5fd7767011a2 - <std[70759c8f55707aa4]::thread::lifecycle::spawn_unchecked<test[9d35eded1c95d3be]::run_test::{closure#1}, ()>::{closure#1} as core[df12db4294e9bfd3]::ops::function::FnOnce<()>>::call_once::{shim:vtable#0}
[INFO] [stdout]   17:     0x5fd7767893b9 - <std[70759c8f55707aa4]::sys::thread::unix::Thread>::new::thread_start
[INFO] [stdout]   18:     0x7d899fc32dfa - <unknown>
[INFO] [stdout]   19:     0x7d899fcc63d4 - clone
[INFO] [stdout]   20:                0x0 - <unknown>
[INFO] [stdout] 
[INFO] [stdout] ---- selection_vectors_hold stdout ----
[INFO] [stdout] 
[INFO] [stdout] thread 'selection_vectors_hold' (1207) panicked at tests/spec_vectors.rs:15:10:
[INFO] [stdout] spec/vectors/selection.json — run `cargo xtask gen-vectors`: Os { code: 2, kind: NotFound, message: "No such file or directory" }
[INFO] [stdout] stack backtrace:
[INFO] [stdout]    0:     0x5fd776789e51 - <<std[70759c8f55707aa4]::sys::backtrace::BacktraceLock>::print::DisplayBacktrace as core[df12db4294e9bfd3]::fmt::Display>::fmt
[INFO] [stdout]    1:     0x5fd77679eb3a - core[df12db4294e9bfd3]::fmt::write
[INFO] [stdout]    2:     0x5fd77678e2ec - <alloc[2182bb758b4b3781]::vec::Vec<u8> as core[df12db4294e9bfd3]::io::write::Write>::write_fmt
[INFO] [stdout]    3:     0x5fd776765f46 - std[70759c8f55707aa4]::panicking::default_hook::{closure#0}
[INFO] [stdout]    4:     0x5fd776782249 - std[70759c8f55707aa4]::panicking::default_hook
[INFO] [stdout]    5:     0x5fd7766fd6f0 - test[9d35eded1c95d3be]::test_main_inner::<test[9d35eded1c95d3be]::test_main_static::{closure#0}>::{closure#0}
[INFO] [stdout]    6:     0x5fd776782402 - std[70759c8f55707aa4]::panicking::panic_with_hook
[INFO] [stdout]    7:     0x5fd776765ff2 - std[70759c8f55707aa4]::panicking::panic_handler::{closure#0}
[INFO] [stdout]    8:     0x5fd77675ebe9 - std[70759c8f55707aa4]::sys::backtrace::__rust_end_short_backtrace::<std[70759c8f55707aa4]::panicking::panic_handler::{closure#0}, !>
[INFO] [stdout]    9:     0x5fd776766bed - __rustc[8fa7c3cbc660c2b3]::rust_begin_unwind
[INFO] [stdout]   10:     0x5fd77679f26c - core[df12db4294e9bfd3]::panicking::panic_fmt
[INFO] [stdout]   11:     0x5fd77679f042 - core[df12db4294e9bfd3]::result::unwrap_failed
[INFO] [stdout]   12:     0x5fd7766ef746 - <spec_vectors[9faed7ad4c54ba24]::selection_vectors_hold::{closure#0} as core[df12db4294e9bfd3]::ops::function::FnOnce<()>>::call_once
[INFO] [stdout]   13:     0x5fd7766f09db - test[9d35eded1c95d3be]::__rust_begin_short_backtrace::<core[df12db4294e9bfd3]::result::Result<(), alloc[2182bb758b4b3781]::string::String>, fn() -> core[df12db4294e9bfd3]::result::Result<(), alloc[2182bb758b4b3781]::string::String>>
[INFO] [stdout]   14:     0x5fd7766fe045 - test[9d35eded1c95d3be]::run_test::{closure#0}
[INFO] [stdout]   15:     0x5fd7766f7904 - std[70759c8f55707aa4]::sys::backtrace::__rust_begin_short_backtrace::<test[9d35eded1c95d3be]::run_test::{closure#1}, ()>
[INFO] [stdout]   16:     0x5fd7767011a2 - <std[70759c8f55707aa4]::thread::lifecycle::spawn_unchecked<test[9d35eded1c95d3be]::run_test::{closure#1}, ()>::{closure#1} as core[df12db4294e9bfd3]::ops::function::FnOnce<()>>::call_once::{shim:vtable#0}
[INFO] [stdout]   17:     0x5fd7767893b9 - <std[70759c8f55707aa4]::sys::thread::unix::Thread>::new::thread_start
[INFO] [stdout]   18:     0x7d899fc32dfa - <unknown>
[INFO] [stdout]   19:     0x7d899fcc63d4 - clone
[INFO] [stdout]   20:                0x0 - <unknown>
[INFO] [stdout] 
[INFO] [stdout] 
[INFO] [stdout] failures:
[INFO] [stdout]     selection_vectors_hold
[INFO] [stdout]     signature_vector_holds
[INFO] [stdout] 
[INFO] [stdout] test result: FAILED. 0 passed; 2 failed; 0 ignored; 0 measured; 0 filtered out; finished in 0.01s
[INFO] [stdout] 
[INFO] [stderr] error: test failed, to rerun pass `--test spec_vectors`
[INFO] running `Command { std: "docker" "inspect" "72cd4731683727e78b67769fb99a774c03c5b81c61a6e6af343e0bb1a9938090", kill_on_drop: false }`
[INFO] running `Command { std: "docker" "rm" "-f" "72cd4731683727e78b67769fb99a774c03c5b81c61a6e6af343e0bb1a9938090", kill_on_drop: false }`
[INFO] [stdout] 72cd4731683727e78b67769fb99a774c03c5b81c61a6e6af343e0bb1a9938090
