[INFO] fetching crate wafrift-fingerprint 0.3.1...
[INFO] testing wafrift-fingerprint-0.3.1 against 1.100.0-beta.1+cargoflags=--release for beta-release-1.100-2
[INFO] extracting crate wafrift-fingerprint 0.3.1 into /workspace/builds/worker-6-tc2/source
[INFO] started tweaking crates.io crate wafrift-fingerprint 0.3.1
[INFO] removed 0 missing tests
[INFO] finished tweaking crates.io crate wafrift-fingerprint 0.3.1
[INFO] tweaked toml for crates.io crate wafrift-fingerprint 0.3.1 written to /workspace/builds/worker-6-tc2/source/Cargo.toml
[INFO] validating manifest of crates.io crate wafrift-fingerprint 0.3.1 on toolchain 1.100.0-beta.1
[INFO] running `Command { std: CARGO_HOME="/workspace/cargo-home" RUSTUP_HOME="/workspace/rustup-home" "/workspace/cargo-home/bin/cargo" "+1.100.0-beta.1" "metadata" "--manifest-path" "Cargo.toml" "--no-deps", kill_on_drop: false }`
[INFO] crate crates.io crate wafrift-fingerprint 0.3.1 already has a lockfile, it will not be regenerated
[INFO] running `Command { std: CARGO_HOME="/workspace/cargo-home" RUSTUP_HOME="/workspace/rustup-home" "/workspace/cargo-home/bin/cargo" "+1.100.0-beta.1" "fetch" "--manifest-path" "Cargo.toml", kill_on_drop: false }`
[INFO] running `Command { std: "docker" "create" "-v" "/var/lib/crater-agent-workspace/builds/worker-6-tc2/source:/opt/rustwide/workdir:ro,Z" "-v" "/var/lib/crater-agent-workspace/builds/worker-6-tc2/target:/opt/rustwide/target:rw,Z" "-v" "/var/lib/crater-agent-workspace/cargo-home:/opt/rustwide/cargo-home:ro,Z" "-v" "/var/lib/crater-agent-workspace/rustup-home:/opt/rustwide/rustup-home:ro,Z" "-m" "1610612736" "--network" "none" "ghcr.io/rust-lang/crates-build-env/linux@sha256:77db811e55d90add9212f6832c23229e3de5f1c1f9905e8cb07319ea15df73ac" "sleep" "infinity", kill_on_drop: false }`
[INFO] [stdout] dd0e7cca7a0d5dff59dec12c2e3174b02d339dfa0e24838b5f88f77de8b4268a
[INFO] running `Command { std: "docker" "start" "dd0e7cca7a0d5dff59dec12c2e3174b02d339dfa0e24838b5f88f77de8b4268a", kill_on_drop: false }`
[INFO] running `Command { std: "docker" "inspect" "dd0e7cca7a0d5dff59dec12c2e3174b02d339dfa0e24838b5f88f77de8b4268a", kill_on_drop: false }`
[INFO] running `Command { std: "docker" "exec" "-e" "SOURCE_DIR=/opt/rustwide/workdir" "-e" "CARGO_HOME=/opt/rustwide/cargo-home" "-e" "RUSTUP_HOME=/opt/rustwide/rustup-home" "-e" "CARGO_TARGET_DIR=/opt/rustwide/target" "-w" "/opt/rustwide/workdir" "--user" "0:0" "dd0e7cca7a0d5dff59dec12c2e3174b02d339dfa0e24838b5f88f77de8b4268a" "/opt/rustwide/cargo-home/bin/cargo" "+1.100.0-beta.1" "metadata" "--no-deps" "--format-version=1", kill_on_drop: false }`
[INFO] running `Command { std: "docker" "inspect" "dd0e7cca7a0d5dff59dec12c2e3174b02d339dfa0e24838b5f88f77de8b4268a", kill_on_drop: false }`
[INFO] running `Command { std: "docker" "exec" "-e" "SOURCE_DIR=/opt/rustwide/workdir" "-e" "CARGO_HOME=/opt/rustwide/cargo-home" "-e" "RUSTUP_HOME=/opt/rustwide/rustup-home" "-e" "CARGO_TARGET_DIR=/opt/rustwide/target" "-e" "CARGO_INCREMENTAL=0" "-e" "RUST_BACKTRACE=full" "-e" "RUSTFLAGS=--cap-lints=warn" "-e" "RUSTDOCFLAGS=--cap-lints=warn" "-w" "/opt/rustwide/workdir" "--user" "0:0" "dd0e7cca7a0d5dff59dec12c2e3174b02d339dfa0e24838b5f88f77de8b4268a" "/opt/rustwide/cargo-home/bin/cargo" "+1.100.0-beta.1" "build" "--frozen" "--message-format=json" "--release", kill_on_drop: false }`
[INFO] [stderr]    Compiling critical-section v1.2.0
[INFO] [stderr]    Compiling generic-array v0.14.7
[INFO] [stderr]    Compiling cc v1.2.63
[INFO] [stderr]    Compiling tokio v1.51.1
[INFO] [stderr]    Compiling serde v1.0.228
[INFO] [stderr]    Compiling futures-util v0.3.32
[INFO] [stderr]    Compiling serde_core v1.0.228
[INFO] [stderr]    Compiling once_cell v1.21.4
[INFO] [stderr]    Compiling icu_normalizer v2.2.0
[INFO] [stderr]    Compiling rustls v0.23.40
[INFO] [stderr]    Compiling serde_json v1.0.149
[INFO] [stderr]    Compiling rand v0.8.5
[INFO] [stderr]    Compiling rand_chacha v0.9.0
[INFO] [stderr]    Compiling uuid v1.23.3
[INFO] [stderr]    Compiling cookie v0.18.1
[INFO] [stderr]    Compiling enum-as-inner v0.6.1
[INFO] [stderr]    Compiling tinyvec v1.11.0
[INFO] [stderr]    Compiling mime_guess v2.0.5
[INFO] [stderr]    Compiling parking_lot v0.12.5
[INFO] [stderr]    Compiling tracing-core v0.1.36
[INFO] [stderr]    Compiling rand v0.9.4
[INFO] [stderr]    Compiling crossbeam-epoch v0.9.18
[INFO] [stderr]    Compiling crypto-common v0.1.7
[INFO] [stderr]    Compiling idna_adapter v1.2.2
[INFO] [stderr]    Compiling block-buffer v0.10.4
[INFO] [stderr]    Compiling cmake v0.1.58
[INFO] [stderr]    Compiling tracing v0.1.44
[INFO] [stderr]    Compiling idna v1.1.0
[INFO] [stderr]    Compiling digest v0.10.7
[INFO] [stderr]    Compiling inout v0.1.4
[INFO] [stderr]    Compiling serde_spanned v0.6.9
[INFO] [stderr]    Compiling toml_datetime v0.6.11
[INFO] [stderr]    Compiling tagptr v0.2.0
[INFO] [stderr]    Compiling data-encoding v2.11.0
[INFO] [stderr]    Compiling psl-types v2.0.11
[INFO] [stderr]    Compiling chrono v0.4.44
[INFO] [stderr]    Compiling cipher v0.4.4
[INFO] [stderr]    Compiling moka v0.12.15
[INFO] [stderr]    Compiling toml_edit v0.22.27
[INFO] [stderr]    Compiling crypto-common v0.2.2
[INFO] [stderr]    Compiling block-buffer v0.12.0
[INFO] [stderr]    Compiling url v2.5.8
[INFO] [stderr]    Compiling publicsuffix v2.3.0
[INFO] [stderr]    Compiling webpki-roots v1.0.6
[INFO] [stderr]    Compiling aho-corasick v1.1.4
[INFO] [stderr]    Compiling resolv-conf v0.7.6
[INFO] [stderr]    Compiling unicase v2.9.0
[INFO] [stderr]    Compiling aws-lc-sys v0.41.0
[INFO] [stderr]    Compiling ring v0.17.14
[INFO] [stderr]    Compiling cookie_store v0.22.1
[INFO] [stderr]    Compiling digest v0.11.3
[INFO] [stderr]    Compiling serde_urlencoded v0.7.1
[INFO] [stderr]    Compiling des v0.8.1
[INFO] [stderr]    Compiling hmac v0.12.1
[INFO] [stderr]    Compiling md4 v0.10.2
[INFO] [stderr]    Compiling md-5 v0.10.6
[INFO] [stderr]    Compiling regex-automata v0.4.14
[INFO] [stderr]    Compiling ntlmclient v0.2.0
[INFO] [stderr]    Compiling md-5 v0.11.0
[INFO] [stderr]    Compiling santh-bogon v0.1.0
[INFO] [stderr]    Compiling guise-pacing v0.1.0
[INFO] [stderr]    Compiling dashmap v6.1.0
[INFO] [stderr]    Compiling guise-profiles v0.1.0
[INFO] [stderr]    Compiling toml v0.8.23
[INFO] [stderr]    Compiling sha2 v0.10.9
[INFO] [stderr]    Compiling guise-choice v0.1.0
[INFO] [stderr]    Compiling futures-executor v0.3.32
[INFO] [stderr]    Compiling wafrift-types v0.3.1
[INFO] [stderr]    Compiling futures v0.3.32
[INFO] [stderr]    Compiling tokio-util v0.7.18
[INFO] [stderr]    Compiling hickory-proto v0.25.2
[INFO] [stderr]    Compiling regex v1.12.3
[INFO] [stderr]    Compiling h2 v0.4.14
[INFO] [stderr]    Compiling tower v0.5.3
[INFO] [stderr]    Compiling secir v0.3.0
[INFO] [stderr]    Compiling tower-http v0.6.11
[INFO] [stderr]    Compiling scanclient v0.2.1
[INFO] [stderr]    Compiling hickory-resolver v0.25.2
[INFO] [stderr]    Compiling hyper v1.10.1
[INFO] [stderr]    Compiling hyper-util v0.1.20
[INFO] [stderr]    Compiling aws-lc-rs v1.17.0
[INFO] [stderr]    Compiling rustls-webpki v0.103.13
[INFO] [stderr]    Compiling tokio-rustls v0.26.4
[INFO] [stderr]    Compiling hyper-rustls v0.27.9
[INFO] [stderr]    Compiling reqwest v0.12.28
[INFO] [stderr]    Compiling proxywire v0.2.0
[INFO] [stderr]    Compiling guise v0.1.2
[INFO] [stderr]    Compiling wafrift-fingerprint v0.3.1 (/opt/rustwide/workdir)
[INFO] [stderr] warning: unused dependency `wafrift-types`
[INFO] [stderr]  --> Cargo.toml:9:15
[INFO] [stderr]   |
[INFO] [stderr] 9 | [dependencies.wafrift-types]
[INFO] [stderr]   |               ^^^^^^^^^^^^^^
[INFO] [stderr]   |
[INFO] [stderr]   = note: `cargo::unused_dependencies` is set to `warn` by default
[INFO] [stderr] help: consider removing the dependency on `wafrift-types`
[INFO] [stderr] warning: `wafrift-fingerprint` (manifest) generated 1 warning
[INFO] [stderr]     Finished `release` profile [optimized] target(s) in 3m 02s
[INFO] running `Command { std: "docker" "inspect" "dd0e7cca7a0d5dff59dec12c2e3174b02d339dfa0e24838b5f88f77de8b4268a", kill_on_drop: false }`
[INFO] running `Command { std: "docker" "exec" "-e" "SOURCE_DIR=/opt/rustwide/workdir" "-e" "CARGO_HOME=/opt/rustwide/cargo-home" "-e" "RUSTUP_HOME=/opt/rustwide/rustup-home" "-e" "CARGO_TARGET_DIR=/opt/rustwide/target" "-e" "CARGO_INCREMENTAL=0" "-e" "RUST_BACKTRACE=full" "-e" "RUSTFLAGS=--cap-lints=warn" "-e" "RUSTDOCFLAGS=--cap-lints=warn" "-w" "/opt/rustwide/workdir" "--user" "0:0" "dd0e7cca7a0d5dff59dec12c2e3174b02d339dfa0e24838b5f88f77de8b4268a" "/opt/rustwide/cargo-home/bin/cargo" "+1.100.0-beta.1" "test" "--frozen" "--no-run" "--message-format=json" "--release", kill_on_drop: false }`
[INFO] [stderr]    Compiling tokio v1.51.1
[INFO] [stderr]    Compiling chrono v0.4.44
[INFO] [stderr]    Compiling wafrift-detect v0.3.1
[INFO] [stderr]    Compiling tempfile v3.27.0
[INFO] [stderr]    Compiling rusty-fork v0.3.1
[INFO] [stderr]    Compiling proptest v1.11.0
[INFO] [stderr]    Compiling ntlmclient v0.2.0
[INFO] [stderr]    Compiling secir v0.3.0
[INFO] [stderr]    Compiling tokio-util v0.7.18
[INFO] [stderr]    Compiling hickory-proto v0.25.2
[INFO] [stderr]    Compiling tokio-rustls v0.26.4
[INFO] [stderr]    Compiling h2 v0.4.14
[INFO] [stderr]    Compiling tower v0.5.3
[INFO] [stderr]    Compiling tower-http v0.6.11
[INFO] [stderr]    Compiling hickory-resolver v0.25.2
[INFO] [stderr]    Compiling hyper v1.10.1
[INFO] [stderr]    Compiling hyper-util v0.1.20
[INFO] [stderr]    Compiling hyper-rustls v0.27.9
[INFO] [stderr]    Compiling reqwest v0.12.28
[INFO] [stderr]    Compiling proxywire v0.2.0
[INFO] [stderr]    Compiling scanclient v0.2.1
[INFO] [stderr]    Compiling guise v0.1.2
[INFO] [stderr]    Compiling wafrift-fingerprint v0.3.1 (/opt/rustwide/workdir)
[INFO] [stderr] warning: unused dependency `wafrift-types`
[INFO] [stderr]  --> Cargo.toml:9:15
[INFO] [stderr]   |
[INFO] [stderr] 9 | [dependencies.wafrift-types]
[INFO] [stderr]   |               ^^^^^^^^^^^^^^
[INFO] [stderr]   |
[INFO] [stderr]   = note: `cargo::unused_dependencies` is set to `warn` by default
[INFO] [stderr] help: consider removing the dependency on `wafrift-types`
[INFO] [stderr] warning: `wafrift-fingerprint` (manifest) generated 1 warning
[INFO] [stderr]     Finished `release` profile [optimized] target(s) in 1m 36s
[INFO] running `Command { std: "docker" "inspect" "dd0e7cca7a0d5dff59dec12c2e3174b02d339dfa0e24838b5f88f77de8b4268a", kill_on_drop: false }`
[INFO] running `Command { std: "docker" "exec" "-e" "SOURCE_DIR=/opt/rustwide/workdir" "-e" "CARGO_HOME=/opt/rustwide/cargo-home" "-e" "RUSTUP_HOME=/opt/rustwide/rustup-home" "-e" "CARGO_TARGET_DIR=/opt/rustwide/target" "-e" "CARGO_INCREMENTAL=0" "-e" "RUST_BACKTRACE=full" "-e" "RUSTFLAGS=--cap-lints=warn" "-e" "RUSTDOCFLAGS=--cap-lints=warn" "-w" "/opt/rustwide/workdir" "--user" "0:0" "dd0e7cca7a0d5dff59dec12c2e3174b02d339dfa0e24838b5f88f77de8b4268a" "/opt/rustwide/cargo-home/bin/cargo" "+1.100.0-beta.1" "test" "--frozen" "--release", kill_on_drop: false }`
[INFO] [stderr] warning: unused dependency `wafrift-types`
[INFO] [stderr]  --> Cargo.toml:9:15
[INFO] [stderr]   |
[INFO] [stderr] 9 | [dependencies.wafrift-types]
[INFO] [stderr]   |               ^^^^^^^^^^^^^^
[INFO] [stderr]   |
[INFO] [stderr]   = note: `cargo::unused_dependencies` is set to `warn` by default
[INFO] [stderr] help: consider removing the dependency on `wafrift-types`
[INFO] [stderr] warning: `wafrift-fingerprint` (manifest) generated 1 warning
[INFO] [stderr]     Finished `release` profile [optimized] target(s) in 0.33s
[INFO] [stderr]      Running unittests src/lib.rs (/opt/rustwide/target/release/build/wafrift-fingerprint/b534bfef9a4caa6c/out/wafrift_fingerprint-b534bfef9a4caa6c)
[INFO] [stdout] 
[INFO] [stdout] running 3 tests
[INFO] [stdout] test session::tests::facade_reexports_session_pool_and_profile_pairing ... ok
[INFO] [stdout] test fingerprint::tests::facade_reexports_profile_application ... ok
[INFO] [stdout] test tls_fingerprint::tests::facade_reexports_tls_profile_catalogue ... ok
[INFO] [stdout] 
[INFO] [stdout] test result: ok. 3 passed; 0 failed; 0 ignored; 0 measured; 0 filtered out; finished in 0.00s
[INFO] [stdout] 
[INFO] [stderr]      Running tests/attribution_chain.rs (/opt/rustwide/target/release/build/wafrift-fingerprint/5f9c5a0fdddd1d74/out/attribution_chain-5f9c5a0fdddd1d74)
[INFO] [stdout] 
[INFO] [stdout] running 2 tests
[INFO] [stdout] test corpus_rules_keep_wafw00f_source_tags ... FAILED
[INFO] [stdout] test detect_readme_preserves_wafw00f_credit_and_license ... FAILED
[INFO] [stdout] 
[INFO] [stdout] failures:
[INFO] [stdout] 
[INFO] [stdout] ---- corpus_rules_keep_wafw00f_source_tags stdout ----
[INFO] [stdout] 
[INFO] [stdout] thread 'corpus_rules_keep_wafw00f_source_tags' (3819) panicked at tests/attribution_chain.rs:32:33:
[INFO] [stdout] Fix: read rule file /opt/rustwide/workdir/../detect/rules/detect/cloudflare.toml (No such file or directory (os error 2))
[INFO] [stdout] stack backtrace:
[INFO] [stdout]    0:     0x62896b5c3de1 - <<std[617be2ca0a6fd877]::sys::backtrace::BacktraceLock>::print::DisplayBacktrace as core[a373ad73a504971]::fmt::Display>::fmt
[INFO] [stdout]    1:     0x62896b5d7d6a - core[a373ad73a504971]::fmt::write
[INFO] [stdout]    2:     0x62896b5c801c - <alloc[2e1b2a31b91974c5]::vec::Vec<u8> as core[a373ad73a504971]::io::write::Write>::write_fmt
[INFO] [stdout]    3:     0x62896b59fd56 - std[617be2ca0a6fd877]::panicking::default_hook::{closure#0}
[INFO] [stdout]    4:     0x62896b5bc119 - std[617be2ca0a6fd877]::panicking::default_hook
[INFO] [stdout]    5:     0x62896b5580e0 - test[aada8e7e76ba119b]::test_main_inner::{closure#0}
[INFO] [stdout]    6:     0x62896b5bc2d2 - std[617be2ca0a6fd877]::panicking::panic_with_hook
[INFO] [stdout]    7:     0x62896b59fe02 - std[617be2ca0a6fd877]::panicking::panic_handler::{closure#0}
[INFO] [stdout]    8:     0x62896b598989 - std[617be2ca0a6fd877]::sys::backtrace::__rust_end_short_backtrace::<std[617be2ca0a6fd877]::panicking::panic_handler::{closure#0}, !>
[INFO] [stdout]    9:     0x62896b5a0a0d - __rustc[ea4f61d10b84890b]::rust_begin_unwind
[INFO] [stdout]   10:     0x62896b5d849c - core[a373ad73a504971]::panicking::panic_fmt
[INFO] [stdout]   11:     0x62896b54a139 - attribution_chain[1c388b7a4aa4897d]::corpus_rules_keep_wafw00f_source_tags::{closure#0}
[INFO] [stdout]   12:     0x62896b54afda - <attribution_chain[1c388b7a4aa4897d]::corpus_rules_keep_wafw00f_source_tags::{closure#0} as core[a373ad73a504971]::ops::function::FnOnce<()>>::call_once
[INFO] [stdout]   13:     0x62896b54b52b - test[aada8e7e76ba119b]::__rust_begin_short_backtrace::<core[a373ad73a504971]::result::Result<(), alloc[2e1b2a31b91974c5]::string::String>, fn() -> core[a373ad73a504971]::result::Result<(), alloc[2e1b2a31b91974c5]::string::String>>
[INFO] [stdout]   14:     0x62896b558705 - test[aada8e7e76ba119b]::run_test::{closure#0}
[INFO] [stdout]   15:     0x62896b551ff4 - std[617be2ca0a6fd877]::sys::backtrace::__rust_begin_short_backtrace::<test[aada8e7e76ba119b]::run_test::{closure#1}, ()>
[INFO] [stdout]   16:     0x62896b55b792 - <std[617be2ca0a6fd877]::thread::lifecycle::spawn_unchecked<test[aada8e7e76ba119b]::run_test::{closure#1}, ()>::{closure#1} as core[a373ad73a504971]::ops::function::FnOnce<()>>::call_once::{shim:vtable#0}
[INFO] [stdout]   17:     0x62896b5c32df - <std[617be2ca0a6fd877]::sys::thread::unix::Thread>::new::thread_start
[INFO] [stdout]   18:     0x73e6a4781dfa - <unknown>
[INFO] [stdout]   19:     0x73e6a48153d4 - clone
[INFO] [stdout]   20:                0x0 - <unknown>
[INFO] [stdout] 
[INFO] [stdout] ---- detect_readme_preserves_wafw00f_credit_and_license stdout ----
[INFO] [stdout] 
[INFO] [stdout] thread 'detect_readme_preserves_wafw00f_credit_and_license' (3820) panicked at tests/attribution_chain.rs:43:49:
[INFO] [stdout] read wafrift-detect README: Os { code: 2, kind: NotFound, message: "No such file or directory" }
[INFO] [stdout] stack backtrace:
[INFO] [stdout]    0:     0x62896b5c3de1 - <<std[617be2ca0a6fd877]::sys::backtrace::BacktraceLock>::print::DisplayBacktrace as core[a373ad73a504971]::fmt::Display>::fmt
[INFO] [stdout]    1:     0x62896b5d7d6a - core[a373ad73a504971]::fmt::write
[INFO] [stdout]    2:     0x62896b5c801c - <alloc[2e1b2a31b91974c5]::vec::Vec<u8> as core[a373ad73a504971]::io::write::Write>::write_fmt
[INFO] [stdout]    3:     0x62896b59fd56 - std[617be2ca0a6fd877]::panicking::default_hook::{closure#0}
[INFO] [stdout]    4:     0x62896b5bc119 - std[617be2ca0a6fd877]::panicking::default_hook
[INFO] [stdout]    5:     0x62896b5580e0 - test[aada8e7e76ba119b]::test_main_inner::{closure#0}
[INFO] [stdout]    6:     0x62896b5bc2d2 - std[617be2ca0a6fd877]::panicking::panic_with_hook
[INFO] [stdout]    7:     0x62896b59fe02 - std[617be2ca0a6fd877]::panicking::panic_handler::{closure#0}
[INFO] [stdout]    8:     0x62896b598989 - std[617be2ca0a6fd877]::sys::backtrace::__rust_end_short_backtrace::<std[617be2ca0a6fd877]::panicking::panic_handler::{closure#0}, !>
[INFO] [stdout]    9:     0x62896b5a0a0d - __rustc[ea4f61d10b84890b]::rust_begin_unwind
[INFO] [stdout]   10:     0x62896b5d849c - core[a373ad73a504971]::panicking::panic_fmt
[INFO] [stdout]   11:     0x62896b5d8272 - core[a373ad73a504971]::result::unwrap_failed
[INFO] [stdout]   12:     0x62896b54b3dc - <attribution_chain[1c388b7a4aa4897d]::detect_readme_preserves_wafw00f_credit_and_license::{closure#0} as core[a373ad73a504971]::ops::function::FnOnce<()>>::call_once
[INFO] [stdout]   13:     0x62896b54b52b - test[aada8e7e76ba119b]::__rust_begin_short_backtrace::<core[a373ad73a504971]::result::Result<(), alloc[2e1b2a31b91974c5]::string::String>, fn() -> core[a373ad73a504971]::result::Result<(), alloc[2e1b2a31b91974c5]::string::String>>
[INFO] [stdout]   14:     0x62896b558705 - test[aada8e7e76ba119b]::run_test::{closure#0}
[INFO] [stdout]   15:     0x62896b551ff4 - std[617be2ca0a6fd877]::sys::backtrace::__rust_begin_short_backtrace::<test[aada8e7e76ba119b]::run_test::{closure#1}, ()>
[INFO] [stdout]   16:     0x62896b55b792 - <std[617be2ca0a6fd877]::thread::lifecycle::spawn_unchecked<test[aada8e7e76ba119b]::run_test::{closure#1}, ()>::{closure#1} as core[a373ad73a504971]::ops::function::FnOnce<()>>::call_once::{shim:vtable#0}
[INFO] [stdout]   17:     0x62896b5c32df - <std[617be2ca0a6fd877]::sys::thread::unix::Thread>::new::thread_start
[INFO] [stdout]   18:     0x73e6a4781dfa - <unknown>
[INFO] [stdout]   19:     0x73e6a48153d4 - clone
[INFO] [stdout]   20:                0x0 - <unknown>
[INFO] [stdout] 
[INFO] [stdout] 
[INFO] [stdout] failures:
[INFO] [stdout]     corpus_rules_keep_wafw00f_source_tags
[INFO] [stdout]     detect_readme_preserves_wafw00f_credit_and_license
[INFO] [stdout] 
[INFO] [stdout] test result: FAILED. 0 passed; 2 failed; 0 ignored; 0 measured; 0 filtered out; finished in 0.00s
[INFO] [stdout] 
[INFO] [stderr] error: test failed, to rerun pass `--test attribution_chain`
[INFO] running `Command { std: "docker" "inspect" "dd0e7cca7a0d5dff59dec12c2e3174b02d339dfa0e24838b5f88f77de8b4268a", kill_on_drop: false }`
[INFO] running `Command { std: "docker" "rm" "-f" "dd0e7cca7a0d5dff59dec12c2e3174b02d339dfa0e24838b5f88f77de8b4268a", kill_on_drop: false }`
[INFO] [stdout] dd0e7cca7a0d5dff59dec12c2e3174b02d339dfa0e24838b5f88f77de8b4268a
