[INFO] fetching crate wae-scheduler 0.0.2...
[INFO] testing wae-scheduler-0.0.2 against 1.99.0-beta.8+cargoflags=--release for beta-release-1.100-2
[INFO] extracting crate wae-scheduler 0.0.2 into /workspace/builds/worker-0-tc1/source
[INFO] started tweaking crates.io crate wae-scheduler 0.0.2
[INFO] removed 0 missing tests
[INFO] finished tweaking crates.io crate wae-scheduler 0.0.2
[INFO] tweaked toml for crates.io crate wae-scheduler 0.0.2 written to /workspace/builds/worker-0-tc1/source/Cargo.toml
[INFO] validating manifest of crates.io crate wae-scheduler 0.0.2 on toolchain 1.99.0-beta.8
[INFO] running `Command { std: CARGO_HOME="/workspace/cargo-home" RUSTUP_HOME="/workspace/rustup-home" "/workspace/cargo-home/bin/cargo" "+1.99.0-beta.8" "metadata" "--manifest-path" "Cargo.toml" "--no-deps", kill_on_drop: false }`
[INFO] crate crates.io crate wae-scheduler 0.0.2 already has a lockfile, it will not be regenerated
[INFO] running `Command { std: CARGO_HOME="/workspace/cargo-home" RUSTUP_HOME="/workspace/rustup-home" "/workspace/cargo-home/bin/cargo" "+1.99.0-beta.8" "fetch" "--manifest-path" "Cargo.toml", kill_on_drop: false }`
[INFO] [stderr]     Updating crates.io index
[INFO] [stderr]  Downloading crates ...
[INFO] [stderr]   Downloaded borsh-derive v1.6.0
[INFO] [stderr]   Downloaded rust_decimal_macros v1.40.0
[INFO] [stderr]   Downloaded rust_decimal v1.40.0
[INFO] [stderr]   Downloaded wae-types v0.0.2
[INFO] [stderr]   Downloaded borsh v1.6.0
[INFO] running `Command { std: "docker" "create" "-v" "/var/lib/crater-agent-workspace/builds/worker-0-tc1/source:/opt/rustwide/workdir:ro,Z" "-v" "/var/lib/crater-agent-workspace/builds/worker-0-tc1/target:/opt/rustwide/target:rw,Z" "-v" "/var/lib/crater-agent-workspace/cargo-home:/opt/rustwide/cargo-home:ro,Z" "-v" "/var/lib/crater-agent-workspace/rustup-home:/opt/rustwide/rustup-home:ro,Z" "-m" "1610612736" "--network" "none" "ghcr.io/rust-lang/crates-build-env/linux@sha256:77db811e55d90add9212f6832c23229e3de5f1c1f9905e8cb07319ea15df73ac" "sleep" "infinity", kill_on_drop: false }`
[INFO] [stdout] 807008db4a356a68a7b091b313e85fa4947c2e4a5b61746445e21a00703e83c1
[INFO] running `Command { std: "docker" "start" "807008db4a356a68a7b091b313e85fa4947c2e4a5b61746445e21a00703e83c1", kill_on_drop: false }`
[INFO] running `Command { std: "docker" "inspect" "807008db4a356a68a7b091b313e85fa4947c2e4a5b61746445e21a00703e83c1", kill_on_drop: false }`
[INFO] running `Command { std: "docker" "exec" "-e" "SOURCE_DIR=/opt/rustwide/workdir" "-e" "CARGO_HOME=/opt/rustwide/cargo-home" "-e" "RUSTUP_HOME=/opt/rustwide/rustup-home" "-e" "CARGO_TARGET_DIR=/opt/rustwide/target" "-w" "/opt/rustwide/workdir" "--user" "0:0" "807008db4a356a68a7b091b313e85fa4947c2e4a5b61746445e21a00703e83c1" "/opt/rustwide/cargo-home/bin/cargo" "+1.99.0-beta.8" "metadata" "--no-deps" "--format-version=1", kill_on_drop: false }`
[INFO] running `Command { std: "docker" "inspect" "807008db4a356a68a7b091b313e85fa4947c2e4a5b61746445e21a00703e83c1", kill_on_drop: false }`
[INFO] running `Command { std: "docker" "exec" "-e" "SOURCE_DIR=/opt/rustwide/workdir" "-e" "CARGO_HOME=/opt/rustwide/cargo-home" "-e" "RUSTUP_HOME=/opt/rustwide/rustup-home" "-e" "CARGO_TARGET_DIR=/opt/rustwide/target" "-e" "CARGO_INCREMENTAL=0" "-e" "RUST_BACKTRACE=full" "-e" "RUSTFLAGS=--cap-lints=warn" "-e" "RUSTDOCFLAGS=--cap-lints=warn" "-w" "/opt/rustwide/workdir" "--user" "0:0" "807008db4a356a68a7b091b313e85fa4947c2e4a5b61746445e21a00703e83c1" "/opt/rustwide/cargo-home/bin/cargo" "+1.99.0-beta.8" "build" "--frozen" "--message-format=json" "--release", kill_on_drop: false }`
[INFO] [stderr]    Compiling num-traits v0.2.19
[INFO] [stderr]    Compiling rust_decimal v1.40.0
[INFO] [stderr]    Compiling smallvec v1.15.1
[INFO] [stderr]    Compiling serde_json v1.0.149
[INFO] [stderr]    Compiling rust_decimal_macros v1.40.0
[INFO] [stderr]    Compiling tracing v0.1.44
[INFO] [stderr]    Compiling uuid v1.22.0
[INFO] [stderr]    Compiling async-trait v0.1.89
[INFO] [stderr]    Compiling parking_lot_core v0.9.12
[INFO] [stderr]    Compiling parking_lot v0.12.5
[INFO] [stderr]    Compiling tokio v1.50.0
[INFO] [stderr]    Compiling chrono v0.4.44
[INFO] [stderr]    Compiling wae-types v0.0.2
[INFO] [stderr]    Compiling wae-scheduler v0.0.2 (/opt/rustwide/workdir)
[INFO] [stderr]     Finished `release` profile [optimized] target(s) in 35.29s
[INFO] running `Command { std: "docker" "inspect" "807008db4a356a68a7b091b313e85fa4947c2e4a5b61746445e21a00703e83c1", kill_on_drop: false }`
[INFO] running `Command { std: "docker" "exec" "-e" "SOURCE_DIR=/opt/rustwide/workdir" "-e" "CARGO_HOME=/opt/rustwide/cargo-home" "-e" "RUSTUP_HOME=/opt/rustwide/rustup-home" "-e" "CARGO_TARGET_DIR=/opt/rustwide/target" "-e" "CARGO_INCREMENTAL=0" "-e" "RUST_BACKTRACE=full" "-e" "RUSTFLAGS=--cap-lints=warn" "-e" "RUSTDOCFLAGS=--cap-lints=warn" "-w" "/opt/rustwide/workdir" "--user" "0:0" "807008db4a356a68a7b091b313e85fa4947c2e4a5b61746445e21a00703e83c1" "/opt/rustwide/cargo-home/bin/cargo" "+1.99.0-beta.8" "test" "--frozen" "--no-run" "--message-format=json" "--release", kill_on_drop: false }`
[INFO] [stderr]    Compiling wae-scheduler v0.0.2 (/opt/rustwide/workdir)
[INFO] [stdout] warning: unused import: `wae_scheduler::*`
[INFO] [stdout]  --> tests/main.rs:1:5
[INFO] [stdout]   |
[INFO] [stdout] 1 | use wae_scheduler::*;
[INFO] [stdout]   |     ^^^^^^^^^^^^^^^^
[INFO] [stdout]   |
[INFO] [stdout]   = note: `#[warn(unused_imports)]` (part of `#[warn(unused)]`) on by default
[INFO] [stdout] 
[INFO] [stdout] 
[INFO] [stderr]     Finished `release` profile [optimized] target(s) in 14.51s
[INFO] running `Command { std: "docker" "inspect" "807008db4a356a68a7b091b313e85fa4947c2e4a5b61746445e21a00703e83c1", kill_on_drop: false }`
[INFO] running `Command { std: "docker" "exec" "-e" "SOURCE_DIR=/opt/rustwide/workdir" "-e" "CARGO_HOME=/opt/rustwide/cargo-home" "-e" "RUSTUP_HOME=/opt/rustwide/rustup-home" "-e" "CARGO_TARGET_DIR=/opt/rustwide/target" "-e" "CARGO_INCREMENTAL=0" "-e" "RUST_BACKTRACE=full" "-e" "RUSTFLAGS=--cap-lints=warn" "-e" "RUSTDOCFLAGS=--cap-lints=warn" "-w" "/opt/rustwide/workdir" "--user" "0:0" "807008db4a356a68a7b091b313e85fa4947c2e4a5b61746445e21a00703e83c1" "/opt/rustwide/cargo-home/bin/cargo" "+1.99.0-beta.8" "test" "--frozen" "--release", kill_on_drop: false }`
[INFO] [stderr] warning: unused import: `wae_scheduler::*`
[INFO] [stderr]  --> tests/main.rs:1:5
[INFO] [stderr]   |
[INFO] [stderr] 1 | use wae_scheduler::*;
[INFO] [stderr]   |     ^^^^^^^^^^^^^^^^
[INFO] [stderr]   |
[INFO] [stderr]   = note: `#[warn(unused_imports)]` (part of `#[warn(unused)]`) on by default
[INFO] [stderr] 
[INFO] [stderr] warning: `wae-scheduler` (test "main") generated 1 warning (run `cargo fix --test "main" -p wae-scheduler` to apply 1 suggestion)
[INFO] [stderr]     Finished `release` profile [optimized] target(s) in 0.13s
[INFO] [stderr]      Running unittests src/lib.rs (/opt/rustwide/target/release/deps/wae_scheduler-a7ef57c45577afa2)
[INFO] [stderr]      Running tests/cron.rs (/opt/rustwide/target/release/deps/cron-c768e85ed0ca844e)
[INFO] [stdout] 
[INFO] [stdout] running 0 tests
[INFO] [stdout] 
[INFO] [stdout] test result: ok. 0 passed; 0 failed; 0 ignored; 0 measured; 0 filtered out; finished in 0.00s
[INFO] [stdout] 
[INFO] [stdout] 
[INFO] [stdout] running 18 tests
[INFO] [stdout] test test_cron_expression_next_execution ... ok
[INFO] [stdout] test test_cron_expression_parse_invalid ... ok
[INFO] [stdout] test test_cron_field_matches_step ... ok
[INFO] [stdout] test test_cron_scheduler_cancel_task ... ok
[INFO] [stdout] test test_cron_expression_parse_valid ... ok
[INFO] [stdout] test test_cron_field_matches_range ... ok
[INFO] [stdout] test test_cron_scheduler_get_all_handles ... ok
[INFO] [stdout] test test_cron_scheduler_default_config ... ok
[INFO] [stdout] test test_cron_scheduler_new ... ok
[INFO] [stdout] test test_cron_scheduler_get_handle ... ok
[INFO] [stdout] test test_cron_scheduler_get_next_execution ... ok
[INFO] [stdout] test test_cron_scheduler_schedule_task ... ok
[INFO] [stdout] test test_cron_scheduler_shutdown ... ok
[INFO] [stdout] test test_cron_field_matches_value ... ok
[INFO] [stdout] test test_cron_scheduler_convenience_functions ... ok
[INFO] [stdout] test test_cron_field_matches_any ... ok
[INFO] [stdout] test test_cron_field_matches_list ... ok
[INFO] [stdout] test test_cron_scheduler_config_default ... ok
[INFO] [stdout] 
[INFO] [stdout] test result: ok. 18 passed; 0 failed; 0 ignored; 0 measured; 0 filtered out; finished in 0.02s
[INFO] [stdout] 
[INFO] [stderr]      Running tests/delayed.rs (/opt/rustwide/target/release/deps/delayed-c65e835613d811dc)
[INFO] [stdout] 
[INFO] [stdout] running 11 tests
[INFO] [stdout] test test_delayed_queue_config_default ... ok
[INFO] [stdout] test test_delayed_task_new ... ok
[INFO] [stdout] test test_delayed_queue_get_handle ... ok
[INFO] [stdout] test test_delayed_task_with_priority ... ok
[INFO] [stdout] test test_delayed_task_remaining ... ok
[INFO] [stdout] test test_delayed_queue_schedule_task ... ok
[INFO] [stdout] test test_delayed_queue_new ... ok
[INFO] [stdout] test test_delayed_task_is_due ... ok
[INFO] [stdout] test test_delayed_queue_shutdown ... ok
[INFO] [stdout] test test_delayed_queue_cancel_task ... ok
[INFO] [stdout] test test_delayed_queue_queue_size ... ok
[INFO] [stdout] 
[INFO] [stdout] test result: ok. 11 passed; 0 failed; 0 ignored; 0 measured; 0 filtered out; finished in 0.11s
[INFO] [stdout] 
[INFO] [stderr]      Running tests/interval.rs (/opt/rustwide/target/release/deps/interval-03424c7b97ec5eec)
[INFO] [stdout] 
[INFO] [stdout] running 8 tests
[INFO] [stdout] test test_interval_scheduler_cancel_task ... ok
[INFO] [stdout] test test_interval_scheduler_shutdown ... ok
[INFO] [stdout] test test_interval_scheduler_default_config ... ok
[INFO] [stdout] test test_interval_scheduler_get_handle ... ok
[INFO] [stdout] test test_interval_scheduler_get_all_handles ... ok
[INFO] [stdout] test test_interval_scheduler_config_default ... ok
[INFO] [stdout] test test_interval_scheduler_new ... ok
[INFO] [stdout] test test_interval_scheduler_schedule_task ... ok
[INFO] [stdout] 
[INFO] [stdout] test result: ok. 8 passed; 0 failed; 0 ignored; 0 measured; 0 filtered out; finished in 0.01s
[INFO] [stdout] 
[INFO] [stderr]      Running tests/lib_tests.rs (/opt/rustwide/target/release/deps/lib_tests-ab5a065755d78a35)
[INFO] [stdout] 
[INFO] [stdout] running 4 tests
[INFO] [stdout] test test_cron_expression ... ok
[INFO] [stdout] test test_cron_expression_daily ... ok
[INFO] [stdout] test test_delayed_task ... ok
[INFO] [stderr]      Running tests/main.rs (/opt/rustwide/target/release/deps/main-a1269118819d51d8)
[INFO] [stdout] test test_interval_scheduler ... ok
[INFO] [stdout] 
[INFO] [stdout] test result: ok. 4 passed; 0 failed; 0 ignored; 0 measured; 0 filtered out; finished in 0.35s
[INFO] [stdout] 
[INFO] [stdout] 
[INFO] [stderr]      Running tests/task.rs (/opt/rustwide/target/release/deps/task-7ce645903d987dcb)
[INFO] [stdout] running 0 tests
[INFO] [stdout] 
[INFO] [stdout] test result: ok. 0 passed; 0 failed; 0 ignored; 0 measured; 0 filtered out; finished in 0.00s
[INFO] [stdout] 
[INFO] [stdout] 
[INFO] [stdout] running 9 tests
[INFO] [stdout] test test_task_handle_state ... ok
[INFO] [stdout] test test_task_handle_creation ... ok
[INFO] [stdout] test test_task_handle_execution_count ... ok
[INFO] [stdout] test test_task_state_equality ... ok
[INFO] [stderr]    Doc-tests wae_scheduler
[INFO] [stdout] test test_scheduled_task_trait ... ok
[INFO] [stdout] test test_task_state_display ... ok
[INFO] [stdout] test test_task_handle_last_execution ... ok
[INFO] [stdout] test test_task_handle_cancel ... ok
[INFO] [stdout] test test_task_handle_error ... ok
[INFO] [stdout] 
[INFO] [stdout] test result: ok. 9 passed; 0 failed; 0 ignored; 0 measured; 0 filtered out; finished in 0.00s
[INFO] [stdout] 
[INFO] [stdout] 
[INFO] [stdout] running 1 test
[INFO] [stdout] test src/readme.md - (line 32) - compile ... FAILED
[INFO] [stdout] 
[INFO] [stdout] failures:
[INFO] [stdout] 
[INFO] [stdout] ---- src/readme.md - (line 32) stdout ----
[INFO] [stdout] error[E0432]: unresolved import `wae_scheduler::SchedulerResult`
[INFO] [stdout]   --> src/readme.md:34:55
[INFO] [stdout]    |
[INFO] [stdout] 34 | use wae_scheduler::{IntervalScheduler, ScheduledTask, SchedulerResult};
[INFO] [stdout]    |                                                       ^^^^^^^^^^^^^^^ no `SchedulerResult` in the root
[INFO] [stdout] 
[INFO] [stdout] error: aborting due to 1 previous error
[INFO] [stdout] 
[INFO] [stdout] For more information about this error, try `rustc --explain E0432`.
[INFO] [stdout] Couldn't compile the test.
[INFO] [stdout] 
[INFO] [stdout] failures:
[INFO] [stdout]     src/readme.md - (line 32)
[INFO] [stdout] 
[INFO] [stdout] test result: FAILED. 0 passed; 1 failed; 0 ignored; 0 measured; 0 filtered out; finished in 0.08s
[INFO] [stdout] 
[INFO] [stdout] all doctests ran in 0.27s; merged doctests compilation took 0.18s
[INFO] [stderr] error: doctest failed, to rerun pass `--doc`
[INFO] running `Command { std: "docker" "inspect" "807008db4a356a68a7b091b313e85fa4947c2e4a5b61746445e21a00703e83c1", kill_on_drop: false }`
[INFO] running `Command { std: "docker" "rm" "-f" "807008db4a356a68a7b091b313e85fa4947c2e4a5b61746445e21a00703e83c1", kill_on_drop: false }`
[INFO] [stdout] 807008db4a356a68a7b091b313e85fa4947c2e4a5b61746445e21a00703e83c1
